38.99.44.101 - - [17/Jun/2009:08:32:16 -0400] "GET /robots.txt HTTP/1.0" 404 269 "-" "Mozilla/5.0 (Twiceler-0.9 http://www.cuil.com/twiceler/robot.html)"
66.249.71.170 - - [17/Jun/2009:08:46:14 -0400] "GET / HTTP/1.1" 304 - "-" "Mozilla/5.0 (compatible; Googlebot/2.1; +http://www.google.com/bot.html)"
65.55.51.114 - - [17/Jun/2009:09:22:27 -0400] "GET /robots.txt HTTP/1.1" 404 269 "-" "msnbot/2.0b (+http://search.msn.com/msnbot.htm)"
65.55.51.115 - - [17/Jun/2009:09:38:38 -0400] "GET /robots.txt HTTP/1.1" 404 269 "-" "msnbot/2.0b (+http://search.msn.com/msnbot.htm)"
66.249.71.170 - - [17/Jun/2009:11:42:28 -0400] "GET /robots.txt HTTP/1.1" 404 269 "-" "Googlebot-Image/1.0"
66.249.71.170 - - [17/Jun/2009:11:42:28 -0400] "GET /images/_portfolio/illustrator/fleur_de_lis_sm.gif HTTP/1.1" 304 - "-" "Googlebot-Image/1.0"
217.73.17.173 - - [17/Jun/2009:13:14:58 -0400] "GET /pages.html HTTP/1.1" 200 4692 "-" "Mozilla/4.0 (compatible; MSIE 6.0; Windows NT 5.1; SV1)"
217.73.17.173 - - [17/Jun/2009:13:14:59 -0400] "GET /index.html HTTP/1.1" 200 1984 "-" "Mozilla/4.0 (compatible; MSIE 6.0; Windows NT 5.1; SV1)"
217.73.17.173 - - [17/Jun/2009:13:15:00 -0400] "GET /illustrator.html HTTP/1.1" 200 6612 "-" "Mozilla/4.0 (compatible; MSIE 6.0; Windows NT 5.1; SV1)"
217.73.17.173 - - [17/Jun/2009:13:15:01 -0400] "GET /flash.html HTTP/1.1" 200 4756 "-" "Mozilla/4.0 (compatible; MSIE 6.0; Windows NT 5.1; SV1)"
217.73.17.173 - - [17/Jun/2009:13:15:04 -0400] "GET /photoshop.html HTTP/1.1" 200 7709 "-" "Mozilla/4.0 (compatible; MSIE 6.0; Windows NT 5.1; SV1)"
217.73.17.173 - - [17/Jun/2009:13:15:08 -0400] "GET /print.html HTTP/1.1" 200 4324 "-" "Mozilla/4.0 (compatible; MSIE 6.0; Windows NT 5.1; SV1)"
217.73.17.173 - - [17/Jun/2009:13:15:14 -0400] "GET /contact.html HTTP/1.1" 200 6927 "-" "Mozilla/4.0 (compatible; MSIE 6.0; Windows NT 5.1; SV1)"
217.73.17.173 - - [17/Jun/2009:13:15:25 -0400] "POST /formmail.php HTTP/1.1" 200 355 "http://alex.jeb.ca/contact.html" "Mozilla/4.0 (compatible; MSIE 6.0; Windows NT 5.1; SV1)"
38.99.44.101 - - [17/Jun/2009:13:48:56 -0400] "GET /illustrator.html HTTP/1.0" 200 6612 "-" "Mozilla/5.0 (Twiceler-0.9 http://www.cuil.com/twiceler/robot.html)"
212.96.172.4 - - [17/Jun/2009:15:27:18 -0400] "GET /contact.html HTTP/1.1" 200 6927 "-" "Mozilla/4.0 (compatible; MSIE 6.0; Windows NT 5.1; SV1)"
95.133.172.209 - - [17/Jun/2009:15:27:56 -0400] "POST /formmail.php HTTP/1.1" 200 355 "http://alex.jeb.ca/contact.html" "Mozilla/4.0 (compatible; MSIE 6.0; Windows NT 5.1; SV1)"
212.117.172.80 - - [17/Jun/2009:15:27:58 -0400] "GET /formmail.php HTTP/1.1" 200 319 "-" "Mozilla/4.0 (compatible; MSIE 6.0; Windows NT 5.1; SV1)"
212.117.172.80 - - [17/Jun/2009:15:27:58 -0400] "GET /contact.html HTTP/1.1" 200 6927 "-" "Mozilla/4.0 (compatible; MSIE 6.0; Windows NT 5.1; SV1)"
212.117.172.80 - - [17/Jun/2009:15:27:59 -0400] "GET / HTTP/1.1" 200 1984 "-" "Mozilla/4.0 (compatible; MSIE 6.0; Windows NT 5.1; SV1)"
66.249.71.170 - - [17/Jun/2009:15:41:48 -0400] "GET /images/_portfolio/web_pages/email.gif HTTP/1.1" 304 - "-" "Googlebot-Image/1.0"
65.55.106.107 - - [17/Jun/2009:20:30:44 -0400] "GET /robots.txt HTTP/1.1" 404 269 "-" "msnbot/2.0b (+http://search.msn.com/msnbot.htm)"
66.249.71.170 - - [17/Jun/2009:21:21:03 -0400] "GET /images/_portfolio/print/cd_spine_back.gif HTTP/1.1" 304 - "-" "Googlebot-Image/1.0"
65.55.107.181 - - [17/Jun/2009:22:03:07 -0400] "GET /robots.txt HTTP/1.1" 404 269 "-" "msnbot/2.0b (+http://search.msn.com/msnbot.htm)"
38.99.44.101 - - [17/Jun/2009:23:01:15 -0400] "GET /index.html HTTP/1.0" 200 1984 "-" "Mozilla/5.0 (Twiceler-0.9 http://www.cuil.com/twiceler/robot.html)"
65.55.106.186 - - [17/Jun/2009:23:14:44 -0400] "GET /robots.txt HTTP/1.1" 404 269 "-" "msnbot/2.0b (+http://search.msn.com/msnbot.htm)"
65.55.106.138 - - [18/Jun/2009:00:52:01 -0400] "GET /robots.txt HTTP/1.1" 404 269 "-" "msnbot/2.0b (+http://search.msn.com/msnbot.htm)"
66.249.71.170 - - [18/Jun/2009:03:04:42 -0400] "GET /robots.txt HTTP/1.1" 404 269 "-" "Googlebot-Image/1.0"
66.249.71.170 - - [18/Jun/2009:03:04:42 -0400] "GET /images/_portfolio/illustrator/maple_leaf_sm.gif HTTP/1.1" 304 - "-" "Googlebot-Image/1.0"
38.99.44.101 - - [18/Jun/2009:09:45:28 -0400] "GET /robots.txt HTTP/1.0" 404 269 "-" "Mozilla/5.0 (Twiceler-0.9 http://www.cuil.com/twiceler/robot.html)"
38.99.44.101 - - [18/Jun/2009:12:39:25 -0400] "GET /pages.html HTTP/1.0" 200 4692 "-" "Mozilla/5.0 (Twiceler-0.9 http://www.cuil.com/twiceler/robot.html)"
66.249.71.170 - - [18/Jun/2009:15:41:31 -0400] "GET /robots.txt HTTP/1.1" 404 269 "-" "Googlebot-Image/1.0"
66.249.71.170 - - [18/Jun/2009:15:41:31 -0400] "GET /images/_portfolio/photoshop/telephone_wires_sm.jpg HTTP/1.1" 304 - "-" "Googlebot-Image/1.0"
66.249.71.170 - - [18/Jun/2009:17:28:23 -0400] "GET / HTTP/1.1" 200 1984 "-" "Mozilla/5.0 (compatible; Googlebot/2.1; +http://www.google.com/bot.html)"
66.249.71.170 - - [18/Jun/2009:21:17:14 -0400] "GET /images/_portfolio/illustrator/pineapples_sm.gif HTTP/1.1" 304 - "-" "Googlebot-Image/1.0"
38.99.44.101 - - [18/Jun/2009:22:45:21 -0400] "GET /contact.html HTTP/1.0" 200 6927 "-" "Mozilla/5.0 (Twiceler-0.9 http://www.cuil.com/twiceler/robot.html)"
66.249.71.170 - - [19/Jun/2009:02:51:59 -0400] "GET /images/_portfolio/photoshop/printing_banner_sm.jpg HTTP/1.1" 304 - "-" "Googlebot-Image/1.0"
66.249.71.170 - - [19/Jun/2009:06:18:19 -0400] "GET /robots.txt HTTP/1.1" 404 269 "-" "Mozilla/5.0 (compatible; Googlebot/2.1; +http://www.google.com/bot.html)"
66.249.71.170 - - [19/Jun/2009:06:18:19 -0400] "GET /email/origins.html HTTP/1.1" 404 277 "-" "Mozilla/5.0 (compatible; Googlebot/2.1; +http://www.google.com/bot.html)"
66.249.71.170 - - [19/Jun/2009:08:27:57 -0400] "GET /images/_portfolio/photoshop/telegraph_sm.gif HTTP/1.1" 304 - "-" "Googlebot-Image/1.0"
38.99.44.101 - - [19/Jun/2009:10:24:10 -0400] "GET /robots.txt HTTP/1.0" 404 269 "-" "Mozilla/5.0 (Twiceler-0.9 http://www.cuil.com/twiceler/robot.html)"
65.55.106.134 - - [19/Jun/2009:11:17:00 -0400] "GET /robots.txt HTTP/1.1" 404 269 "-" "msnbot/2.0b (+http://search.msn.com/msnbot.htm)"
65.55.106.134 - - [19/Jun/2009:12:32:01 -0400] "GET /robots.txt HTTP/1.1" 404 269 "-" "msnbot/2.0b (+http://search.msn.com/msnbot.htm)"
80.153.190.150 - - [19/Jun/2009:13:32:53 -0400] "GET /pages.html HTTP/1.1" 200 4692 "-" "Mozilla/4.0 (compatible; MSIE 6.0; Windows NT 5.1; SV1)"
80.153.190.150 - - [19/Jun/2009:13:32:54 -0400] "GET /index.html HTTP/1.1" 200 1984 "-" "Mozilla/4.0 (compatible; MSIE 6.0; Windows NT 5.1; SV1)"
80.153.190.150 - - [19/Jun/2009:13:32:55 -0400] "GET /illustrator.html HTTP/1.1" 200 6612 "-" "Mozilla/4.0 (compatible; MSIE 6.0; Windows NT 5.1; SV1)"
80.153.190.150 - - [19/Jun/2009:13:32:57 -0400] "GET /flash.html HTTP/1.1" 200 4756 "-" "Mozilla/4.0 (compatible; MSIE 6.0; Windows NT 5.1; SV1)"
80.153.190.150 - - [19/Jun/2009:13:32:59 -0400] "GET /photoshop.html HTTP/1.1" 200 7709 "-" "Mozilla/4.0 (compatible; MSIE 6.0; Windows NT 5.1; SV1)"
80.153.190.150 - - [19/Jun/2009:13:33:00 -0400] "GET /print.html HTTP/1.1" 200 4324 "-" "Mozilla/4.0 (compatible; MSIE 6.0; Windows NT 5.1; SV1)"
80.153.190.150 - - [19/Jun/2009:13:33:01 -0400] "GET /contact.html HTTP/1.1" 200 6927 "-" "Mozilla/4.0 (compatible; MSIE 6.0; Windows NT 5.1; SV1)"
60.208.64.177 - - [19/Jun/2009:13:33:48 -0400] "GET /contact.html HTTP/1.1" 200 6927 "-" "Mozilla/4.0 (compatible; MSIE 6.0; Windows NT 5.1; SV1)"
60.208.64.177 - - [19/Jun/2009:13:33:50 -0400] "POST /formmail.php HTTP/1.1" 200 355 "http://alex.jeb.ca/contact.html" "Mozilla/4.0 (compatible; MSIE 6.0; Windows NT 5.1; SV1)"
66.249.71.170 - - [19/Jun/2009:16:11:07 -0400] "GET /images/_portfolio/illustrator/castle_drawing_sm.gif HTTP/1.1" 304 - "-" "Googlebot-Image/1.0"
65.55.106.214 - - [19/Jun/2009:16:25:16 -0400] "GET /robots.txt HTTP/1.1" 404 269 "-" "msnbot/2.0b (+http://search.msn.com/msnbot.htm)"
208.115.111.242 - - [19/Jun/2009:19:22:25 -0400] "GET /robots.txt HTTP/1.1" 404 269 "-" "Mozilla/5.0 (compatible; DotBot/1.1; http://www.dotnetdotcom.org/, crawler@dotnetdotcom.org)"
208.115.111.242 - - [19/Jun/2009:20:43:06 -0400] "GET / HTTP/1.1" 200 1984 "-" "Mozilla/5.0 (compatible; DotBot/1.1; http://www.dotnetdotcom.org/, crawler@dotnetdotcom.org)"
66.249.71.170 - - [20/Jun/2009:02:57:18 -0400] "GET /robots.txt HTTP/1.1" 404 269 "-" "Googlebot-Image/1.0"
66.249.71.170 - - [20/Jun/2009:02:57:19 -0400] "GET /images/_portfolio/web_pages/impressions.gif HTTP/1.1" 304 - "-" "Googlebot-Image/1.0"
64.34.165.222 - - [20/Jun/2009:05:05:12 -0400] "GET /pages.html HTTP/1.0" 200 4692 "-" "Mozilla/4.0 (compatible; MSIE 6.0; Windows NT 5.1; SV1)"
64.34.165.222 - - [20/Jun/2009:05:05:19 -0400] "GET /index.html HTTP/1.0" 200 1984 "-" "Mozilla/4.0 (compatible; MSIE 6.0; Windows NT 5.1; SV1)"
64.34.165.222 - - [20/Jun/2009:05:05:26 -0400] "GET /illustrator.html HTTP/1.0" 200 6612 "-" "Mozilla/4.0 (compatible; MSIE 6.0; Windows NT 5.1; SV1)"
64.34.165.222 - - [20/Jun/2009:05:05:38 -0400] "GET /flash.html HTTP/1.0" 200 4756 "-" "Mozilla/4.0 (compatible; MSIE 6.0; Windows NT 5.1; SV1)"
91.211.206.206 - - [20/Jun/2009:05:05:50 -0400] "GET /photoshop.html HTTP/1.1" 200 7709 "-" "Mozilla/4.0 (compatible; MSIE 6.0; Windows NT 5.1; SV1)"
91.211.206.206 - - [20/Jun/2009:05:05:50 -0400] "GET /print.html HTTP/1.1" 200 4324 "-" "Mozilla/4.0 (compatible; MSIE 6.0; Windows NT 5.1; SV1)"
91.211.206.206 - - [20/Jun/2009:05:05:51 -0400] "GET /contact.html HTTP/1.1" 200 6927 "-" "Mozilla/4.0 (compatible; MSIE 6.0; Windows NT 5.1; SV1)"
91.211.206.206 - - [20/Jun/2009:05:05:52 -0400] "POST /formmail.php HTTP/1.1" 200 355 "http://alex.jeb.ca/contact.html" "Mozilla/4.0 (compatible; MSIE 6.0; Windows NT 5.1; SV1)"
38.99.44.101 - - [20/Jun/2009:09:24:56 -0400] "GET /robots.txt HTTP/1.0" 404 269 "-" "Mozilla/5.0 (Twiceler-0.9 http://www.cuil.com/twiceler/robot.html)"
66.249.71.170 - - [20/Jun/2009:19:35:31 -0400] "GET /robots.txt HTTP/1.1" 404 269 "-" "Googlebot-Image/1.0"
66.249.71.170 - - [20/Jun/2009:19:35:31 -0400] "GET /images/_portfolio/photoshop/fastco_building_sm.jpg HTTP/1.1" 304 - "-" "Googlebot-Image/1.0"
66.249.71.170 - - [20/Jun/2009:21:48:23 -0400] "GET /images/_portfolio/photoshop/dragon_statue_sm.jpg HTTP/1.1" 304 - "-" "Googlebot-Image/1.0"
201.23.220.143 - - [20/Jun/2009:22:24:55 -0400] "GET /pages.html HTTP/1.1" 200 4692 "-" "Mozilla/4.0 (compatible; MSIE 6.0; Windows NT 5.1; SV1)"
201.23.220.143 - - [20/Jun/2009:22:25:24 -0400] "GET /index.html HTTP/1.1" 200 1984 "-" "Mozilla/4.0 (compatible; MSIE 6.0; Windows NT 5.1; SV1)"
201.23.220.143 - - [20/Jun/2009:22:25:53 -0400] "GET /illustrator.html HTTP/1.1" 200 6612 "-" "Mozilla/4.0 (compatible; MSIE 6.0; Windows NT 5.1; SV1)"
64.29.148.29 - - [20/Jun/2009:22:26:26 -0400] "GET /illustrator.html HTTP/1.1" 200 6612 "-" "Mozilla/4.0 (compatible; MSIE 6.0; Windows NT 5.1; SV1)"
64.29.148.29 - - [20/Jun/2009:22:26:32 -0400] "GET /flash.html HTTP/1.1" 200 4756 "-" "Mozilla/4.0 (compatible; MSIE 6.0; Windows NT 5.1; SV1)"
64.29.148.29 - - [20/Jun/2009:22:26:36 -0400] "GET /photoshop.html HTTP/1.1" 200 7709 "-" "Mozilla/4.0 (compatible; MSIE 6.0; Windows NT 5.1; SV1)"
64.29.148.29 - - [20/Jun/2009:22:26:40 -0400] "GET /print.html HTTP/1.1" 200 4324 "-" "Mozilla/4.0 (compatible; MSIE 6.0; Windows NT 5.1; SV1)"
64.29.148.29 - - [20/Jun/2009:22:26:43 -0400] "GET /contact.html HTTP/1.1" 200 6927 "-" "Mozilla/4.0 (compatible; MSIE 6.0; Windows NT 5.1; SV1)"
64.29.148.29 - - [20/Jun/2009:22:26:51 -0400] "POST /formmail.php HTTP/1.1" 200 355 "http://alex.jeb.ca/contact.html" "Mozilla/4.0 (compatible; MSIE 6.0; Windows NT 5.1; SV1)"
122.147.76.74 - - [21/Jun/2009:01:24:52 -0400] "GET /robots.txt HTTP/1.0" 404 269 "-" "Gaisbot/3.0+(robot06@gais.cs.ccu.edu.tw;+http://gais.cs.ccu.edu.tw/robot.php)"
65.55.106.159 - - [21/Jun/2009:01:39:31 -0400] "GET /robots.txt HTTP/1.1" 404 269 "-" "msnbot/2.0b (+http://search.msn.com/msnbot.htm)"
66.249.71.170 - - [21/Jun/2009:02:14:27 -0400] "GET /images/_portfolio/illustrator/wine_label_sm.gif HTTP/1.1" 304 - "-" "Googlebot-Image/1.0"
65.55.106.159 - - [21/Jun/2009:03:00:36 -0400] "GET /robots.txt HTTP/1.1" 404 269 "-" "msnbot/2.0b (+http://search.msn.com/msnbot.htm)"
66.249.71.170 - - [21/Jun/2009:04:27:42 -0400] "GET /images/_portfolio/flash/venus.gif HTTP/1.1" 304 - "-" "Googlebot-Image/1.0"
122.147.76.75 - - [21/Jun/2009:04:48:00 -0400] "GET / HTTP/1.0" 200 1984 "-" "Gaisbot/3.0+(robot06@gais.cs.ccu.edu.tw;+http://gais.cs.ccu.edu.tw/robot.php)"
66.249.71.170 - - [21/Jun/2009:06:41:08 -0400] "GET /images/_portfolio/print/agence_lb.gif HTTP/1.1" 304 - "-" "Googlebot-Image/1.0"
38.99.44.101 - - [21/Jun/2009:08:53:50 -0400] "GET /robots.txt HTTP/1.0" 404 269 "-" "Mozilla/5.0 (Twiceler-0.9 http://www.cuil.com/twiceler/robot.html)"
65.55.106.122 - - [21/Jun/2009:21:51:51 -0400] "GET /robots.txt HTTP/1.1" 404 269 "-" "msnbot/2.0b (+http://search.msn.com/msnbot.htm)"
65.55.106.122 - - [21/Jun/2009:23:06:33 -0400] "GET /robots.txt HTTP/1.1" 404 269 "-" "msnbot/2.0b (+http://search.msn.com/msnbot.htm)"
66.249.71.170 - - [21/Jun/2009:23:26:58 -0400] "GET /robots.txt HTTP/1.1" 404 269 "-" "Googlebot-Image/1.0"
66.249.71.170 - - [21/Jun/2009:23:26:58 -0400] "GET /images/_portfolio/print/cinema_ad_sm.gif HTTP/1.1" 304 - "-" "Googlebot-Image/1.0"
66.249.71.170 - - [22/Jun/2009:02:14:28 -0400] "GET /images/_portfolio/print/cd_booklet.gif HTTP/1.1" 304 - "-" "Googlebot-Image/1.0"
65.55.106.120 - - [22/Jun/2009:02:39:11 -0400] "GET /robots.txt HTTP/1.1" 404 269 "-" "msnbot/2.0b (+http://search.msn.com/msnbot.htm)"
38.99.44.101 - - [22/Jun/2009:08:46:40 -0400] "GET /robots.txt HTTP/1.0" 404 269 "-" "Mozilla/5.0 (Twiceler-0.9 http://www.cuil.com/twiceler/robot.html)"
65.55.106.115 - - [22/Jun/2009:16:44:07 -0400] "GET /robots.txt HTTP/1.1" 404 269 "-" "msnbot/2.0b (+http://search.msn.com/msnbot.htm)"
65.55.106.116 - - [22/Jun/2009:19:31:43 -0400] "GET /robots.txt HTTP/1.1" 404 269 "-" "msnbot/2.0b (+http://search.msn.com/msnbot.htm)"
66.249.71.170 - - [22/Jun/2009:22:31:59 -0400] "GET /robots.txt HTTP/1.1" 404 269 "-" "Googlebot-Image/1.0"
66.249.71.170 - - [22/Jun/2009:22:31:59 -0400] "GET /images/_portfolio/photoshop/fiber_optics_sm.gif HTTP/1.1" 304 - "-" "Googlebot-Image/1.0"
66.249.71.170 - - [22/Jun/2009:22:35:36 -0400] "GET /email/origins.html HTTP/1.1" 404 277 "-" "Mozilla/5.0 (compatible; Googlebot/2.1; +http://www.google.com/bot.html)"
65.55.106.116 - - [22/Jun/2009:23:20:24 -0400] "GET /robots.txt HTTP/1.1" 404 269 "-" "msnbot/2.0b (+http://search.msn.com/msnbot.htm)"
66.249.71.170 - - [23/Jun/2009:05:56:39 -0400] "GET /images/_portfolio/photoshop/violin_sunset_sm.jpg HTTP/1.1" 304 - "-" "Googlebot-Image/1.0"
38.99.44.101 - - [23/Jun/2009:09:35:10 -0400] "GET /robots.txt HTTP/1.0" 404 269 "-" "Mozilla/5.0 (Twiceler-0.9 http://www.cuil.com/twiceler/robot.html)"
66.249.71.170 - - [23/Jun/2009:09:37:02 -0400] "GET /images/_portfolio/flash/bending_arrow.gif HTTP/1.1" 304 - "-" "Googlebot-Image/1.0"
65.55.106.218 - - [23/Jun/2009:13:01:00 -0400] "GET /robots.txt HTTP/1.1" 404 269 "-" "msnbot/2.0b (+http://search.msn.com/msnbot.htm)"
65.55.106.218 - - [23/Jun/2009:14:32:57 -0400] "GET /robots.txt HTTP/1.1" 404 269 "-" "msnbot/2.0b (+http://search.msn.com/msnbot.htm)"
147.32.127.213 - - [23/Jun/2009:14:37:04 -0400] "GET /pages.html HTTP/1.0" 200 4692 "-" "Mozilla/4.0 (compatible; MSIE 6.0; Windows NT 5.1; SV1)"
147.32.127.213 - - [23/Jun/2009:14:37:04 -0400] "GET /index.html HTTP/1.0" 200 1984 "-" "Mozilla/4.0 (compatible; MSIE 6.0; Windows NT 5.1; SV1)"
147.32.127.213 - - [23/Jun/2009:14:37:04 -0400] "GET /illustrator.html HTTP/1.0" 200 6612 "-" "Mozilla/4.0 (compatible; MSIE 6.0; Windows NT 5.1; SV1)"
147.32.127.213 - - [23/Jun/2009:14:37:05 -0400] "GET /flash.html HTTP/1.0" 200 4756 "-" "Mozilla/4.0 (compatible; MSIE 6.0; Windows NT 5.1; SV1)"
147.32.127.213 - - [23/Jun/2009:14:37:05 -0400] "GET /photoshop.html HTTP/1.0" 200 7709 "-" "Mozilla/4.0 (compatible; MSIE 6.0; Windows NT 5.1; SV1)"
147.32.127.213 - - [23/Jun/2009:14:37:08 -0400] "GET /print.html HTTP/1.0" 200 4324 "-" "Mozilla/4.0 (compatible; MSIE 6.0; Windows NT 5.1; SV1)"
147.32.127.213 - - [23/Jun/2009:14:37:09 -0400] "GET /contact.html HTTP/1.0" 200 6927 "-" "Mozilla/4.0 (compatible; MSIE 6.0; Windows NT 5.1; SV1)"
147.32.127.213 - - [23/Jun/2009:14:37:09 -0400] "POST /formmail.php HTTP/1.0" 200 355 "http://alex.jeb.ca/contact.html" "Mozilla/4.0 (compatible; MSIE 6.0; Windows NT 5.1; SV1)"
65.55.106.188 - - [24/Jun/2009:02:45:49 -0400] "GET /robots.txt HTTP/1.1" 404 269 "-" "msnbot/2.0b (+http://search.msn.com/msnbot.htm)"
65.55.106.140 - - [24/Jun/2009:02:52:07 -0400] "GET /robots.txt HTTP/1.1" 404 269 "-" "msnbot/2.0b (+http://search.msn.com/msnbot.htm)"
65.55.106.188 - - [24/Jun/2009:04:21:04 -0400] "GET /robots.txt HTTP/1.1" 404 269 "-" "msnbot/2.0b (+http://search.msn.com/msnbot.htm)"
66.249.71.161 - - [24/Jun/2009:04:42:35 -0400] "GET /robots.txt HTTP/1.1" 404 269 "-" "Mozilla/5.0 (compatible; Googlebot/2.1; +http://www.google.com/bot.html)"
66.249.71.161 - - [24/Jun/2009:04:42:35 -0400] "GET /email/origins.html HTTP/1.1" 404 277 "-" "Mozilla/5.0 (compatible; Googlebot/2.1; +http://www.google.com/bot.html)"
66.249.71.161 - - [24/Jun/2009:07:41:40 -0400] "GET /images/_portfolio/photoshop/graphics_banner_sm.jpg HTTP/1.1" 304 - "-" "Googlebot-Image/1.0"
94.23.42.213 - - [24/Jun/2009:07:48:39 -0400] "GET /pages.html HTTP/1.0" 200 4692 "-" "Mozilla/4.0 (compatible; MSIE 6.0; Windows NT 5.1; SV1)"
94.23.42.213 - - [24/Jun/2009:07:48:42 -0400] "GET /index.html HTTP/1.0" 200 1984 "-" "Mozilla/4.0 (compatible; MSIE 6.0; Windows NT 5.1; SV1)"
94.23.42.213 - - [24/Jun/2009:07:48:46 -0400] "GET /illustrator.html HTTP/1.0" 200 6612 "-" "Mozilla/4.0 (compatible; MSIE 6.0; Windows NT 5.1; SV1)"
94.23.42.213 - - [24/Jun/2009:07:48:49 -0400] "GET /flash.html HTTP/1.0" 200 4756 "-" "Mozilla/4.0 (compatible; MSIE 6.0; Windows NT 5.1; SV1)"
94.23.42.213 - - [24/Jun/2009:07:48:51 -0400] "GET /photoshop.html HTTP/1.0" 200 7709 "-" "Mozilla/4.0 (compatible; MSIE 6.0; Windows NT 5.1; SV1)"
94.23.42.213 - - [24/Jun/2009:07:48:53 -0400] "GET /print.html HTTP/1.0" 200 4324 "-" "Mozilla/4.0 (compatible; MSIE 6.0; Windows NT 5.1; SV1)"
94.23.42.213 - - [24/Jun/2009:07:48:55 -0400] "GET /contact.html HTTP/1.0" 200 6927 "-" "Mozilla/4.0 (compatible; MSIE 6.0; Windows NT 5.1; SV1)"
94.23.42.213 - - [24/Jun/2009:07:48:59 -0400] "POST /formmail.php HTTP/1.0" 200 355 "http://alex.jeb.ca/contact.html" "Mozilla/4.0 (compatible; MSIE 6.0; Windows NT 5.1; SV1)"
65.55.106.120 - - [24/Jun/2009:08:00:08 -0400] "GET /robots.txt HTTP/1.1" 404 269 "-" "msnbot/2.0b (+http://search.msn.com/msnbot.htm)"
38.99.44.101 - - [24/Jun/2009:10:06:12 -0400] "GET /robots.txt HTTP/1.0" 404 269 "-" "Mozilla/5.0 (Twiceler-0.9 http://www.cuil.com/twiceler/robot.html)"
66.249.71.161 - - [24/Jun/2009:12:09:57 -0400] "GET /images/_portfolio/web_pages/golf_quiz.gif HTTP/1.1" 304 - "-" "Googlebot-Image/1.0"
66.249.71.161 - - [24/Jun/2009:15:05:09 -0400] "GET / HTTP/1.1" 200 1984 "-" "Mozilla/5.0 (compatible; Googlebot/2.1; +http://www.google.com/bot.html)"
66.249.71.161 - - [24/Jun/2009:16:40:32 -0400] "GET /images/_portfolio/illustrator/vine_alphabet_sm.gif HTTP/1.1" 304 - "-" "Googlebot-Image/1.0"
65.55.106.171 - - [24/Jun/2009:18:12:02 -0400] "GET /robots.txt HTTP/1.1" 404 269 "-" "msnbot/2.0b (+http://search.msn.com/msnbot.htm)"
65.55.106.148 - - [24/Jun/2009:20:14:30 -0400] "GET /robots.txt HTTP/1.1" 404 269 "-" "msnbot/2.0b (+http://search.msn.com/msnbot.htm)"
66.249.71.161 - - [24/Jun/2009:21:10:43 -0400] "GET /robots.txt HTTP/1.1" 404 269 "-" "Googlebot-Image/1.0"
66.249.71.161 - - [24/Jun/2009:21:10:43 -0400] "GET /images/_portfolio/photoshop/satelite_sm.gif HTTP/1.1" 304 - "-" "Googlebot-Image/1.0"
116.75.106.96 - - [25/Jun/2009:01:16:02 -0400] "GET /pages.html HTTP/1.1" 200 4692 "-" "Mozilla/4.0 (compatible; MSIE 6.0; Windows NT 5.1; SV1)"
94.101.177.5 - - [25/Jun/2009:01:16:14 -0400] "GET /index.html HTTP/1.1" 200 1984 "-" "Mozilla/4.0 (compatible; MSIE 6.0; Windows NT 5.1; SV1)"
94.101.177.5 - - [25/Jun/2009:01:16:15 -0400] "GET /illustrator.html HTTP/1.1" 200 6612 "-" "Mozilla/4.0 (compatible; MSIE 6.0; Windows NT 5.1; SV1)"
94.101.177.5 - - [25/Jun/2009:01:16:20 -0400] "GET /flash.html HTTP/1.1" 200 4756 "-" "Mozilla/4.0 (compatible; MSIE 6.0; Windows NT 5.1; SV1)"
94.101.177.5 - - [25/Jun/2009:01:16:21 -0400] "GET /photoshop.html HTTP/1.1" 200 7709 "-" "Mozilla/4.0 (compatible; MSIE 6.0; Windows NT 5.1; SV1)"
94.101.177.5 - - [25/Jun/2009:01:16:22 -0400] "GET /print.html HTTP/1.1" 200 4324 "-" "Mozilla/4.0 (compatible; MSIE 6.0; Windows NT 5.1; SV1)"
94.101.177.5 - - [25/Jun/2009:01:16:24 -0400] "GET /contact.html HTTP/1.1" 200 6927 "-" "Mozilla/4.0 (compatible; MSIE 6.0; Windows NT 5.1; SV1)"
94.101.177.5 - - [25/Jun/2009:01:16:25 -0400] "POST /formmail.php HTTP/1.1" 200 355 "http://alex.jeb.ca/contact.html" "Mozilla/4.0 (compatible; MSIE 6.0; Windows NT 5.1; SV1)"
66.249.71.161 - - [25/Jun/2009:01:40:43 -0400] "GET /images/_portfolio/flash/rotating_circles.gif HTTP/1.1" 304 - "-" "Googlebot-Image/1.0"
66.249.71.161 - - [25/Jun/2009:09:50:18 -0400] "GET /robots.txt HTTP/1.1" 404 269 "-" "Mozilla/5.0 (compatible; Googlebot/2.1; +http://www.google.com/bot.html)"
66.249.71.161 - - [25/Jun/2009:09:50:18 -0400] "GET /email/origins.html HTTP/1.1" 404 277 "-" "Mozilla/5.0 (compatible; Googlebot/2.1; +http://www.google.com/bot.html)"
38.99.44.101 - - [25/Jun/2009:09:51:41 -0400] "GET /robots.txt HTTP/1.0" 404 269 "-" "Mozilla/5.0 (Twiceler-0.9 http://www.cuil.com/twiceler/robot.html)"
66.249.71.161 - - [25/Jun/2009:10:49:15 -0400] "GET /home.swf HTTP/1.1" 200 17352 "-" "Mozilla/5.0 (compatible; Googlebot/2.1; +http://www.google.com/bot.html)"
66.249.71.161 - - [25/Jun/2009:10:53:12 -0400] "GET /print.html HTTP/1.1" 200 4324 "-" "Mozilla/5.0 (compatible; Googlebot/2.1; +http://www.google.com/bot.html)"
66.249.71.161 - - [25/Jun/2009:10:56:46 -0400] "GET /index.html HTTP/1.1" 200 1984 "-" "Mozilla/5.0 (compatible; Googlebot/2.1; +http://www.google.com/bot.html)"
66.249.71.161 - - [25/Jun/2009:11:00:48 -0400] "GET /pages.html HTTP/1.1" 200 4692 "-" "Mozilla/5.0 (compatible; Googlebot/2.1; +http://www.google.com/bot.html)"
66.249.71.161 - - [25/Jun/2009:11:04:04 -0400] "GET /flash.html HTTP/1.1" 200 4756 "-" "Mozilla/5.0 (compatible; Googlebot/2.1; +http://www.google.com/bot.html)"
66.249.71.161 - - [25/Jun/2009:11:07:42 -0400] "GET /contact.html HTTP/1.1" 200 6927 "-" "Mozilla/5.0 (compatible; Googlebot/2.1; +http://www.google.com/bot.html)"
66.249.71.161 - - [25/Jun/2009:11:11:27 -0400] "GET /photoshop.html HTTP/1.1" 200 7709 "-" "Mozilla/5.0 (compatible; Googlebot/2.1; +http://www.google.com/bot.html)"
66.249.71.161 - - [25/Jun/2009:11:15:12 -0400] "GET /illustrator.html HTTP/1.1" 200 6612 "-" "Mozilla/5.0 (compatible; Googlebot/2.1; +http://www.google.com/bot.html)"
66.249.71.161 - - [25/Jun/2009:12:11:26 -0400] "GET /images/_portfolio/web_pages/raris.gif HTTP/1.1" 304 - "-" "Googlebot-Image/1.0"
66.249.71.161 - - [25/Jun/2009:13:51:43 -0400] "GET /images/_portfolio/web_pages/havlat_photography.gif HTTP/1.1" 304 - "-" "Googlebot-Image/1.0"
65.55.106.228 - - [25/Jun/2009:14:00:23 -0400] "GET /robots.txt HTTP/1.1" 404 269 "-" "msnbot/2.0b (+http://search.msn.com/msnbot.htm)"
202.3.217.122 - - [25/Jun/2009:19:28:51 -0400] "GET /pages.html HTTP/1.1" 200 4692 "-" "Mozilla/4.0 (compatible; MSIE 6.0; Windows NT 5.1; SV1)"
202.3.217.122 - - [25/Jun/2009:19:28:52 -0400] "GET /index.css HTTP/1.1" 200 962 "http://alex.jeb.ca/pages.html" "Mozilla/4.0 (compatible; MSIE 6.0; Windows NT 5.1; SV1)"
202.3.217.122 - - [25/Jun/2009:19:28:52 -0400] "GET /images/_portfolio/web_pages/impressions.gif HTTP/1.1" 200 1095 "http://alex.jeb.ca/pages.html" "Mozilla/4.0 (compatible; MSIE 6.0; Windows NT 5.1; SV1)"
202.3.217.122 - - [25/Jun/2009:19:28:52 -0400] "GET /top_nav.css HTTP/1.1" 200 841 "http://alex.jeb.ca/pages.html" "Mozilla/4.0 (compatible; MSIE 6.0; Windows NT 5.1; SV1)"
202.3.217.122 - - [25/Jun/2009:19:28:52 -0400] "GET /images/_portfolio/web_pages/golf_quiz.gif HTTP/1.1" 200 1517 "http://alex.jeb.ca/pages.html" "Mozilla/4.0 (compatible; MSIE 6.0; Windows NT 5.1; SV1)"
202.3.217.122 - - [25/Jun/2009:19:28:52 -0400] "GET /favicon.ico HTTP/1.1" 200 1150 "http://alex.jeb.ca/pages.html" "Mozilla/4.0 (compatible; MSIE 6.0; Windows NT 5.1; SV1)"
202.3.217.122 - - [25/Jun/2009:19:28:52 -0400] "GET /main.js HTTP/1.1" 200 5103 "http://alex.jeb.ca/pages.html" "Mozilla/4.0 (compatible; MSIE 6.0; Windows NT 5.1; SV1)"
202.3.217.122 - - [25/Jun/2009:19:28:52 -0400] "GET /images/_portfolio/web_pages/raris.gif HTTP/1.1" 200 2216 "http://alex.jeb.ca/pages.html" "Mozilla/4.0 (compatible; MSIE 6.0; Windows NT 5.1; SV1)"
202.3.217.122 - - [25/Jun/2009:19:28:52 -0400] "GET /images/_portfolio/web_pages/email.gif HTTP/1.1" 200 1686 "http://alex.jeb.ca/pages.html" "Mozilla/4.0 (compatible; MSIE 6.0; Windows NT 5.1; SV1)"
202.3.217.122 - - [25/Jun/2009:19:28:52 -0400] "GET /images/_portfolio/web_pages/sellance.gif HTTP/1.1" 200 1522 "http://alex.jeb.ca/pages.html" "Mozilla/4.0 (compatible; MSIE 6.0; Windows NT 5.1; SV1)"
202.3.217.122 - - [25/Jun/2009:19:28:52 -0400] "GET /images/_portfolio/web_pages/html.gif HTTP/1.1" 200 1774 "http://alex.jeb.ca/pages.html" "Mozilla/4.0 (compatible; MSIE 6.0; Windows NT 5.1; SV1)"
202.3.217.122 - - [25/Jun/2009:19:28:53 -0400] "GET /images/_portfolio/web_pages/havlat_photography.gif HTTP/1.1" 200 1001 "http://alex.jeb.ca/pages.html" "Mozilla/4.0 (compatible; MSIE 6.0; Windows NT 5.1; SV1)"
202.3.217.122 - - [25/Jun/2009:19:28:53 -0400] "GET /index.html HTTP/1.1" 200 1984 "-" "Mozilla/4.0 (compatible; MSIE 6.0; Windows NT 5.1; SV1)"
202.3.217.122 - - [25/Jun/2009:19:28:54 -0400] "GET /illustrator.html HTTP/1.1" 200 6612 "-" "Mozilla/4.0 (compatible; MSIE 6.0; Windows NT 5.1; SV1)"
202.3.217.122 - - [25/Jun/2009:19:28:53 -0400] "GET /home.swf HTTP/1.1" 200 17352 "http://alex.jeb.ca/index.html" "Mozilla/4.0 (compatible; MSIE 6.0; Windows NT 5.1; SV1)"
202.3.217.122 - - [25/Jun/2009:19:28:54 -0400] "GET /images/_portfolio/illustrator/wine_label_sm.gif HTTP/1.1" 200 1240 "http://alex.jeb.ca/illustrator.html" "Mozilla/4.0 (compatible; MSIE 6.0; Windows NT 5.1; SV1)"
202.3.217.122 - - [25/Jun/2009:19:28:54 -0400] "GET /images/_portfolio/illustrator/01_graph_sm.gif HTTP/1.1" 200 2115 "http://alex.jeb.ca/illustrator.html" "Mozilla/4.0 (compatible; MSIE 6.0; Windows NT 5.1; SV1)"
202.3.217.122 - - [25/Jun/2009:19:28:54 -0400] "GET /images/_portfolio/illustrator/02_graph_sm.gif HTTP/1.1" 200 1405 "http://alex.jeb.ca/illustrator.html" "Mozilla/4.0 (compatible; MSIE 6.0; Windows NT 5.1; SV1)"
202.3.217.122 - - [25/Jun/2009:19:28:54 -0400] "GET /images/_portfolio/illustrator/venus_butterfly_flyer_sm.gif HTTP/1.1" 200 856 "http://alex.jeb.ca/illustrator.html" "Mozilla/4.0 (compatible; MSIE 6.0; Windows NT 5.1; SV1)"
202.3.217.122 - - [25/Jun/2009:19:28:54 -0400] "GET /images/_portfolio/illustrator/fleur_de_lis_sm.gif HTTP/1.1" 200 960 "http://alex.jeb.ca/illustrator.html" "Mozilla/4.0 (compatible; MSIE 6.0; Windows NT 5.1; SV1)"
202.3.217.122 - - [25/Jun/2009:19:28:54 -0400] "GET /images/_portfolio/illustrator/maple_leaf_sm.gif HTTP/1.1" 200 897 "http://alex.jeb.ca/illustrator.html" "Mozilla/4.0 (compatible; MSIE 6.0; Windows NT 5.1; SV1)"
202.3.217.122 - - [25/Jun/2009:19:28:54 -0400] "GET /images/_portfolio/illustrator/pineapples_sm.gif HTTP/1.1" 200 1972 "http://alex.jeb.ca/illustrator.html" "Mozilla/4.0 (compatible; MSIE 6.0; Windows NT 5.1; SV1)"
202.3.217.122 - - [25/Jun/2009:19:28:54 -0400] "GET /images/_portfolio/illustrator/women_flowers_sm.gif HTTP/1.1" 200 2504 "http://alex.jeb.ca/illustrator.html" "Mozilla/4.0 (compatible; MSIE 6.0; Windows NT 5.1; SV1)"
202.3.217.122 - - [25/Jun/2009:19:28:54 -0400] "GET /images/_portfolio/illustrator/vine_alphabet_sm.gif HTTP/1.1" 200 642 "http://alex.jeb.ca/illustrator.html" "Mozilla/4.0 (compatible; MSIE 6.0; Windows NT 5.1; SV1)"
202.3.217.122 - - [25/Jun/2009:19:28:54 -0400] "GET /images/_portfolio/illustrator/castle_drawing_sm.gif HTTP/1.1" 200 748 "http://alex.jeb.ca/illustrator.html" "Mozilla/4.0 (compatible; MSIE 6.0; Windows NT 5.1; SV1)"
202.3.217.122 - - [25/Jun/2009:19:28:55 -0400] "GET /flash.html HTTP/1.1" 200 4756 "-" "Mozilla/4.0 (compatible; MSIE 6.0; Windows NT 5.1; SV1)"
202.3.217.122 - - [25/Jun/2009:19:28:56 -0400] "GET /images/_portfolio/flash/venus.gif HTTP/1.1" 200 1148 "http://alex.jeb.ca/flash.html" "Mozilla/4.0 (compatible; MSIE 6.0; Windows NT 5.1; SV1)"
202.3.217.122 - - [25/Jun/2009:19:28:56 -0400] "GET /images/_portfolio/flash/rotating_circles.gif HTTP/1.1" 200 1022 "http://alex.jeb.ca/flash.html" "Mozilla/4.0 (compatible; MSIE 6.0; Windows NT 5.1; SV1)"
202.3.217.122 - - [25/Jun/2009:19:28:56 -0400] "GET /images/_portfolio/flash/venn_diagram.gif HTTP/1.1" 200 884 "http://alex.jeb.ca/flash.html" "Mozilla/4.0 (compatible; MSIE 6.0; Windows NT 5.1; SV1)"
202.3.217.122 - - [25/Jun/2009:19:28:56 -0400] "GET /images/_portfolio/flash/annimated_butterfly.gif HTTP/1.1" 200 514 "http://alex.jeb.ca/flash.html" "Mozilla/4.0 (compatible; MSIE 6.0; Windows NT 5.1; SV1)"
202.3.217.122 - - [25/Jun/2009:19:28:56 -0400] "GET /images/_portfolio/flash/wine_banner.gif HTTP/1.1" 200 1021 "http://alex.jeb.ca/flash.html" "Mozilla/4.0 (compatible; MSIE 6.0; Windows NT 5.1; SV1)"
202.3.217.122 - - [25/Jun/2009:19:28:57 -0400] "GET /images/_portfolio/flash/bending_arrow.gif HTTP/1.1" 200 428 "http://alex.jeb.ca/flash.html" "Mozilla/4.0 (compatible; MSIE 6.0; Windows NT 5.1; SV1)"
202.3.217.122 - - [25/Jun/2009:19:28:57 -0400] "GET /images/_portfolio/flash/finland.gif HTTP/1.1" 200 669 "http://alex.jeb.ca/flash.html" "Mozilla/4.0 (compatible; MSIE 6.0; Windows NT 5.1; SV1)"
202.3.217.122 - - [25/Jun/2009:19:28:58 -0400] "GET /photoshop.html HTTP/1.1" 200 7709 "-" "Mozilla/4.0 (compatible; MSIE 6.0; Windows NT 5.1; SV1)"
202.3.217.122 - - [25/Jun/2009:19:28:59 -0400] "GET /images/_portfolio/photoshop/lightning_sm.jpg HTTP/1.1" 200 1083 "http://alex.jeb.ca/photoshop.html" "Mozilla/4.0 (compatible; MSIE 6.0; Windows NT 5.1; SV1)"
202.3.217.122 - - [25/Jun/2009:19:28:59 -0400] "GET /images/_portfolio/photoshop/pie_chart_sm.jpg HTTP/1.1" 200 1774 "http://alex.jeb.ca/photoshop.html" "Mozilla/4.0 (compatible; MSIE 6.0; Windows NT 5.1; SV1)"
202.3.217.122 - - [25/Jun/2009:19:28:59 -0400] "GET /images/_portfolio/photoshop/fulfillment_banner_sm.jpg HTTP/1.1" 200 959 "http://alex.jeb.ca/photoshop.html" "Mozilla/4.0 (compatible; MSIE 6.0; Windows NT 5.1; SV1)"
202.3.217.122 - - [25/Jun/2009:19:28:59 -0400] "GET /images/_portfolio/photoshop/dragon_statue_sm.jpg HTTP/1.1" 200 2402 "http://alex.jeb.ca/photoshop.html" "Mozilla/4.0 (compatible; MSIE 6.0; Windows NT 5.1; SV1)"
202.3.217.122 - - [25/Jun/2009:19:28:59 -0400] "GET /images/_portfolio/photoshop/graphics_banner_sm.jpg HTTP/1.1" 200 1946 "http://alex.jeb.ca/photoshop.html" "Mozilla/4.0 (compatible; MSIE 6.0; Windows NT 5.1; SV1)"
202.3.217.122 - - [25/Jun/2009:19:28:59 -0400] "GET /images/_portfolio/photoshop/fastco_building_sm.jpg HTTP/1.1" 200 1226 "http://alex.jeb.ca/photoshop.html" "Mozilla/4.0 (compatible; MSIE 6.0; Windows NT 5.1; SV1)"
202.3.217.122 - - [25/Jun/2009:19:28:59 -0400] "GET /images/_portfolio/photoshop/printing_banner_sm.jpg HTTP/1.1" 200 911 "http://alex.jeb.ca/photoshop.html" "Mozilla/4.0 (compatible; MSIE 6.0; Windows NT 5.1; SV1)"
202.3.217.122 - - [25/Jun/2009:19:28:59 -0400] "GET /print.html HTTP/1.1" 200 4324 "-" "Mozilla/4.0 (compatible; MSIE 6.0; Windows NT 5.1; SV1)"
202.3.217.122 - - [25/Jun/2009:19:29:00 -0400] "GET /images/_portfolio/print/cd_booklet.gif HTTP/1.1" 200 1736 "http://alex.jeb.ca/print.html" "Mozilla/4.0 (compatible; MSIE 6.0; Windows NT 5.1; SV1)"
202.3.217.122 - - [25/Jun/2009:19:29:00 -0400] "GET /images/_portfolio/print/cd_spine_back.gif HTTP/1.1" 200 994 "http://alex.jeb.ca/print.html" "Mozilla/4.0 (compatible; MSIE 6.0; Windows NT 5.1; SV1)"
202.3.217.122 - - [25/Jun/2009:19:29:00 -0400] "GET /images/_portfolio/print/agence_lb.gif HTTP/1.1" 200 891 "http://alex.jeb.ca/print.html" "Mozilla/4.0 (compatible; MSIE 6.0; Windows NT 5.1; SV1)"
202.3.217.122 - - [25/Jun/2009:19:29:00 -0400] "GET /images/_portfolio/print/cinema_ad_sm.gif HTTP/1.1" 200 1193 "http://alex.jeb.ca/print.html" "Mozilla/4.0 (compatible; MSIE 6.0; Windows NT 5.1; SV1)"
202.3.217.122 - - [25/Jun/2009:19:29:00 -0400] "GET /images/_portfolio/print/egypt_sm.gif HTTP/1.1" 200 1199 "http://alex.jeb.ca/print.html" "Mozilla/4.0 (compatible; MSIE 6.0; Windows NT 5.1; SV1)"
202.3.217.122 - - [25/Jun/2009:19:29:00 -0400] "GET /images/get_acrobat.gif HTTP/1.1" 200 1459 "http://alex.jeb.ca/print.html" "Mozilla/4.0 (compatible; MSIE 6.0; Windows NT 5.1; SV1)"
202.3.217.122 - - [25/Jun/2009:19:29:01 -0400] "GET /contact.html HTTP/1.1" 200 6927 "-" "Mozilla/4.0 (compatible; MSIE 6.0; Windows NT 5.1; SV1)"
202.3.217.122 - - [25/Jun/2009:19:29:02 -0400] "POST /formmail.php HTTP/1.1" 200 355 "http://alex.jeb.ca/contact.html" "Mozilla/4.0 (compatible; MSIE 6.0; Windows NT 5.1; SV1)"
66.249.71.161 - - [25/Jun/2009:23:54:16 -0400] "GET /robots.txt HTTP/1.1" 404 269 "-" "Mozilla/5.0 (compatible; Googlebot/2.1; +http://www.google.com/bot.html)"
66.249.71.161 - - [25/Jun/2009:23:54:16 -0400] "GET / HTTP/1.1" 200 1984 "-" "Mozilla/5.0 (compatible; Googlebot/2.1; +http://www.google.com/bot.html)"
66.249.71.161 - - [25/Jun/2009:23:56:42 -0400] "GET /images/_portfolio/illustrator/02_graph_sm.gif HTTP/1.1" 304 - "-" "Googlebot-Image/1.0"
65.55.106.188 - - [26/Jun/2009:09:18:50 -0400] "GET /robots.txt HTTP/1.1" 404 269 "-" "msnbot/2.0b (+http://search.msn.com/msnbot.htm)"
38.99.44.101 - - [26/Jun/2009:09:27:57 -0400] "GET /robots.txt HTTP/1.0" 404 269 "-" "Mozilla/5.0 (Twiceler-0.9 http://www.cuil.com/twiceler/robot.html)"
66.249.71.161 - - [26/Jun/2009:10:54:21 -0400] "GET /home.swf HTTP/1.1" 200 17352 "-" "Mozilla/5.0 (compatible; Googlebot/2.1; +http://www.google.com/bot.html)"
66.249.71.161 - - [26/Jun/2009:10:57:42 -0400] "GET /print.html HTTP/1.1" 200 4324 "-" "Mozilla/5.0 (compatible; Googlebot/2.1; +http://www.google.com/bot.html)"
66.249.71.161 - - [26/Jun/2009:11:00:42 -0400] "GET /index.html HTTP/1.1" 200 1984 "-" "Mozilla/5.0 (compatible; Googlebot/2.1; +http://www.google.com/bot.html)"
66.249.71.161 - - [26/Jun/2009:11:03:09 -0400] "GET /flash.html HTTP/1.1" 200 4756 "-" "Mozilla/5.0 (compatible; Googlebot/2.1; +http://www.google.com/bot.html)"
66.249.71.161 - - [26/Jun/2009:11:05:47 -0400] "GET /pages.html HTTP/1.1" 200 4692 "-" "Mozilla/5.0 (compatible; Googlebot/2.1; +http://www.google.com/bot.html)"
66.249.71.161 - - [26/Jun/2009:11:08:15 -0400] "GET /contact.html HTTP/1.1" 200 6927 "-" "Mozilla/5.0 (compatible; Googlebot/2.1; +http://www.google.com/bot.html)"
66.249.71.161 - - [26/Jun/2009:11:11:01 -0400] "GET /photoshop.html HTTP/1.1" 200 7709 "-" "Mozilla/5.0 (compatible; Googlebot/2.1; +http://www.google.com/bot.html)"
66.249.71.161 - - [26/Jun/2009:11:13:45 -0400] "GET /illustrator.html HTTP/1.1" 200 6612 "-" "Mozilla/5.0 (compatible; Googlebot/2.1; +http://www.google.com/bot.html)"
218.76.207.31 - - [26/Jun/2009:11:43:51 -0400] "GET /pages.html HTTP/1.1" 200 4692 "-" "Mozilla/4.0 (compatible; MSIE 6.0; Windows NT 5.1; SV1)"
218.76.207.31 - - [26/Jun/2009:11:43:54 -0400] "GET /index.html HTTP/1.1" 200 1984 "-" "Mozilla/4.0 (compatible; MSIE 6.0; Windows NT 5.1; SV1)"
91.124.236.12 - - [26/Jun/2009:11:43:57 -0400] "GET /illustrator.html HTTP/1.1" 200 6612 "-" "Mozilla/4.0 (compatible; MSIE 6.0; Windows NT 5.1; SV1)"
211.75.91.19 - - [26/Jun/2009:11:44:00 -0400] "GET /flash.html HTTP/1.1" 200 4756 "-" "Mozilla/4.0 (compatible; MSIE 6.0; Windows NT 5.1; SV1)"
211.75.91.19 - - [26/Jun/2009:11:44:02 -0400] "GET /photoshop.html HTTP/1.1" 200 7709 "-" "Mozilla/4.0 (compatible; MSIE 6.0; Windows NT 5.1; SV1)"
211.75.91.19 - - [26/Jun/2009:11:44:03 -0400] "GET /print.html HTTP/1.1" 200 4324 "-" "Mozilla/4.0 (compatible; MSIE 6.0; Windows NT 5.1; SV1)"
211.75.91.19 - - [26/Jun/2009:11:44:05 -0400] "GET /contact.html HTTP/1.1" 200 6927 "-" "Mozilla/4.0 (compatible; MSIE 6.0; Windows NT 5.1; SV1)"
211.75.91.19 - - [26/Jun/2009:11:44:06 -0400] "POST /formmail.php HTTP/1.1" 200 355 "http://alex.jeb.ca/contact.html" "Mozilla/4.0 (compatible; MSIE 6.0; Windows NT 5.1; SV1)"
65.55.106.205 - - [26/Jun/2009:12:00:18 -0400] "GET /robots.txt HTTP/1.1" 404 269 "-" "msnbot/2.0b (+http://search.msn.com/msnbot.htm)"
66.249.71.161 - - [26/Jun/2009:12:42:25 -0400] "GET /robots.txt HTTP/1.1" 404 269 "-" "Mozilla/5.0 (compatible; Googlebot/2.1; +http://www.google.com/bot.html)"
66.249.71.161 - - [26/Jun/2009:12:42:25 -0400] "GET /email/origins.html HTTP/1.1" 404 277 "-" "Mozilla/5.0 (compatible; Googlebot/2.1; +http://www.google.com/bot.html)"
65.55.232.13 - - [26/Jun/2009:15:19:59 -0400] "GET /robots.txt HTTP/1.1" 404 269 "-" "msnbot/1.1 (+http://search.msn.com/msnbot.htm)"
65.55.232.13 - - [26/Jun/2009:15:19:59 -0400] "GET /email/origins.html HTTP/1.1" 404 277 "-" "msnbot/1.1 (+http://search.msn.com/msnbot.htm)"
66.249.71.161 - - [26/Jun/2009:17:17:27 -0400] "GET /html HTTP/1.1" 404 263 "-" "Mozilla/5.0 (compatible; Googlebot/2.1; +http://www.google.com/bot.html)"
66.249.71.161 - - [26/Jun/2009:17:20:59 -0400] "GET /email HTTP/1.1" 404 264 "-" "Mozilla/5.0 (compatible; Googlebot/2.1; +http://www.google.com/bot.html)"
66.249.71.161 - - [26/Jun/2009:17:23:33 -0400] "GET /finland HTTP/1.1" 404 266 "-" "Mozilla/5.0 (compatible; Googlebot/2.1; +http://www.google.com/bot.html)"
66.249.71.161 - - [26/Jun/2009:17:26:51 -0400] "GET /golf_quiz HTTP/1.1" 404 268 "-" "Mozilla/5.0 (compatible; Googlebot/2.1; +http://www.google.com/bot.html)"
66.249.71.161 - - [26/Jun/2009:17:29:48 -0400] "GET /impressions/ HTTP/1.1" 404 271 "-" "Mozilla/5.0 (compatible; Googlebot/2.1; +http://www.google.com/bot.html)"
66.249.71.161 - - [26/Jun/2009:17:32:43 -0400] "GET /havlat_photography/ HTTP/1.1" 404 278 "-" "Mozilla/5.0 (compatible; Googlebot/2.1; +http://www.google.com/bot.html)"
211.138.240.58 - - [27/Jun/2009:04:49:46 -0400] "GET /pages.html HTTP/1.1" 200 4692 "-" "Mozilla/4.0 (compatible; MSIE 6.0; Windows NT 5.1; SV1)"
211.138.240.58 - - [27/Jun/2009:04:49:47 -0400] "GET /index.css HTTP/1.1" 200 962 "http://alex.jeb.ca/pages.html" "Mozilla/4.0 (compatible; MSIE 6.0; Windows NT 5.1; SV1)"
211.138.240.58 - - [27/Jun/2009:04:49:47 -0400] "GET /main.js HTTP/1.1" 200 5103 "http://alex.jeb.ca/pages.html" "Mozilla/4.0 (compatible; MSIE 6.0; Windows NT 5.1; SV1)"
211.138.240.58 - - [27/Jun/2009:04:49:47 -0400] "GET /favicon.ico HTTP/1.1" 200 1150 "http://alex.jeb.ca/pages.html" "Mozilla/4.0 (compatible; MSIE 6.0; Windows NT 5.1; SV1)"
211.138.240.58 - - [27/Jun/2009:04:49:47 -0400] "GET /top_nav.css HTTP/1.1" 200 841 "http://alex.jeb.ca/pages.html" "Mozilla/4.0 (compatible; MSIE 6.0; Windows NT 5.1; SV1)"
211.138.240.58 - - [27/Jun/2009:04:49:47 -0400] "GET /images/_portfolio/web_pages/golf_quiz.gif HTTP/1.1" 200 1517 "http://alex.jeb.ca/pages.html" "Mozilla/4.0 (compatible; MSIE 6.0; Windows NT 5.1; SV1)"
211.138.240.58 - - [27/Jun/2009:04:49:47 -0400] "GET /images/_portfolio/web_pages/impressions.gif HTTP/1.1" 200 1095 "http://alex.jeb.ca/pages.html" "Mozilla/4.0 (compatible; MSIE 6.0; Windows NT 5.1; SV1)"
211.138.240.58 - - [27/Jun/2009:04:49:47 -0400] "GET /images/_portfolio/web_pages/raris.gif HTTP/1.1" 200 2216 "http://alex.jeb.ca/pages.html" "Mozilla/4.0 (compatible; MSIE 6.0; Windows NT 5.1; SV1)"
211.138.240.58 - - [27/Jun/2009:04:49:47 -0400] "GET /images/_portfolio/web_pages/html.gif HTTP/1.1" 200 1774 "http://alex.jeb.ca/pages.html" "Mozilla/4.0 (compatible; MSIE 6.0; Windows NT 5.1; SV1)"
211.138.240.58 - - [27/Jun/2009:04:49:47 -0400] "GET /images/_portfolio/web_pages/havlat_photography.gif HTTP/1.1" 200 1001 "http://alex.jeb.ca/pages.html" "Mozilla/4.0 (compatible; MSIE 6.0; Windows NT 5.1; SV1)"
211.138.240.58 - - [27/Jun/2009:04:49:47 -0400] "GET /images/_portfolio/web_pages/sellance.gif HTTP/1.1" 200 1522 "http://alex.jeb.ca/pages.html" "Mozilla/4.0 (compatible; MSIE 6.0; Windows NT 5.1; SV1)"
211.138.240.58 - - [27/Jun/2009:04:49:47 -0400] "GET /images/_portfolio/web_pages/email.gif HTTP/1.1" 200 1686 "http://alex.jeb.ca/pages.html" "Mozilla/4.0 (compatible; MSIE 6.0; Windows NT 5.1; SV1)"
89.250.7.160 - - [27/Jun/2009:04:56:20 -0400] "GET /pages.html HTTP/1.1" 200 4692 "-" "Mozilla/4.0 (compatible; MSIE 6.0; Windows NT 5.1; SV1)"
65.55.106.185 - - [27/Jun/2009:05:34:24 -0400] "GET /robots.txt HTTP/1.1" 404 269 "-" "msnbot/2.0b (+http://search.msn.com/msnbot.htm)"
65.55.106.168 - - [27/Jun/2009:09:32:46 -0400] "GET /robots.txt HTTP/1.1" 404 269 "-" "msnbot/2.0b (+http://search.msn.com/msnbot.htm)"
38.99.44.101 - - [27/Jun/2009:09:37:39 -0400] "GET /robots.txt HTTP/1.0" 404 269 "-" "Mozilla/5.0 (Twiceler-0.9 http://www.cuil.com/twiceler/robot.html)"
212.138.69.18 - - [27/Jun/2009:22:20:40 -0400] "GET /pages.html HTTP/1.1" 200 4692 "-" "Mozilla/4.0 (compatible; MSIE 6.0; Windows NT 5.1; SV1)"
212.138.69.18 - - [27/Jun/2009:22:20:40 -0400] "GET /top_nav.css HTTP/1.1" 200 841 "http://alex.jeb.ca/pages.html" "Mozilla/4.0 (compatible; MSIE 6.0; Windows NT 5.1; SV1)"
212.138.47.16 - - [27/Jun/2009:22:20:40 -0400] "GET /main.js HTTP/1.1" 200 5103 "http://alex.jeb.ca/pages.html" "Mozilla/4.0 (compatible; MSIE 6.0; Windows NT 5.1; SV1)"
212.138.47.16 - - [27/Jun/2009:22:20:40 -0400] "GET /index.css HTTP/1.1" 200 962 "http://alex.jeb.ca/pages.html" "Mozilla/4.0 (compatible; MSIE 6.0; Windows NT 5.1; SV1)"
212.138.47.16 - - [27/Jun/2009:22:20:40 -0400] "GET /images/_portfolio/web_pages/golf_quiz.gif HTTP/1.1" 200 1517 "http://alex.jeb.ca/pages.html" "Mozilla/4.0 (compatible; MSIE 6.0; Windows NT 5.1; SV1)"
212.138.113.15 - - [27/Jun/2009:22:20:40 -0400] "GET /images/_portfolio/web_pages/html.gif HTTP/1.1" 200 1774 "http://alex.jeb.ca/pages.html" "Mozilla/4.0 (compatible; MSIE 6.0; Windows NT 5.1; SV1)"
212.138.47.13 - - [27/Jun/2009:22:20:40 -0400] "GET /favicon.ico HTTP/1.1" 200 1150 "http://alex.jeb.ca/pages.html" "Mozilla/4.0 (compatible; MSIE 6.0; Windows NT 5.1; SV1)"
212.138.113.4 - - [27/Jun/2009:22:20:40 -0400] "GET /images/_portfolio/web_pages/raris.gif HTTP/1.1" 200 2216 "http://alex.jeb.ca/pages.html" "Mozilla/4.0 (compatible; MSIE 6.0; Windows NT 5.1; SV1)"
212.138.69.19 - - [27/Jun/2009:22:20:40 -0400] "GET /images/_portfolio/web_pages/impressions.gif HTTP/1.1" 200 1095 "http://alex.jeb.ca/pages.html" "Mozilla/4.0 (compatible; MSIE 6.0; Windows NT 5.1; SV1)"
212.138.47.16 - - [27/Jun/2009:22:20:40 -0400] "GET /images/_portfolio/web_pages/havlat_photography.gif HTTP/1.1" 200 1001 "http://alex.jeb.ca/pages.html" "Mozilla/4.0 (compatible; MSIE 6.0; Windows NT 5.1; SV1)"
212.138.69.18 - - [27/Jun/2009:22:20:40 -0400] "GET /images/_portfolio/web_pages/email.gif HTTP/1.1" 200 1686 "http://alex.jeb.ca/pages.html" "Mozilla/4.0 (compatible; MSIE 6.0; Windows NT 5.1; SV1)"
212.138.113.11 - - [27/Jun/2009:22:20:41 -0400] "GET /images/_portfolio/web_pages/sellance.gif HTTP/1.1" 200 1522 "http://alex.jeb.ca/pages.html" "Mozilla/4.0 (compatible; MSIE 6.0; Windows NT 5.1; SV1)"
212.138.113.13 - - [27/Jun/2009:22:20:42 -0400] "GET /index.html HTTP/1.1" 200 1984 "-" "Mozilla/4.0 (compatible; MSIE 6.0; Windows NT 5.1; SV1)"
212.138.113.4 - - [27/Jun/2009:22:20:42 -0400] "GET /home.swf HTTP/1.1" 200 17352 "http://alex.jeb.ca/index.html" "Mozilla/4.0 (compatible; MSIE 6.0; Windows NT 5.1; SV1)"
212.138.113.15 - - [27/Jun/2009:22:20:43 -0400] "GET /illustrator.html HTTP/1.1" 200 6612 "-" "Mozilla/4.0 (compatible; MSIE 6.0; Windows NT 5.1; SV1)"
212.138.113.11 - - [27/Jun/2009:22:20:43 -0400] "GET /images/_portfolio/illustrator/pineapples_sm.gif HTTP/1.1" 200 1972 "http://alex.jeb.ca/illustrator.html" "Mozilla/4.0 (compatible; MSIE 6.0; Windows NT 5.1; SV1)"
212.138.47.15 - - [27/Jun/2009:22:20:43 -0400] "GET /images/_portfolio/illustrator/wine_label_sm.gif HTTP/1.1" 200 1240 "http://alex.jeb.ca/illustrator.html" "Mozilla/4.0 (compatible; MSIE 6.0; Windows NT 5.1; SV1)"
212.138.47.15 - - [27/Jun/2009:22:20:43 -0400] "GET /images/_portfolio/illustrator/01_graph_sm.gif HTTP/1.1" 200 2115 "http://alex.jeb.ca/illustrator.html" "Mozilla/4.0 (compatible; MSIE 6.0; Windows NT 5.1; SV1)"
212.138.47.15 - - [27/Jun/2009:22:20:43 -0400] "GET /images/_portfolio/illustrator/02_graph_sm.gif HTTP/1.1" 200 1405 "http://alex.jeb.ca/illustrator.html" "Mozilla/4.0 (compatible; MSIE 6.0; Windows NT 5.1; SV1)"
212.138.47.15 - - [27/Jun/2009:22:20:43 -0400] "GET /images/_portfolio/illustrator/fleur_de_lis_sm.gif HTTP/1.1" 200 960 "http://alex.jeb.ca/illustrator.html" "Mozilla/4.0 (compatible; MSIE 6.0; Windows NT 5.1; SV1)"
212.138.47.15 - - [27/Jun/2009:22:20:43 -0400] "GET /images/_portfolio/illustrator/maple_leaf_sm.gif HTTP/1.1" 200 897 "http://alex.jeb.ca/illustrator.html" "Mozilla/4.0 (compatible; MSIE 6.0; Windows NT 5.1; SV1)"
212.138.113.4 - - [27/Jun/2009:22:20:44 -0400] "GET /flash.html HTTP/1.1" 200 4756 "-" "Mozilla/4.0 (compatible; MSIE 6.0; Windows NT 5.1; SV1)"
212.138.47.15 - - [27/Jun/2009:22:20:44 -0400] "GET /images/_portfolio/illustrator/venus_butterfly_flyer_sm.gif HTTP/1.1" 200 856 "http://alex.jeb.ca/illustrator.html" "Mozilla/4.0 (compatible; MSIE 6.0; Windows NT 5.1; SV1)"
212.138.47.15 - - [27/Jun/2009:22:20:44 -0400] "GET /images/_portfolio/illustrator/vine_alphabet_sm.gif HTTP/1.1" 200 642 "http://alex.jeb.ca/illustrator.html" "Mozilla/4.0 (compatible; MSIE 6.0; Windows NT 5.1; SV1)"
212.138.47.15 - - [27/Jun/2009:22:20:44 -0400] "GET /images/_portfolio/illustrator/castle_drawing_sm.gif HTTP/1.1" 200 748 "http://alex.jeb.ca/illustrator.html" "Mozilla/4.0 (compatible; MSIE 6.0; Windows NT 5.1; SV1)"
212.138.47.15 - - [27/Jun/2009:22:20:44 -0400] "GET /images/_portfolio/illustrator/women_flowers_sm.gif HTTP/1.1" 200 2504 "http://alex.jeb.ca/illustrator.html" "Mozilla/4.0 (compatible; MSIE 6.0; Windows NT 5.1; SV1)"
212.138.47.16 - - [27/Jun/2009:22:20:44 -0400] "GET /images/_portfolio/flash/rotating_circles.gif HTTP/1.1" 200 1022 "http://alex.jeb.ca/flash.html" "Mozilla/4.0 (compatible; MSIE 6.0; Windows NT 5.1; SV1)"
212.138.113.4 - - [27/Jun/2009:22:20:44 -0400] "GET /images/_portfolio/flash/venus.gif HTTP/1.1" 200 1148 "http://alex.jeb.ca/flash.html" "Mozilla/4.0 (compatible; MSIE 6.0; Windows NT 5.1; SV1)"
212.138.113.13 - - [27/Jun/2009:22:20:44 -0400] "GET /images/_portfolio/flash/venn_diagram.gif HTTP/1.1" 200 884 "http://alex.jeb.ca/flash.html" "Mozilla/4.0 (compatible; MSIE 6.0; Windows NT 5.1; SV1)"
212.138.69.24 - - [27/Jun/2009:22:20:44 -0400] "GET /images/_portfolio/flash/bending_arrow.gif HTTP/1.1" 200 428 "http://alex.jeb.ca/flash.html" "Mozilla/4.0 (compatible; MSIE 6.0; Windows NT 5.1; SV1)"
212.138.69.24 - - [27/Jun/2009:22:20:44 -0400] "GET /images/_portfolio/flash/annimated_butterfly.gif HTTP/1.1" 200 514 "http://alex.jeb.ca/flash.html" "Mozilla/4.0 (compatible; MSIE 6.0; Windows NT 5.1; SV1)"
212.138.69.24 - - [27/Jun/2009:22:20:44 -0400] "GET /images/_portfolio/flash/wine_banner.gif HTTP/1.1" 200 1021 "http://alex.jeb.ca/flash.html" "Mozilla/4.0 (compatible; MSIE 6.0; Windows NT 5.1; SV1)"
212.138.69.24 - - [27/Jun/2009:22:20:44 -0400] "GET /images/_portfolio/flash/finland.gif HTTP/1.1" 200 669 "http://alex.jeb.ca/flash.html" "Mozilla/4.0 (compatible; MSIE 6.0; Windows NT 5.1; SV1)"
212.138.69.24 - - [27/Jun/2009:22:20:45 -0400] "GET /photoshop.html HTTP/1.1" 200 7709 "-" "Mozilla/4.0 (compatible; MSIE 6.0; Windows NT 5.1; SV1)"
212.138.69.18 - - [27/Jun/2009:22:20:45 -0400] "GET /images/_portfolio/photoshop/lightning_sm.jpg HTTP/1.1" 200 1083 "http://alex.jeb.ca/photoshop.html" "Mozilla/4.0 (compatible; MSIE 6.0; Windows NT 5.1; SV1)"
212.138.47.16 - - [27/Jun/2009:22:20:46 -0400] "GET /images/_portfolio/photoshop/pie_chart_sm.jpg HTTP/1.1" 200 1774 "http://alex.jeb.ca/photoshop.html" "Mozilla/4.0 (compatible; MSIE 6.0; Windows NT 5.1; SV1)"
212.138.69.24 - - [27/Jun/2009:22:20:46 -0400] "GET /images/_portfolio/photoshop/fulfillment_banner_sm.jpg HTTP/1.1" 200 959 "http://alex.jeb.ca/photoshop.html" "Mozilla/4.0 (compatible; MSIE 6.0; Windows NT 5.1; SV1)"
212.138.69.24 - - [27/Jun/2009:22:20:46 -0400] "GET /images/_portfolio/photoshop/dragon_statue_sm.jpg HTTP/1.1" 200 2402 "http://alex.jeb.ca/photoshop.html" "Mozilla/4.0 (compatible; MSIE 6.0; Windows NT 5.1; SV1)"
212.138.69.24 - - [27/Jun/2009:22:20:46 -0400] "GET /images/_portfolio/photoshop/printing_banner_sm.jpg HTTP/1.1" 200 911 "http://alex.jeb.ca/photoshop.html" "Mozilla/4.0 (compatible; MSIE 6.0; Windows NT 5.1; SV1)"
212.138.69.24 - - [27/Jun/2009:22:20:46 -0400] "GET /images/_portfolio/photoshop/fastco_building_sm.jpg HTTP/1.1" 200 1226 "http://alex.jeb.ca/photoshop.html" "Mozilla/4.0 (compatible; MSIE 6.0; Windows NT 5.1; SV1)"
212.138.47.15 - - [27/Jun/2009:22:20:46 -0400] "GET /images/_portfolio/photoshop/graphics_banner_sm.jpg HTTP/1.1" 200 1946 "http://alex.jeb.ca/photoshop.html" "Mozilla/4.0 (compatible; MSIE 6.0; Windows NT 5.1; SV1)"
212.138.69.17 - - [27/Jun/2009:22:20:47 -0400] "GET /print.html HTTP/1.1" 200 4324 "-" "Mozilla/4.0 (compatible; MSIE 6.0; Windows NT 5.1; SV1)"
212.138.113.15 - - [27/Jun/2009:22:20:47 -0400] "GET /images/_portfolio/print/cd_spine_back.gif HTTP/1.1" 200 994 "http://alex.jeb.ca/print.html" "Mozilla/4.0 (compatible; MSIE 6.0; Windows NT 5.1; SV1)"
212.138.47.16 - - [27/Jun/2009:22:20:47 -0400] "GET /images/_portfolio/print/egypt_sm.gif HTTP/1.1" 200 1199 "http://alex.jeb.ca/print.html" "Mozilla/4.0 (compatible; MSIE 6.0; Windows NT 5.1; SV1)"
212.138.69.19 - - [27/Jun/2009:22:20:47 -0400] "GET /images/get_acrobat.gif HTTP/1.1" 200 1459 "http://alex.jeb.ca/print.html" "Mozilla/4.0 (compatible; MSIE 6.0; Windows NT 5.1; SV1)"
212.138.69.17 - - [27/Jun/2009:22:20:47 -0400] "GET /images/_portfolio/print/cd_booklet.gif HTTP/1.1" 200 1736 "http://alex.jeb.ca/print.html" "Mozilla/4.0 (compatible; MSIE 6.0; Windows NT 5.1; SV1)"
