222.83.228.34 - - [13/Aug/2009:08:29:13 -0400] "GET /print.html HTTP/1.0" 200 4324 "-" "Mozilla/4.0 (compatible; MSIE 6.0; Windows NT 5.1; SV1)"
222.83.228.34 - - [13/Aug/2009:08:29:17 -0400] "GET /contact.html HTTP/1.0" 200 6927 "-" "Mozilla/4.0 (compatible; MSIE 6.0; Windows NT 5.1; SV1)"
222.83.228.34 - - [13/Aug/2009:08:29:23 -0400] "POST /formmail.php HTTP/1.0" 200 355 "http://alex.jeb.ca/contact.html" "Mozilla/4.0 (compatible; MSIE 6.0; Windows NT 5.1; SV1)"
67.218.116.130 - - [13/Aug/2009:09:50:45 -0400] "GET /robots.txt HTTP/1.0" 404 269 "-" "Mozilla/5.0 (Twiceler-0.9 http://www.cuil.com/twiceler/robot.html)"
66.249.68.242 - - [13/Aug/2009:18:27:39 -0400] "GET /robots.txt HTTP/1.1" 404 269 "-" "Googlebot-Image/1.0"
66.249.68.242 - - [13/Aug/2009:18:27:39 -0400] "GET /images/_portfolio/photoshop/violin_sunset_sm.jpg HTTP/1.1" 304 - "-" "Googlebot-Image/1.0"
65.55.208.186 - - [13/Aug/2009:23:23:42 -0400] "GET /robots.txt HTTP/1.1" 404 269 "-" "msnbot/1.1 (+http://search.msn.com/msnbot.htm)"
65.55.208.186 - - [13/Aug/2009:23:23:52 -0400] "GET /email/origins.html HTTP/1.1" 404 277 "-" "msnbot/1.1 (+http://search.msn.com/msnbot.htm)"
67.218.116.130 - - [14/Aug/2009:07:14:46 -0400] "GET /robots.txt HTTP/1.0" 404 269 "-" "Mozilla/5.0 (Twiceler-0.9 http://www.cuil.com/twiceler/robot.html)"
66.249.68.242 - - [14/Aug/2009:07:38:09 -0400] "GET /robots.txt HTTP/1.1" 404 269 "-" "Mozilla/5.0 (compatible; Googlebot/2.1; +http://www.google.com/bot.html)"
66.249.68.242 - - [14/Aug/2009:07:38:09 -0400] "GET /index.css HTTP/1.1" 200 962 "-" "Mozilla/5.0 (compatible; Googlebot/2.1; +http://www.google.com/bot.html)"
66.249.68.242 - - [14/Aug/2009:07:38:12 -0400] "GET /main.js HTTP/1.1" 200 5103 "-" "Mozilla/5.0 (compatible; Googlebot/2.1; +http://www.google.com/bot.html)"
66.249.68.242 - - [14/Aug/2009:07:38:12 -0400] "GET /top_nav.css HTTP/1.1" 200 841 "-" "Mozilla/5.0 (compatible; Googlebot/2.1; +http://www.google.com/bot.html)"
65.55.51.70 - - [15/Aug/2009:05:41:43 -0400] "GET /robots.txt HTTP/1.1" 404 269 "-" "msnbot/2.0b (+http://search.msn.com/msnbot.htm)"
67.218.116.130 - - [15/Aug/2009:07:37:19 -0400] "GET /robots.txt HTTP/1.0" 404 269 "-" "Mozilla/5.0 (Twiceler-0.9 http://www.cuil.com/twiceler/robot.html)"
140.239.56.38 - - [15/Aug/2009:19:07:00 -0400] "GET /pages.html HTTP/1.1" 200 4692 "-" "Mozilla/4.0 (compatible; MSIE 6.0; Windows NT 5.1; SV1)"
140.239.56.38 - - [15/Aug/2009:19:07:02 -0400] "GET /index.html HTTP/1.1" 200 1984 "-" "Mozilla/4.0 (compatible; MSIE 6.0; Windows NT 5.1; SV1)"
140.239.56.38 - - [15/Aug/2009:19:07:03 -0400] "GET /illustrator.html HTTP/1.1" 200 6612 "-" "Mozilla/4.0 (compatible; MSIE 6.0; Windows NT 5.1; SV1)"
140.239.56.38 - - [15/Aug/2009:19:07:03 -0400] "GET /flash.html HTTP/1.1" 200 4756 "-" "Mozilla/4.0 (compatible; MSIE 6.0; Windows NT 5.1; SV1)"
140.239.56.38 - - [15/Aug/2009:19:07:04 -0400] "GET /photoshop.html HTTP/1.1" 200 7709 "-" "Mozilla/4.0 (compatible; MSIE 6.0; Windows NT 5.1; SV1)"
140.239.56.38 - - [15/Aug/2009:19:07:04 -0400] "GET /print.html HTTP/1.1" 200 4324 "-" "Mozilla/4.0 (compatible; MSIE 6.0; Windows NT 5.1; SV1)"
140.239.56.38 - - [15/Aug/2009:19:07:05 -0400] "GET /contact.html HTTP/1.1" 200 6927 "-" "Mozilla/4.0 (compatible; MSIE 6.0; Windows NT 5.1; SV1)"
140.239.56.38 - - [15/Aug/2009:19:07:05 -0400] "POST /formmail.php HTTP/1.1" 200 355 "http://alex.jeb.ca/contact.html" "Mozilla/4.0 (compatible; MSIE 6.0; Windows NT 5.1; SV1)"
66.207.205.182 - - [16/Aug/2009:00:48:41 -0400] "GET //?_zb_path=http://anakdompu.by.ru/bots/id/safe.gif?? HTTP/1.1" 200 1984 "-" "libwww-perl/5.65"
209.25.134.211 - - [16/Aug/2009:00:56:15 -0400] "GET //?_zb_path=http://yasmin.ws//blog/hardcore/safe.gif?? HTTP/1.1" 200 1984 "-" "libwww-perl/5.803"
67.218.116.130 - - [16/Aug/2009:07:59:34 -0400] "GET /robots.txt HTTP/1.0" 404 269 "-" "Mozilla/5.0 (Twiceler-0.9 http://www.cuil.com/twiceler/robot.html)"
65.55.106.162 - - [16/Aug/2009:08:55:58 -0400] "GET /robots.txt HTTP/1.1" 404 269 "-" "msnbot/2.0b (+http://search.msn.com/msnbot.htm)"
65.55.106.162 - - [16/Aug/2009:08:56:42 -0400] "GET /email/origins.html HTTP/1.1" 404 277 "-" "msnbot/2.0b (+http://search.msn.com/msnbot.htm)"
81.180.75.142 - - [16/Aug/2009:13:21:57 -0400] "GET /pages.html HTTP/1.1" 200 4692 "-" "Mozilla/4.0 (compatible; MSIE 6.0; Windows NT 5.1; SV1)"
81.180.75.142 - - [16/Aug/2009:13:21:58 -0400] "GET /index.html HTTP/1.1" 200 1984 "-" "Mozilla/4.0 (compatible; MSIE 6.0; Windows NT 5.1; SV1)"
193.233.74.6 - - [16/Aug/2009:13:22:38 -0400] "GET /illustrator.html HTTP/1.1" 200 6612 "-" "Mozilla/4.0 (compatible; MSIE 6.0; Windows NT 5.1; SV1)"
193.233.74.6 - - [16/Aug/2009:13:22:42 -0400] "GET /flash.html HTTP/1.1" 200 4756 "-" "Mozilla/4.0 (compatible; MSIE 6.0; Windows NT 5.1; SV1)"
193.233.74.6 - - [16/Aug/2009:13:22:42 -0400] "GET /photoshop.html HTTP/1.1" 200 7709 "-" "Mozilla/4.0 (compatible; MSIE 6.0; Windows NT 5.1; SV1)"
193.233.74.6 - - [16/Aug/2009:13:22:46 -0400] "GET /print.html HTTP/1.1" 200 4324 "-" "Mozilla/4.0 (compatible; MSIE 6.0; Windows NT 5.1; SV1)"
79.172.26.152 - - [16/Aug/2009:13:23:01 -0400] "GET /contact.html HTTP/1.1" 200 6927 "-" "Mozilla/4.0 (compatible; MSIE 6.0; Windows NT 5.1; SV1)"
79.172.26.152 - - [16/Aug/2009:13:23:02 -0400] "POST /formmail.php HTTP/1.1" 200 355 "http://alex.jeb.ca/contact.html" "Mozilla/4.0 (compatible; MSIE 6.0; Windows NT 5.1; SV1)"
124.125.171.99 - - [17/Aug/2009:07:28:54 -0400] "GET /pages.html HTTP/1.1" 200 4692 "-" "Mozilla/4.0 (compatible; MSIE 6.0; Windows NT 5.1; SV1)"
124.125.171.99 - - [17/Aug/2009:07:28:55 -0400] "GET /index.html HTTP/1.1" 200 1984 "-" "Mozilla/4.0 (compatible; MSIE 6.0; Windows NT 5.1; SV1)"
124.125.171.99 - - [17/Aug/2009:07:28:57 -0400] "GET /illustrator.html HTTP/1.1" 200 6612 "-" "Mozilla/4.0 (compatible; MSIE 6.0; Windows NT 5.1; SV1)"
124.125.171.99 - - [17/Aug/2009:07:28:58 -0400] "GET /flash.html HTTP/1.1" 200 4756 "-" "Mozilla/4.0 (compatible; MSIE 6.0; Windows NT 5.1; SV1)"
124.125.171.99 - - [17/Aug/2009:07:29:00 -0400] "GET /photoshop.html HTTP/1.1" 200 7709 "-" "Mozilla/4.0 (compatible; MSIE 6.0; Windows NT 5.1; SV1)"
124.125.171.99 - - [17/Aug/2009:07:29:07 -0400] "GET /print.html HTTP/1.1" 200 4324 "-" "Mozilla/4.0 (compatible; MSIE 6.0; Windows NT 5.1; SV1)"
124.125.171.99 - - [17/Aug/2009:07:29:11 -0400] "GET /contact.html HTTP/1.1" 200 6927 "-" "Mozilla/4.0 (compatible; MSIE 6.0; Windows NT 5.1; SV1)"
124.125.171.99 - - [17/Aug/2009:07:29:12 -0400] "POST /formmail.php HTTP/1.1" 200 355 "http://alex.jeb.ca/contact.html" "Mozilla/4.0 (compatible; MSIE 6.0; Windows NT 5.1; SV1)"
67.218.116.130 - - [17/Aug/2009:07:41:54 -0400] "GET /robots.txt HTTP/1.0" 404 269 "-" "Mozilla/5.0 (Twiceler-0.9 http://www.cuil.com/twiceler/robot.html)"
217.212.224.183 - - [17/Aug/2009:19:10:37 -0400] "GET /robots.txt HTTP/1.0" 404 269 "-" "psbot/0.1 (+http://www.picsearch.com/bot.html)"
217.212.224.179 - - [17/Aug/2009:19:10:38 -0400] "GET /photoshop.html HTTP/1.0" 200 7709 "-" "psbot/0.1 (+http://www.picsearch.com/bot.html)"
217.212.224.182 - - [17/Aug/2009:19:11:22 -0400] "GET /pages.html HTTP/1.0" 200 4692 "-" "psbot/0.1 (+http://www.picsearch.com/bot.html)"
217.212.224.182 - - [17/Aug/2009:19:12:17 -0400] "GET /illustrator.html HTTP/1.0" 200 6612 "-" "psbot/0.1 (+http://www.picsearch.com/bot.html)"
217.212.224.182 - - [17/Aug/2009:19:12:57 -0400] "GET /contact.html HTTP/1.0" 200 6927 "-" "psbot/0.1 (+http://www.picsearch.com/bot.html)"
217.212.224.182 - - [17/Aug/2009:19:13:37 -0400] "GET /index.html HTTP/1.0" 200 1984 "-" "psbot/0.1 (+http://www.picsearch.com/bot.html)"
217.212.224.182 - - [17/Aug/2009:19:14:18 -0400] "GET /flash.html HTTP/1.0" 200 4756 "-" "psbot/0.1 (+http://www.picsearch.com/bot.html)"
65.55.104.156 - - [17/Aug/2009:21:11:45 -0400] "GET /robots.txt HTTP/1.1" 404 269 "-" "msnbot/1.1 (+http://search.msn.com/msnbot.htm)"
65.55.104.156 - - [17/Aug/2009:21:11:45 -0400] "GET /email/origins.html HTTP/1.1" 404 277 "-" "msnbot/1.1 (+http://search.msn.com/msnbot.htm)"
67.218.116.130 - - [18/Aug/2009:08:04:54 -0400] "GET /robots.txt HTTP/1.0" 404 269 "-" "Mozilla/5.0 (Twiceler-0.9 http://www.cuil.com/twiceler/robot.html)"
89.28.3.241 - - [19/Aug/2009:06:47:57 -0400] "GET /pages.html HTTP/1.0" 200 4692 "-" "Mozilla/4.0 (compatible; MSIE 6.0; Windows NT 5.1)"
67.218.116.130 - - [20/Aug/2009:07:54:01 -0400] "GET /robots.txt HTTP/1.0" 404 269 "-" "Mozilla/5.0 (Twiceler-0.9 http://www.cuil.com/twiceler/robot.html)"
194.8.75.40 - - [20/Aug/2009:09:41:57 -0400] "GET /contact.html HTTP/1.0" 200 6927 "http://alex.jeb.ca/contact.html" "Mozilla/4.0 (compatible; MSIE 6.0; Windows NT 5.1; SV1)"
194.8.75.40 - - [20/Aug/2009:09:41:57 -0400] "POST /formmail.php HTTP/1.0" 200 361 "http://alex.jeb.ca/contact.html" "Mozilla/4.0 (compatible; MSIE 6.0; Windows NT 5.1; SV1)"
67.218.116.130 - - [21/Aug/2009:06:30:25 -0400] "GET /robots.txt HTTP/1.0" 404 269 "-" "Mozilla/5.0 (Twiceler-0.9 http://www.cuil.com/twiceler/robot.html)"
65.55.106.185 - - [21/Aug/2009:10:57:12 -0400] "GET /robots.txt HTTP/1.1" 404 269 "-" "msnbot/2.0b (+http://search.msn.com/msnbot.htm)"
65.55.106.185 - - [21/Aug/2009:10:58:11 -0400] "GET /email/origins.html HTTP/1.1" 404 277 "-" "msnbot/2.0b (+http://search.msn.com/msnbot.htm)"
69.71.222.186 - - [21/Aug/2009:11:08:07 -0400] "GET / HTTP/1.0" 200 1984 "http://www.sitedossier.com/site/alex.jeb.ca" "-"
66.249.71.249 - - [21/Aug/2009:16:53:34 -0400] "GET /robots.txt HTTP/1.1" 404 269 "-" "Mozilla/5.0 (compatible; Googlebot/2.1; +http://www.google.com/bot.html)"
66.249.71.249 - - [21/Aug/2009:16:53:34 -0400] "GET / HTTP/1.1" 200 1984 "-" "Mozilla/5.0 (compatible; Googlebot/2.1; +http://www.google.com/bot.html)"
66.249.71.249 - - [22/Aug/2009:00:27:30 -0400] "GET /images/_portfolio/illustrator/venus_butterfly_flyer_sm.gif HTTP/1.1" 304 - "-" "Googlebot-Image/1.0"
67.218.116.130 - - [22/Aug/2009:01:05:26 -0400] "GET /robots.txt HTTP/1.0" 404 269 "-" "Mozilla/5.0 (Twiceler-0.9 http://www.cuil.com/twiceler/robot.html)"
66.249.71.249 - - [22/Aug/2009:19:56:50 -0400] "GET /robots.txt HTTP/1.1" 404 269 "-" "Mozilla/5.0 (compatible; Googlebot/2.1; +http://www.google.com/bot.html)"
66.249.71.249 - - [22/Aug/2009:19:56:50 -0400] "GET / HTTP/1.1" 200 1984 "-" "Mozilla/5.0 (compatible; Googlebot/2.1; +http://www.google.com/bot.html)"
208.115.111.242 - - [23/Aug/2009:00:29:54 -0400] "GET /robots.txt HTTP/1.1" 404 269 "-" "Mozilla/5.0 (compatible; DotBot/1.1; http://www.dotnetdotcom.org/, crawler@dotnetdotcom.org)"
67.218.116.130 - - [23/Aug/2009:01:05:34 -0400] "GET /robots.txt HTTP/1.0" 404 269 "-" "Mozilla/5.0 (Twiceler-0.9 http://www.cuil.com/twiceler/robot.html)"
208.115.111.242 - - [23/Aug/2009:02:23:35 -0400] "GET /robots.txt HTTP/1.1" 404 269 "-" "Mozilla/5.0 (compatible; DotBot/1.1; http://www.dotnetdotcom.org/, crawler@dotnetdotcom.org)"
208.115.111.242 - - [23/Aug/2009:02:24:54 -0400] "GET /contact.html HTTP/1.1" 200 6927 "-" "Mozilla/5.0 (compatible; DotBot/1.1; http://www.dotnetdotcom.org/, crawler@dotnetdotcom.org)"
208.115.111.242 - - [23/Aug/2009:02:24:59 -0400] "GET /flash.html HTTP/1.1" 200 4756 "-" "Mozilla/5.0 (compatible; DotBot/1.1; http://www.dotnetdotcom.org/, crawler@dotnetdotcom.org)"
208.115.111.242 - - [23/Aug/2009:02:25:04 -0400] "GET /illustrator.html HTTP/1.1" 200 6612 "-" "Mozilla/5.0 (compatible; DotBot/1.1; http://www.dotnetdotcom.org/, crawler@dotnetdotcom.org)"
208.115.111.242 - - [23/Aug/2009:02:25:09 -0400] "GET /index.html HTTP/1.1" 200 1984 "-" "Mozilla/5.0 (compatible; DotBot/1.1; http://www.dotnetdotcom.org/, crawler@dotnetdotcom.org)"
208.115.111.242 - - [23/Aug/2009:02:25:14 -0400] "GET /pages.html HTTP/1.1" 200 4692 "-" "Mozilla/5.0 (compatible; DotBot/1.1; http://www.dotnetdotcom.org/, crawler@dotnetdotcom.org)"
208.115.111.242 - - [23/Aug/2009:02:25:19 -0400] "GET /photoshop.html HTTP/1.1" 200 7709 "-" "Mozilla/5.0 (compatible; DotBot/1.1; http://www.dotnetdotcom.org/, crawler@dotnetdotcom.org)"
208.115.111.242 - - [23/Aug/2009:04:15:30 -0400] "GET / HTTP/1.1" 200 1984 "-" "Mozilla/5.0 (compatible; DotBot/1.1; http://www.dotnetdotcom.org/, crawler@dotnetdotcom.org)"
208.115.111.242 - - [23/Aug/2009:04:15:35 -0400] "GET /print.html HTTP/1.1" 200 4324 "-" "Mozilla/5.0 (compatible; DotBot/1.1; http://www.dotnetdotcom.org/, crawler@dotnetdotcom.org)"
65.55.51.69 - - [23/Aug/2009:22:43:25 -0400] "GET /robots.txt HTTP/1.1" 404 269 "-" "msnbot/2.0b (+http://search.msn.com/msnbot.htm)"
65.55.51.70 - - [24/Aug/2009:00:08:11 -0400] "GET /robots.txt HTTP/1.1" 404 269 "-" "msnbot/2.0b (+http://search.msn.com/msnbot.htm)"
67.218.116.130 - - [24/Aug/2009:01:10:00 -0400] "GET /robots.txt HTTP/1.0" 404 269 "-" "Mozilla/5.0 (Twiceler-0.9 http://www.cuil.com/twiceler/robot.html)"
66.249.71.249 - - [24/Aug/2009:08:07:42 -0400] "GET /robots.txt HTTP/1.1" 404 269 "-" "Mozilla/5.0 (compatible; Googlebot/2.1; +http://www.google.com/bot.html)"
66.249.71.249 - - [24/Aug/2009:08:07:42 -0400] "GET /index.html HTTP/1.1" 304 - "-" "Mozilla/5.0 (compatible; Googlebot/2.1; +http://www.google.com/bot.html)"
66.235.124.12 - - [24/Aug/2009:16:27:54 -0400] "GET /robots.txt HTTP/1.1" 404 269 "-" "Mozilla/5.0 (compatible; Ask Jeeves/Teoma; +http://about.ask.com/en/docs/about/webmasters.shtml)"
66.235.124.12 - - [24/Aug/2009:16:28:09 -0400] "GET / HTTP/1.1" 200 1984 "-" "Mozilla/5.0 (compatible; Ask Jeeves/Teoma; +http://about.ask.com/en/docs/about/webmasters.shtml)"
66.235.124.12 - - [24/Aug/2009:16:28:10 -0400] "GET /home.swf HTTP/1.1" 200 17352 "-" "Mozilla/5.0 (compatible; Ask Jeeves/Teoma; +http://about.ask.com/en/docs/about/webmasters.shtml)"
66.235.124.12 - - [24/Aug/2009:18:23:18 -0400] "GET /home.swf HTTP/1.1" 200 17352 "-" "Mozilla/5.0 (compatible; Ask Jeeves/Teoma; +http://about.ask.com/en/docs/about/webmasters.shtml)"
66.235.124.12 - - [24/Aug/2009:22:23:33 -0400] "GET /print.html HTTP/1.1" 200 4324 "-" "Mozilla/5.0 (compatible; Ask Jeeves/Teoma; +http://about.ask.com/en/docs/about/webmasters.shtml)"
67.218.116.130 - - [25/Aug/2009:01:09:40 -0400] "GET /robots.txt HTTP/1.0" 404 269 "-" "Mozilla/5.0 (Twiceler-0.9 http://www.cuil.com/twiceler/robot.html)"
67.218.116.130 - - [26/Aug/2009:01:26:12 -0400] "GET /robots.txt HTTP/1.0" 404 269 "-" "Mozilla/5.0 (Twiceler-0.9 http://www.cuil.com/twiceler/robot.html)"
65.55.208.186 - - [26/Aug/2009:06:06:33 -0400] "GET /robots.txt HTTP/1.1" 404 269 "-" "msnbot/1.1 (+http://search.msn.com/msnbot.htm)"
65.55.208.186 - - [26/Aug/2009:06:06:33 -0400] "GET /email/origins.html HTTP/1.1" 404 277 "-" "msnbot/1.1 (+http://search.msn.com/msnbot.htm)"
65.55.106.107 - - [26/Aug/2009:15:01:36 -0400] "GET /robots.txt HTTP/1.1" 404 269 "-" "msnbot/2.0b (+http://search.msn.com/msnbot.htm)"
65.55.106.107 - - [26/Aug/2009:15:02:22 -0400] "GET /email/origins.html HTTP/1.1" 404 277 "-" "msnbot/2.0b (+http://search.msn.com/msnbot.htm)"
66.249.71.249 - - [26/Aug/2009:17:15:39 -0400] "GET /robots.txt HTTP/1.1" 404 269 "-" "Googlebot-Image/1.0"
66.249.71.249 - - [26/Aug/2009:17:15:39 -0400] "GET /images/_portfolio/web_pages/sellance.gif HTTP/1.1" 304 - "-" "Googlebot-Image/1.0"
212.138.69.19 - - [26/Aug/2009:20:32:44 -0400] "GET /pages.html HTTP/1.1" 200 4692 "-" "Mozilla/4.0 (compatible; MSIE 6.0; Windows NT 5.1; SV1)"
212.138.69.19 - - [26/Aug/2009:20:32:45 -0400] "GET /index.css HTTP/1.1" 200 962 "http://alex.jeb.ca/pages.html" "Mozilla/4.0 (compatible; MSIE 6.0; Windows NT 5.1; SV1)"
212.138.113.15 - - [26/Aug/2009:20:32:45 -0400] "GET /top_nav.css HTTP/1.1" 200 841 "http://alex.jeb.ca/pages.html" "Mozilla/4.0 (compatible; MSIE 6.0; Windows NT 5.1; SV1)"
212.138.69.18 - - [26/Aug/2009:20:32:45 -0400] "GET /main.js HTTP/1.1" 200 5103 "http://alex.jeb.ca/pages.html" "Mozilla/4.0 (compatible; MSIE 6.0; Windows NT 5.1; SV1)"
212.138.47.13 - - [26/Aug/2009:20:32:45 -0400] "GET /favicon.ico HTTP/1.1" 200 1150 "http://alex.jeb.ca/pages.html" "Mozilla/4.0 (compatible; MSIE 6.0; Windows NT 5.1; SV1)"
212.138.113.4 - - [26/Aug/2009:20:32:45 -0400] "GET /images/_portfolio/web_pages/golf_quiz.gif HTTP/1.1" 200 1517 "http://alex.jeb.ca/pages.html" "Mozilla/4.0 (compatible; MSIE 6.0; Windows NT 5.1; SV1)"
212.138.47.13 - - [26/Aug/2009:20:32:45 -0400] "GET /images/_portfolio/web_pages/html.gif HTTP/1.1" 200 1774 "http://alex.jeb.ca/pages.html" "Mozilla/4.0 (compatible; MSIE 6.0; Windows NT 5.1; SV1)"
212.138.47.13 - - [26/Aug/2009:20:32:45 -0400] "GET /images/_portfolio/web_pages/impressions.gif HTTP/1.1" 200 1095 "http://alex.jeb.ca/pages.html" "Mozilla/4.0 (compatible; MSIE 6.0; Windows NT 5.1; SV1)"
212.138.47.13 - - [26/Aug/2009:20:32:46 -0400] "GET /images/_portfolio/web_pages/email.gif HTTP/1.1" 200 1686 "http://alex.jeb.ca/pages.html" "Mozilla/4.0 (compatible; MSIE 6.0; Windows NT 5.1; SV1)"
212.138.113.11 - - [26/Aug/2009:20:32:47 -0400] "GET /images/_portfolio/web_pages/sellance.gif HTTP/1.1" 200 1522 "http://alex.jeb.ca/pages.html" "Mozilla/4.0 (compatible; MSIE 6.0; Windows NT 5.1; SV1)"
212.138.113.10 - - [26/Aug/2009:20:32:48 -0400] "GET /images/_portfolio/web_pages/havlat_photography.gif HTTP/1.1" 200 1001 "http://alex.jeb.ca/pages.html" "Mozilla/4.0 (compatible; MSIE 6.0; Windows NT 5.1; SV1)"
212.138.113.10 - - [26/Aug/2009:20:32:49 -0400] "GET /images/_portfolio/web_pages/raris.gif HTTP/1.1" 200 2216 "http://alex.jeb.ca/pages.html" "Mozilla/4.0 (compatible; MSIE 6.0; Windows NT 5.1; SV1)"
212.138.69.24 - - [26/Aug/2009:20:32:50 -0400] "GET /index.html HTTP/1.1" 200 1984 "-" "Mozilla/4.0 (compatible; MSIE 6.0; Windows NT 5.1; SV1)"
212.138.47.13 - - [26/Aug/2009:20:32:50 -0400] "GET /home.swf HTTP/1.1" 200 17352 "http://alex.jeb.ca/index.html" "Mozilla/4.0 (compatible; MSIE 6.0; Windows NT 5.1; SV1)"
212.138.69.24 - - [26/Aug/2009:20:32:51 -0400] "GET /illustrator.html HTTP/1.1" 200 6612 "-" "Mozilla/4.0 (compatible; MSIE 6.0; Windows NT 5.1; SV1)"
212.138.69.24 - - [26/Aug/2009:20:32:51 -0400] "GET /images/_portfolio/illustrator/wine_label_sm.gif HTTP/1.1" 200 1240 "http://alex.jeb.ca/illustrator.html" "Mozilla/4.0 (compatible; MSIE 6.0; Windows NT 5.1; SV1)"
212.138.113.15 - - [26/Aug/2009:20:32:51 -0400] "GET /images/_portfolio/illustrator/01_graph_sm.gif HTTP/1.1" 200 2115 "http://alex.jeb.ca/illustrator.html" "Mozilla/4.0 (compatible; MSIE 6.0; Windows NT 5.1; SV1)"
212.138.69.18 - - [26/Aug/2009:20:32:51 -0400] "GET /images/_portfolio/illustrator/maple_leaf_sm.gif HTTP/1.1" 200 897 "http://alex.jeb.ca/illustrator.html" "Mozilla/4.0 (compatible; MSIE 6.0; Windows NT 5.1; SV1)"
212.138.113.11 - - [26/Aug/2009:20:32:51 -0400] "GET /images/_portfolio/illustrator/02_graph_sm.gif HTTP/1.1" 200 1405 "http://alex.jeb.ca/illustrator.html" "Mozilla/4.0 (compatible; MSIE 6.0; Windows NT 5.1; SV1)"
212.138.113.15 - - [26/Aug/2009:20:32:51 -0400] "GET /images/_portfolio/illustrator/vine_alphabet_sm.gif HTTP/1.1" 200 642 "http://alex.jeb.ca/illustrator.html" "Mozilla/4.0 (compatible; MSIE 6.0; Windows NT 5.1; SV1)"
212.138.69.18 - - [26/Aug/2009:20:32:52 -0400] "GET /flash.html HTTP/1.1" 200 4756 "-" "Mozilla/4.0 (compatible; MSIE 6.0; Windows NT 5.1; SV1)"
212.138.113.15 - - [26/Aug/2009:20:32:52 -0400] "GET /images/_portfolio/illustrator/pineapples_sm.gif HTTP/1.1" 200 1972 "http://alex.jeb.ca/illustrator.html" "Mozilla/4.0 (compatible; MSIE 6.0; Windows NT 5.1; SV1)"
212.138.113.11 - - [26/Aug/2009:20:32:52 -0400] "GET /images/_portfolio/flash/rotating_circles.gif HTTP/1.1" 200 1022 "http://alex.jeb.ca/flash.html" "Mozilla/4.0 (compatible; MSIE 6.0; Windows NT 5.1; SV1)"
212.138.113.4 - - [26/Aug/2009:20:32:52 -0400] "GET /images/_portfolio/flash/wine_banner.gif HTTP/1.1" 200 1021 "http://alex.jeb.ca/flash.html" "Mozilla/4.0 (compatible; MSIE 6.0; Windows NT 5.1; SV1)"
212.138.113.15 - - [26/Aug/2009:20:32:53 -0400] "GET /images/_portfolio/illustrator/castle_drawing_sm.gif HTTP/1.1" 200 748 "http://alex.jeb.ca/illustrator.html" "Mozilla/4.0 (compatible; MSIE 6.0; Windows NT 5.1; SV1)"
212.138.113.11 - - [26/Aug/2009:20:32:53 -0400] "GET /photoshop.html HTTP/1.1" 200 7709 "-" "Mozilla/4.0 (compatible; MSIE 6.0; Windows NT 5.1; SV1)"
212.138.69.18 - - [26/Aug/2009:20:32:54 -0400] "GET /images/_portfolio/illustrator/women_flowers_sm.gif HTTP/1.1" 200 2504 "http://alex.jeb.ca/illustrator.html" "Mozilla/4.0 (compatible; MSIE 6.0; Windows NT 5.1; SV1)"
212.138.47.13 - - [26/Aug/2009:20:32:54 -0400] "GET /print.html HTTP/1.1" 200 4324 "-" "Mozilla/4.0 (compatible; MSIE 6.0; Windows NT 5.1; SV1)"
212.138.47.13 - - [26/Aug/2009:20:32:54 -0400] "GET /images/_portfolio/print/cd_booklet.gif HTTP/1.1" 200 1736 "http://alex.jeb.ca/print.html" "Mozilla/4.0 (compatible; MSIE 6.0; Windows NT 5.1; SV1)"
212.138.113.4 - - [26/Aug/2009:20:32:54 -0400] "GET /images/_portfolio/print/cd_spine_back.gif HTTP/1.1" 200 994 "http://alex.jeb.ca/print.html" "Mozilla/4.0 (compatible; MSIE 6.0; Windows NT 5.1; SV1)"
212.138.69.24 - - [26/Aug/2009:20:32:55 -0400] "GET /images/_portfolio/illustrator/fleur_de_lis_sm.gif HTTP/1.1" 200 960 "http://alex.jeb.ca/illustrator.html" "Mozilla/4.0 (compatible; MSIE 6.0; Windows NT 5.1; SV1)"
212.138.47.16 - - [26/Aug/2009:20:32:55 -0400] "GET /images/_portfolio/illustrator/venus_butterfly_flyer_sm.gif HTTP/1.1" 200 856 "http://alex.jeb.ca/illustrator.html" "Mozilla/4.0 (compatible; MSIE 6.0; Windows NT 5.1; SV1)"
212.138.113.11 - - [26/Aug/2009:20:32:55 -0400] "GET /contact.html HTTP/1.1" 200 6927 "-" "Mozilla/4.0 (compatible; MSIE 6.0; Windows NT 5.1; SV1)"
212.138.113.11 - - [26/Aug/2009:20:32:56 -0400] "GET /images/_portfolio/flash/venus.gif HTTP/1.1" 200 1148 "http://alex.jeb.ca/flash.html" "Mozilla/4.0 (compatible; MSIE 6.0; Windows NT 5.1; SV1)"
212.138.113.11 - - [26/Aug/2009:20:32:56 -0400] "GET /images/_portfolio/flash/venn_diagram.gif HTTP/1.1" 200 884 "http://alex.jeb.ca/flash.html" "Mozilla/4.0 (compatible; MSIE 6.0; Windows NT 5.1; SV1)"
212.138.113.11 - - [26/Aug/2009:20:32:56 -0400] "GET /images/_portfolio/flash/annimated_butterfly.gif HTTP/1.1" 200 514 "http://alex.jeb.ca/flash.html" "Mozilla/4.0 (compatible; MSIE 6.0; Windows NT 5.1; SV1)"
212.138.113.11 - - [26/Aug/2009:20:32:56 -0400] "GET /images/_portfolio/flash/bending_arrow.gif HTTP/1.1" 200 428 "http://alex.jeb.ca/flash.html" "Mozilla/4.0 (compatible; MSIE 6.0; Windows NT 5.1; SV1)"
212.138.69.24 - - [26/Aug/2009:20:32:56 -0400] "POST /formmail.php HTTP/1.1" 200 355 "http://alex.jeb.ca/contact.html" "Mozilla/4.0 (compatible; MSIE 6.0; Windows NT 5.1; SV1)"
212.138.113.11 - - [26/Aug/2009:20:32:57 -0400] "GET /images/_portfolio/flash/finland.gif HTTP/1.1" 200 669 "http://alex.jeb.ca/flash.html" "Mozilla/4.0 (compatible; MSIE 6.0; Windows NT 5.1; SV1)"
212.138.69.17 - - [26/Aug/2009:20:32:57 -0400] "GET /images/_portfolio/photoshop/lightning_sm.jpg HTTP/1.1" 200 1083 "http://alex.jeb.ca/photoshop.html" "Mozilla/4.0 (compatible; MSIE 6.0; Windows NT 5.1; SV1)"
212.138.47.16 - - [26/Aug/2009:20:32:57 -0400] "GET /images/_portfolio/photoshop/pie_chart_sm.jpg HTTP/1.1" 200 1774 "http://alex.jeb.ca/photoshop.html" "Mozilla/4.0 (compatible; MSIE 6.0; Windows NT 5.1; SV1)"
212.138.47.16 - - [26/Aug/2009:20:32:57 -0400] "GET /images/_portfolio/photoshop/fulfillment_banner_sm.jpg HTTP/1.1" 200 959 "http://alex.jeb.ca/photoshop.html" "Mozilla/4.0 (compatible; MSIE 6.0; Windows NT 5.1; SV1)"
212.138.47.16 - - [26/Aug/2009:20:32:57 -0400] "GET /images/_portfolio/photoshop/dragon_statue_sm.jpg HTTP/1.1" 200 2402 "http://alex.jeb.ca/photoshop.html" "Mozilla/4.0 (compatible; MSIE 6.0; Windows NT 5.1; SV1)"
212.138.47.16 - - [26/Aug/2009:20:32:57 -0400] "GET /images/_portfolio/photoshop/graphics_banner_sm.jpg HTTP/1.1" 200 1946 "http://alex.jeb.ca/photoshop.html" "Mozilla/4.0 (compatible; MSIE 6.0; Windows NT 5.1; SV1)"
212.138.47.16 - - [26/Aug/2009:20:32:57 -0400] "GET /images/_portfolio/photoshop/fastco_building_sm.jpg HTTP/1.1" 200 1226 "http://alex.jeb.ca/photoshop.html" "Mozilla/4.0 (compatible; MSIE 6.0; Windows NT 5.1; SV1)"
212.138.47.16 - - [26/Aug/2009:20:32:57 -0400] "GET /images/_portfolio/photoshop/printing_banner_sm.jpg HTTP/1.1" 200 911 "http://alex.jeb.ca/photoshop.html" "Mozilla/4.0 (compatible; MSIE 6.0; Windows NT 5.1; SV1)"
212.138.113.4 - - [26/Aug/2009:20:32:58 -0400] "GET /images/_portfolio/print/egypt_sm.gif HTTP/1.1" 200 1199 "http://alex.jeb.ca/print.html" "Mozilla/4.0 (compatible; MSIE 6.0; Windows NT 5.1; SV1)"
212.138.69.17 - - [26/Aug/2009:20:32:58 -0400] "GET /images/_portfolio/print/agence_lb.gif HTTP/1.1" 200 891 "http://alex.jeb.ca/print.html" "Mozilla/4.0 (compatible; MSIE 6.0; Windows NT 5.1; SV1)"
212.138.47.16 - - [26/Aug/2009:20:32:58 -0400] "GET /images/_portfolio/print/cinema_ad_sm.gif HTTP/1.1" 200 1193 "http://alex.jeb.ca/print.html" "Mozilla/4.0 (compatible; MSIE 6.0; Windows NT 5.1; SV1)"
212.138.47.16 - - [26/Aug/2009:20:32:58 -0400] "GET /images/get_acrobat.gif HTTP/1.1" 200 1459 "http://alex.jeb.ca/print.html" "Mozilla/4.0 (compatible; MSIE 6.0; Windows NT 5.1; SV1)"
194.8.75.251 - - [26/Aug/2009:20:48:15 -0400] "GET /contact.html HTTP/1.1" 200 6927 "-" "Mozilla/4.0 (compatible; MSIE 6.0; Windows NT 5.1; SV1)"
194.8.75.251 - - [26/Aug/2009:20:48:15 -0400] "POST /formmail.php HTTP/1.1" 200 355 "http://alex.jeb.ca/contact.html" "Mozilla/4.0 (compatible; MSIE 6.0; Windows NT 5.1; SV1)"
194.8.75.251 - - [26/Aug/2009:20:48:16 -0400] "GET /formmail.php HTTP/1.1" 200 319 "-" "Mozilla/4.0 (compatible; MSIE 6.0; Windows NT 5.1; SV1)"
194.8.75.251 - - [26/Aug/2009:20:48:16 -0400] "GET /contact.html HTTP/1.1" 200 6927 "-" "Mozilla/4.0 (compatible; MSIE 6.0; Windows NT 5.1; SV1)"
194.8.75.251 - - [26/Aug/2009:20:48:16 -0400] "GET / HTTP/1.1" 200 1984 "-" "Mozilla/4.0 (compatible; MSIE 6.0; Windows NT 5.1; SV1)"
194.8.75.251 - - [26/Aug/2009:20:48:17 -0400] "GET /index.html HTTP/1.1" 200 1984 "-" "Mozilla/4.0 (compatible; MSIE 6.0; Windows NT 5.1; SV1)"
194.8.75.251 - - [26/Aug/2009:20:48:17 -0400] "GET /pages.html HTTP/1.1" 200 4692 "-" "Mozilla/4.0 (compatible; MSIE 6.0; Windows NT 5.1; SV1)"
194.8.75.251 - - [26/Aug/2009:20:48:17 -0400] "GET /illustrator.html HTTP/1.1" 200 6612 "-" "Mozilla/4.0 (compatible; MSIE 6.0; Windows NT 5.1; SV1)"
194.8.75.251 - - [26/Aug/2009:20:48:18 -0400] "GET /flash.html HTTP/1.1" 200 4756 "-" "Mozilla/4.0 (compatible; MSIE 6.0; Windows NT 5.1; SV1)"
194.8.75.251 - - [26/Aug/2009:20:48:18 -0400] "GET /photoshop.html HTTP/1.1" 200 7709 "-" "Mozilla/4.0 (compatible; MSIE 6.0; Windows NT 5.1; SV1)"
194.8.75.251 - - [26/Aug/2009:20:48:18 -0400] "GET /print.html HTTP/1.1" 200 4324 "-" "Mozilla/4.0 (compatible; MSIE 6.0; Windows NT 5.1; SV1)"
67.218.116.130 - - [27/Aug/2009:01:19:10 -0400] "GET /robots.txt HTTP/1.0" 404 269 "-" "Mozilla/5.0 (Twiceler-0.9 http://www.cuil.com/twiceler/robot.html)"
70.80.245.45 - - [27/Aug/2009:12:12:50 -0400] "GET /photoshop.html HTTP/1.1" 200 7709 "-" "User-Agent: Mozilla/4.0 (compatible; MSIE 7.0; Windows NT 6.0; Trident/4.0; GTB6; SLCC1; .NET CLR 2.0.50727; Media Center PC 5.0; .NET CLR 3.5.30729; .NET CLR 3.0.30618; OfficeLiveConnector.1.3; OfficeLivePatch.0.0)"
66.235.124.12 - - [27/Aug/2009:14:01:27 -0400] "GET /robots.txt HTTP/1.1" 404 269 "-" "Mozilla/5.0 (compatible; Ask Jeeves/Teoma; +http://about.ask.com/en/docs/about/webmasters.shtml)"
66.235.124.12 - - [27/Aug/2009:14:01:42 -0400] "GET /contact.html HTTP/1.1" 200 6927 "-" "Mozilla/5.0 (compatible; Ask Jeeves/Teoma; +http://about.ask.com/en/docs/about/webmasters.shtml)"
66.249.71.249 - - [27/Aug/2009:14:26:46 -0400] "GET /robots.txt HTTP/1.1" 404 269 "-" "Googlebot-Image/1.0"
66.249.71.249 - - [27/Aug/2009:14:26:46 -0400] "GET /images/_portfolio/flash/finland.gif HTTP/1.1" 304 - "-" "Googlebot-Image/1.0"
200.65.127.161 - - [27/Aug/2009:15:48:35 -0400] "GET /pages.html HTTP/1.1" 200 4692 "-" "Mozilla/4.0 (compatible; MSIE 6.0; Windows NT 5.1; SV1)"
200.65.127.161 - - [27/Aug/2009:15:48:36 -0400] "GET /index.html HTTP/1.1" 200 1984 "-" "Mozilla/4.0 (compatible; MSIE 6.0; Windows NT 5.1; SV1)"
200.65.127.161 - - [27/Aug/2009:15:48:37 -0400] "GET /illustrator.html HTTP/1.1" 200 6612 "-" "Mozilla/4.0 (compatible; MSIE 6.0; Windows NT 5.1; SV1)"
200.65.127.161 - - [27/Aug/2009:15:48:38 -0400] "GET /flash.html HTTP/1.1" 200 4756 "-" "Mozilla/4.0 (compatible; MSIE 6.0; Windows NT 5.1; SV1)"
200.65.127.161 - - [27/Aug/2009:15:48:40 -0400] "GET /photoshop.html HTTP/1.1" 200 7709 "-" "Mozilla/4.0 (compatible; MSIE 6.0; Windows NT 5.1; SV1)"
200.65.127.161 - - [27/Aug/2009:15:48:45 -0400] "GET /print.html HTTP/1.1" 200 4324 "-" "Mozilla/4.0 (compatible; MSIE 6.0; Windows NT 5.1; SV1)"
200.65.127.161 - - [27/Aug/2009:15:48:49 -0400] "GET /contact.html HTTP/1.1" 200 6927 "-" "Mozilla/4.0 (compatible; MSIE 6.0; Windows NT 5.1; SV1)"
200.65.127.161 - - [27/Aug/2009:15:48:50 -0400] "POST /formmail.php HTTP/1.1" 200 355 "http://alex.jeb.ca/contact.html" "Mozilla/4.0 (compatible; MSIE 6.0; Windows NT 5.1; SV1)"
67.218.116.130 - - [28/Aug/2009:01:24:19 -0400] "GET /robots.txt HTTP/1.0" 404 269 "-" "Mozilla/5.0 (Twiceler-0.9 http://www.cuil.com/twiceler/robot.html)"
66.249.71.249 - - [28/Aug/2009:01:46:18 -0400] "GET /images/_portfolio/photoshop/printing_banner_sm.jpg HTTP/1.1" 304 - "-" "Googlebot-Image/1.0"
122.160.26.52 - - [28/Aug/2009:03:37:44 -0400] "GET /flash.html HTTP/1.1" 200 4756 "http://www.google.com/search?hl=en&lr=&cr=countryCA&num=30&q=intitle:flash+web+design+company+-india&start=600&sa=N" "Mozilla/5.0 (Windows; U; Windows NT 5.1; en-US; rv:1.9.0.5) Gecko/2008120122 Firefox/3.0.5"
122.160.26.52 - - [28/Aug/2009:03:37:45 -0400] "GET /index.css HTTP/1.1" 200 962 "http://alex.jeb.ca/flash.html" "Mozilla/5.0 (Windows; U; Windows NT 5.1; en-US; rv:1.9.0.5) Gecko/2008120122 Firefox/3.0.5"
122.160.26.52 - - [28/Aug/2009:03:37:45 -0400] "GET /top_nav.css HTTP/1.1" 200 841 "http://alex.jeb.ca/flash.html" "Mozilla/5.0 (Windows; U; Windows NT 5.1; en-US; rv:1.9.0.5) Gecko/2008120122 Firefox/3.0.5"
122.160.26.52 - - [28/Aug/2009:03:37:45 -0400] "GET /main.js HTTP/1.1" 200 5103 "http://alex.jeb.ca/flash.html" "Mozilla/5.0 (Windows; U; Windows NT 5.1; en-US; rv:1.9.0.5) Gecko/2008120122 Firefox/3.0.5"
122.160.26.52 - - [28/Aug/2009:03:37:46 -0400] "GET /images/_portfolio/flash/venus.gif HTTP/1.1" 200 1148 "http://alex.jeb.ca/flash.html" "Mozilla/5.0 (Windows; U; Windows NT 5.1; en-US; rv:1.9.0.5) Gecko/2008120122 Firefox/3.0.5"
122.160.26.52 - - [28/Aug/2009:03:37:46 -0400] "GET /images/_portfolio/flash/rotating_circles.gif HTTP/1.1" 200 1022 "http://alex.jeb.ca/flash.html" "Mozilla/5.0 (Windows; U; Windows NT 5.1; en-US; rv:1.9.0.5) Gecko/2008120122 Firefox/3.0.5"
122.160.26.52 - - [28/Aug/2009:03:37:46 -0400] "GET /images/_portfolio/flash/venn_diagram.gif HTTP/1.1" 200 884 "http://alex.jeb.ca/flash.html" "Mozilla/5.0 (Windows; U; Windows NT 5.1; en-US; rv:1.9.0.5) Gecko/2008120122 Firefox/3.0.5"
122.160.26.52 - - [28/Aug/2009:03:37:46 -0400] "GET /images/_portfolio/flash/annimated_butterfly.gif HTTP/1.1" 200 514 "http://alex.jeb.ca/flash.html" "Mozilla/5.0 (Windows; U; Windows NT 5.1; en-US; rv:1.9.0.5) Gecko/2008120122 Firefox/3.0.5"
122.160.26.52 - - [28/Aug/2009:03:37:46 -0400] "GET /images/_portfolio/flash/finland.gif HTTP/1.1" 200 669 "http://alex.jeb.ca/flash.html" "Mozilla/5.0 (Windows; U; Windows NT 5.1; en-US; rv:1.9.0.5) Gecko/2008120122 Firefox/3.0.5"
122.160.26.52 - - [28/Aug/2009:03:37:46 -0400] "GET /images/bg.gif HTTP/1.1" 200 519 "http://alex.jeb.ca/top_nav.css" "Mozilla/5.0 (Windows; U; Windows NT 5.1; en-US; rv:1.9.0.5) Gecko/2008120122 Firefox/3.0.5"
122.160.26.52 - - [28/Aug/2009:03:37:46 -0400] "GET /images/left.gif HTTP/1.1" 200 493 "http://alex.jeb.ca/top_nav.css" "Mozilla/5.0 (Windows; U; Windows NT 5.1; en-US; rv:1.9.0.5) Gecko/2008120122 Firefox/3.0.5"
122.160.26.52 - - [28/Aug/2009:03:37:46 -0400] "GET /images/right.gif HTTP/1.1" 200 1986 "http://alex.jeb.ca/top_nav.css" "Mozilla/5.0 (Windows; U; Windows NT 5.1; en-US; rv:1.9.0.5) Gecko/2008120122 Firefox/3.0.5"
122.160.26.52 - - [28/Aug/2009:03:37:46 -0400] "GET /images/_portfolio/flash/bending_arrow.gif HTTP/1.1" 200 428 "http://alex.jeb.ca/flash.html" "Mozilla/5.0 (Windows; U; Windows NT 5.1; en-US; rv:1.9.0.5) Gecko/2008120122 Firefox/3.0.5"
122.160.26.52 - - [28/Aug/2009:03:37:46 -0400] "GET /images/_portfolio/flash/wine_banner.gif HTTP/1.1" 200 1021 "http://alex.jeb.ca/flash.html" "Mozilla/5.0 (Windows; U; Windows NT 5.1; en-US; rv:1.9.0.5) Gecko/2008120122 Firefox/3.0.5"
122.160.26.52 - - [28/Aug/2009:03:37:46 -0400] "GET /images/on_left.gif HTTP/1.1" 200 478 "http://alex.jeb.ca/top_nav.css" "Mozilla/5.0 (Windows; U; Windows NT 5.1; en-US; rv:1.9.0.5) Gecko/2008120122 Firefox/3.0.5"
122.160.26.52 - - [28/Aug/2009:03:37:46 -0400] "GET /images/on_right.gif HTTP/1.1" 200 1971 "http://alex.jeb.ca/top_nav.css" "Mozilla/5.0 (Windows; U; Windows NT 5.1; en-US; rv:1.9.0.5) Gecko/2008120122 Firefox/3.0.5"
122.160.26.52 - - [28/Aug/2009:03:37:47 -0400] "GET /favicon.ico HTTP/1.1" 200 1150 "-" "Mozilla/5.0 (Windows; U; Windows NT 5.1; en-US; rv:1.9.0.5) Gecko/2008120122 Firefox/3.0.5"
122.160.26.52 - - [28/Aug/2009:03:38:51 -0400] "GET /contact.html HTTP/1.1" 200 6927 "http://alex.jeb.ca/flash.html" "Mozilla/5.0 (Windows; U; Windows NT 5.1; en-US; rv:1.9.0.5) Gecko/2008120122 Firefox/3.0.5"
122.160.26.52 - - [28/Aug/2009:03:38:53 -0400] "GET /images/get_acrobat.gif HTTP/1.1" 200 1459 "http://alex.jeb.ca/contact.html" "Mozilla/5.0 (Windows; U; Windows NT 5.1; en-US; rv:1.9.0.5) Gecko/2008120122 Firefox/3.0.5"
80.88.241.94 - - [28/Aug/2009:12:18:10 -0400] "GET /pages.html HTTP/1.0" 200 4692 "-" "Mozilla/4.0 (compatible; MSIE 6.0; Windows NT 5.1; SV1)"
80.88.241.94 - - [28/Aug/2009:12:18:11 -0400] "GET /index.html HTTP/1.0" 200 1984 "-" "Mozilla/4.0 (compatible; MSIE 6.0; Windows NT 5.1; SV1)"
80.88.241.94 - - [28/Aug/2009:12:18:12 -0400] "GET /illustrator.html HTTP/1.0" 200 6612 "-" "Mozilla/4.0 (compatible; MSIE 6.0; Windows NT 5.1; SV1)"
80.88.241.94 - - [28/Aug/2009:12:18:13 -0400] "GET /flash.html HTTP/1.0" 200 4756 "-" "Mozilla/4.0 (compatible; MSIE 6.0; Windows NT 5.1; SV1)"
80.88.241.94 - - [28/Aug/2009:12:18:14 -0400] "GET /photoshop.html HTTP/1.0" 200 7709 "-" "Mozilla/4.0 (compatible; MSIE 6.0; Windows NT 5.1; SV1)"
80.88.241.94 - - [28/Aug/2009:12:18:14 -0400] "GET /print.html HTTP/1.0" 200 4324 "-" "Mozilla/4.0 (compatible; MSIE 6.0; Windows NT 5.1; SV1)"
80.88.241.94 - - [28/Aug/2009:12:18:15 -0400] "GET /contact.html HTTP/1.0" 200 6927 "-" "Mozilla/4.0 (compatible; MSIE 6.0; Windows NT 5.1; SV1)"
80.88.241.94 - - [28/Aug/2009:12:18:17 -0400] "POST /formmail.php HTTP/1.0" 200 355 "http://alex.jeb.ca/contact.html" "Mozilla/4.0 (compatible; MSIE 6.0; Windows NT 5.1; SV1)"
67.218.116.130 - - [29/Aug/2009:01:20:54 -0400] "GET /robots.txt HTTP/1.0" 404 269 "-" "Mozilla/5.0 (Twiceler-0.9 http://www.cuil.com/twiceler/robot.html)"
66.235.124.12 - - [29/Aug/2009:15:31:37 -0400] "GET /robots.txt HTTP/1.1" 404 269 "-" "Mozilla/5.0 (compatible; Ask Jeeves/Teoma; +http://about.ask.com/en/docs/about/webmasters.shtml)"
66.235.124.12 - - [29/Aug/2009:15:31:52 -0400] "GET /illustrator.html HTTP/1.1" 200 6612 "-" "Mozilla/5.0 (compatible; Ask Jeeves/Teoma; +http://about.ask.com/en/docs/about/webmasters.shtml)"
213.133.100.226 - - [29/Aug/2009:17:45:56 -0400] "GET /pages.html HTTP/1.1" 200 4692 "-" "Mozilla/4.0 (compatible; MSIE 6.0; Windows NT 5.1; SV1)"
213.133.100.226 - - [29/Aug/2009:17:46:00 -0400] "GET /index.html HTTP/1.1" 200 1984 "-" "Mozilla/4.0 (compatible; MSIE 6.0; Windows NT 5.1; SV1)"
211.183.3.9 - - [29/Aug/2009:17:46:04 -0400] "GET /illustrator.html HTTP/1.1" 200 6612 "-" "Mozilla/4.0 (compatible; MSIE 6.0; Windows NT 5.1; SV1)"
211.183.3.9 - - [29/Aug/2009:17:46:06 -0400] "GET /flash.html HTTP/1.1" 200 4756 "-" "Mozilla/4.0 (compatible; MSIE 6.0; Windows NT 5.1; SV1)"
211.183.3.9 - - [29/Aug/2009:17:46:09 -0400] "GET /photoshop.html HTTP/1.1" 200 7709 "-" "Mozilla/4.0 (compatible; MSIE 6.0; Windows NT 5.1; SV1)"
211.183.3.9 - - [29/Aug/2009:17:46:12 -0400] "GET /print.html HTTP/1.1" 200 4324 "-" "Mozilla/4.0 (compatible; MSIE 6.0; Windows NT 5.1; SV1)"
211.183.3.9 - - [29/Aug/2009:17:46:16 -0400] "GET /contact.html HTTP/1.1" 200 6927 "-" "Mozilla/4.0 (compatible; MSIE 6.0; Windows NT 5.1; SV1)"
211.183.3.9 - - [29/Aug/2009:17:46:18 -0400] "POST /formmail.php HTTP/1.1" 200 355 "http://alex.jeb.ca/contact.html" "Mozilla/4.0 (compatible; MSIE 6.0; Windows NT 5.1; SV1)"
66.249.71.249 - - [29/Aug/2009:23:39:10 -0400] "GET /robots.txt HTTP/1.1" 404 269 "-" "Mozilla/5.0 (compatible; Googlebot/2.1; +http://www.google.com/bot.html)"
66.249.71.249 - - [29/Aug/2009:23:39:10 -0400] "GET /index.html HTTP/1.1" 304 - "-" "Mozilla/5.0 (compatible; Googlebot/2.1; +http://www.google.com/bot.html)"
67.218.116.130 - - [30/Aug/2009:01:26:55 -0400] "GET /robots.txt HTTP/1.0" 404 269 "-" "Mozilla/5.0 (Twiceler-0.9 http://www.cuil.com/twiceler/robot.html)"
91.214.46.18 - - [30/Aug/2009:08:38:05 -0400] "GET /contact.html HTTP/1.1" 200 6927 "-" "Mozilla/4.0 (compatible; MSIE 6.0; Windows NT 5.1; SV1)"
91.214.46.18 - - [30/Aug/2009:08:38:06 -0400] "POST /formmail.php HTTP/1.1" 200 355 "http://alex.jeb.ca/contact.html" "Mozilla/4.0 (compatible; MSIE 6.0; Windows NT 5.1; SV1)"
65.55.232.13 - - [30/Aug/2009:15:46:44 -0400] "GET /robots.txt HTTP/1.1" 404 269 "-" "msnbot/1.1 (+http://search.msn.com/msnbot.htm)"
65.55.232.13 - - [30/Aug/2009:15:46:44 -0400] "GET /email/origins.html HTTP/1.1" 404 277 "-" "msnbot/1.1 (+http://search.msn.com/msnbot.htm)"
140.239.56.38 - - [30/Aug/2009:16:20:20 -0400] "GET /pages.html HTTP/1.1" 200 4692 "-" "Mozilla/4.0 (compatible; MSIE 6.0; Windows NT 5.1; SV1)"
140.239.56.38 - - [30/Aug/2009:16:20:25 -0400] "GET /index.html HTTP/1.1" 200 1984 "-" "Mozilla/4.0 (compatible; MSIE 6.0; Windows NT 5.1; SV1)"
140.239.56.38 - - [30/Aug/2009:16:20:30 -0400] "GET /illustrator.html HTTP/1.1" 200 6612 "-" "Mozilla/4.0 (compatible; MSIE 6.0; Windows NT 5.1; SV1)"
140.239.56.38 - - [30/Aug/2009:16:20:35 -0400] "GET /flash.html HTTP/1.1" 200 4756 "-" "Mozilla/4.0 (compatible; MSIE 6.0; Windows NT 5.1; SV1)"
140.239.56.38 - - [30/Aug/2009:16:20:40 -0400] "GET /photoshop.html HTTP/1.1" 200 7709 "-" "Mozilla/4.0 (compatible; MSIE 6.0; Windows NT 5.1; SV1)"
140.239.56.38 - - [30/Aug/2009:16:20:45 -0400] "GET /print.html HTTP/1.1" 200 4324 "-" "Mozilla/4.0 (compatible; MSIE 6.0; Windows NT 5.1; SV1)"
140.239.56.38 - - [30/Aug/2009:16:20:50 -0400] "GET /contact.html HTTP/1.1" 200 6927 "-" "Mozilla/4.0 (compatible; MSIE 6.0; Windows NT 5.1; SV1)"
140.239.56.38 - - [30/Aug/2009:16:20:55 -0400] "POST /formmail.php HTTP/1.1" 200 355 "http://alex.jeb.ca/contact.html" "Mozilla/4.0 (compatible; MSIE 6.0; Windows NT 5.1; SV1)"
140.239.56.38 - - [30/Aug/2009:16:52:16 -0400] "GET /index.css HTTP/1.1" 200 962 "http://alex.jeb.ca/pages.html" "Mozilla/4.0 (compatible; MSIE 6.0; Windows NT 5.1; SV1)"
140.239.56.38 - - [30/Aug/2009:16:52:16 -0400] "GET /top_nav.css HTTP/1.1" 200 841 "http://alex.jeb.ca/pages.html" "Mozilla/4.0 (compatible; MSIE 6.0; Windows NT 5.1; SV1)"
140.239.56.38 - - [30/Aug/2009:16:52:16 -0400] "GET /favicon.ico HTTP/1.1" 200 1150 "http://alex.jeb.ca/pages.html" "Mozilla/4.0 (compatible; MSIE 6.0; Windows NT 5.1; SV1)"
140.239.56.38 - - [30/Aug/2009:16:52:16 -0400] "GET /main.js HTTP/1.1" 200 5103 "http://alex.jeb.ca/pages.html" "Mozilla/4.0 (compatible; MSIE 6.0; Windows NT 5.1; SV1)"
140.239.56.38 - - [30/Aug/2009:16:52:16 -0400] "GET /images/_portfolio/web_pages/golf_quiz.gif HTTP/1.1" 200 1517 "http://alex.jeb.ca/pages.html" "Mozilla/4.0 (compatible; MSIE 6.0; Windows NT 5.1; SV1)"
140.239.56.38 - - [30/Aug/2009:16:52:16 -0400] "GET /images/_portfolio/web_pages/raris.gif HTTP/1.1" 200 2216 "http://alex.jeb.ca/pages.html" "Mozilla/4.0 (compatible; MSIE 6.0; Windows NT 5.1; SV1)"
140.239.56.38 - - [30/Aug/2009:16:52:16 -0400] "GET /images/_portfolio/web_pages/impressions.gif HTTP/1.1" 200 1095 "http://alex.jeb.ca/pages.html" "Mozilla/4.0 (compatible; MSIE 6.0; Windows NT 5.1; SV1)"
140.239.56.38 - - [30/Aug/2009:16:52:16 -0400] "GET /images/_portfolio/web_pages/sellance.gif HTTP/1.1" 200 1522 "http://alex.jeb.ca/pages.html" "Mozilla/4.0 (compatible; MSIE 6.0; Windows NT 5.1; SV1)"
140.239.56.38 - - [30/Aug/2009:16:52:17 -0400] "GET /images/_portfolio/web_pages/html.gif HTTP/1.1" 200 1774 "http://alex.jeb.ca/pages.html" "Mozilla/4.0 (compatible; MSIE 6.0; Windows NT 5.1; SV1)"
140.239.56.38 - - [30/Aug/2009:16:52:18 -0400] "GET /images/_portfolio/web_pages/email.gif HTTP/1.1" 200 1686 "http://alex.jeb.ca/pages.html" "Mozilla/4.0 (compatible; MSIE 6.0; Windows NT 5.1; SV1)"
140.239.56.38 - - [30/Aug/2009:16:52:19 -0400] "GET /images/_portfolio/web_pages/havlat_photography.gif HTTP/1.1" 200 1001 "http://alex.jeb.ca/pages.html" "Mozilla/4.0 (compatible; MSIE 6.0; Windows NT 5.1; SV1)"
140.239.56.38 - - [30/Aug/2009:16:52:29 -0400] "GET /home.swf HTTP/1.1" 200 17352 "http://alex.jeb.ca/index.html" "Mozilla/4.0 (compatible; MSIE 6.0; Windows NT 5.1; SV1)"
140.239.56.38 - - [30/Aug/2009:16:52:37 -0400] "GET /images/_portfolio/illustrator/wine_label_sm.gif HTTP/1.1" 200 1240 "http://alex.jeb.ca/illustrator.html" "Mozilla/4.0 (compatible; MSIE 6.0; Windows NT 5.1; SV1)"
140.239.56.38 - - [30/Aug/2009:16:52:37 -0400] "GET /images/_portfolio/illustrator/01_graph_sm.gif HTTP/1.1" 200 2115 "http://alex.jeb.ca/illustrator.html" "Mozilla/4.0 (compatible; MSIE 6.0; Windows NT 5.1; SV1)"
140.239.56.38 - - [30/Aug/2009:16:52:37 -0400] "GET /images/_portfolio/illustrator/02_graph_sm.gif HTTP/1.1" 200 1405 "http://alex.jeb.ca/illustrator.html" "Mozilla/4.0 (compatible; MSIE 6.0; Windows NT 5.1; SV1)"
140.239.56.38 - - [30/Aug/2009:16:52:37 -0400] "GET /images/_portfolio/illustrator/venus_butterfly_flyer_sm.gif HTTP/1.1" 200 856 "http://alex.jeb.ca/illustrator.html" "Mozilla/4.0 (compatible; MSIE 6.0; Windows NT 5.1; SV1)"
140.239.56.38 - - [30/Aug/2009:16:52:37 -0400] "GET /images/_portfolio/illustrator/fleur_de_lis_sm.gif HTTP/1.1" 200 960 "http://alex.jeb.ca/illustrator.html" "Mozilla/4.0 (compatible; MSIE 6.0; Windows NT 5.1; SV1)"
140.239.56.38 - - [30/Aug/2009:16:52:37 -0400] "GET /images/_portfolio/illustrator/maple_leaf_sm.gif HTTP/1.1" 200 897 "http://alex.jeb.ca/illustrator.html" "Mozilla/4.0 (compatible; MSIE 6.0; Windows NT 5.1; SV1)"
140.239.56.38 - - [30/Aug/2009:16:52:37 -0400] "GET /images/_portfolio/illustrator/vine_alphabet_sm.gif HTTP/1.1" 200 642 "http://alex.jeb.ca/illustrator.html" "Mozilla/4.0 (compatible; MSIE 6.0; Windows NT 5.1; SV1)"
140.239.56.38 - - [30/Aug/2009:16:52:37 -0400] "GET /images/_portfolio/illustrator/pineapples_sm.gif HTTP/1.1" 200 1972 "http://alex.jeb.ca/illustrator.html" "Mozilla/4.0 (compatible; MSIE 6.0; Windows NT 5.1; SV1)"
140.239.56.38 - - [30/Aug/2009:16:52:37 -0400] "GET /images/_portfolio/illustrator/castle_drawing_sm.gif HTTP/1.1" 200 748 "http://alex.jeb.ca/illustrator.html" "Mozilla/4.0 (compatible; MSIE 6.0; Windows NT 5.1; SV1)"
140.239.56.38 - - [30/Aug/2009:16:52:37 -0400] "GET /images/_portfolio/illustrator/women_flowers_sm.gif HTTP/1.1" 200 2504 "http://alex.jeb.ca/illustrator.html" "Mozilla/4.0 (compatible; MSIE 6.0; Windows NT 5.1; SV1)"
140.239.56.38 - - [30/Aug/2009:16:52:46 -0400] "GET /images/_portfolio/flash/venus.gif HTTP/1.1" 200 1148 "http://alex.jeb.ca/flash.html" "Mozilla/4.0 (compatible; MSIE 6.0; Windows NT 5.1; SV1)"
140.239.56.38 - - [30/Aug/2009:16:52:46 -0400] "GET /images/_portfolio/flash/rotating_circles.gif HTTP/1.1" 200 1022 "http://alex.jeb.ca/flash.html" "Mozilla/4.0 (compatible; MSIE 6.0; Windows NT 5.1; SV1)"
140.239.56.38 - - [30/Aug/2009:16:52:46 -0400] "GET /images/_portfolio/flash/venn_diagram.gif HTTP/1.1" 200 884 "http://alex.jeb.ca/flash.html" "Mozilla/4.0 (compatible; MSIE 6.0; Windows NT 5.1; SV1)"
140.239.56.38 - - [30/Aug/2009:16:52:46 -0400] "GET /images/_portfolio/flash/annimated_butterfly.gif HTTP/1.1" 200 514 "http://alex.jeb.ca/flash.html" "Mozilla/4.0 (compatible; MSIE 6.0; Windows NT 5.1; SV1)"
140.239.56.38 - - [30/Aug/2009:16:52:46 -0400] "GET /images/_portfolio/flash/wine_banner.gif HTTP/1.1" 200 1021 "http://alex.jeb.ca/flash.html" "Mozilla/4.0 (compatible; MSIE 6.0; Windows NT 5.1; SV1)"
140.239.56.38 - - [30/Aug/2009:16:52:46 -0400] "GET /images/_portfolio/flash/bending_arrow.gif HTTP/1.1" 200 428 "http://alex.jeb.ca/flash.html" "Mozilla/4.0 (compatible; MSIE 6.0; Windows NT 5.1; SV1)"
140.239.56.38 - - [30/Aug/2009:16:52:47 -0400] "GET /images/_portfolio/flash/finland.gif HTTP/1.1" 200 669 "http://alex.jeb.ca/flash.html" "Mozilla/4.0 (compatible; MSIE 6.0; Windows NT 5.1; SV1)"
140.239.56.38 - - [30/Aug/2009:16:52:55 -0400] "GET /images/_portfolio/photoshop/lightning_sm.jpg HTTP/1.1" 200 1083 "http://alex.jeb.ca/photoshop.html" "Mozilla/4.0 (compatible; MSIE 6.0; Windows NT 5.1; SV1)"
140.239.56.38 - - [30/Aug/2009:16:52:55 -0400] "GET /images/_portfolio/photoshop/pie_chart_sm.jpg HTTP/1.1" 200 1774 "http://alex.jeb.ca/photoshop.html" "Mozilla/4.0 (compatible; MSIE 6.0; Windows NT 5.1; SV1)"
140.239.56.38 - - [30/Aug/2009:16:52:55 -0400] "GET /images/_portfolio/photoshop/fulfillment_banner_sm.jpg HTTP/1.1" 200 959 "http://alex.jeb.ca/photoshop.html" "Mozilla/4.0 (compatible; MSIE 6.0; Windows NT 5.1; SV1)"
140.239.56.38 - - [30/Aug/2009:16:52:55 -0400] "GET /images/_portfolio/photoshop/dragon_statue_sm.jpg HTTP/1.1" 200 2402 "http://alex.jeb.ca/photoshop.html" "Mozilla/4.0 (compatible; MSIE 6.0; Windows NT 5.1; SV1)"
140.239.56.38 - - [30/Aug/2009:16:52:55 -0400] "GET /images/_portfolio/photoshop/graphics_banner_sm.jpg HTTP/1.1" 200 1946 "http://alex.jeb.ca/photoshop.html" "Mozilla/4.0 (compatible; MSIE 6.0; Windows NT 5.1; SV1)"
140.239.56.38 - - [30/Aug/2009:16:52:55 -0400] "GET /images/_portfolio/photoshop/fastco_building_sm.jpg HTTP/1.1" 200 1226 "http://alex.jeb.ca/photoshop.html" "Mozilla/4.0 (compatible; MSIE 6.0; Windows NT 5.1; SV1)"
140.239.56.38 - - [30/Aug/2009:16:52:55 -0400] "GET /images/_portfolio/photoshop/printing_banner_sm.jpg HTTP/1.1" 200 911 "http://alex.jeb.ca/photoshop.html" "Mozilla/4.0 (compatible; MSIE 6.0; Windows NT 5.1; SV1)"
140.239.56.38 - - [30/Aug/2009:16:53:06 -0400] "GET /images/_portfolio/print/cd_booklet.gif HTTP/1.1" 200 1736 "http://alex.jeb.ca/print.html" "Mozilla/4.0 (compatible; MSIE 6.0; Windows NT 5.1; SV1)"
140.239.56.38 - - [30/Aug/2009:16:53:06 -0400] "GET /images/_portfolio/print/cd_spine_back.gif HTTP/1.1" 200 994 "http://alex.jeb.ca/print.html" "Mozilla/4.0 (compatible; MSIE 6.0; Windows NT 5.1; SV1)"
140.239.56.38 - - [30/Aug/2009:16:53:06 -0400] "GET /images/_portfolio/print/agence_lb.gif HTTP/1.1" 200 891 "http://alex.jeb.ca/print.html" "Mozilla/4.0 (compatible; MSIE 6.0; Windows NT 5.1; SV1)"
140.239.56.38 - - [30/Aug/2009:16:53:06 -0400] "GET /images/_portfolio/print/cinema_ad_sm.gif HTTP/1.1" 200 1193 "http://alex.jeb.ca/print.html" "Mozilla/4.0 (compatible; MSIE 6.0; Windows NT 5.1; SV1)"
140.239.56.38 - - [30/Aug/2009:16:53:06 -0400] "GET /images/_portfolio/print/egypt_sm.gif HTTP/1.1" 200 1199 "http://alex.jeb.ca/print.html" "Mozilla/4.0 (compatible; MSIE 6.0; Windows NT 5.1; SV1)"
140.239.56.38 - - [30/Aug/2009:16:53:06 -0400] "GET /images/get_acrobat.gif HTTP/1.1" 200 1459 "http://alex.jeb.ca/print.html" "Mozilla/4.0 (compatible; MSIE 6.0; Windows NT 5.1; SV1)"
66.249.71.249 - - [30/Aug/2009:22:27:04 -0400] "GET /robots.txt HTTP/1.1" 404 269 "-" "Googlebot-Image/1.0"
66.249.71.249 - - [30/Aug/2009:22:27:04 -0400] "GET /images/_portfolio/illustrator/01_graph_sm.gif HTTP/1.1" 304 - "-" "Googlebot-Image/1.0"
67.218.116.130 - - [31/Aug/2009:01:20:06 -0400] "GET /robots.txt HTTP/1.0" 404 269 "-" "Mozilla/5.0 (Twiceler-0.9 http://www.cuil.com/twiceler/robot.html)"
92.243.188.180 - - [31/Aug/2009:12:22:38 -0400] "GET /pages.html HTTP/1.1" 200 4692 "-" "Mozilla/4.0 (compatible; MSIE 6.0; Windows NT 5.1; SV1)"
92.243.188.180 - - [31/Aug/2009:12:22:43 -0400] "GET /index.html HTTP/1.1" 200 1984 "-" "Mozilla/4.0 (compatible; MSIE 6.0; Windows NT 5.1; SV1)"
92.243.188.180 - - [31/Aug/2009:12:22:47 -0400] "GET /illustrator.html HTTP/1.1" 200 6612 "-" "Mozilla/4.0 (compatible; MSIE 6.0; Windows NT 5.1; SV1)"
92.243.188.180 - - [31/Aug/2009:12:22:53 -0400] "GET /flash.html HTTP/1.1" 200 4756 "-" "Mozilla/4.0 (compatible; MSIE 6.0; Windows NT 5.1; SV1)"
92.243.188.180 - - [31/Aug/2009:12:22:58 -0400] "GET /photoshop.html HTTP/1.1" 200 7709 "-" "Mozilla/4.0 (compatible; MSIE 6.0; Windows NT 5.1; SV1)"
208.115.138.254 - - [31/Aug/2009:12:23:04 -0400] "GET /print.html HTTP/1.1" 200 4324 "-" "Mozilla/4.0 (compatible; MSIE 7.0; Windows NT 5.1; InfoPath.1; .NET CLR 2.0.50727; .NET CLR 1.1.4322; MS-RTC LM 8; .NET CLR 3.0.4506.2152; .NET CLR 3.5.30729)"
173.9.189.156 - - [31/Aug/2009:12:23:04 -0400] "GET /print.html HTTP/1.1" 200 4324 "-" "Mozilla/4.0 (compatible; MSIE 6.0; Windows NT 5.1; SV1)"
173.9.189.156 - - [31/Aug/2009:12:23:04 -0400] "GET /index.css HTTP/1.1" 200 962 "http://alex.jeb.ca/print.html" "Mozilla/4.0 (compatible; MSIE 6.0; Windows NT 5.1; SV1)"
173.9.189.156 - - [31/Aug/2009:12:23:04 -0400] "GET /top_nav.css HTTP/1.1" 200 841 "http://alex.jeb.ca/print.html" "Mozilla/4.0 (compatible; MSIE 6.0; Windows NT 5.1; SV1)"
173.9.189.156 - - [31/Aug/2009:12:23:04 -0400] "GET /favicon.ico HTTP/1.1" 200 1150 "http://alex.jeb.ca/print.html" "Mozilla/4.0 (compatible; MSIE 6.0; Windows NT 5.1; SV1)"
173.9.189.156 - - [31/Aug/2009:12:23:04 -0400] "GET /main.js HTTP/1.1" 200 5103 "http://alex.jeb.ca/print.html" "Mozilla/4.0 (compatible; MSIE 6.0; Windows NT 5.1; SV1)"
173.9.189.156 - - [31/Aug/2009:12:23:04 -0400] "GET /images/_portfolio/print/cd_spine_back.gif HTTP/1.1" 200 994 "http://alex.jeb.ca/print.html" "Mozilla/4.0 (compatible; MSIE 6.0; Windows NT 5.1; SV1)"
173.9.189.156 - - [31/Aug/2009:12:23:04 -0400] "GET /images/_portfolio/print/cd_booklet.gif HTTP/1.1" 200 1736 "http://alex.jeb.ca/print.html" "Mozilla/4.0 (compatible; MSIE 6.0; Windows NT 5.1; SV1)"
173.9.189.156 - - [31/Aug/2009:12:23:04 -0400] "GET /images/_portfolio/print/agence_lb.gif HTTP/1.1" 200 891 "http://alex.jeb.ca/print.html" "Mozilla/4.0 (compatible; MSIE 6.0; Windows NT 5.1; SV1)"
