72.0.212.206 - - [10/Jun/2010:03:41:35 -0400] "GET /Harris_House/images/frontal_outdoor_view.jpg HTTP/1.1" 200 49263 "http://alex.jeb.ca/Harris_House/rent-to-own.html" "Mozilla/5.0 (iPod; U; CPU iPhone OS 3_1_3 like Mac OS X; en-us) AppleWebKit/528.18 (KHTML, like Gecko) Version/4.0 Mobile/7E18 Safari/528.16"
67.218.116.130 - - [10/Jun/2010:06:27:50 -0400] "GET /formmail.php HTTP/1.1" 200 319 "-" "Mozilla/5.0 (Twiceler-0.9 http://www.cuil.com/twiceler/robot.html)"
99.247.124.157 - - [10/Jun/2010:09:05:01 -0400] "GET /Harris_House/photo_tour.html HTTP/1.1" 200 3578 "-" "Mozilla/5.0 (Windows; U; Windows NT 5.1; en-US) AppleWebKit/533.4 (KHTML, like Gecko) Chrome/5.0.375.70 Safari/533.4"
99.247.124.157 - - [10/Jun/2010:09:05:01 -0400] "GET /Harris_House/index.css HTTP/1.1" 200 2186 "http://alex.jeb.ca/Harris_House/photo_tour.html" "Mozilla/5.0 (Windows; U; Windows NT 5.1; en-US) AppleWebKit/533.4 (KHTML, like Gecko) Chrome/5.0.375.70 Safari/533.4"
99.247.124.157 - - [10/Jun/2010:09:05:01 -0400] "GET /Harris_House/images/logo.gif HTTP/1.1" 200 1148 "http://alex.jeb.ca/Harris_House/photo_tour.html" "Mozilla/5.0 (Windows; U; Windows NT 5.1; en-US) AppleWebKit/533.4 (KHTML, like Gecko) Chrome/5.0.375.70 Safari/533.4"
99.247.124.157 - - [10/Jun/2010:09:05:02 -0400] "GET /Harris_House/images/back_yard_sm.jpg HTTP/1.1" 200 6946 "http://alex.jeb.ca/Harris_House/photo_tour.html" "Mozilla/5.0 (Windows; U; Windows NT 5.1; en-US) AppleWebKit/533.4 (KHTML, like Gecko) Chrome/5.0.375.70 Safari/533.4"
99.247.124.157 - - [10/Jun/2010:09:05:02 -0400] "GET /Harris_House/images/frontal_outdoor_view02_sm.jpg HTTP/1.1" 200 7461 "http://alex.jeb.ca/Harris_House/photo_tour.html" "Mozilla/5.0 (Windows; U; Windows NT 5.1; en-US) AppleWebKit/533.4 (KHTML, like Gecko) Chrome/5.0.375.70 Safari/533.4"
99.247.124.157 - - [10/Jun/2010:09:05:02 -0400] "GET /Harris_House/images/frontal_outdoor_view_sm.jpg HTTP/1.1" 200 7663 "http://alex.jeb.ca/Harris_House/photo_tour.html" "Mozilla/5.0 (Windows; U; Windows NT 5.1; en-US) AppleWebKit/533.4 (KHTML, like Gecko) Chrome/5.0.375.70 Safari/533.4"
99.247.124.157 - - [10/Jun/2010:09:05:02 -0400] "GET /Harris_House/images/curve_tl.gif HTTP/1.1" 200 330 "http://alex.jeb.ca/Harris_House/photo_tour.html" "Mozilla/5.0 (Windows; U; Windows NT 5.1; en-US) AppleWebKit/533.4 (KHTML, like Gecko) Chrome/5.0.375.70 Safari/533.4"
99.247.124.157 - - [10/Jun/2010:09:05:02 -0400] "GET /Harris_House/images/curve_tr.gif HTTP/1.1" 200 331 "http://alex.jeb.ca/Harris_House/photo_tour.html" "Mozilla/5.0 (Windows; U; Windows NT 5.1; en-US) AppleWebKit/533.4 (KHTML, like Gecko) Chrome/5.0.375.70 Safari/533.4"
99.247.124.157 - - [10/Jun/2010:09:05:02 -0400] "GET /Harris_House/images/curve_bl.gif HTTP/1.1" 200 329 "http://alex.jeb.ca/Harris_House/photo_tour.html" "Mozilla/5.0 (Windows; U; Windows NT 5.1; en-US) AppleWebKit/533.4 (KHTML, like Gecko) Chrome/5.0.375.70 Safari/533.4"
99.247.124.157 - - [10/Jun/2010:09:05:02 -0400] "GET /Harris_House/images/curve_br.gif HTTP/1.1" 200 330 "http://alex.jeb.ca/Harris_House/photo_tour.html" "Mozilla/5.0 (Windows; U; Windows NT 5.1; en-US) AppleWebKit/533.4 (KHTML, like Gecko) Chrome/5.0.375.70 Safari/533.4"
99.247.124.157 - - [10/Jun/2010:09:05:03 -0400] "GET /favicon.ico HTTP/1.1" 200 1150 "-" "Mozilla/5.0 (Windows; U; Windows NT 5.1; en-US) AppleWebKit/533.4 (KHTML, like Gecko) Chrome/5.0.375.70 Safari/533.4"
99.247.124.157 - - [10/Jun/2010:09:14:48 -0400] "GET /Harris_House/property_details.html HTTP/1.1" 200 13937 "http://alex.jeb.ca/Harris_House/photo_tour.html" "Mozilla/5.0 (Windows; U; Windows NT 5.1; en-US) AppleWebKit/533.4 (KHTML, like Gecko) Chrome/5.0.375.70 Safari/533.4"
99.247.124.157 - - [10/Jun/2010:09:14:49 -0400] "GET /Harris_House/images/frontal_outdoor_view_faded.jpg HTTP/1.1" 200 8330 "http://alex.jeb.ca/Harris_House/property_details.html" "Mozilla/5.0 (Windows; U; Windows NT 5.1; en-US) AppleWebKit/533.4 (KHTML, like Gecko) Chrome/5.0.375.70 Safari/533.4"
99.247.124.157 - - [10/Jun/2010:09:15:40 -0400] "GET /Harris_House/commercial_details.html HTTP/1.1" 200 4464 "http://alex.jeb.ca/Harris_House/property_details.html" "Mozilla/5.0 (Windows; U; Windows NT 5.1; en-US) AppleWebKit/533.4 (KHTML, like Gecko) Chrome/5.0.375.70 Safari/533.4"
99.247.124.157 - - [10/Jun/2010:09:15:40 -0400] "GET /Harris_House/images/frontal_outdoor_view.jpg HTTP/1.1" 200 49263 "http://alex.jeb.ca/Harris_House/commercial_details.html" "Mozilla/5.0 (Windows; U; Windows NT 5.1; en-US) AppleWebKit/533.4 (KHTML, like Gecko) Chrome/5.0.375.70 Safari/533.4"
99.247.124.157 - - [10/Jun/2010:09:15:50 -0400] "GET /Harris_House/rent-to-own.html HTTP/1.1" 200 4688 "http://alex.jeb.ca/Harris_House/commercial_details.html" "Mozilla/5.0 (Windows; U; Windows NT 5.1; en-US) AppleWebKit/533.4 (KHTML, like Gecko) Chrome/5.0.375.70 Safari/533.4"
99.247.124.157 - - [10/Jun/2010:09:16:20 -0400] "GET /Harris_House/index.html HTTP/1.1" 200 4623 "http://alex.jeb.ca/Harris_House/rent-to-own.html" "Mozilla/5.0 (Windows; U; Windows NT 5.1; en-US) AppleWebKit/533.4 (KHTML, like Gecko) Chrome/5.0.375.70 Safari/533.4"
66.249.65.121 - - [10/Jun/2010:13:43:20 -0400] "GET /robots.txt HTTP/1.1" 404 269 "-" "Mozilla/5.0 (compatible; Googlebot/2.1; +http://www.google.com/bot.html)"
66.249.65.121 - - [10/Jun/2010:13:43:20 -0400] "GET /text/colors.txt HTTP/1.1" 304 - "-" "Mozilla/5.0 (compatible; Googlebot/2.1; +http://www.google.com/bot.html)"
95.108.128.241 - - [10/Jun/2010:14:05:45 -0400] "GET /robots.txt HTTP/1.1" 404 269 "-" "Yandex/1.01.001 (compatible; Win16; I)"
95.108.128.241 - - [10/Jun/2010:14:25:02 -0400] "GET / HTTP/1.1" 200 3594 "-" "Yandex/1.01.001 (compatible; Win16; I)"
95.108.128.241 - - [10/Jun/2010:14:34:46 -0400] "GET /?C=D;O=A HTTP/1.1" 200 3594 "-" "Yandex/1.01.001 (compatible; Win16; I)"
67.218.116.166 - - [10/Jun/2010:14:38:40 -0400] "GET /robots.txt HTTP/1.1" 404 269 "-" "Mozilla/5.0 (Twiceler-0.9 http://www.cuil.com/twiceler/robot.html)"
95.108.128.241 - - [10/Jun/2010:14:44:31 -0400] "GET /?C=N;O=A HTTP/1.1" 200 3594 "-" "Yandex/1.01.001 (compatible; Win16; I)"
67.218.116.130 - - [10/Jun/2010:14:46:22 -0400] "GET /robots.txt HTTP/1.1" 404 269 "-" "Mozilla/5.0 (Twiceler-0.9 http://www.cuil.com/twiceler/robot.html)"
95.108.128.241 - - [10/Jun/2010:14:54:16 -0400] "GET /print.html HTTP/1.1" 304 - "-" "Yandex/1.01.001 (compatible; Win16; I)"
95.108.128.241 - - [10/Jun/2010:15:10:08 -0400] "GET /_notes/?C=N;O=D HTTP/1.1" 200 656 "-" "Yandex/1.01.001 (compatible; Win16; I)"
95.108.128.241 - - [10/Jun/2010:15:20:04 -0400] "GET /pages.html HTTP/1.1" 304 - "-" "Yandex/1.01.001 (compatible; Win16; I)"
66.249.65.121 - - [10/Jun/2010:15:25:42 -0400] "GET / HTTP/1.1" 200 3594 "-" "Mozilla/5.0 (compatible; Googlebot/2.1; +http://www.google.com/bot.html)"
95.108.128.241 - - [10/Jun/2010:15:30:00 -0400] "GET /images/_notes/?C=N;O=D HTTP/1.1" 200 677 "-" "Yandex/1.01.001 (compatible; Win16; I)"
95.108.128.241 - - [10/Jun/2010:15:49:04 -0400] "GET /_notes/ HTTP/1.1" 200 656 "-" "Yandex/1.01.001 (compatible; Win16; I)"
95.108.128.241 - - [10/Jun/2010:15:58:20 -0400] "GET /images/_notes/?C=S;O=A HTTP/1.1" 200 677 "-" "Yandex/1.01.001 (compatible; Win16; I)"
95.108.128.241 - - [10/Jun/2010:16:07:36 -0400] "GET /text/?C=M;O=A HTTP/1.1" 200 1134 "-" "Yandex/1.01.001 (compatible; Win16; I)"
95.108.128.241 - - [10/Jun/2010:16:16:55 -0400] "GET /images/_portfolio/ HTTP/1.1" 200 1258 "-" "Yandex/1.01.001 (compatible; Win16; I)"
95.108.128.241 - - [10/Jun/2010:16:26:28 -0400] "GET /images/_notes/?C=M;O=A HTTP/1.1" 200 677 "-" "Yandex/1.01.001 (compatible; Win16; I)"
95.108.128.241 - - [10/Jun/2010:16:35:43 -0400] "GET /Harris_House/contact.html HTTP/1.1" 304 - "-" "Yandex/1.01.001 (compatible; Win16; I)"
95.108.128.241 - - [10/Jun/2010:16:45:05 -0400] "GET /images/_notes/?C=D;O=A HTTP/1.1" 200 677 "-" "Yandex/1.01.001 (compatible; Win16; I)"
95.108.128.241 - - [10/Jun/2010:16:54:58 -0400] "GET /images/?C=M;O=D HTTP/1.1" 200 1827 "-" "Yandex/1.01.001 (compatible; Win16; I)"
95.108.128.241 - - [10/Jun/2010:17:04:21 -0400] "GET /?C=S;O=A HTTP/1.1" 200 3594 "-" "Yandex/1.01.001 (compatible; Win16; I)"
95.108.128.241 - - [10/Jun/2010:17:14:08 -0400] "GET /Harris_House/property_details.html HTTP/1.1" 304 - "-" "Yandex/1.01.001 (compatible; Win16; I)"
95.108.128.241 - - [10/Jun/2010:17:35:32 -0400] "GET /logs/?C=D;O=A HTTP/1.1" 200 769 "-" "Yandex/1.01.001 (compatible; Win16; I)"
95.108.128.241 - - [10/Jun/2010:17:44:45 -0400] "GET /_notes/?C=M;O=A HTTP/1.1" 200 656 "-" "Yandex/1.01.001 (compatible; Win16; I)"
95.108.128.241 - - [10/Jun/2010:17:54:06 -0400] "GET /logs/?C=N;O=D HTTP/1.1" 200 769 "-" "Yandex/1.01.001 (compatible; Win16; I)"
95.108.128.241 - - [10/Jun/2010:18:03:27 -0400] "GET /images/_portfolio/flash/circles/circle_final.swf HTTP/1.1" 304 - "-" "Yandex/1.01.001 (compatible; Win16; I)"
95.108.128.241 - - [10/Jun/2010:18:11:56 -0400] "GET /text/cv_french.pdf HTTP/1.1" 304 - "-" "Yandex/1.01.001 (compatible; Win16; I)"
95.108.128.241 - - [10/Jun/2010:18:20:24 -0400] "GET /formmail.php HTTP/1.1" 200 319 "-" "Yandex/1.01.001 (compatible; Win16; I)"
95.108.128.241 - - [10/Jun/2010:18:29:14 -0400] "GET /movie.swf HTTP/1.1" 304 - "-" "Yandex/1.01.001 (compatible; Win16; I)"
95.108.128.241 - - [10/Jun/2010:18:37:42 -0400] "GET /_notes/dwsync.xml HTTP/1.1" 200 1897 "-" "Yandex/1.01.001 (compatible; Win16; I)"
95.108.128.241 - - [10/Jun/2010:18:46:41 -0400] "GET /text/?C=S;O=A HTTP/1.1" 200 1134 "-" "Yandex/1.01.001 (compatible; Win16; I)"
95.108.128.241 - - [10/Jun/2010:18:55:08 -0400] "GET /images/?C=N;O=D HTTP/1.1" 200 1827 "-" "Yandex/1.01.001 (compatible; Win16; I)"
67.218.116.167 - - [10/Jun/2010:18:59:50 -0400] "GET /images/ HTTP/1.1" 200 1827 "-" "Mozilla/5.0 (Twiceler-0.9 http://www.cuil.com/twiceler/robot.html)"
95.108.128.241 - - [10/Jun/2010:19:03:39 -0400] "GET /images/?C=D;O=A HTTP/1.1" 200 1827 "-" "Yandex/1.01.001 (compatible; Win16; I)"
95.108.128.241 - - [10/Jun/2010:19:12:06 -0400] "GET /images/_portfolio/?C=D;O=A HTTP/1.1" 200 1258 "-" "Yandex/1.01.001 (compatible; Win16; I)"
95.108.128.241 - - [10/Jun/2010:19:21:03 -0400] "GET /images/?C=S;O=A HTTP/1.1" 200 1827 "-" "Yandex/1.01.001 (compatible; Win16; I)"
95.108.128.241 - - [10/Jun/2010:19:29:31 -0400] "GET /text/?C=N;O=D HTTP/1.1" 200 1134 "-" "Yandex/1.01.001 (compatible; Win16; I)"
95.108.128.241 - - [10/Jun/2010:19:46:25 -0400] "GET /logs/?C=M;O=A HTTP/1.1" 200 769 "-" "Yandex/1.01.001 (compatible; Win16; I)"
95.108.128.241 - - [10/Jun/2010:20:00:08 -0400] "GET /Harris_House/ HTTP/1.1" 304 - "-" "Yandex/1.01.001 (compatible; Win16; I)"
95.108.128.241 - - [10/Jun/2010:20:08:45 -0400] "GET /Harris_House/index.html HTTP/1.1" 304 - "-" "Yandex/1.01.001 (compatible; Win16; I)"
95.108.128.241 - - [10/Jun/2010:20:17:11 -0400] "GET /_notes/?C=D;O=A HTTP/1.1" 200 656 "-" "Yandex/1.01.001 (compatible; Win16; I)"
95.108.128.241 - - [10/Jun/2010:20:25:32 -0400] "GET /?C=M;O=A HTTP/1.1" 200 3594 "-" "Yandex/1.01.001 (compatible; Win16; I)"
95.108.128.241 - - [10/Jun/2010:20:36:12 -0400] "GET /images/ HTTP/1.1" 200 1827 "-" "Yandex/1.01.001 (compatible; Win16; I)"
95.108.128.241 - - [10/Jun/2010:20:44:00 -0400] "GET /images/_portfolio/?C=S;O=A HTTP/1.1" 200 1258 "-" "Yandex/1.01.001 (compatible; Win16; I)"
95.108.128.241 - - [10/Jun/2010:20:51:43 -0400] "GET /logs/access_log HTTP/1.1" 200 1857147 "-" "Yandex/1.01.001 (compatible; Win16; I)"
95.108.128.241 - - [10/Jun/2010:20:59:28 -0400] "GET /test/bar.html HTTP/1.1" 304 - "-" "Yandex/1.01.001 (compatible; Win16; I)"
95.108.128.241 - - [10/Jun/2010:21:07:11 -0400] "GET /test/form2.html HTTP/1.1" 304 - "-" "Yandex/1.01.001 (compatible; Win16; I)"
95.108.128.241 - - [10/Jun/2010:21:14:56 -0400] "GET /test/form.html HTTP/1.1" 304 - "-" "Yandex/1.01.001 (compatible; Win16; I)"
95.108.128.241 - - [10/Jun/2010:21:22:38 -0400] "GET /images/_portfolio/flash/circles/movie.swf HTTP/1.1" 304 - "-" "Yandex/1.01.001 (compatible; Win16; I)"
95.108.128.241 - - [10/Jun/2010:21:30:20 -0400] "GET /images/_portfolio/?C=N;O=A HTTP/1.1" 200 1258 "-" "Yandex/1.01.001 (compatible; Win16; I)"
95.108.128.241 - - [10/Jun/2010:21:38:02 -0400] "GET /_notes/?C=S;O=A HTTP/1.1" 200 656 "-" "Yandex/1.01.001 (compatible; Win16; I)"
95.108.128.241 - - [10/Jun/2010:21:53:28 -0400] "GET /logs/?C=N;O=A HTTP/1.1" 200 769 "-" "Yandex/1.01.001 (compatible; Win16; I)"
95.108.128.241 - - [10/Jun/2010:22:01:16 -0400] "GET /images/_notes/ HTTP/1.1" 200 677 "-" "Yandex/1.01.001 (compatible; Win16; I)"
67.218.116.167 - - [10/Jun/2010:22:06:02 -0400] "GET /Harris_House/property_details.html HTTP/1.1" 200 13937 "-" "Mozilla/5.0 (Twiceler-0.9 http://www.cuil.com/twiceler/robot.html)"
95.108.128.241 - - [10/Jun/2010:22:09:00 -0400] "GET /logs/?C=S;O=A HTTP/1.1" 200 769 "-" "Yandex/1.01.001 (compatible; Win16; I)"
95.108.128.241 - - [10/Jun/2010:22:16:42 -0400] "GET /logs/ HTTP/1.1" 200 769 "-" "Yandex/1.01.001 (compatible; Win16; I)"
95.108.128.241 - - [10/Jun/2010:22:24:23 -0400] "GET /text/?C=N;O=A HTTP/1.1" 200 1134 "-" "Yandex/1.01.001 (compatible; Win16; I)"
95.108.128.241 - - [10/Jun/2010:22:32:05 -0400] "GET /images/?C=M;O=A HTTP/1.1" 200 1827 "-" "Yandex/1.01.001 (compatible; Win16; I)"
95.108.128.241 - - [10/Jun/2010:22:39:51 -0400] "GET /text/?C=D;O=A HTTP/1.1" 200 1134 "-" "Yandex/1.01.001 (compatible; Win16; I)"
95.108.128.241 - - [10/Jun/2010:22:47:33 -0400] "GET /images/?C=N;O=A HTTP/1.1" 200 1827 "-" "Yandex/1.01.001 (compatible; Win16; I)"
95.108.128.241 - - [10/Jun/2010:22:55:18 -0400] "GET /index.html HTTP/1.1" 404 269 "-" "Yandex/1.01.001 (compatible; Win16; I)"
95.108.128.241 - - [10/Jun/2010:23:03:06 -0400] "GET /images/_portfolio/?C=M;O=A HTTP/1.1" 200 1258 "-" "Yandex/1.01.001 (compatible; Win16; I)"
95.108.128.241 - - [10/Jun/2010:23:11:02 -0400] "GET /test/index.html HTTP/1.1" 304 - "-" "Yandex/1.01.001 (compatible; Win16; I)"
95.108.128.241 - - [10/Jun/2010:23:18:55 -0400] "GET /images/_portfolio/web_pages/?C=S;O=D HTTP/1.1" 200 1667 "-" "Yandex/1.01.001 (compatible; Win16; I)"
95.108.128.241 - - [10/Jun/2010:23:26:36 -0400] "GET /images/_portfolio/illustrator/?C=N;O=D HTTP/1.1" 200 3210 "-" "Yandex/1.01.001 (compatible; Win16; I)"
95.108.128.241 - - [10/Jun/2010:23:34:43 -0400] "GET /images/_portfolio/photoshop/?C=N;O=D HTTP/1.1" 200 3717 "-" "Yandex/1.01.001 (compatible; Win16; I)"
66.249.65.69 - - [10/Jun/2010:23:43:48 -0400] "GET /images/_portfolio/photoshop/fiber_optics_sm.gif HTTP/1.1" 304 - "-" "Googlebot-Image/1.0"
95.108.128.241 - - [10/Jun/2010:23:50:17 -0400] "GET /images/_portfolio/flash/?C=N;O=A HTTP/1.1" 200 2298 "-" "Yandex/1.01.001 (compatible; Win16; I)"
95.108.128.241 - - [10/Jun/2010:23:58:18 -0400] "GET /images/_portfolio/photoshop/_notes/?C=S;O=A HTTP/1.1" 200 740 "-" "Yandex/1.01.001 (compatible; Win16; I)"
95.108.128.241 - - [11/Jun/2010:00:06:13 -0400] "GET /images/_portfolio/misc/_notes/?C=S;O=A HTTP/1.1" 200 725 "-" "Yandex/1.01.001 (compatible; Win16; I)"
95.108.128.241 - - [11/Jun/2010:00:14:07 -0400] "GET /images/_portfolio/print/?C=D;O=A HTTP/1.1" 200 2033 "-" "Yandex/1.01.001 (compatible; Win16; I)"
95.108.128.241 - - [11/Jun/2010:00:21:47 -0400] "GET /images/_portfolio/misc/digimarc_tutorial.pdf HTTP/1.1" 304 - "-" "Yandex/1.01.001 (compatible; Win16; I)"
95.108.128.241 - - [11/Jun/2010:00:29:28 -0400] "GET /images/_portfolio/web_pages/?C=N;O=D HTTP/1.1" 200 1667 "-" "Yandex/1.01.001 (compatible; Win16; I)"
95.108.128.241 - - [11/Jun/2010:00:37:44 -0400] "GET /images/_portfolio/flash/circles/?C=S;O=A HTTP/1.1" 200 1338 "-" "Yandex/1.01.001 (compatible; Win16; I)"
95.108.128.241 - - [11/Jun/2010:00:53:13 -0400] "GET /images/_portfolio/misc/_notes/?C=N;O=D HTTP/1.1" 200 725 "-" "Yandex/1.01.001 (compatible; Win16; I)"
95.108.128.241 - - [11/Jun/2010:01:01:03 -0400] "GET /images/_portfolio/flash/?C=M;O=A HTTP/1.1" 200 2298 "-" "Yandex/1.01.001 (compatible; Win16; I)"
95.108.128.241 - - [11/Jun/2010:01:08:46 -0400] "GET /images/_portfolio/print/_notes/ HTTP/1.1" 200 728 "-" "Yandex/1.01.001 (compatible; Win16; I)"
95.108.128.241 - - [11/Jun/2010:01:16:27 -0400] "GET /images/_portfolio/flash/circles/?C=N;O=D HTTP/1.1" 200 1338 "-" "Yandex/1.01.001 (compatible; Win16; I)"
95.108.128.241 - - [11/Jun/2010:01:24:09 -0400] "GET /images/_portfolio/print/_notes/?C=N;O=D HTTP/1.1" 200 728 "-" "Yandex/1.01.001 (compatible; Win16; I)"
95.108.128.241 - - [11/Jun/2010:01:40:04 -0400] "GET /images/_portfolio/illustrator/?C=M;O=A HTTP/1.1" 200 3210 "-" "Yandex/1.01.001 (compatible; Win16; I)"
95.108.128.241 - - [11/Jun/2010:01:47:43 -0400] "GET /images/_portfolio/print/_notes/dwsync.xml HTTP/1.1" 200 1147 "-" "Yandex/1.01.001 (compatible; Win16; I)"
95.108.128.241 - - [11/Jun/2010:01:55:50 -0400] "GET /images/_portfolio/flash/_notes/?C=M;O=A HTTP/1.1" 200 728 "-" "Yandex/1.01.001 (compatible; Win16; I)"
95.108.128.241 - - [11/Jun/2010:02:03:33 -0400] "GET /images/_portfolio/illustrator/?C=D;O=A HTTP/1.1" 200 3210 "-" "Yandex/1.01.001 (compatible; Win16; I)"
95.108.128.241 - - [11/Jun/2010:02:11:17 -0400] "GET /images/_portfolio/print/?C=N;O=A HTTP/1.1" 200 2033 "-" "Yandex/1.01.001 (compatible; Win16; I)"
95.108.128.241 - - [11/Jun/2010:02:19:16 -0400] "GET /images/_portfolio/misc/_notes/?C=D;O=A HTTP/1.1" 200 725 "-" "Yandex/1.01.001 (compatible; Win16; I)"
95.108.128.241 - - [11/Jun/2010:02:26:59 -0400] "GET /images/_portfolio/web_pages/_notes/?C=D;O=A HTTP/1.1" 200 740 "-" "Yandex/1.01.001 (compatible; Win16; I)"
95.108.128.241 - - [11/Jun/2010:02:34:37 -0400] "GET /images/_notes/dwsync.xml HTTP/1.1" 200 824 "-" "Yandex/1.01.001 (compatible; Win16; I)"
95.108.128.241 - - [11/Jun/2010:02:42:40 -0400] "GET /images/_portfolio/illustrator/ HTTP/1.1" 200 3210 "-" "Yandex/1.01.001 (compatible; Win16; I)"
95.108.128.241 - - [11/Jun/2010:02:50:20 -0400] "GET /images/_portfolio/flash/_notes/ HTTP/1.1" 200 728 "-" "Yandex/1.01.001 (compatible; Win16; I)"
95.108.128.241 - - [11/Jun/2010:02:58:00 -0400] "GET /images/_portfolio/print/ HTTP/1.1" 200 2033 "-" "Yandex/1.01.001 (compatible; Win16; I)"
95.108.128.241 - - [11/Jun/2010:03:05:40 -0400] "GET /images/_portfolio/photoshop/?C=N;O=A HTTP/1.1" 200 3717 "-" "Yandex/1.01.001 (compatible; Win16; I)"
95.108.128.241 - - [11/Jun/2010:03:13:21 -0400] "GET /images/_portfolio/web_pages/?C=M;O=A HTTP/1.1" 200 1667 "-" "Yandex/1.01.001 (compatible; Win16; I)"
66.249.65.121 - - [11/Jun/2010:03:14:59 -0400] "GET /robots.txt HTTP/1.1" 404 269 "-" "Mozilla/5.0 (compatible; Googlebot/2.1; +http://www.google.com/bot.html)"
66.249.65.121 - - [11/Jun/2010:03:14:59 -0400] "GET /test/form2.html HTTP/1.1" 304 - "-" "Mozilla/5.0 (compatible; Googlebot/2.1; +http://www.google.com/bot.html)"
64.191.56.197 - - [11/Jun/2010:03:22:17 -0400] "GET / HTTP/1.1" 200 3594 "-" "Mozilla/5.0 (Windows; U; Windows NT 5.1; en-US; rv:1.9.0.5) Gecko/2008120122 Firefox/3.0.5"
66.249.65.69 - - [11/Jun/2010:03:23:52 -0400] "GET /images/_portfolio/web_pages/email.gif HTTP/1.1" 304 - "-" "Googlebot-Image/1.0"
95.108.128.241 - - [11/Jun/2010:03:28:54 -0400] "GET /images/_portfolio/photoshop/?C=D;O=A HTTP/1.1" 200 3717 "-" "Yandex/1.01.001 (compatible; Win16; I)"
95.108.128.241 - - [11/Jun/2010:03:36:47 -0400] "GET /images/_portfolio/misc/_notes/dwsync.xml HTTP/1.1" 200 263 "-" "Yandex/1.01.001 (compatible; Win16; I)"
95.108.128.241 - - [11/Jun/2010:03:44:26 -0400] "GET /images/_portfolio/flash/circles/?C=N;O=A HTTP/1.1" 200 1338 "-" "Yandex/1.01.001 (compatible; Win16; I)"
95.108.128.241 - - [11/Jun/2010:03:52:07 -0400] "GET /images/_portfolio/illustrator/_notes/?C=M;O=A HTTP/1.1" 200 746 "-" "Yandex/1.01.001 (compatible; Win16; I)"
95.108.128.241 - - [11/Jun/2010:04:00:33 -0400] "GET /images/_portfolio/print/?C=M;O=D HTTP/1.1" 200 2033 "-" "Yandex/1.01.001 (compatible; Win16; I)"
95.108.128.241 - - [11/Jun/2010:04:08:14 -0400] "GET /images/_portfolio/illustrator/?C=S;O=D HTTP/1.1" 200 3210 "-" "Yandex/1.01.001 (compatible; Win16; I)"
95.108.128.241 - - [11/Jun/2010:04:15:53 -0400] "GET /images/_portfolio/illustrator/_notes/dwsync.xml HTTP/1.1" 200 2108 "-" "Yandex/1.01.001 (compatible; Win16; I)"
95.108.128.241 - - [11/Jun/2010:04:23:32 -0400] "GET /images/_portfolio/flash/circles/ HTTP/1.1" 200 1338 "-" "Yandex/1.01.001 (compatible; Win16; I)"
95.108.128.241 - - [11/Jun/2010:04:31:11 -0400] "GET /images/_portfolio/misc/?C=N;O=A HTTP/1.1" 200 949 "-" "Yandex/1.01.001 (compatible; Win16; I)"
95.108.128.241 - - [11/Jun/2010:04:39:14 -0400] "GET /images/_portfolio/illustrator/_notes/?C=D;O=A HTTP/1.1" 200 746 "-" "Yandex/1.01.001 (compatible; Win16; I)"
95.108.128.241 - - [11/Jun/2010:04:46:53 -0400] "GET /images/_portfolio/flash/?C=N;O=D HTTP/1.1" 200 2298 "-" "Yandex/1.01.001 (compatible; Win16; I)"
95.108.128.241 - - [11/Jun/2010:04:54:30 -0400] "GET /images/_portfolio/photoshop/_notes/?C=M;O=A HTTP/1.1" 200 740 "-" "Yandex/1.01.001 (compatible; Win16; I)"
208.115.111.248 - - [11/Jun/2010:04:59:54 -0400] "GET /robots.txt HTTP/1.1" 404 269 "-" "Mozilla/5.0 (compatible; DotBot/1.1; http://www.dotnetdotcom.org/, crawler@dotnetdotcom.org)"
95.108.128.241 - - [11/Jun/2010:05:02:12 -0400] "GET /images/_portfolio/print/?C=M;O=A HTTP/1.1" 200 2033 "-" "Yandex/1.01.001 (compatible; Win16; I)"
95.108.128.241 - - [11/Jun/2010:05:17:45 -0400] "GET /images/_portfolio/misc/?C=M;O=D HTTP/1.1" 200 949 "-" "Yandex/1.01.001 (compatible; Win16; I)"
95.108.128.241 - - [11/Jun/2010:05:25:52 -0400] "GET /images/_portfolio/web_pages/?C=N;O=A HTTP/1.1" 200 1667 "-" "Yandex/1.01.001 (compatible; Win16; I)"
95.108.128.241 - - [11/Jun/2010:05:33:55 -0400] "GET /images/_portfolio/print/?C=S;O=D HTTP/1.1" 200 2033 "-" "Yandex/1.01.001 (compatible; Win16; I)"
95.108.128.241 - - [11/Jun/2010:05:41:50 -0400] "GET /images/_portfolio/photoshop/_notes/ HTTP/1.1" 200 740 "-" "Yandex/1.01.001 (compatible; Win16; I)"
95.108.128.241 - - [11/Jun/2010:05:49:26 -0400] "GET /images/_portfolio/photoshop/?C=M;O=D HTTP/1.1" 200 3717 "-" "Yandex/1.01.001 (compatible; Win16; I)"
95.108.128.241 - - [11/Jun/2010:05:57:04 -0400] "GET /images/_portfolio/web_pages/_notes/dwsync.xml HTTP/1.1" 200 839 "-" "Yandex/1.01.001 (compatible; Win16; I)"
95.108.128.241 - - [11/Jun/2010:06:04:51 -0400] "GET /images/_portfolio/misc/_notes/?C=M;O=A HTTP/1.1" 200 725 "-" "Yandex/1.01.001 (compatible; Win16; I)"
95.108.128.241 - - [11/Jun/2010:06:12:27 -0400] "GET /images/_portfolio/flash/circles/_notes/?C=N;O=D HTTP/1.1" 200 752 "-" "Yandex/1.01.001 (compatible; Win16; I)"
95.108.128.241 - - [11/Jun/2010:06:20:03 -0400] "GET /images/_portfolio/flash/butterfly_animation.swf HTTP/1.1" 200 8644 "-" "Yandex/1.01.001 (compatible; Win16; I)"
66.249.65.121 - - [11/Jun/2010:06:25:05 -0400] "GET /test/clock.html HTTP/1.1" 304 - "-" "Mozilla/5.0 (compatible; Googlebot/2.1; +http://www.google.com/bot.html)"
95.108.128.241 - - [11/Jun/2010:06:27:38 -0400] "GET /images/_portfolio/flash/?C=S;O=A HTTP/1.1" 200 2298 "-" "Yandex/1.01.001 (compatible; Win16; I)"
95.108.128.241 - - [11/Jun/2010:06:35:13 -0400] "GET /images/_portfolio/misc/?C=D;O=A HTTP/1.1" 200 949 "-" "Yandex/1.01.001 (compatible; Win16; I)"
95.108.128.241 - - [11/Jun/2010:06:42:53 -0400] "GET /images/_portfolio/flash/circles/_notes/dwsync.xml HTTP/1.1" 200 557 "-" "Yandex/1.01.001 (compatible; Win16; I)"
95.108.128.241 - - [11/Jun/2010:06:50:26 -0400] "GET /images/_portfolio/illustrator/?C=S;O=A HTTP/1.1" 200 3210 "-" "Yandex/1.01.001 (compatible; Win16; I)"
95.108.128.241 - - [11/Jun/2010:07:05:33 -0400] "GET /images/_portfolio/flash/circles/?C=M;O=A HTTP/1.1" 200 1338 "-" "Yandex/1.01.001 (compatible; Win16; I)"
95.108.128.241 - - [11/Jun/2010:07:13:14 -0400] "GET /images/_portfolio/flash/circles/?C=M;O=D HTTP/1.1" 200 1338 "-" "Yandex/1.01.001 (compatible; Win16; I)"
95.108.128.241 - - [11/Jun/2010:07:20:52 -0400] "GET /images/_portfolio/print/?C=S;O=A HTTP/1.1" 200 2033 "-" "Yandex/1.01.001 (compatible; Win16; I)"
95.108.128.241 - - [11/Jun/2010:07:28:31 -0400] "GET /Harris_House/rent-to-own.html HTTP/1.1" 200 4688 "-" "Yandex/1.01.001 (compatible; Win16; I)"
95.108.128.241 - - [11/Jun/2010:07:37:01 -0400] "GET /images/_portfolio/web_pages/?C=M;O=D HTTP/1.1" 200 1667 "-" "Yandex/1.01.001 (compatible; Win16; I)"
95.108.128.241 - - [11/Jun/2010:07:44:32 -0400] "GET /images/_portfolio/photoshop/_notes/?C=N;O=D HTTP/1.1" 200 740 "-" "Yandex/1.01.001 (compatible; Win16; I)"
95.108.128.241 - - [11/Jun/2010:07:52:17 -0400] "GET /images/_portfolio/flash/circles/_notes/?C=S;O=A HTTP/1.1" 200 752 "-" "Yandex/1.01.001 (compatible; Win16; I)"
95.108.128.241 - - [11/Jun/2010:07:59:47 -0400] "GET /images/_portfolio/illustrator/_notes/?C=S;O=A HTTP/1.1" 200 746 "-" "Yandex/1.01.001 (compatible; Win16; I)"
95.108.128.241 - - [11/Jun/2010:08:07:26 -0400] "GET /images/_portfolio/flash/?C=S;O=D HTTP/1.1" 200 2298 "-" "Yandex/1.01.001 (compatible; Win16; I)"
95.108.128.241 - - [11/Jun/2010:08:15:05 -0400] "GET /images/_portfolio/illustrator/_notes/ HTTP/1.1" 200 746 "-" "Yandex/1.01.001 (compatible; Win16; I)"
95.108.128.241 - - [11/Jun/2010:08:22:45 -0400] "GET /images/_portfolio/misc/?C=N;O=D HTTP/1.1" 200 949 "-" "Yandex/1.01.001 (compatible; Win16; I)"
95.108.128.241 - - [11/Jun/2010:08:30:16 -0400] "GET /images/_portfolio/misc/?C=M;O=A HTTP/1.1" 200 949 "-" "Yandex/1.01.001 (compatible; Win16; I)"
95.108.128.241 - - [11/Jun/2010:08:37:46 -0400] "GET /images/_portfolio/photoshop/_notes/?C=D;O=A HTTP/1.1" 200 740 "-" "Yandex/1.01.001 (compatible; Win16; I)"
208.115.111.248 - - [11/Jun/2010:08:42:02 -0400] "GET /robots.txt HTTP/1.1" 404 269 "-" "Mozilla/5.0 (compatible; DotBot/1.1; http://www.dotnetdotcom.org/, crawler@dotnetdotcom.org)"
208.115.111.248 - - [11/Jun/2010:08:46:12 -0400] "GET /email/origins.html HTTP/1.1" 404 277 "-" "Mozilla/5.0 (compatible; DotBot/1.1; http://www.dotnetdotcom.org/, crawler@dotnetdotcom.org)"
208.115.111.248 - - [11/Jun/2010:08:46:17 -0400] "GET /index.html HTTP/1.1" 404 269 "-" "Mozilla/5.0 (compatible; DotBot/1.1; http://www.dotnetdotcom.org/, crawler@dotnetdotcom.org)"
208.115.111.248 - - [11/Jun/2010:08:46:22 -0400] "GET /jeb_signature.txt HTTP/1.1" 200 184 "-" "Mozilla/5.0 (compatible; DotBot/1.1; http://www.dotnetdotcom.org/, crawler@dotnetdotcom.org)"
95.108.128.241 - - [11/Jun/2010:08:52:52 -0400] "GET /images/_portfolio/flash/wine_banner.swf HTTP/1.1" 200 43696 "-" "Yandex/1.01.001 (compatible; Win16; I)"
95.108.128.241 - - [11/Jun/2010:09:00:53 -0400] "GET /images/_portfolio/misc/_notes/ HTTP/1.1" 200 725 "-" "Yandex/1.01.001 (compatible; Win16; I)"
95.108.128.241 - - [11/Jun/2010:09:08:44 -0400] "GET /logs/?C=M;O=D HTTP/1.1" 200 769 "-" "Yandex/1.01.001 (compatible; Win16; I)"
95.108.128.241 - - [11/Jun/2010:09:16:14 -0400] "GET /images/_portfolio/flash/circles/_notes/ HTTP/1.1" 200 752 "-" "Yandex/1.01.001 (compatible; Win16; I)"
95.108.128.241 - - [11/Jun/2010:09:23:56 -0400] "GET /images/_portfolio/flash/circles/?C=D;O=A HTTP/1.1" 200 1338 "-" "Yandex/1.01.001 (compatible; Win16; I)"
95.108.128.241 - - [11/Jun/2010:09:31:29 -0400] "GET /images/_portfolio/photoshop/_notes/dwsync.xml HTTP/1.1" 200 2534 "-" "Yandex/1.01.001 (compatible; Win16; I)"
66.249.71.149 - - [11/Jun/2010:09:35:36 -0400] "GET /robots.txt HTTP/1.1" 404 269 "-" "Mozilla/5.0 (compatible; Googlebot/2.1; +http://www.google.com/bot.html)"
66.249.71.149 - - [11/Jun/2010:09:35:36 -0400] "GET /images/_notes/dwsync.xml HTTP/1.1" 304 - "-" "Mozilla/5.0 (compatible; Googlebot/2.1; +http://www.google.com/bot.html)"
95.108.128.241 - - [11/Jun/2010:09:38:55 -0400] "GET /images/_portfolio/illustrator/?C=N;O=A HTTP/1.1" 200 3210 "-" "Yandex/1.01.001 (compatible; Win16; I)"
95.108.128.241 - - [11/Jun/2010:09:46:23 -0400] "GET /images/_portfolio/print/cd_spine_back.pdf HTTP/1.1" 304 - "-" "Yandex/1.01.001 (compatible; Win16; I)"
95.108.128.241 - - [11/Jun/2010:09:53:55 -0400] "GET /images/_portfolio/misc/ftp_alex.pdf HTTP/1.1" 304 - "-" "Yandex/1.01.001 (compatible; Win16; I)"
95.108.128.241 - - [11/Jun/2010:10:01:37 -0400] "GET /images/_portfolio/print/_notes/?C=D;O=A HTTP/1.1" 200 728 "-" "Yandex/1.01.001 (compatible; Win16; I)"
95.108.128.241 - - [11/Jun/2010:10:09:06 -0400] "GET /images/_portfolio/photoshop/?C=S;O=A HTTP/1.1" 200 3717 "-" "Yandex/1.01.001 (compatible; Win16; I)"
95.108.128.241 - - [11/Jun/2010:10:16:53 -0400] "GET /logs/?C=S;O=D HTTP/1.1" 200 769 "-" "Yandex/1.01.001 (compatible; Win16; I)"
95.108.128.241 - - [11/Jun/2010:10:24:35 -0400] "GET /images/_portfolio/flash/_notes/?C=N;O=D HTTP/1.1" 200 728 "-" "Yandex/1.01.001 (compatible; Win16; I)"
95.108.128.241 - - [11/Jun/2010:10:39:42 -0400] "GET /images/_portfolio/web_pages/ HTTP/1.1" 200 1667 "-" "Yandex/1.01.001 (compatible; Win16; I)"
95.108.128.241 - - [11/Jun/2010:10:47:03 -0400] "GET /images/_portfolio/flash/_notes/?C=D;O=A HTTP/1.1" 200 728 "-" "Yandex/1.01.001 (compatible; Win16; I)"
95.108.128.241 - - [11/Jun/2010:10:54:23 -0400] "GET /images/_portfolio/flash/_notes/dwsync.xml HTTP/1.1" 200 1270 "-" "Yandex/1.01.001 (compatible; Win16; I)"
95.108.128.241 - - [11/Jun/2010:11:02:01 -0400] "GET /images/_portfolio/flash/?C=M;O=D HTTP/1.1" 200 2298 "-" "Yandex/1.01.001 (compatible; Win16; I)"
95.108.128.241 - - [11/Jun/2010:11:09:20 -0400] "GET /images/_portfolio/flash/?C=D;O=A HTTP/1.1" 200 2298 "-" "Yandex/1.01.001 (compatible; Win16; I)"
95.108.128.241 - - [11/Jun/2010:11:16:37 -0400] "GET /images/_portfolio/print/_notes/?C=S;O=A HTTP/1.1" 200 728 "-" "Yandex/1.01.001 (compatible; Win16; I)"
95.108.128.241 - - [11/Jun/2010:11:24:30 -0400] "GET /images/_portfolio/flash/circles/?C=S;O=D HTTP/1.1" 200 1338 "-" "Yandex/1.01.001 (compatible; Win16; I)"
95.108.128.241 - - [11/Jun/2010:11:31:40 -0400] "GET /images/_portfolio/print/?C=N;O=D HTTP/1.1" 200 2033 "-" "Yandex/1.01.001 (compatible; Win16; I)"
95.108.128.241 - - [11/Jun/2010:11:39:39 -0400] "GET /images/_portfolio/illustrator/?C=M;O=D HTTP/1.1" 200 3210 "-" "Yandex/1.01.001 (compatible; Win16; I)"
95.108.128.241 - - [11/Jun/2010:11:46:39 -0400] "GET /images/_portfolio/misc/?C=S;O=A HTTP/1.1" 200 949 "-" "Yandex/1.01.001 (compatible; Win16; I)"
95.108.128.241 - - [11/Jun/2010:11:53:39 -0400] "GET /images/_portfolio/web_pages/?C=S;O=A HTTP/1.1" 200 1667 "-" "Yandex/1.01.001 (compatible; Win16; I)"
95.108.128.241 - - [11/Jun/2010:12:00:45 -0400] "GET /images/_portfolio/print/_notes/?C=M;O=A HTTP/1.1" 200 728 "-" "Yandex/1.01.001 (compatible; Win16; I)"
95.108.128.241 - - [11/Jun/2010:12:14:34 -0400] "GET /images/_portfolio/photoshop/?C=M;O=A HTTP/1.1" 200 3717 "-" "Yandex/1.01.001 (compatible; Win16; I)"
208.115.111.248 - - [11/Jun/2010:12:36:26 -0400] "GET /robots.txt HTTP/1.1" 404 269 "-" "Mozilla/5.0 (compatible; DotBot/1.1; http://www.dotnetdotcom.org/, crawler@dotnetdotcom.org)"
208.115.111.248 - - [11/Jun/2010:12:40:15 -0400] "GET /Harris_House/ HTTP/1.1" 200 4623 "-" "Mozilla/5.0 (compatible; DotBot/1.1; http://www.dotnetdotcom.org/, crawler@dotnetdotcom.org)"
208.115.111.248 - - [11/Jun/2010:12:40:19 -0400] "GET /circle_final.swf HTTP/1.1" 200 5728 "-" "Mozilla/5.0 (compatible; DotBot/1.1; http://www.dotnetdotcom.org/, crawler@dotnetdotcom.org)"
208.115.111.248 - - [11/Jun/2010:12:40:24 -0400] "GET /contact.html HTTP/1.1" 200 6927 "-" "Mozilla/5.0 (compatible; DotBot/1.1; http://www.dotnetdotcom.org/, crawler@dotnetdotcom.org)"
208.115.111.248 - - [11/Jun/2010:12:40:28 -0400] "GET /favicon.ico HTTP/1.1" 200 1150 "-" "Mozilla/5.0 (compatible; DotBot/1.1; http://www.dotnetdotcom.org/, crawler@dotnetdotcom.org)"
208.115.111.248 - - [11/Jun/2010:12:40:33 -0400] "GET /formmail.php HTTP/1.1" 200 319 "-" "Mozilla/5.0 (compatible; DotBot/1.1; http://www.dotnetdotcom.org/, crawler@dotnetdotcom.org)"
208.115.111.248 - - [11/Jun/2010:12:40:38 -0400] "GET /illustrator.html HTTP/1.1" 200 6612 "-" "Mozilla/5.0 (compatible; DotBot/1.1; http://www.dotnetdotcom.org/, crawler@dotnetdotcom.org)"
208.115.111.248 - - [11/Jun/2010:12:40:44 -0400] "GET /photoshop.html HTTP/1.1" 200 7709 "-" "Mozilla/5.0 (compatible; DotBot/1.1; http://www.dotnetdotcom.org/, crawler@dotnetdotcom.org)"
208.115.111.248 - - [11/Jun/2010:12:40:48 -0400] "GET /text_design.swf HTTP/1.1" 200 2958 "-" "Mozilla/5.0 (compatible; DotBot/1.1; http://www.dotnetdotcom.org/, crawler@dotnetdotcom.org)"
208.115.111.248 - - [11/Jun/2010:12:40:54 -0400] "GET /text_install.swf HTTP/1.1" 200 2718 "-" "Mozilla/5.0 (compatible; DotBot/1.1; http://www.dotnetdotcom.org/, crawler@dotnetdotcom.org)"
208.115.111.248 - - [11/Jun/2010:12:40:59 -0400] "GET /text_service.swf HTTP/1.1" 200 2800 "-" "Mozilla/5.0 (compatible; DotBot/1.1; http://www.dotnetdotcom.org/, crawler@dotnetdotcom.org)"
66.249.71.149 - - [11/Jun/2010:12:45:46 -0400] "GET /jeb_signature.txt HTTP/1.1" 304 - "-" "Mozilla/5.0 (compatible; Googlebot/2.1; +http://www.google.com/bot.html)"
67.218.116.167 - - [11/Jun/2010:14:45:28 -0400] "GET /robots.txt HTTP/1.1" 404 269 "-" "Mozilla/5.0 (Twiceler-0.9 http://www.cuil.com/twiceler/robot.html)"
67.218.116.166 - - [11/Jun/2010:14:52:13 -0400] "GET /robots.txt HTTP/1.1" 404 269 "-" "Mozilla/5.0 (Twiceler-0.9 http://www.cuil.com/twiceler/robot.html)"
207.46.204.178 - - [11/Jun/2010:14:54:27 -0400] "GET /robots.txt HTTP/1.1" 404 269 "-" "msnbot/2.0b (+http://search.msn.com/msnbot.htm)"
207.46.204.178 - - [11/Jun/2010:14:55:30 -0400] "GET /email/origins.html HTTP/1.1" 404 277 "-" "msnbot/2.0b (+http://search.msn.com/msnbot.htm)"
67.218.116.167 - - [11/Jun/2010:15:27:26 -0400] "GET /illustrator.html HTTP/1.1" 200 6612 "-" "Mozilla/5.0 (Twiceler-0.9 http://www.cuil.com/twiceler/robot.html)"
66.249.71.149 - - [11/Jun/2010:15:56:31 -0400] "GET /text_service.swf HTTP/1.1" 200 2800 "-" "Mozilla/5.0 (compatible; Googlebot/2.1; +http://www.google.com/bot.html)"
207.46.199.193 - - [11/Jun/2010:16:00:53 -0400] "GET /robots.txt HTTP/1.1" 404 269 "-" "msnbot/2.0b (+http://search.msn.com/msnbot.htm)"
208.115.111.248 - - [11/Jun/2010:16:15:03 -0400] "GET /robots.txt HTTP/1.1" 404 269 "-" "Mozilla/5.0 (compatible; DotBot/1.1; http://www.dotnetdotcom.org/, crawler@dotnetdotcom.org)"
208.115.111.248 - - [11/Jun/2010:16:18:29 -0400] "GET /?C=D;O=A HTTP/1.1" 200 3594 "-" "Mozilla/5.0 (compatible; DotBot/1.1; http://www.dotnetdotcom.org/, crawler@dotnetdotcom.org)"
208.115.111.248 - - [11/Jun/2010:16:18:34 -0400] "GET /?C=M;O=A HTTP/1.1" 200 3594 "-" "Mozilla/5.0 (compatible; DotBot/1.1; http://www.dotnetdotcom.org/, crawler@dotnetdotcom.org)"
208.115.111.248 - - [11/Jun/2010:16:18:39 -0400] "GET /Thumbs.db HTTP/1.1" 200 8192 "-" "Mozilla/5.0 (compatible; DotBot/1.1; http://www.dotnetdotcom.org/, crawler@dotnetdotcom.org)"
208.115.111.248 - - [11/Jun/2010:16:18:44 -0400] "GET /flash.html HTTP/1.1" 200 4756 "-" "Mozilla/5.0 (compatible; DotBot/1.1; http://www.dotnetdotcom.org/, crawler@dotnetdotcom.org)"
208.115.111.248 - - [11/Jun/2010:16:18:49 -0400] "GET /movie.swf HTTP/1.1" 200 4687 "-" "Mozilla/5.0 (compatible; DotBot/1.1; http://www.dotnetdotcom.org/, crawler@dotnetdotcom.org)"
208.115.111.248 - - [11/Jun/2010:16:18:54 -0400] "GET /pages.html HTTP/1.1" 200 4692 "-" "Mozilla/5.0 (compatible; DotBot/1.1; http://www.dotnetdotcom.org/, crawler@dotnetdotcom.org)"
208.115.111.248 - - [11/Jun/2010:16:18:59 -0400] "GET /print.html HTTP/1.1" 200 4324 "-" "Mozilla/5.0 (compatible; DotBot/1.1; http://www.dotnetdotcom.org/, crawler@dotnetdotcom.org)"
173.212.206.186 - - [11/Jun/2010:16:50:31 -0400] "GET /contact.html HTTP/1.1" 200 6927 "-" "Mozilla/4.0 (compatible; MSIE 6.0; Windows NT 5.1; SV1)"
95.108.128.241 - - [11/Jun/2010:17:01:38 -0400] "GET /robots.txt HTTP/1.1" 404 269 "-" "Yandex/1.01.001 (compatible; Win16; I)"
66.249.71.149 - - [11/Jun/2010:19:07:37 -0400] "GET /images/_portfolio/flash/circles/text_design.swf HTTP/1.1" 200 2958 "-" "Mozilla/5.0 (compatible; Googlebot/2.1; +http://www.google.com/bot.html)"
95.108.128.241 - - [11/Jun/2010:19:12:59 -0400] "GET /Thumbs.db HTTP/1.1" 200 8192 "-" "Yandex/1.01.001 (compatible; Win16; I)"
208.115.111.248 - - [11/Jun/2010:20:05:27 -0400] "GET / HTTP/1.1" 200 3594 "-" "Mozilla/5.0 (compatible; DotBot/1.1; http://www.dotnetdotcom.org/, crawler@dotnetdotcom.org)"
208.115.111.248 - - [11/Jun/2010:20:05:32 -0400] "GET /?C=N;O=D HTTP/1.1" 200 3594 "-" "Mozilla/5.0 (compatible; DotBot/1.1; http://www.dotnetdotcom.org/, crawler@dotnetdotcom.org)"
208.115.111.248 - - [11/Jun/2010:20:05:37 -0400] "GET /?C=S;O=A HTTP/1.1" 200 3594 "-" "Mozilla/5.0 (compatible; DotBot/1.1; http://www.dotnetdotcom.org/, crawler@dotnetdotcom.org)"
208.115.111.248 - - [11/Jun/2010:20:05:42 -0400] "GET /home.swf HTTP/1.1" 200 17352 "-" "Mozilla/5.0 (compatible; DotBot/1.1; http://www.dotnetdotcom.org/, crawler@dotnetdotcom.org)"
208.115.111.248 - - [11/Jun/2010:20:05:47 -0400] "GET /logs/ HTTP/1.1" 200 769 "-" "Mozilla/5.0 (compatible; DotBot/1.1; http://www.dotnetdotcom.org/, crawler@dotnetdotcom.org)"
208.115.111.248 - - [11/Jun/2010:20:05:52 -0400] "GET /main.js HTTP/1.1" 200 5103 "-" "Mozilla/5.0 (compatible; DotBot/1.1; http://www.dotnetdotcom.org/, crawler@dotnetdotcom.org)"
95.108.128.241 - - [11/Jun/2010:21:19:49 -0400] "GET /images/_portfolio/flash/_notes/?C=S;O=A HTTP/1.1" 200 728 "-" "Yandex/1.01.001 (compatible; Win16; I)"
95.108.128.241 - - [11/Jun/2010:23:26:39 -0400] "GET /images/_portfolio/web_pages/_notes/?C=M;O=A HTTP/1.1" 200 740 "-" "Yandex/1.01.001 (compatible; Win16; I)"
95.108.128.241 - - [12/Jun/2010:01:33:29 -0400] "GET /images/_portfolio/flash/circles/_notes/?C=M;O=A HTTP/1.1" 200 752 "-" "Yandex/1.01.001 (compatible; Win16; I)"
66.249.71.149 - - [12/Jun/2010:02:08:09 -0400] "GET /robots.txt HTTP/1.1" 404 269 "-" "Mozilla/5.0 (compatible; Googlebot/2.1; +http://www.google.com/bot.html)"
66.249.71.149 - - [12/Jun/2010:02:08:09 -0400] "GET /photoshop.html HTTP/1.1" 304 - "-" "Mozilla/5.0 (compatible; Googlebot/2.1; +http://www.google.com/bot.html)"
95.108.128.241 - - [12/Jun/2010:03:40:21 -0400] "GET /images/_portfolio/flash/circles/_notes/?C=D;O=A HTTP/1.1" 200 752 "-" "Yandex/1.01.001 (compatible; Win16; I)"
95.108.128.241 - - [12/Jun/2010:04:43:45 -0400] "GET /images/_portfolio/web_pages/_notes/?C=N;O=D HTTP/1.1" 200 740 "-" "Yandex/1.01.001 (compatible; Win16; I)"
173.212.206.186 - - [12/Jun/2010:05:00:55 -0400] "POST /formmail.php HTTP/1.1" 200 355 "http://alex.jeb.ca/contact.html" "Mozilla/4.0 (compatible; MSIE 6.0; Windows NT 5.1; SV1)"
173.212.206.186 - - [12/Jun/2010:05:00:55 -0400] "GET /formmail.php HTTP/1.1" 200 319 "-" "Mozilla/4.0 (compatible; MSIE 6.0; Windows NT 5.1; SV1)"
173.212.206.186 - - [12/Jun/2010:05:00:55 -0400] "GET /contact.html HTTP/1.1" 200 6927 "-" "Mozilla/4.0 (compatible; MSIE 6.0; Windows NT 5.1; SV1)"
173.212.206.186 - - [12/Jun/2010:05:00:56 -0400] "GET / HTTP/1.1" 200 3594 "-" "Mozilla/4.0 (compatible; MSIE 6.0; Windows NT 5.1; SV1)"
67.218.116.167 - - [12/Jun/2010:06:47:46 -0400] "GET /logs/ HTTP/1.1" 200 769 "-" "Mozilla/5.0 (Twiceler-0.9 http://www.cuil.com/twiceler/robot.html)"
95.108.128.241 - - [12/Jun/2010:06:50:33 -0400] "GET /images/_portfolio/web_pages/_notes/?C=S;O=A HTTP/1.1" 200 740 "-" "Yandex/1.01.001 (compatible; Win16; I)"
66.249.71.149 - - [12/Jun/2010:07:27:59 -0400] "GET /movie.swf HTTP/1.1" 200 4687 "-" "Mozilla/5.0 (compatible; Googlebot/2.1; +http://www.google.com/bot.html)"
95.108.128.241 - - [12/Jun/2010:07:53:57 -0400] "GET /text/?C=S;O=D HTTP/1.1" 200 1134 "-" "Yandex/1.01.001 (compatible; Win16; I)"
66.249.65.69 - - [12/Jun/2010:11:11:13 -0400] "GET /robots.txt HTTP/1.1" 404 269 "-" "Mozilla/5.0 (compatible; Googlebot/2.1; +http://www.google.com/bot.html)"
66.249.65.69 - - [12/Jun/2010:11:11:13 -0400] "GET /text_design.swf HTTP/1.1" 200 2958 "-" "Mozilla/5.0 (compatible; Googlebot/2.1; +http://www.google.com/bot.html)"
67.218.116.167 - - [12/Jun/2010:14:44:31 -0400] "GET /robots.txt HTTP/1.1" 404 269 "-" "Mozilla/5.0 (Twiceler-0.9 http://www.cuil.com/twiceler/robot.html)"
67.218.116.166 - - [12/Jun/2010:14:48:05 -0400] "GET /robots.txt HTTP/1.1" 404 269 "-" "Mozilla/5.0 (Twiceler-0.9 http://www.cuil.com/twiceler/robot.html)"
66.249.65.69 - - [12/Jun/2010:14:52:38 -0400] "GET /text_install.swf HTTP/1.1" 200 2718 "-" "Mozilla/5.0 (compatible; Googlebot/2.1; +http://www.google.com/bot.html)"
66.249.65.69 - - [12/Jun/2010:18:35:13 -0400] "GET /images/_portfolio/flash/circles/text_install.swf HTTP/1.1" 200 2718 "-" "Mozilla/5.0 (compatible; Googlebot/2.1; +http://www.google.com/bot.html)"
91.205.96.13 - - [12/Jun/2010:20:57:08 -0400] "GET / HTTP/1.1" 200 3594 "-" "Mozilla/5.0 (compatible; Purebot/1.1; +http://www.puritysearch.net/)"
91.205.96.13 - - [12/Jun/2010:20:57:10 -0400] "GET /?C=N;O=D HTTP/1.1" 200 3594 "-" "Mozilla/5.0 (compatible; Purebot/1.1; +http://www.puritysearch.net/)"
91.205.96.13 - - [12/Jun/2010:20:57:11 -0400] "GET /?C=M;O=A HTTP/1.1" 200 3594 "-" "Mozilla/5.0 (compatible; Purebot/1.1; +http://www.puritysearch.net/)"
91.205.96.13 - - [12/Jun/2010:20:57:13 -0400] "GET /?C=S;O=A HTTP/1.1" 200 3594 "-" "Mozilla/5.0 (compatible; Purebot/1.1; +http://www.puritysearch.net/)"
91.205.96.13 - - [12/Jun/2010:20:57:15 -0400] "GET /?C=D;O=A HTTP/1.1" 200 3594 "-" "Mozilla/5.0 (compatible; Purebot/1.1; +http://www.puritysearch.net/)"
91.205.96.13 - - [12/Jun/2010:20:57:16 -0400] "GET /Harris_House/ HTTP/1.1" 200 4623 "-" "Mozilla/5.0 (compatible; Purebot/1.1; +http://www.puritysearch.net/)"
91.205.96.13 - - [12/Jun/2010:20:57:17 -0400] "GET /_notes/ HTTP/1.1" 200 656 "-" "Mozilla/5.0 (compatible; Purebot/1.1; +http://www.puritysearch.net/)"
91.205.96.13 - - [12/Jun/2010:20:57:19 -0400] "GET /contact.html HTTP/1.1" 200 6927 "-" "Mozilla/5.0 (compatible; Purebot/1.1; +http://www.puritysearch.net/)"
91.205.96.13 - - [12/Jun/2010:20:57:21 -0400] "GET /flash.html HTTP/1.1" 200 4756 "-" "Mozilla/5.0 (compatible; Purebot/1.1; +http://www.puritysearch.net/)"
91.205.96.13 - - [12/Jun/2010:20:57:22 -0400] "GET /formmail.php HTTP/1.1" 200 319 "-" "Mozilla/5.0 (compatible; Purebot/1.1; +http://www.puritysearch.net/)"
91.205.96.13 - - [12/Jun/2010:20:57:24 -0400] "GET /illustrator.html HTTP/1.1" 200 6612 "-" "Mozilla/5.0 (compatible; Purebot/1.1; +http://www.puritysearch.net/)"
91.205.96.13 - - [12/Jun/2010:20:57:25 -0400] "GET /images/ HTTP/1.1" 200 1827 "-" "Mozilla/5.0 (compatible; Purebot/1.1; +http://www.puritysearch.net/)"
91.205.96.13 - - [12/Jun/2010:20:57:27 -0400] "GET /logs/ HTTP/1.1" 200 769 "-" "Mozilla/5.0 (compatible; Purebot/1.1; +http://www.puritysearch.net/)"
91.205.96.13 - - [12/Jun/2010:20:57:28 -0400] "GET /pages.html HTTP/1.1" 200 4692 "-" "Mozilla/5.0 (compatible; Purebot/1.1; +http://www.puritysearch.net/)"
91.205.96.13 - - [12/Jun/2010:20:57:29 -0400] "GET /photoshop.html HTTP/1.1" 200 7709 "-" "Mozilla/5.0 (compatible; Purebot/1.1; +http://www.puritysearch.net/)"
91.205.96.13 - - [12/Jun/2010:20:57:30 -0400] "GET /print.html HTTP/1.1" 200 4324 "-" "Mozilla/5.0 (compatible; Purebot/1.1; +http://www.puritysearch.net/)"
91.205.96.13 - - [12/Jun/2010:20:57:32 -0400] "GET /test/ HTTP/1.1" 200 1613 "-" "Mozilla/5.0 (compatible; Purebot/1.1; +http://www.puritysearch.net/)"
91.205.96.13 - - [12/Jun/2010:20:57:33 -0400] "GET /test/form.html HTTP/1.1" 200 4778 "-" "Mozilla/5.0 (compatible; Purebot/1.1; +http://www.puritysearch.net/)"
91.205.96.13 - - [12/Jun/2010:20:57:35 -0400] "GET /Harris_House/photo_tour.html HTTP/1.1" 200 3578 "-" "Mozilla/5.0 (compatible; Purebot/1.1; +http://www.puritysearch.net/)"
91.205.96.13 - - [12/Jun/2010:20:57:36 -0400] "GET /test/form2.html HTTP/1.1" 200 1596 "-" "Mozilla/5.0 (compatible; Purebot/1.1; +http://www.puritysearch.net/)"
91.205.96.13 - - [12/Jun/2010:20:57:37 -0400] "GET /?C=M;O=D HTTP/1.1" 200 3594 "-" "Mozilla/5.0 (compatible; Purebot/1.1; +http://www.puritysearch.net/)"
91.205.96.13 - - [12/Jun/2010:20:57:38 -0400] "GET /logs/?C=N;O=D HTTP/1.1" 200 769 "-" "Mozilla/5.0 (compatible; Purebot/1.1; +http://www.puritysearch.net/)"
91.205.96.13 - - [12/Jun/2010:20:57:40 -0400] "GET /Harris_House/contact.html HTTP/1.1" 200 5366 "-" "Mozilla/5.0 (compatible; Purebot/1.1; +http://www.puritysearch.net/)"
91.205.96.13 - - [12/Jun/2010:20:57:42 -0400] "GET /images/_portfolio/ HTTP/1.1" 200 1258 "-" "Mozilla/5.0 (compatible; Purebot/1.1; +http://www.puritysearch.net/)"
91.205.96.13 - - [12/Jun/2010:20:57:44 -0400] "GET /logs/?C=M;O=A HTTP/1.1" 200 769 "-" "Mozilla/5.0 (compatible; Purebot/1.1; +http://www.puritysearch.net/)"
91.205.96.13 - - [12/Jun/2010:20:57:45 -0400] "GET /test/index.html HTTP/1.1" 200 1613 "-" "Mozilla/5.0 (compatible; Purebot/1.1; +http://www.puritysearch.net/)"
91.205.96.13 - - [12/Jun/2010:20:57:47 -0400] "GET /images/_portfolio/photoshop/ HTTP/1.1" 200 3717 "-" "Mozilla/5.0 (compatible; Purebot/1.1; +http://www.puritysearch.net/)"
91.205.96.13 - - [12/Jun/2010:20:57:48 -0400] "GET /images/_portfolio/photoshop/?C=D;O=A HTTP/1.1" 200 3717 "-" "Mozilla/5.0 (compatible; Purebot/1.1; +http://www.puritysearch.net/)"
91.205.96.13 - - [12/Jun/2010:20:57:50 -0400] "GET /images/_portfolio/photoshop/_notes/ HTTP/1.1" 200 740 "-" "Mozilla/5.0 (compatible; Purebot/1.1; +http://www.puritysearch.net/)"
91.205.96.13 - - [12/Jun/2010:20:57:50 -0400] "GET /?C=N;O=A HTTP/1.1" 200 3594 "-" "Mozilla/5.0 (compatible; Purebot/1.1; +http://www.puritysearch.net/)"
91.205.96.13 - - [12/Jun/2010:20:57:51 -0400] "GET /images/_portfolio/photoshop/_notes/?C=M;O=A HTTP/1.1" 200 740 "-" "Mozilla/5.0 (compatible; Purebot/1.1; +http://www.puritysearch.net/)"
91.205.96.13 - - [12/Jun/2010:20:57:53 -0400] "GET /images/_portfolio/web_pages/ HTTP/1.1" 200 1667 "-" "Mozilla/5.0 (compatible; Purebot/1.1; +http://www.puritysearch.net/)"
91.205.96.13 - - [12/Jun/2010:20:57:54 -0400] "GET /images/_portfolio/photoshop/?C=N;O=D HTTP/1.1" 200 3717 "-" "Mozilla/5.0 (compatible; Purebot/1.1; +http://www.puritysearch.net/)"
91.205.96.13 - - [12/Jun/2010:20:57:56 -0400] "GET /images/_portfolio/photoshop/_notes/?C=D;O=A HTTP/1.1" 200 740 "-" "Mozilla/5.0 (compatible; Purebot/1.1; +http://www.puritysearch.net/)"
91.205.96.13 - - [12/Jun/2010:20:57:58 -0400] "GET /images/_portfolio/misc/ HTTP/1.1" 200 949 "-" "Mozilla/5.0 (compatible; Purebot/1.1; +http://www.puritysearch.net/)"
91.205.96.13 - - [12/Jun/2010:20:57:59 -0400] "GET /images/_portfolio/photoshop/?C=M;O=A HTTP/1.1" 200 3717 "-" "Mozilla/5.0 (compatible; Purebot/1.1; +http://www.puritysearch.net/)"
91.205.96.13 - - [12/Jun/2010:20:58:01 -0400] "GET /images/_portfolio/photoshop/?C=D;O=D HTTP/1.1" 200 3717 "-" "Mozilla/5.0 (compatible; Purebot/1.1; +http://www.puritysearch.net/)"
91.205.96.13 - - [12/Jun/2010:20:58:02 -0400] "GET /images/_portfolio/photoshop/?C=M;O=D HTTP/1.1" 200 3717 "-" "Mozilla/5.0 (compatible; Purebot/1.1; +http://www.puritysearch.net/)"
91.205.96.13 - - [12/Jun/2010:20:58:05 -0400] "GET /images/_portfolio/photoshop/?C=N;O=A HTTP/1.1" 200 3717 "-" "Mozilla/5.0 (compatible; Purebot/1.1; +http://www.puritysearch.net/)"
91.205.96.13 - - [12/Jun/2010:20:58:06 -0400] "GET /images/_portfolio/photoshop/_notes/?C=D;O=D HTTP/1.1" 200 740 "-" "Mozilla/5.0 (compatible; Purebot/1.1; +http://www.puritysearch.net/)"
91.205.96.13 - - [12/Jun/2010:20:58:09 -0400] "GET /images/_portfolio/photoshop/?C=S;O=A HTTP/1.1" 200 3717 "-" "Mozilla/5.0 (compatible; Purebot/1.1; +http://www.puritysearch.net/)"
91.205.96.13 - - [12/Jun/2010:20:58:10 -0400] "GET /images/_portfolio/photoshop/_notes/?C=M;O=D HTTP/1.1" 200 740 "-" "Mozilla/5.0 (compatible; Purebot/1.1; +http://www.puritysearch.net/)"
91.205.96.13 - - [12/Jun/2010:20:58:12 -0400] "GET /_notes/?C=M;O=A HTTP/1.1" 200 656 "-" "Mozilla/5.0 (compatible; Purebot/1.1; +http://www.puritysearch.net/)"
91.205.96.13 - - [12/Jun/2010:20:58:13 -0400] "GET /images/?C=D;O=A HTTP/1.1" 200 1827 "-" "Mozilla/5.0 (compatible; Purebot/1.1; +http://www.puritysearch.net/)"
91.205.96.13 - - [12/Jun/2010:20:58:14 -0400] "GET /images/?C=M;O=A HTTP/1.1" 200 1827 "-" "Mozilla/5.0 (compatible; Purebot/1.1; +http://www.puritysearch.net/)"
91.205.96.13 - - [12/Jun/2010:20:58:15 -0400] "GET /Harris_House/commercial_details.html HTTP/1.1" 200 4464 "-" "Mozilla/5.0 (compatible; Purebot/1.1; +http://www.puritysearch.net/)"
91.205.96.13 - - [12/Jun/2010:20:58:17 -0400] "GET /images/_portfolio/photoshop/_notes/?C=S;O=A HTTP/1.1" 200 740 "-" "Mozilla/5.0 (compatible; Purebot/1.1; +http://www.puritysearch.net/)"
91.205.96.13 - - [12/Jun/2010:20:58:18 -0400] "GET /images/_portfolio/photoshop/_notes/rent-to-own.html HTTP/1.1" 404 310 "-" "Mozilla/5.0 (compatible; Purebot/1.1; +http://www.puritysearch.net/)"
91.205.96.13 - - [12/Jun/2010:20:58:19 -0400] "GET /images/_portfolio/photoshop/_notes/photo_tour.html HTTP/1.1" 404 309 "-" "Mozilla/5.0 (compatible; Purebot/1.1; +http://www.puritysearch.net/)"
91.205.96.13 - - [12/Jun/2010:20:58:22 -0400] "GET /images/_portfolio/misc/?C=D;O=A HTTP/1.1" 200 949 "-" "Mozilla/5.0 (compatible; Purebot/1.1; +http://www.puritysearch.net/)"
91.205.96.13 - - [12/Jun/2010:20:58:23 -0400] "GET /images/_portfolio/web_pages/?C=D;O=A HTTP/1.1" 200 1667 "-" "Mozilla/5.0 (compatible; Purebot/1.1; +http://www.puritysearch.net/)"
91.205.96.13 - - [12/Jun/2010:20:58:25 -0400] "GET /images/_portfolio/photoshop/_notes/rent-to-own.html?C=S;O=D HTTP/1.1" 404 310 "-" "Mozilla/5.0 (compatible; Purebot/1.1; +http://www.puritysearch.net/)"
91.205.96.13 - - [12/Jun/2010:20:58:26 -0400] "GET /images/_portfolio/photoshop/_notes/rent-to-own.html?C=D;O=A HTTP/1.1" 404 310 "-" "Mozilla/5.0 (compatible; Purebot/1.1; +http://www.puritysearch.net/)"
91.205.96.13 - - [12/Jun/2010:20:58:27 -0400] "GET /index.html HTTP/1.1" 404 269 "-" "Mozilla/5.0 (compatible; Purebot/1.1; +http://www.puritysearch.net/)"
91.205.96.13 - - [12/Jun/2010:20:58:29 -0400] "GET /logs/?C=N;O=A HTTP/1.1" 200 769 "-" "Mozilla/5.0 (compatible; Purebot/1.1; +http://www.puritysearch.net/)"
91.205.96.13 - - [12/Jun/2010:20:58:30 -0400] "GET /images/_portfolio/photoshop/_notes/rent-to-own.html?C=S;O=A HTTP/1.1" 404 310 "-" "Mozilla/5.0 (compatible; Purebot/1.1; +http://www.puritysearch.net/)"
