97.81.214.182 - - [13/Oct/2009:10:51:55 -0400] "GET /images/_portfolio/illustrator/02_graph_sm.gif HTTP/1.1" 200 1405 "http://alex.jeb.ca/illustrator.html" "Mozilla/4.0 (compatible; MSIE 7.0; Windows NT 6.0; WOW64; Trident/4.0; FunWebProducts; GTB6; FBSMTWB; SLCC1; .NET CLR 2.0.50727; Media Center PC 5.0; .NET CLR 1.1.4322; .NET CLR 3.5.30729; .NET CLR 3.0.30729)"
97.81.214.182 - - [13/Oct/2009:10:51:55 -0400] "GET /images/_portfolio/illustrator/castle_drawing_sm.gif HTTP/1.1" 200 748 "http://alex.jeb.ca/illustrator.html" "Mozilla/4.0 (compatible; MSIE 7.0; Windows NT 6.0; WOW64; Trident/4.0; FunWebProducts; GTB6; FBSMTWB; SLCC1; .NET CLR 2.0.50727; Media Center PC 5.0; .NET CLR 1.1.4322; .NET CLR 3.5.30729; .NET CLR 3.0.30729)"
97.81.214.182 - - [13/Oct/2009:10:51:55 -0400] "GET /images/_portfolio/illustrator/venus_butterfly_flyer_sm.gif HTTP/1.1" 200 856 "http://alex.jeb.ca/illustrator.html" "Mozilla/4.0 (compatible; MSIE 7.0; Windows NT 6.0; WOW64; Trident/4.0; FunWebProducts; GTB6; FBSMTWB; SLCC1; .NET CLR 2.0.50727; Media Center PC 5.0; .NET CLR 1.1.4322; .NET CLR 3.5.30729; .NET CLR 3.0.30729)"
97.81.214.182 - - [13/Oct/2009:10:51:55 -0400] "GET /images/_portfolio/illustrator/maple_leaf_sm.gif HTTP/1.1" 200 897 "http://alex.jeb.ca/illustrator.html" "Mozilla/4.0 (compatible; MSIE 7.0; Windows NT 6.0; WOW64; Trident/4.0; FunWebProducts; GTB6; FBSMTWB; SLCC1; .NET CLR 2.0.50727; Media Center PC 5.0; .NET CLR 1.1.4322; .NET CLR 3.5.30729; .NET CLR 3.0.30729)"
97.81.214.182 - - [13/Oct/2009:10:51:55 -0400] "GET /images/_portfolio/illustrator/pineapples_sm.gif HTTP/1.1" 200 1972 "http://alex.jeb.ca/illustrator.html" "Mozilla/4.0 (compatible; MSIE 7.0; Windows NT 6.0; WOW64; Trident/4.0; FunWebProducts; GTB6; FBSMTWB; SLCC1; .NET CLR 2.0.50727; Media Center PC 5.0; .NET CLR 1.1.4322; .NET CLR 3.5.30729; .NET CLR 3.0.30729)"
97.81.214.182 - - [13/Oct/2009:10:51:55 -0400] "GET /images/_portfolio/illustrator/women_flowers_sm.gif HTTP/1.1" 200 2504 "http://alex.jeb.ca/illustrator.html" "Mozilla/4.0 (compatible; MSIE 7.0; Windows NT 6.0; WOW64; Trident/4.0; FunWebProducts; GTB6; FBSMTWB; SLCC1; .NET CLR 2.0.50727; Media Center PC 5.0; .NET CLR 1.1.4322; .NET CLR 3.5.30729; .NET CLR 3.0.30729)"
97.81.214.182 - - [13/Oct/2009:10:51:55 -0400] "GET /images/bg.gif HTTP/1.1" 200 519 "http://alex.jeb.ca/illustrator.html" "Mozilla/4.0 (compatible; MSIE 7.0; Windows NT 6.0; WOW64; Trident/4.0; FunWebProducts; GTB6; FBSMTWB; SLCC1; .NET CLR 2.0.50727; Media Center PC 5.0; .NET CLR 1.1.4322; .NET CLR 3.5.30729; .NET CLR 3.0.30729)"
97.81.214.182 - - [13/Oct/2009:10:51:55 -0400] "GET /images/left.gif HTTP/1.1" 200 493 "http://alex.jeb.ca/illustrator.html" "Mozilla/4.0 (compatible; MSIE 7.0; Windows NT 6.0; WOW64; Trident/4.0; FunWebProducts; GTB6; FBSMTWB; SLCC1; .NET CLR 2.0.50727; Media Center PC 5.0; .NET CLR 1.1.4322; .NET CLR 3.5.30729; .NET CLR 3.0.30729)"
97.81.214.182 - - [13/Oct/2009:10:51:55 -0400] "GET /images/_portfolio/illustrator/fleur_de_lis_sm.gif HTTP/1.1" 200 960 "http://alex.jeb.ca/illustrator.html" "Mozilla/4.0 (compatible; MSIE 7.0; Windows NT 6.0; WOW64; Trident/4.0; FunWebProducts; GTB6; FBSMTWB; SLCC1; .NET CLR 2.0.50727; Media Center PC 5.0; .NET CLR 1.1.4322; .NET CLR 3.5.30729; .NET CLR 3.0.30729)"
97.81.214.182 - - [13/Oct/2009:10:51:55 -0400] "GET /images/right.gif HTTP/1.1" 200 1986 "http://alex.jeb.ca/illustrator.html" "Mozilla/4.0 (compatible; MSIE 7.0; Windows NT 6.0; WOW64; Trident/4.0; FunWebProducts; GTB6; FBSMTWB; SLCC1; .NET CLR 2.0.50727; Media Center PC 5.0; .NET CLR 1.1.4322; .NET CLR 3.5.30729; .NET CLR 3.0.30729)"
97.81.214.182 - - [13/Oct/2009:10:51:55 -0400] "GET /images/on_left.gif HTTP/1.1" 200 478 "http://alex.jeb.ca/illustrator.html" "Mozilla/4.0 (compatible; MSIE 7.0; Windows NT 6.0; WOW64; Trident/4.0; FunWebProducts; GTB6; FBSMTWB; SLCC1; .NET CLR 2.0.50727; Media Center PC 5.0; .NET CLR 1.1.4322; .NET CLR 3.5.30729; .NET CLR 3.0.30729)"
97.81.214.182 - - [13/Oct/2009:10:51:55 -0400] "GET /images/_portfolio/illustrator/vine_alphabet_sm.gif HTTP/1.1" 200 642 "http://alex.jeb.ca/illustrator.html" "Mozilla/4.0 (compatible; MSIE 7.0; Windows NT 6.0; WOW64; Trident/4.0; FunWebProducts; GTB6; FBSMTWB; SLCC1; .NET CLR 2.0.50727; Media Center PC 5.0; .NET CLR 1.1.4322; .NET CLR 3.5.30729; .NET CLR 3.0.30729)"
97.81.214.182 - - [13/Oct/2009:10:51:55 -0400] "GET /images/on_right.gif HTTP/1.1" 200 1971 "http://alex.jeb.ca/illustrator.html" "Mozilla/4.0 (compatible; MSIE 7.0; Windows NT 6.0; WOW64; Trident/4.0; FunWebProducts; GTB6; FBSMTWB; SLCC1; .NET CLR 2.0.50727; Media Center PC 5.0; .NET CLR 1.1.4322; .NET CLR 3.5.30729; .NET CLR 3.0.30729)"
97.81.214.182 - - [13/Oct/2009:10:52:00 -0400] "GET /images/_portfolio/illustrator/vine_alphabet.gif HTTP/1.1" 200 14162 "http://alex.jeb.ca/illustrator.html" "Mozilla/4.0 (compatible; MSIE 8.0; Windows NT 6.0; WOW64; Trident/4.0; FunWebProducts; GTB6; FBSMTWB; SLCC1; .NET CLR 2.0.50727; Media Center PC 5.0; .NET CLR 1.1.4322; .NET CLR 3.5.30729; .NET CLR 3.0.30729)"
65.55.207.121 - - [13/Oct/2009:17:55:50 -0400] "GET /robots.txt HTTP/1.1" 404 269 "-" "msnbot/2.0b (+http://search.msn.com/msnbot.htm)"
65.55.207.121 - - [13/Oct/2009:17:56:52 -0400] "GET /email/origins.html HTTP/1.1" 404 277 "-" "msnbot/2.0b (+http://search.msn.com/msnbot.htm)"
67.218.116.130 - - [14/Oct/2009:01:18:40 -0400] "GET /robots.txt HTTP/1.0" 404 269 "-" "Mozilla/5.0 (Twiceler-0.9 http://www.cuil.com/twiceler/robot.html)"
66.249.68.230 - - [14/Oct/2009:01:27:14 -0400] "GET /robots.txt HTTP/1.1" 404 269 "-" "Mozilla/5.0 (compatible; Googlebot/2.1; +http://www.google.com/bot.html)"
66.249.68.230 - - [14/Oct/2009:01:27:14 -0400] "GET / HTTP/1.1" 200 1984 "-" "Mozilla/5.0 (compatible; Googlebot/2.1; +http://www.google.com/bot.html)"
66.249.68.230 - - [14/Oct/2009:04:19:18 -0400] "GET /home.swf HTTP/1.1" 200 17352 "-" "Mozilla/5.0 (compatible; Googlebot/2.1; +http://www.google.com/bot.html)"
66.249.68.230 - - [14/Oct/2009:04:22:29 -0400] "GET /index.html HTTP/1.1" 200 1984 "-" "Mozilla/5.0 (compatible; Googlebot/2.1; +http://www.google.com/bot.html)"
66.249.68.230 - - [14/Oct/2009:04:26:41 -0400] "GET /pages.html HTTP/1.1" 200 4692 "-" "Mozilla/5.0 (compatible; Googlebot/2.1; +http://www.google.com/bot.html)"
66.249.68.230 - - [14/Oct/2009:04:30:16 -0400] "GET /print.html HTTP/1.1" 200 4324 "-" "Mozilla/5.0 (compatible; Googlebot/2.1; +http://www.google.com/bot.html)"
66.249.68.230 - - [14/Oct/2009:04:34:23 -0400] "GET /flash.html HTTP/1.1" 200 4756 "-" "Mozilla/5.0 (compatible; Googlebot/2.1; +http://www.google.com/bot.html)"
66.249.68.230 - - [14/Oct/2009:04:38:11 -0400] "GET /contact.html HTTP/1.1" 200 6927 "-" "Mozilla/5.0 (compatible; Googlebot/2.1; +http://www.google.com/bot.html)"
66.249.68.230 - - [14/Oct/2009:04:41:55 -0400] "GET /photoshop.html HTTP/1.1" 200 7709 "-" "Mozilla/5.0 (compatible; Googlebot/2.1; +http://www.google.com/bot.html)"
66.249.68.230 - - [14/Oct/2009:04:45:34 -0400] "GET /illustrator.html HTTP/1.1" 200 6612 "-" "Mozilla/5.0 (compatible; Googlebot/2.1; +http://www.google.com/bot.html)"
66.249.68.230 - - [14/Oct/2009:09:12:20 -0400] "GET /html HTTP/1.1" 404 263 "-" "Mozilla/5.0 (compatible; Googlebot/2.1; +http://www.google.com/bot.html)"
66.249.68.230 - - [14/Oct/2009:09:27:46 -0400] "GET /email HTTP/1.1" 404 264 "-" "Mozilla/5.0 (compatible; Googlebot/2.1; +http://www.google.com/bot.html)"
66.249.68.230 - - [14/Oct/2009:09:45:43 -0400] "GET /finland HTTP/1.1" 404 266 "-" "Mozilla/5.0 (compatible; Googlebot/2.1; +http://www.google.com/bot.html)"
66.249.68.230 - - [14/Oct/2009:10:03:01 -0400] "GET /golf_quiz HTTP/1.1" 404 268 "-" "Mozilla/5.0 (compatible; Googlebot/2.1; +http://www.google.com/bot.html)"
66.249.68.230 - - [14/Oct/2009:10:21:44 -0400] "GET /impressions/ HTTP/1.1" 404 271 "-" "Mozilla/5.0 (compatible; Googlebot/2.1; +http://www.google.com/bot.html)"
66.249.68.230 - - [14/Oct/2009:10:40:21 -0400] "GET /havlat_photography/ HTTP/1.1" 404 278 "-" "Mozilla/5.0 (compatible; Googlebot/2.1; +http://www.google.com/bot.html)"
66.249.68.230 - - [14/Oct/2009:10:56:41 -0400] "GET /images/_portfolio/photoshop/lightning_sm.jpg HTTP/1.1" 304 - "-" "Googlebot-Image/1.0"
97.89.54.139 - - [14/Oct/2009:22:43:08 -0400] "GET /flash.html HTTP/1.1" 200 4756 "http://images.google.com/imgres?imgurl=http://alex.jeb.ca/images/_portfolio/flash/annimated_butterfly.gif&imgrefurl=http://alex.jeb.ca/flash.html&usg=__tNaqVupFHVpi2fP0IaPPNBcTjVM=&h=75&w=75&sz=1&hl=en&start=174&tbnid=q9i2dvIuXdOzUM:&tbnh=71&tbnw=71&prev=/images%3Fq%3Danimated%2Bbutterfly%2Bgif%26gbv%3D2%26ndsp%3D18%26hl%3Den%26safe%3Doff%26sa%3DN%26start%3D162" "Opera/9.80 (Windows NT 5.1; U; en) Presto/2.2.15 Version/10.00"
97.89.54.139 - - [14/Oct/2009:22:43:08 -0400] "GET /index.css HTTP/1.1" 200 962 "http://alex.jeb.ca/flash.html" "Opera/9.80 (Windows NT 5.1; U; en) Presto/2.2.15 Version/10.00"
97.89.54.139 - - [14/Oct/2009:22:43:08 -0400] "GET /top_nav.css HTTP/1.1" 200 841 "http://alex.jeb.ca/flash.html" "Opera/9.80 (Windows NT 5.1; U; en) Presto/2.2.15 Version/10.00"
97.89.54.139 - - [14/Oct/2009:22:43:08 -0400] "GET /main.js HTTP/1.1" 200 5103 "http://alex.jeb.ca/flash.html" "Opera/9.80 (Windows NT 5.1; U; en) Presto/2.2.15 Version/10.00"
97.89.54.139 - - [14/Oct/2009:22:43:09 -0400] "GET /images/bg.gif HTTP/1.1" 200 519 "http://alex.jeb.ca/flash.html" "Opera/9.80 (Windows NT 5.1; U; en) Presto/2.2.15 Version/10.00"
97.89.54.139 - - [14/Oct/2009:22:43:09 -0400] "GET /images/left.gif HTTP/1.1" 200 493 "http://alex.jeb.ca/flash.html" "Opera/9.80 (Windows NT 5.1; U; en) Presto/2.2.15 Version/10.00"
97.89.54.139 - - [14/Oct/2009:22:43:09 -0400] "GET /images/right.gif HTTP/1.1" 200 1986 "http://alex.jeb.ca/flash.html" "Opera/9.80 (Windows NT 5.1; U; en) Presto/2.2.15 Version/10.00"
97.89.54.139 - - [14/Oct/2009:22:43:09 -0400] "GET /images/on_left.gif HTTP/1.1" 200 478 "http://alex.jeb.ca/flash.html" "Opera/9.80 (Windows NT 5.1; U; en) Presto/2.2.15 Version/10.00"
97.89.54.139 - - [14/Oct/2009:22:43:09 -0400] "GET /images/_portfolio/flash/venus.gif HTTP/1.1" 200 1148 "http://alex.jeb.ca/flash.html" "Opera/9.80 (Windows NT 5.1; U; en) Presto/2.2.15 Version/10.00"
97.89.54.139 - - [14/Oct/2009:22:43:09 -0400] "GET /images/on_right.gif HTTP/1.1" 200 1971 "http://alex.jeb.ca/flash.html" "Opera/9.80 (Windows NT 5.1; U; en) Presto/2.2.15 Version/10.00"
97.89.54.139 - - [14/Oct/2009:22:43:09 -0400] "GET /images/_portfolio/flash/rotating_circles.gif HTTP/1.1" 200 1022 "http://alex.jeb.ca/flash.html" "Opera/9.80 (Windows NT 5.1; U; en) Presto/2.2.15 Version/10.00"
97.89.54.139 - - [14/Oct/2009:22:43:09 -0400] "GET /images/_portfolio/flash/venn_diagram.gif HTTP/1.1" 200 884 "http://alex.jeb.ca/flash.html" "Opera/9.80 (Windows NT 5.1; U; en) Presto/2.2.15 Version/10.00"
97.89.54.139 - - [14/Oct/2009:22:43:09 -0400] "GET /images/_portfolio/flash/wine_banner.gif HTTP/1.1" 200 1021 "http://alex.jeb.ca/flash.html" "Opera/9.80 (Windows NT 5.1; U; en) Presto/2.2.15 Version/10.00"
97.89.54.139 - - [14/Oct/2009:22:43:09 -0400] "GET /images/_portfolio/flash/annimated_butterfly.gif HTTP/1.1" 200 514 "http://alex.jeb.ca/flash.html" "Opera/9.80 (Windows NT 5.1; U; en) Presto/2.2.15 Version/10.00"
97.89.54.139 - - [14/Oct/2009:22:43:09 -0400] "GET /images/_portfolio/flash/bending_arrow.gif HTTP/1.1" 200 428 "http://alex.jeb.ca/flash.html" "Opera/9.80 (Windows NT 5.1; U; en) Presto/2.2.15 Version/10.00"
97.89.54.139 - - [14/Oct/2009:22:43:09 -0400] "GET /images/_portfolio/flash/finland.gif HTTP/1.1" 200 669 "http://alex.jeb.ca/flash.html" "Opera/9.80 (Windows NT 5.1; U; en) Presto/2.2.15 Version/10.00"
97.89.54.139 - - [14/Oct/2009:22:43:09 -0400] "GET /images/_portfolio/flash/bending_arrow.gif HTTP/1.1" 200 428 "http://alex.jeb.ca/flash.html" "Opera/9.80 (Windows NT 5.1; U; en) Presto/2.2.15 Version/10.00"
97.89.54.139 - - [14/Oct/2009:22:43:09 -0400] "GET /images/_portfolio/flash/rotating_circles.gif HTTP/1.1" 200 1022 "http://alex.jeb.ca/flash.html" "Opera/9.80 (Windows NT 5.1; U; en) Presto/2.2.15 Version/10.00"
97.89.54.139 - - [14/Oct/2009:22:43:09 -0400] "GET /images/_portfolio/flash/finland.gif HTTP/1.1" 200 669 "http://alex.jeb.ca/flash.html" "Opera/9.80 (Windows NT 5.1; U; en) Presto/2.2.15 Version/10.00"
89.28.3.241 - - [15/Oct/2009:00:31:27 -0400] "GET /pages.html HTTP/1.0" 200 4692 "-" "Mozilla/4.0 (compatible; MSIE 6.0; Windows NT 5.1)"
65.55.106.112 - - [15/Oct/2009:01:30:35 -0400] "GET /robots.txt HTTP/1.1" 404 269 "-" "msnbot/2.0b (+http://search.msn.com/msnbot.htm)"
65.55.106.112 - - [15/Oct/2009:01:31:32 -0400] "GET /email/origins.html HTTP/1.1" 404 277 "-" "msnbot/2.0b (+http://search.msn.com/msnbot.htm)"
67.218.116.130 - - [15/Oct/2009:07:04:22 -0400] "GET /robots.txt HTTP/1.0" 404 269 "-" "Mozilla/5.0 (Twiceler-0.9 http://www.cuil.com/twiceler/robot.html)"
194.140.235.66 - - [15/Oct/2009:08:10:32 -0400] "GET /flash.html HTTP/1.1" 200 4756 "http://images.google.ro/imgres?imgurl=http://alex.jeb.ca/images/_portfolio/flash/annimated_butterfly.gif&imgrefurl=http://alex.jeb.ca/flash.html&usg=__tNaqVupFHVpi2fP0IaPPNBcTjVM=&h=75&w=75&sz=1&hl=ro&start=150&um=1&tbnid=q9i2dvIuXdOzUM:&tbnh=71&tbnw=71&prev=/images%3Fq%3Danimated%2Bbutterfly.gif%26ndsp%3D20%26hl%3Dro%26rlz%3D1W1ADFA_en%26sa%3DN%26start%3D140%26um%3D1" "Mozilla/4.0 (compatible; MSIE 7.0; Windows NT 5.1; Trident/4.0; GTB6; .NET CLR 2.0.50727; .NET CLR 3.0.4506.2152; .NET CLR 3.5.30729)"
194.140.235.66 - - [15/Oct/2009:08:10:32 -0400] "GET /index.css HTTP/1.1" 200 962 "http://alex.jeb.ca/flash.html" "Mozilla/4.0 (compatible; MSIE 7.0; Windows NT 5.1; Trident/4.0; GTB6; .NET CLR 2.0.50727; .NET CLR 3.0.4506.2152; .NET CLR 3.5.30729)"
194.140.235.66 - - [15/Oct/2009:08:10:32 -0400] "GET /top_nav.css HTTP/1.1" 200 841 "http://alex.jeb.ca/flash.html" "Mozilla/4.0 (compatible; MSIE 7.0; Windows NT 5.1; Trident/4.0; GTB6; .NET CLR 2.0.50727; .NET CLR 3.0.4506.2152; .NET CLR 3.5.30729)"
194.140.235.66 - - [15/Oct/2009:08:10:32 -0400] "GET /main.js HTTP/1.1" 200 5103 "http://alex.jeb.ca/flash.html" "Mozilla/4.0 (compatible; MSIE 7.0; Windows NT 5.1; Trident/4.0; GTB6; .NET CLR 2.0.50727; .NET CLR 3.0.4506.2152; .NET CLR 3.5.30729)"
194.140.235.66 - - [15/Oct/2009:08:10:32 -0400] "GET /images/_portfolio/flash/rotating_circles.gif HTTP/1.1" 200 1022 "http://alex.jeb.ca/flash.html" "Mozilla/4.0 (compatible; MSIE 7.0; Windows NT 5.1; Trident/4.0; GTB6; .NET CLR 2.0.50727; .NET CLR 3.0.4506.2152; .NET CLR 3.5.30729)"
194.140.235.66 - - [15/Oct/2009:08:10:32 -0400] "GET /images/_portfolio/flash/venus.gif HTTP/1.1" 200 1148 "http://alex.jeb.ca/flash.html" "Mozilla/4.0 (compatible; MSIE 7.0; Windows NT 5.1; Trident/4.0; GTB6; .NET CLR 2.0.50727; .NET CLR 3.0.4506.2152; .NET CLR 3.5.30729)"
194.140.235.66 - - [15/Oct/2009:08:10:33 -0400] "GET /images/_portfolio/flash/venn_diagram.gif HTTP/1.1" 200 884 "http://alex.jeb.ca/flash.html" "Mozilla/4.0 (compatible; MSIE 7.0; Windows NT 5.1; Trident/4.0; GTB6; .NET CLR 2.0.50727; .NET CLR 3.0.4506.2152; .NET CLR 3.5.30729)"
194.140.235.66 - - [15/Oct/2009:08:10:33 -0400] "GET /images/_portfolio/flash/bending_arrow.gif HTTP/1.1" 200 428 "http://alex.jeb.ca/flash.html" "Mozilla/4.0 (compatible; MSIE 7.0; Windows NT 5.1; Trident/4.0; GTB6; .NET CLR 2.0.50727; .NET CLR 3.0.4506.2152; .NET CLR 3.5.30729)"
194.140.235.66 - - [15/Oct/2009:08:10:33 -0400] "GET /images/_portfolio/flash/annimated_butterfly.gif HTTP/1.1" 200 514 "http://alex.jeb.ca/flash.html" "Mozilla/4.0 (compatible; MSIE 7.0; Windows NT 5.1; Trident/4.0; GTB6; .NET CLR 2.0.50727; .NET CLR 3.0.4506.2152; .NET CLR 3.5.30729)"
194.140.235.66 - - [15/Oct/2009:08:10:33 -0400] "GET /images/bg.gif HTTP/1.1" 200 519 "http://alex.jeb.ca/flash.html" "Mozilla/4.0 (compatible; MSIE 7.0; Windows NT 5.1; Trident/4.0; GTB6; .NET CLR 2.0.50727; .NET CLR 3.0.4506.2152; .NET CLR 3.5.30729)"
194.140.235.66 - - [15/Oct/2009:08:10:33 -0400] "GET /images/_portfolio/flash/finland.gif HTTP/1.1" 200 669 "http://alex.jeb.ca/flash.html" "Mozilla/4.0 (compatible; MSIE 7.0; Windows NT 5.1; Trident/4.0; GTB6; .NET CLR 2.0.50727; .NET CLR 3.0.4506.2152; .NET CLR 3.5.30729)"
194.140.235.66 - - [15/Oct/2009:08:10:33 -0400] "GET /images/_portfolio/flash/wine_banner.gif HTTP/1.1" 200 1021 "http://alex.jeb.ca/flash.html" "Mozilla/4.0 (compatible; MSIE 7.0; Windows NT 5.1; Trident/4.0; GTB6; .NET CLR 2.0.50727; .NET CLR 3.0.4506.2152; .NET CLR 3.5.30729)"
194.140.235.66 - - [15/Oct/2009:08:10:33 -0400] "GET /images/left.gif HTTP/1.1" 200 493 "http://alex.jeb.ca/flash.html" "Mozilla/4.0 (compatible; MSIE 7.0; Windows NT 5.1; Trident/4.0; GTB6; .NET CLR 2.0.50727; .NET CLR 3.0.4506.2152; .NET CLR 3.5.30729)"
194.140.235.66 - - [15/Oct/2009:08:10:33 -0400] "GET /images/on_left.gif HTTP/1.1" 200 478 "http://alex.jeb.ca/flash.html" "Mozilla/4.0 (compatible; MSIE 7.0; Windows NT 5.1; Trident/4.0; GTB6; .NET CLR 2.0.50727; .NET CLR 3.0.4506.2152; .NET CLR 3.5.30729)"
194.140.235.66 - - [15/Oct/2009:08:10:33 -0400] "GET /images/right.gif HTTP/1.1" 200 1986 "http://alex.jeb.ca/flash.html" "Mozilla/4.0 (compatible; MSIE 7.0; Windows NT 5.1; Trident/4.0; GTB6; .NET CLR 2.0.50727; .NET CLR 3.0.4506.2152; .NET CLR 3.5.30729)"
194.140.235.66 - - [15/Oct/2009:08:10:33 -0400] "GET /images/on_right.gif HTTP/1.1" 200 1971 "http://alex.jeb.ca/flash.html" "Mozilla/4.0 (compatible; MSIE 7.0; Windows NT 5.1; Trident/4.0; GTB6; .NET CLR 2.0.50727; .NET CLR 3.0.4506.2152; .NET CLR 3.5.30729)"
66.249.71.185 - - [15/Oct/2009:21:05:09 -0400] "GET /robots.txt HTTP/1.1" 404 269 "-" "Googlebot-Image/1.0"
66.249.71.185 - - [15/Oct/2009:21:05:09 -0400] "GET /images/_portfolio/illustrator/castle_drawing_sm.gif HTTP/1.1" 304 - "-" "Googlebot-Image/1.0"
67.218.116.130 - - [16/Oct/2009:01:14:01 -0400] "GET /robots.txt HTTP/1.0" 404 269 "-" "Mozilla/5.0 (Twiceler-0.9 http://www.cuil.com/twiceler/robot.html)"
66.249.71.185 - - [16/Oct/2009:01:34:32 -0400] "GET /main.js HTTP/1.1" 200 5103 "-" "Mozilla/5.0 (compatible; Googlebot/2.1; +http://www.google.com/bot.html)"
66.249.71.185 - - [16/Oct/2009:01:34:33 -0400] "GET /index.css HTTP/1.1" 200 962 "-" "Mozilla/5.0 (compatible; Googlebot/2.1; +http://www.google.com/bot.html)"
66.249.71.185 - - [16/Oct/2009:01:34:33 -0400] "GET /top_nav.css HTTP/1.1" 200 841 "-" "Mozilla/5.0 (compatible; Googlebot/2.1; +http://www.google.com/bot.html)"
67.218.116.130 - - [17/Oct/2009:01:19:01 -0400] "GET /robots.txt HTTP/1.0" 404 269 "-" "Mozilla/5.0 (Twiceler-0.9 http://www.cuil.com/twiceler/robot.html)"
66.249.71.185 - - [17/Oct/2009:08:17:12 -0400] "GET /robots.txt HTTP/1.1" 404 269 "-" "Mozilla/5.0 (compatible; Googlebot/2.1; +http://www.google.com/bot.html)"
66.249.71.185 - - [17/Oct/2009:08:17:12 -0400] "GET / HTTP/1.1" 200 1984 "-" "Mozilla/5.0 (compatible; Googlebot/2.1; +http://www.google.com/bot.html)"
65.55.207.21 - - [17/Oct/2009:17:44:44 -0400] "GET /robots.txt HTTP/1.1" 404 269 "-" "msnbot/2.0b (+http://search.msn.com/msnbot.htm)"
65.55.207.21 - - [17/Oct/2009:17:45:28 -0400] "GET /email/origins.html HTTP/1.1" 404 277 "-" "msnbot/2.0b (+http://search.msn.com/msnbot.htm)"
67.218.116.130 - - [18/Oct/2009:01:18:02 -0400] "GET /robots.txt HTTP/1.0" 404 269 "-" "Mozilla/5.0 (Twiceler-0.9 http://www.cuil.com/twiceler/robot.html)"
66.249.71.185 - - [18/Oct/2009:12:05:40 -0400] "GET /robots.txt HTTP/1.1" 404 269 "-" "Googlebot-Image/1.0"
66.249.71.185 - - [18/Oct/2009:12:05:40 -0400] "GET /images/_portfolio/photoshop/fastco_building_sm.jpg HTTP/1.1" 304 - "-" "Googlebot-Image/1.0"
66.249.71.185 - - [18/Oct/2009:17:52:00 -0400] "GET /images/_portfolio/illustrator/pineapples_sm.gif HTTP/1.1" 304 - "-" "Googlebot-Image/1.0"
66.249.71.185 - - [18/Oct/2009:23:43:50 -0400] "GET /images/_portfolio/flash/bending_arrow.gif HTTP/1.1" 304 - "-" "Googlebot-Image/1.0"
66.249.71.185 - - [19/Oct/2009:01:05:22 -0400] "GET /robots.txt HTTP/1.1" 404 269 "-" "Mozilla/5.0 (compatible; Googlebot/2.1; +http://www.google.com/bot.html)"
66.249.71.185 - - [19/Oct/2009:01:05:22 -0400] "GET / HTTP/1.1" 304 - "-" "Mozilla/5.0 (compatible; Googlebot/2.1; +http://www.google.com/bot.html)"
67.218.116.130 - - [19/Oct/2009:01:17:55 -0400] "GET /robots.txt HTTP/1.0" 404 269 "-" "Mozilla/5.0 (Twiceler-0.9 http://www.cuil.com/twiceler/robot.html)"
66.249.71.185 - - [19/Oct/2009:02:20:45 -0400] "GET /email/origins.html HTTP/1.1" 404 277 "-" "Mozilla/5.0 (compatible; Googlebot/2.1; +http://www.google.com/bot.html)"
65.55.207.29 - - [19/Oct/2009:05:10:11 -0400] "GET /robots.txt HTTP/1.1" 404 269 "-" "msnbot/2.0b (+http://search.msn.com/msnbot.htm)"
65.55.207.29 - - [19/Oct/2009:05:38:55 -0400] "GET /email/origins.html HTTP/1.1" 404 277 "-" "msnbot/2.0b (+http://search.msn.com/msnbot.htm)"
66.249.71.185 - - [19/Oct/2009:11:35:58 -0400] "GET /images/_portfolio/flash/annimated_butterfly.gif HTTP/1.1" 304 - "-" "Googlebot-Image/1.0"
67.218.116.130 - - [20/Oct/2009:09:01:54 -0400] "GET /robots.txt HTTP/1.0" 404 269 "-" "Mozilla/5.0 (Twiceler-0.9 http://www.cuil.com/twiceler/robot.html)"
66.249.71.185 - - [20/Oct/2009:11:05:32 -0400] "GET /robots.txt HTTP/1.1" 404 269 "-" "Googlebot-Image/1.0"
66.249.71.185 - - [20/Oct/2009:11:05:32 -0400] "GET /images/_portfolio/photoshop/telegraph_sm.gif HTTP/1.1" 304 - "-" "Googlebot-Image/1.0"
66.249.71.185 - - [20/Oct/2009:12:49:44 -0400] "GET /images/bg.gif HTTP/1.1" 200 519 "-" "Mozilla/5.0 (compatible; Googlebot/2.1; +http://www.google.com/bot.html)"
66.249.71.185 - - [20/Oct/2009:12:50:03 -0400] "GET /images/on_left.gif HTTP/1.1" 200 478 "-" "Mozilla/5.0 (compatible; Googlebot/2.1; +http://www.google.com/bot.html)"
66.249.71.185 - - [20/Oct/2009:12:50:03 -0400] "GET /images/left.gif HTTP/1.1" 200 493 "-" "Mozilla/5.0 (compatible; Googlebot/2.1; +http://www.google.com/bot.html)"
91.99.228.159 - - [20/Oct/2009:12:50:47 -0400] "GET /flash.html HTTP/1.1" 200 4756 "http://images.google.com/imgres?imgurl=http://alex.jeb.ca/images/_portfolio/flash/annimated_butterfly.gif&imgrefurl=http://alex.jeb.ca/flash.html&usg=__tNaqVupFHVpi2fP0IaPPNBcTjVM=&h=75&w=75&sz=1&hl=en&start=187&um=1&tbnid=q9i2dvIuXdOzUM:&tbnh=71&tbnw=71&prev=/images%3Fq%3Danimated%2Bbutterfly%2Bfiletype:gif%26imgtbs%3Df%26ndsp%3D21%26hl%3Den%26safe%3Doff%26sa%3DN%26start%3D168%26um%3D1" "Mozilla/5.0 (Windows; U; Windows NT 5.1; en-US) AppleWebKit/531.3 (KHTML, like Gecko) Chrome/3.0.193.0 Safari/531.3"
91.99.228.159 - - [20/Oct/2009:12:50:48 -0400] "GET /index.css HTTP/1.1" 200 962 "http://alex.jeb.ca/flash.html" "Mozilla/5.0 (Windows; U; Windows NT 5.1; en-US) AppleWebKit/531.3 (KHTML, like Gecko) Chrome/3.0.193.0 Safari/531.3"
91.99.228.159 - - [20/Oct/2009:12:50:48 -0400] "GET /top_nav.css HTTP/1.1" 200 841 "http://alex.jeb.ca/flash.html" "Mozilla/5.0 (Windows; U; Windows NT 5.1; en-US) AppleWebKit/531.3 (KHTML, like Gecko) Chrome/3.0.193.0 Safari/531.3"
91.99.228.159 - - [20/Oct/2009:12:50:48 -0400] "GET /main.js HTTP/1.1" 200 5103 "http://alex.jeb.ca/flash.html" "Mozilla/5.0 (Windows; U; Windows NT 5.1; en-US) AppleWebKit/531.3 (KHTML, like Gecko) Chrome/3.0.193.0 Safari/531.3"
91.99.228.159 - - [20/Oct/2009:12:50:49 -0400] "GET /images/left.gif HTTP/1.1" 200 493 "http://alex.jeb.ca/flash.html" "Mozilla/5.0 (Windows; U; Windows NT 5.1; en-US) AppleWebKit/531.3 (KHTML, like Gecko) Chrome/3.0.193.0 Safari/531.3"
91.99.228.159 - - [20/Oct/2009:12:50:49 -0400] "GET /images/right.gif HTTP/1.1" 200 1986 "http://alex.jeb.ca/flash.html" "Mozilla/5.0 (Windows; U; Windows NT 5.1; en-US) AppleWebKit/531.3 (KHTML, like Gecko) Chrome/3.0.193.0 Safari/531.3"
91.99.228.159 - - [20/Oct/2009:12:50:49 -0400] "GET /images/on_left.gif HTTP/1.1" 200 478 "http://alex.jeb.ca/flash.html" "Mozilla/5.0 (Windows; U; Windows NT 5.1; en-US) AppleWebKit/531.3 (KHTML, like Gecko) Chrome/3.0.193.0 Safari/531.3"
91.99.228.159 - - [20/Oct/2009:12:50:49 -0400] "GET /images/on_right.gif HTTP/1.1" 200 1971 "http://alex.jeb.ca/flash.html" "Mozilla/5.0 (Windows; U; Windows NT 5.1; en-US) AppleWebKit/531.3 (KHTML, like Gecko) Chrome/3.0.193.0 Safari/531.3"
91.99.228.159 - - [20/Oct/2009:12:50:49 -0400] "GET /images/bg.gif HTTP/1.1" 200 519 "http://alex.jeb.ca/flash.html" "Mozilla/5.0 (Windows; U; Windows NT 5.1; en-US) AppleWebKit/531.3 (KHTML, like Gecko) Chrome/3.0.193.0 Safari/531.3"
91.99.228.159 - - [20/Oct/2009:12:50:49 -0400] "GET /images/_portfolio/flash/venus.gif HTTP/1.1" 200 1148 "http://alex.jeb.ca/flash.html" "Mozilla/5.0 (Windows; U; Windows NT 5.1; en-US) AppleWebKit/531.3 (KHTML, like Gecko) Chrome/3.0.193.0 Safari/531.3"
91.99.228.159 - - [20/Oct/2009:12:50:50 -0400] "GET /images/_portfolio/flash/rotating_circles.gif HTTP/1.1" 200 1022 "http://alex.jeb.ca/flash.html" "Mozilla/5.0 (Windows; U; Windows NT 5.1; en-US) AppleWebKit/531.3 (KHTML, like Gecko) Chrome/3.0.193.0 Safari/531.3"
91.99.228.159 - - [20/Oct/2009:12:50:50 -0400] "GET /images/_portfolio/flash/venn_diagram.gif HTTP/1.1" 200 884 "http://alex.jeb.ca/flash.html" "Mozilla/5.0 (Windows; U; Windows NT 5.1; en-US) AppleWebKit/531.3 (KHTML, like Gecko) Chrome/3.0.193.0 Safari/531.3"
91.99.228.159 - - [20/Oct/2009:12:50:50 -0400] "GET /images/_portfolio/flash/annimated_butterfly.gif HTTP/1.1" 200 514 "http://alex.jeb.ca/flash.html" "Mozilla/5.0 (Windows; U; Windows NT 5.1; en-US) AppleWebKit/531.3 (KHTML, like Gecko) Chrome/3.0.193.0 Safari/531.3"
91.99.228.159 - - [20/Oct/2009:12:50:50 -0400] "GET /images/_portfolio/flash/wine_banner.gif HTTP/1.1" 200 1021 "http://alex.jeb.ca/flash.html" "Mozilla/5.0 (Windows; U; Windows NT 5.1; en-US) AppleWebKit/531.3 (KHTML, like Gecko) Chrome/3.0.193.0 Safari/531.3"
91.99.228.159 - - [20/Oct/2009:12:50:50 -0400] "GET /images/_portfolio/flash/bending_arrow.gif HTTP/1.1" 200 428 "http://alex.jeb.ca/flash.html" "Mozilla/5.0 (Windows; U; Windows NT 5.1; en-US) AppleWebKit/531.3 (KHTML, like Gecko) Chrome/3.0.193.0 Safari/531.3"
91.99.228.159 - - [20/Oct/2009:12:50:50 -0400] "GET /images/_portfolio/flash/finland.gif HTTP/1.1" 200 669 "http://alex.jeb.ca/flash.html" "Mozilla/5.0 (Windows; U; Windows NT 5.1; en-US) AppleWebKit/531.3 (KHTML, like Gecko) Chrome/3.0.193.0 Safari/531.3"
91.99.228.159 - - [20/Oct/2009:12:50:55 -0400] "GET /favicon.ico HTTP/1.1" 200 1150 "-" "Mozilla/5.0 (Windows; U; Windows NT 5.1; en-US) AppleWebKit/531.3 (KHTML, like Gecko) Chrome/3.0.193.0 Safari/531.3"
66.249.71.185 - - [20/Oct/2009:14:14:14 -0400] "GET /images/right.gif HTTP/1.1" 200 1986 "-" "Mozilla/5.0 (compatible; Googlebot/2.1; +http://www.google.com/bot.html)"
66.249.71.185 - - [20/Oct/2009:14:14:15 -0400] "GET /images/on_right.gif HTTP/1.1" 200 1971 "-" "Mozilla/5.0 (compatible; Googlebot/2.1; +http://www.google.com/bot.html)"
67.218.116.130 - - [21/Oct/2009:09:16:35 -0400] "GET /robots.txt HTTP/1.0" 404 269 "-" "Mozilla/5.0 (Twiceler-0.9 http://www.cuil.com/twiceler/robot.html)"
66.249.71.185 - - [21/Oct/2009:20:05:23 -0400] "GET /robots.txt HTTP/1.1" 404 269 "-" "Googlebot-Image/1.0"
66.249.71.185 - - [21/Oct/2009:20:05:23 -0400] "GET /images/_portfolio/web_pages/email.gif HTTP/1.1" 304 - "-" "Googlebot-Image/1.0"
65.55.107.180 - - [22/Oct/2009:00:13:47 -0400] "GET /robots.txt HTTP/1.1" 404 269 "-" "msnbot/2.0b (+http://search.msn.com/msnbot.htm)"
65.55.107.180 - - [22/Oct/2009:00:14:46 -0400] "GET /email/origins.html HTTP/1.1" 404 277 "-" "msnbot/2.0b (+http://search.msn.com/msnbot.htm)"
66.249.71.185 - - [22/Oct/2009:04:02:49 -0400] "GET /index.css HTTP/1.1" 200 962 "-" "Mozilla/5.0 (compatible; Googlebot/2.1; +http://www.google.com/bot.html)"
67.218.116.130 - - [22/Oct/2009:09:38:26 -0400] "GET /robots.txt HTTP/1.0" 404 269 "-" "Mozilla/5.0 (Twiceler-0.9 http://www.cuil.com/twiceler/robot.html)"
65.55.106.233 - - [22/Oct/2009:15:21:58 -0400] "GET /robots.txt HTTP/1.1" 404 269 "-" "msnbot/2.0b (+http://search.msn.com/msnbot.htm)"
65.55.106.233 - - [22/Oct/2009:15:22:45 -0400] "GET /email/origins.html HTTP/1.1" 404 277 "-" "msnbot/2.0b (+http://search.msn.com/msnbot.htm)"
66.249.71.185 - - [23/Oct/2009:00:50:00 -0400] "GET /robots.txt HTTP/1.1" 404 269 "-" "Mozilla/5.0 (compatible; Googlebot/2.1; +http://www.google.com/bot.html)"
66.249.71.185 - - [23/Oct/2009:00:50:00 -0400] "GET /email/origins.html HTTP/1.1" 404 277 "-" "Mozilla/5.0 (compatible; Googlebot/2.1; +http://www.google.com/bot.html)"
65.55.106.180 - - [23/Oct/2009:07:13:10 -0400] "GET /robots.txt HTTP/1.1" 404 269 "-" "msnbot/2.0b (+http://search.msn.com/msnbot.htm)"
65.55.106.180 - - [23/Oct/2009:07:14:14 -0400] "GET /email/origins.html HTTP/1.1" 404 277 "-" "msnbot/2.0b (+http://search.msn.com/msnbot.htm)"
67.218.116.130 - - [23/Oct/2009:10:29:41 -0400] "GET /robots.txt HTTP/1.0" 404 269 "-" "Mozilla/5.0 (Twiceler-0.9 http://www.cuil.com/twiceler/robot.html)"
66.249.71.185 - - [23/Oct/2009:16:48:30 -0400] "GET /robots.txt HTTP/1.1" 404 269 "-" "Googlebot-Image/1.0"
66.249.71.185 - - [23/Oct/2009:16:48:30 -0400] "GET /images/_portfolio/web_pages/golf_quiz.gif HTTP/1.1" 304 - "-" "Googlebot-Image/1.0"
66.249.71.185 - - [23/Oct/2009:23:33:07 -0400] "GET / HTTP/1.1" 200 1984 "-" "Mozilla/5.0 (compatible; Googlebot/2.1; +http://www.google.com/bot.html)"
66.249.71.185 - - [24/Oct/2009:01:51:53 -0400] "GET /home.swf HTTP/1.1" 200 17352 "-" "Mozilla/5.0 (compatible; Googlebot/2.1; +http://www.google.com/bot.html)"
66.249.71.185 - - [24/Oct/2009:01:57:37 -0400] "GET /flash.html HTTP/1.1" 200 4756 "-" "Mozilla/5.0 (compatible; Googlebot/2.1; +http://www.google.com/bot.html)"
66.249.71.185 - - [24/Oct/2009:02:01:38 -0400] "GET /index.html HTTP/1.1" 200 1984 "-" "Mozilla/5.0 (compatible; Googlebot/2.1; +http://www.google.com/bot.html)"
66.249.71.185 - - [24/Oct/2009:02:06:01 -0400] "GET /print.html HTTP/1.1" 200 4324 "-" "Mozilla/5.0 (compatible; Googlebot/2.1; +http://www.google.com/bot.html)"
66.249.71.185 - - [24/Oct/2009:02:10:21 -0400] "GET /pages.html HTTP/1.1" 200 4692 "-" "Mozilla/5.0 (compatible; Googlebot/2.1; +http://www.google.com/bot.html)"
66.249.71.185 - - [24/Oct/2009:02:14:50 -0400] "GET /contact.html HTTP/1.1" 200 6927 "-" "Mozilla/5.0 (compatible; Googlebot/2.1; +http://www.google.com/bot.html)"
66.249.71.185 - - [24/Oct/2009:02:18:45 -0400] "GET /photoshop.html HTTP/1.1" 200 7709 "-" "Mozilla/5.0 (compatible; Googlebot/2.1; +http://www.google.com/bot.html)"
66.249.71.185 - - [24/Oct/2009:02:22:09 -0400] "GET /illustrator.html HTTP/1.1" 200 6612 "-" "Mozilla/5.0 (compatible; Googlebot/2.1; +http://www.google.com/bot.html)"
66.249.71.185 - - [24/Oct/2009:04:46:12 -0400] "GET /html HTTP/1.1" 404 263 "-" "Mozilla/5.0 (compatible; Googlebot/2.1; +http://www.google.com/bot.html)"
66.249.71.185 - - [24/Oct/2009:04:52:54 -0400] "GET /robots.txt HTTP/1.1" 404 269 "-" "Mozilla/5.0 (compatible; Googlebot/2.1; +http://www.google.com/bot.html)"
66.249.71.185 - - [24/Oct/2009:04:52:54 -0400] "GET /email HTTP/1.1" 404 264 "-" "Mozilla/5.0 (compatible; Googlebot/2.1; +http://www.google.com/bot.html)"
66.249.71.185 - - [24/Oct/2009:04:58:57 -0400] "GET /finland HTTP/1.1" 404 266 "-" "Mozilla/5.0 (compatible; Googlebot/2.1; +http://www.google.com/bot.html)"
66.249.71.185 - - [24/Oct/2009:05:03:40 -0400] "GET /golf_quiz HTTP/1.1" 404 268 "-" "Mozilla/5.0 (compatible; Googlebot/2.1; +http://www.google.com/bot.html)"
66.249.71.185 - - [24/Oct/2009:05:08:33 -0400] "GET /impressions/ HTTP/1.1" 404 271 "-" "Mozilla/5.0 (compatible; Googlebot/2.1; +http://www.google.com/bot.html)"
66.249.71.185 - - [24/Oct/2009:05:13:24 -0400] "GET /havlat_photography/ HTTP/1.1" 404 278 "-" "Mozilla/5.0 (compatible; Googlebot/2.1; +http://www.google.com/bot.html)"
66.249.71.185 - - [24/Oct/2009:08:34:43 -0400] "GET /images/_portfolio/flash/venn_diagram.gif HTTP/1.1" 304 - "-" "Googlebot-Image/1.0"
67.218.116.130 - - [24/Oct/2009:09:52:32 -0400] "GET /robots.txt HTTP/1.0" 404 269 "-" "Mozilla/5.0 (Twiceler-0.9 http://www.cuil.com/twiceler/robot.html)"
66.249.71.185 - - [24/Oct/2009:14:18:12 -0400] "GET /images/_portfolio/print/agence_lb.gif HTTP/1.1" 304 - "-" "Googlebot-Image/1.0"
65.55.207.97 - - [24/Oct/2009:15:13:17 -0400] "GET /robots.txt HTTP/1.1" 404 269 "-" "msnbot/2.0b (+http://search.msn.com/msnbot.htm)"
65.55.207.97 - - [24/Oct/2009:15:14:09 -0400] "GET /email/origins.html HTTP/1.1" 404 277 "-" "msnbot/2.0b (+http://search.msn.com/msnbot.htm)"
208.115.111.242 - - [25/Oct/2009:09:58:45 -0400] "GET /robots.txt HTTP/1.1" 404 269 "-" "Mozilla/5.0 (compatible; DotBot/1.1; http://www.dotnetdotcom.org/, crawler@dotnetdotcom.org)"
67.218.116.130 - - [25/Oct/2009:10:00:10 -0400] "GET /robots.txt HTTP/1.0" 404 269 "-" "Mozilla/5.0 (Twiceler-0.9 http://www.cuil.com/twiceler/robot.html)"
208.115.111.242 - - [25/Oct/2009:12:28:38 -0400] "GET /flash.html HTTP/1.1" 200 4756 "-" "Mozilla/5.0 (compatible; DotBot/1.1; http://www.dotnetdotcom.org/, crawler@dotnetdotcom.org)"
208.115.111.242 - - [25/Oct/2009:12:28:42 -0400] "GET /illustrator.html HTTP/1.1" 200 6612 "-" "Mozilla/5.0 (compatible; DotBot/1.1; http://www.dotnetdotcom.org/, crawler@dotnetdotcom.org)"
208.115.111.242 - - [25/Oct/2009:12:28:43 -0400] "GET /robots.txt HTTP/1.1" 404 269 "-" "Mozilla/5.0 (compatible; DotBot/1.1; http://www.dotnetdotcom.org/, crawler@dotnetdotcom.org)"
208.115.111.242 - - [25/Oct/2009:12:28:47 -0400] "GET /index.html HTTP/1.1" 200 1984 "-" "Mozilla/5.0 (compatible; DotBot/1.1; http://www.dotnetdotcom.org/, crawler@dotnetdotcom.org)"
208.115.111.242 - - [25/Oct/2009:12:28:52 -0400] "GET /photoshop.html HTTP/1.1" 200 7709 "-" "Mozilla/5.0 (compatible; DotBot/1.1; http://www.dotnetdotcom.org/, crawler@dotnetdotcom.org)"
75.101.246.104 - - [25/Oct/2009:13:18:04 -0400] "GET /robots.txt HTTP/1.0" 404 269 "-" "ia_archiver (+http://www.alexa.com/site/help/webmasters; crawler@alexa.com)"
75.101.246.104 - - [25/Oct/2009:13:18:04 -0400] "GET / HTTP/1.0" 200 1984 "-" "ia_archiver (+http://www.alexa.com/site/help/webmasters; crawler@alexa.com)"
208.115.111.242 - - [25/Oct/2009:14:49:26 -0400] "GET / HTTP/1.1" 200 1984 "-" "Mozilla/5.0 (compatible; DotBot/1.1; http://www.dotnetdotcom.org/, crawler@dotnetdotcom.org)"
208.115.111.242 - - [25/Oct/2009:14:49:31 -0400] "GET /contact.html HTTP/1.1" 200 6927 "-" "Mozilla/5.0 (compatible; DotBot/1.1; http://www.dotnetdotcom.org/, crawler@dotnetdotcom.org)"
208.115.111.242 - - [25/Oct/2009:14:49:36 -0400] "GET /pages.html HTTP/1.1" 200 4692 "-" "Mozilla/5.0 (compatible; DotBot/1.1; http://www.dotnetdotcom.org/, crawler@dotnetdotcom.org)"
208.115.111.242 - - [25/Oct/2009:14:49:41 -0400] "GET /print.html HTTP/1.1" 200 4324 "-" "Mozilla/5.0 (compatible; DotBot/1.1; http://www.dotnetdotcom.org/, crawler@dotnetdotcom.org)"
66.249.71.185 - - [26/Oct/2009:03:05:26 -0400] "GET /robots.txt HTTP/1.1" 404 269 "-" "Googlebot-Image/1.0"
66.249.71.185 - - [26/Oct/2009:03:05:26 -0400] "GET /images/_portfolio/photoshop/graphics_banner_sm.jpg HTTP/1.1" 304 - "-" "Googlebot-Image/1.0"
67.218.116.130 - - [26/Oct/2009:10:11:34 -0400] "GET /robots.txt HTTP/1.0" 404 269 "-" "Mozilla/5.0 (Twiceler-0.9 http://www.cuil.com/twiceler/robot.html)"
74.52.45.250 - - [26/Oct/2009:15:57:48 -0400] "GET / HTTP/1.1" 200 1984 "-" "Mozilla/4.0 (compatible; MSIE 6.0; Windows NT 5.1; en) Opera 8.50"
74.52.45.250 - - [26/Oct/2009:15:57:48 -0400] "GET /index.html HTTP/1.1" 200 1984 "-" "Mozilla/4.0 (compatible; MSIE 6.0; Windows NT 5.1; en) Opera 8.50"
74.52.45.250 - - [26/Oct/2009:15:57:48 -0400] "GET /pages.html HTTP/1.1" 200 4692 "-" "Mozilla/4.0 (compatible; MSIE 6.0; Windows NT 5.1; en) Opera 8.50"
74.52.45.250 - - [26/Oct/2009:15:57:49 -0400] "GET /illustrator.html HTTP/1.1" 200 6612 "-" "Mozilla/4.0 (compatible; MSIE 6.0; Windows NT 5.1; en) Opera 8.50"
74.52.45.250 - - [26/Oct/2009:15:57:49 -0400] "GET /flash.html HTTP/1.1" 200 4756 "-" "Mozilla/4.0 (compatible; MSIE 6.0; Windows NT 5.1; en) Opera 8.50"
74.52.45.250 - - [26/Oct/2009:15:57:49 -0400] "GET /photoshop.html HTTP/1.1" 200 7709 "-" "Mozilla/4.0 (compatible; MSIE 6.0; Windows NT 5.1; en) Opera 8.50"
74.52.45.250 - - [26/Oct/2009:15:57:50 -0400] "GET /print.html HTTP/1.1" 200 4324 "-" "Mozilla/4.0 (compatible; MSIE 6.0; Windows NT 5.1; en) Opera 8.50"
74.52.45.250 - - [26/Oct/2009:15:57:51 -0400] "GET /contact.html HTTP/1.1" 200 6927 "-" "Mozilla/4.0 (compatible; MSIE 6.0; Windows NT 5.1; en) Opera 8.50"
66.249.71.185 - - [27/Oct/2009:02:37:44 -0400] "GET /robots.txt HTTP/1.1" 404 269 "-" "Googlebot-Image/1.0"
66.249.71.185 - - [27/Oct/2009:02:37:45 -0400] "GET /images/_portfolio/illustrator/women_flowers_sm.gif HTTP/1.1" 304 - "-" "Googlebot-Image/1.0"
213.136.118.110 - - [27/Oct/2009:06:55:50 -0400] "GET / HTTP/1.1" 200 1984 "-" "Mozilla/4.0 (compatible; MSIE 5.0; Windows NT; DigExt; DTS Agent"
67.218.116.130 - - [27/Oct/2009:10:44:00 -0400] "GET /robots.txt HTTP/1.0" 404 269 "-" "Mozilla/5.0 (Twiceler-0.9 http://www.cuil.com/twiceler/robot.html)"
66.249.71.185 - - [27/Oct/2009:11:31:00 -0400] "GET / HTTP/1.1" 200 1984 "-" "Mozilla/5.0 (compatible; Googlebot/2.1; +http://www.google.com/bot.html)"
65.55.106.186 - - [27/Oct/2009:16:40:46 -0400] "GET /robots.txt HTTP/1.1" 404 269 "-" "msnbot/2.0b (+http://search.msn.com/msnbot.htm)"
65.55.106.186 - - [27/Oct/2009:16:41:33 -0400] "GET /email/origins.html HTTP/1.1" 404 277 "-" "msnbot/2.0b (+http://search.msn.com/msnbot.htm)"
66.249.65.226 - - [28/Oct/2009:03:44:55 -0400] "GET /robots.txt HTTP/1.1" 404 269 "-" "Googlebot-Image/1.0"
66.249.65.226 - - [28/Oct/2009:03:44:56 -0400] "GET /images/_portfolio/photoshop/fulfillment_banner_sm.jpg HTTP/1.1" 304 - "-" "Googlebot-Image/1.0"
66.249.65.226 - - [28/Oct/2009:07:15:07 -0400] "GET /images/_portfolio/print/cd_booklet.gif HTTP/1.1" 304 - "-" "Googlebot-Image/1.0"
66.249.65.226 - - [28/Oct/2009:09:00:13 -0400] "GET /images/_portfolio/illustrator/maple_leaf_sm.gif HTTP/1.1" 304 - "-" "Googlebot-Image/1.0"
67.218.116.130 - - [28/Oct/2009:10:02:10 -0400] "GET /robots.txt HTTP/1.0" 404 269 "-" "Mozilla/5.0 (Twiceler-0.9 http://www.cuil.com/twiceler/robot.html)"
66.249.65.226 - - [28/Oct/2009:12:30:11 -0400] "GET /images/_portfolio/flash/rotating_circles.gif HTTP/1.1" 304 - "-" "Googlebot-Image/1.0"
66.249.68.230 - - [29/Oct/2009:02:36:26 -0400] "GET /robots.txt HTTP/1.1" 404 269 "-" "Googlebot-Image/1.0"
66.249.68.230 - - [29/Oct/2009:02:36:26 -0400] "GET /images/_portfolio/web_pages/havlat_photography.gif HTTP/1.1" 304 - "-" "Googlebot-Image/1.0"
67.218.116.130 - - [29/Oct/2009:10:02:50 -0400] "GET /robots.txt HTTP/1.0" 404 269 "-" "Mozilla/5.0 (Twiceler-0.9 http://www.cuil.com/twiceler/robot.html)"
66.249.65.226 - - [29/Oct/2009:16:59:19 -0400] "GET /robots.txt HTTP/1.1" 404 269 "-" "Googlebot-Image/1.0"
66.249.65.226 - - [29/Oct/2009:16:59:19 -0400] "GET /images/_portfolio/flash/venus.gif HTTP/1.1" 304 - "-" "Googlebot-Image/1.0"
66.249.65.226 - - [30/Oct/2009:02:36:32 -0400] "GET /images/_portfolio/photoshop/pie_chart_sm.jpg HTTP/1.1" 304 - "-" "Googlebot-Image/1.0"
65.55.207.123 - - [30/Oct/2009:06:39:35 -0400] "GET /robots.txt HTTP/1.1" 404 269 "-" "msnbot/2.0b (+http://search.msn.com/msnbot.htm)"
65.55.207.123 - - [30/Oct/2009:06:40:51 -0400] "GET /email/origins.html HTTP/1.1" 404 277 "-" "msnbot/2.0b (+http://search.msn.com/msnbot.htm)"
67.218.116.130 - - [30/Oct/2009:10:51:58 -0400] "GET /robots.txt HTTP/1.0" 404 269 "-" "Mozilla/5.0 (Twiceler-0.9 http://www.cuil.com/twiceler/robot.html)"
66.249.65.226 - - [31/Oct/2009:02:06:05 -0400] "GET /robots.txt HTTP/1.1" 404 269 "-" "Googlebot-Image/1.0"
66.249.65.226 - - [31/Oct/2009:02:06:05 -0400] "GET /images/_portfolio/photoshop/violin_sunset_sm.jpg HTTP/1.1" 304 - "-" "Googlebot-Image/1.0"
67.218.116.130 - - [31/Oct/2009:10:57:52 -0400] "GET /robots.txt HTTP/1.0" 404 269 "-" "Mozilla/5.0 (Twiceler-0.9 http://www.cuil.com/twiceler/robot.html)"
67.218.116.130 - - [01/Nov/2009:09:13:49 -0500] "GET /robots.txt HTTP/1.0" 404 269 "-" "Mozilla/5.0 (Twiceler-0.9 http://www.cuil.com/twiceler/robot.html)"
66.249.65.226 - - [01/Nov/2009:10:35:54 -0500] "GET /robots.txt HTTP/1.1" 404 269 "-" "Googlebot-Image/1.0"
66.249.65.226 - - [01/Nov/2009:10:35:54 -0500] "GET /images/_portfolio/web_pages/html.gif HTTP/1.1" 304 - "-" "Googlebot-Image/1.0"
65.55.207.136 - - [01/Nov/2009:17:36:42 -0500] "GET /robots.txt HTTP/1.1" 404 269 "-" "msnbot/2.0b (+http://search.msn.com/msnbot.htm)"
65.55.207.136 - - [01/Nov/2009:17:37:44 -0500] "GET /email/origins.html HTTP/1.1" 404 277 "-" "msnbot/2.0b (+http://search.msn.com/msnbot.htm)"
67.218.116.130 - - [02/Nov/2009:10:36:49 -0500] "GET /robots.txt HTTP/1.0" 404 269 "-" "Mozilla/5.0 (Twiceler-0.9 http://www.cuil.com/twiceler/robot.html)"
65.55.106.208 - - [03/Nov/2009:08:55:19 -0500] "GET /robots.txt HTTP/1.1" 404 269 "-" "msnbot/2.0b (+http://search.msn.com/msnbot.htm)"
65.55.106.208 - - [03/Nov/2009:08:56:11 -0500] "GET /email/origins.html HTTP/1.1" 404 277 "-" "msnbot/2.0b (+http://search.msn.com/msnbot.htm)"
67.218.116.130 - - [03/Nov/2009:10:33:27 -0500] "GET /robots.txt HTTP/1.0" 404 269 "-" "Mozilla/5.0 (Twiceler-0.9 http://www.cuil.com/twiceler/robot.html)"
174.89.226.3 - - [03/Nov/2009:18:28:48 -0500] "GET /illustrator.html HTTP/1.1" 200 6612 "http://images.google.ca/imgres?imgurl=http://alex.jeb.ca/images/_portfolio/illustrator/fleur_de_lis_sm.gif&imgrefurl=http://alex.jeb.ca/illustrator.html&usg=__xDWGxtTS7gppBPaxc8_Y7A8gfbo=&h=75&w=75&sz=1&hl=en&start=30&tbnid=Jt8-48SFFtjLYM:&tbnh=71&tbnw=71&prev=/images%3Fq%3D3d%2Bfleur%2Bde%2Blis%2Bgif%26gbv%3D2%26ndsp%3D20%26hl%3Den%26sa%3DN%26start%3D20" "Mozilla/5.0 (Windows; U; Windows NT 5.1; en-US; rv:1.9.1.4) Gecko/20091016 Firefox/3.5.4 (.NET CLR 3.5.30729)"
174.89.226.3 - - [03/Nov/2009:18:28:51 -0500] "GET /top_nav.css HTTP/1.1" 200 841 "http://alex.jeb.ca/illustrator.html" "Mozilla/5.0 (Windows; U; Windows NT 5.1; en-US; rv:1.9.1.4) Gecko/20091016 Firefox/3.5.4 (.NET CLR 3.5.30729)"
174.89.226.3 - - [03/Nov/2009:18:28:51 -0500] "GET /index.css HTTP/1.1" 200 962 "http://alex.jeb.ca/illustrator.html" "Mozilla/5.0 (Windows; U; Windows NT 5.1; en-US; rv:1.9.1.4) Gecko/20091016 Firefox/3.5.4 (.NET CLR 3.5.30729)"
174.89.226.3 - - [03/Nov/2009:18:28:51 -0500] "GET /main.js HTTP/1.1" 200 5103 "http://alex.jeb.ca/illustrator.html" "Mozilla/5.0 (Windows; U; Windows NT 5.1; en-US; rv:1.9.1.4) Gecko/20091016 Firefox/3.5.4 (.NET CLR 3.5.30729)"
174.89.226.3 - - [03/Nov/2009:18:28:51 -0500] "GET /images/_portfolio/illustrator/fleur_de_lis_sm.gif HTTP/1.1" 200 960 "http://images.google.ca/imgres?imgurl=http://alex.jeb.ca/images/_portfolio/illustrator/fleur_de_lis_sm.gif&imgrefurl=http://alex.jeb.ca/illustrator.html&usg=__xDWGxtTS7gppBPaxc8_Y7A8gfbo=&h=75&w=75&sz=1&hl=en&start=30&tbnid=Jt8-48SFFtjLYM:&tbnh=71&tbnw=71&prev=/images%3Fq%3D3d%2Bfleur%2Bde%2Blis%2Bgif%26gbv%3D2%26ndsp%3D20%26hl%3Den%26sa%3DN%26start%3D20" "Mozilla/5.0 (Windows; U; Windows NT 5.1; en-US; rv:1.9.1.4) Gecko/20091016 Firefox/3.5.4 (.NET CLR 3.5.30729)"
174.89.226.3 - - [03/Nov/2009:18:28:51 -0500] "GET /images/bg.gif HTTP/1.1" 200 519 "http://alex.jeb.ca/top_nav.css" "Mozilla/5.0 (Windows; U; Windows NT 5.1; en-US; rv:1.9.1.4) Gecko/20091016 Firefox/3.5.4 (.NET CLR 3.5.30729)"
174.89.226.3 - - [03/Nov/2009:18:28:52 -0500] "GET /images/on_left.gif HTTP/1.1" 200 478 "http://alex.jeb.ca/top_nav.css" "Mozilla/5.0 (Windows; U; Windows NT 5.1; en-US; rv:1.9.1.4) Gecko/20091016 Firefox/3.5.4 (.NET CLR 3.5.30729)"
174.89.226.3 - - [03/Nov/2009:18:28:52 -0500] "GET /images/on_right.gif HTTP/1.1" 200 1971 "http://alex.jeb.ca/top_nav.css" "Mozilla/5.0 (Windows; U; Windows NT 5.1; en-US; rv:1.9.1.4) Gecko/20091016 Firefox/3.5.4 (.NET CLR 3.5.30729)"
174.89.226.3 - - [03/Nov/2009:18:28:52 -0500] "GET /images/left.gif HTTP/1.1" 200 493 "http://alex.jeb.ca/top_nav.css" "Mozilla/5.0 (Windows; U; Windows NT 5.1; en-US; rv:1.9.1.4) Gecko/20091016 Firefox/3.5.4 (.NET CLR 3.5.30729)"
174.89.226.3 - - [03/Nov/2009:18:28:52 -0500] "GET /images/right.gif HTTP/1.1" 200 1986 "http://alex.jeb.ca/top_nav.css" "Mozilla/5.0 (Windows; U; Windows NT 5.1; en-US; rv:1.9.1.4) Gecko/20091016 Firefox/3.5.4 (.NET CLR 3.5.30729)"
67.218.116.130 - - [04/Nov/2009:10:43:58 -0500] "GET /robots.txt HTTP/1.0" 404 269 "-" "Mozilla/5.0 (Twiceler-0.9 http://www.cuil.com/twiceler/robot.html)"
76.67.60.36 - - [05/Nov/2009:00:08:06 -0500] "GET /contact.html HTTP/1.1" 200 6927 "http://www.google.ca/search?q=alex+bourgeois&ie=utf-8&oe=utf-8&aq=t&rls=org.mozilla:en-GB:official&client=firefox-a" "Mozilla/5.0 (Windows; U; Windows NT 5.1; en-GB; rv:1.9.1.4) Gecko/20091016 Firefox/3.5.4 (.NET CLR 3.5.30729)"
76.67.60.36 - - [05/Nov/2009:00:08:06 -0500] "GET /index.css HTTP/1.1" 200 962 "http://alex.jeb.ca/contact.html" "Mozilla/5.0 (Windows; U; Windows NT 5.1; en-GB; rv:1.9.1.4) Gecko/20091016 Firefox/3.5.4 (.NET CLR 3.5.30729)"
76.67.60.36 - - [05/Nov/2009:00:08:06 -0500] "GET /top_nav.css HTTP/1.1" 200 841 "http://alex.jeb.ca/contact.html" "Mozilla/5.0 (Windows; U; Windows NT 5.1; en-GB; rv:1.9.1.4) Gecko/20091016 Firefox/3.5.4 (.NET CLR 3.5.30729)"
76.67.60.36 - - [05/Nov/2009:00:08:06 -0500] "GET /favicon.ico HTTP/1.1" 200 1150 "-" "Mozilla/5.0 (Windows; U; Windows NT 5.1; en-GB; rv:1.9.1.4) Gecko/20091016 Firefox/3.5.4 (.NET CLR 3.5.30729)"
76.67.60.36 - - [05/Nov/2009:00:08:06 -0500] "GET /main.js HTTP/1.1" 200 5103 "http://alex.jeb.ca/contact.html" "Mozilla/5.0 (Windows; U; Windows NT 5.1; en-GB; rv:1.9.1.4) Gecko/20091016 Firefox/3.5.4 (.NET CLR 3.5.30729)"
76.67.60.36 - - [05/Nov/2009:00:08:06 -0500] "GET /images/get_acrobat.gif HTTP/1.1" 200 1459 "http://alex.jeb.ca/contact.html" "Mozilla/5.0 (Windows; U; Windows NT 5.1; en-GB; rv:1.9.1.4) Gecko/20091016 Firefox/3.5.4 (.NET CLR 3.5.30729)"
76.67.60.36 - - [05/Nov/2009:00:08:07 -0500] "GET /images/bg.gif HTTP/1.1" 200 519 "http://alex.jeb.ca/top_nav.css" "Mozilla/5.0 (Windows; U; Windows NT 5.1; en-GB; rv:1.9.1.4) Gecko/20091016 Firefox/3.5.4 (.NET CLR 3.5.30729)"
76.67.60.36 - - [05/Nov/2009:00:08:07 -0500] "GET /images/left.gif HTTP/1.1" 200 493 "http://alex.jeb.ca/top_nav.css" "Mozilla/5.0 (Windows; U; Windows NT 5.1; en-GB; rv:1.9.1.4) Gecko/20091016 Firefox/3.5.4 (.NET CLR 3.5.30729)"
76.67.60.36 - - [05/Nov/2009:00:08:07 -0500] "GET /images/right.gif HTTP/1.1" 200 1986 "http://alex.jeb.ca/top_nav.css" "Mozilla/5.0 (Windows; U; Windows NT 5.1; en-GB; rv:1.9.1.4) Gecko/20091016 Firefox/3.5.4 (.NET CLR 3.5.30729)"
76.67.60.36 - - [05/Nov/2009:00:08:07 -0500] "GET /images/on_left.gif HTTP/1.1" 200 478 "http://alex.jeb.ca/top_nav.css" "Mozilla/5.0 (Windows; U; Windows NT 5.1; en-GB; rv:1.9.1.4) Gecko/20091016 Firefox/3.5.4 (.NET CLR 3.5.30729)"
76.67.60.36 - - [05/Nov/2009:00:08:07 -0500] "GET /images/on_right.gif HTTP/1.1" 200 1971 "http://alex.jeb.ca/top_nav.css" "Mozilla/5.0 (Windows; U; Windows NT 5.1; en-GB; rv:1.9.1.4) Gecko/20091016 Firefox/3.5.4 (.NET CLR 3.5.30729)"
76.67.60.36 - - [05/Nov/2009:00:08:15 -0500] "GET / HTTP/1.1" 200 1984 "-" "Mozilla/5.0 (Windows; U; Windows NT 5.1; en-GB; rv:1.9.1.4) Gecko/20091016 Firefox/3.5.4 (.NET CLR 3.5.30729)"
76.67.60.36 - - [05/Nov/2009:00:08:15 -0500] "GET /home.swf HTTP/1.1" 200 17352 "http://alex.jeb.ca/" "Mozilla/5.0 (Windows; U; Windows NT 5.1; en-GB; rv:1.9.1.4) Gecko/20091016 Firefox/3.5.4 (.NET CLR 3.5.30729)"
76.67.60.36 - - [05/Nov/2009:00:08:30 -0500] "GET /print.html HTTP/1.1" 200 4324 "http://alex.jeb.ca/" "Mozilla/5.0 (Windows; U; Windows NT 5.1; en-GB; rv:1.9.1.4) Gecko/20091016 Firefox/3.5.4 (.NET CLR 3.5.30729)"
76.67.60.36 - - [05/Nov/2009:00:08:30 -0500] "GET /images/_portfolio/print/cd_booklet.gif HTTP/1.1" 200 1736 "http://alex.jeb.ca/print.html" "Mozilla/5.0 (Windows; U; Windows NT 5.1; en-GB; rv:1.9.1.4) Gecko/20091016 Firefox/3.5.4 (.NET CLR 3.5.30729)"
76.67.60.36 - - [05/Nov/2009:00:08:30 -0500] "GET /images/_portfolio/print/cd_spine_back.gif HTTP/1.1" 200 994 "http://alex.jeb.ca/print.html" "Mozilla/5.0 (Windows; U; Windows NT 5.1; en-GB; rv:1.9.1.4) Gecko/20091016 Firefox/3.5.4 (.NET CLR 3.5.30729)"
76.67.60.36 - - [05/Nov/2009:00:08:30 -0500] "GET /images/_portfolio/print/agence_lb.gif HTTP/1.1" 200 891 "http://alex.jeb.ca/print.html" "Mozilla/5.0 (Windows; U; Windows NT 5.1; en-GB; rv:1.9.1.4) Gecko/20091016 Firefox/3.5.4 (.NET CLR 3.5.30729)"
76.67.60.36 - - [05/Nov/2009:00:08:30 -0500] "GET /images/_portfolio/print/cinema_ad_sm.gif HTTP/1.1" 200 1193 "http://alex.jeb.ca/print.html" "Mozilla/5.0 (Windows; U; Windows NT 5.1; en-GB; rv:1.9.1.4) Gecko/20091016 Firefox/3.5.4 (.NET CLR 3.5.30729)"
76.67.60.36 - - [05/Nov/2009:00:08:30 -0500] "GET /images/_portfolio/print/egypt_sm.gif HTTP/1.1" 200 1199 "http://alex.jeb.ca/print.html" "Mozilla/5.0 (Windows; U; Windows NT 5.1; en-GB; rv:1.9.1.4) Gecko/20091016 Firefox/3.5.4 (.NET CLR 3.5.30729)"
76.67.60.36 - - [05/Nov/2009:00:08:35 -0500] "GET /photoshop.html HTTP/1.1" 200 7709 "http://alex.jeb.ca/print.html" "Mozilla/5.0 (Windows; U; Windows NT 5.1; en-GB; rv:1.9.1.4) Gecko/20091016 Firefox/3.5.4 (.NET CLR 3.5.30729)"
76.67.60.36 - - [05/Nov/2009:00:08:35 -0500] "GET /images/_portfolio/photoshop/fiber_optics_sm.gif HTTP/1.1" 200 1983 "http://alex.jeb.ca/photoshop.html" "Mozilla/5.0 (Windows; U; Windows NT 5.1; en-GB; rv:1.9.1.4) Gecko/20091016 Firefox/3.5.4 (.NET CLR 3.5.30729)"
76.67.60.36 - - [05/Nov/2009:00:08:35 -0500] "GET /images/_portfolio/photoshop/telegraph_sm.gif HTTP/1.1" 200 1178 "http://alex.jeb.ca/photoshop.html" "Mozilla/5.0 (Windows; U; Windows NT 5.1; en-GB; rv:1.9.1.4) Gecko/20091016 Firefox/3.5.4 (.NET CLR 3.5.30729)"
76.67.60.36 - - [05/Nov/2009:00:08:35 -0500] "GET /images/_portfolio/photoshop/satelite_sm.gif HTTP/1.1" 200 1440 "http://alex.jeb.ca/photoshop.html" "Mozilla/5.0 (Windows; U; Windows NT 5.1; en-GB; rv:1.9.1.4) Gecko/20091016 Firefox/3.5.4 (.NET CLR 3.5.30729)"
76.67.60.36 - - [05/Nov/2009:00:08:35 -0500] "GET /images/_portfolio/photoshop/telephone_wires_sm.jpg HTTP/1.1" 200 1213 "http://alex.jeb.ca/photoshop.html" "Mozilla/5.0 (Windows; U; Windows NT 5.1; en-GB; rv:1.9.1.4) Gecko/20091016 Firefox/3.5.4 (.NET CLR 3.5.30729)"
76.67.60.36 - - [05/Nov/2009:00:08:35 -0500] "GET /images/_portfolio/photoshop/lightning_sm.jpg HTTP/1.1" 200 1083 "http://alex.jeb.ca/photoshop.html" "Mozilla/5.0 (Windows; U; Windows NT 5.1; en-GB; rv:1.9.1.4) Gecko/20091016 Firefox/3.5.4 (.NET CLR 3.5.30729)"
