95.108.128.241 - - [10/May/2010:12:28:42 -0400] "GET /contact.html HTTP/1.1" 403 275 "-" "Yandex/1.01.001 (compatible; Win16; I)"
207.46.199.182 - - [10/May/2010:14:35:14 -0400] "GET /robots.txt HTTP/1.1" 404 269 "-" "msnbot/2.0b (+http://search.msn.com/msnbot.htm)"
67.218.116.166 - - [10/May/2010:14:40:25 -0400] "GET /robots.txt HTTP/1.1" 404 269 "-" "Mozilla/5.0 (Twiceler-0.9 http://www.cuil.com/twiceler/robot.html)"
67.218.116.130 - - [10/May/2010:14:44:09 -0400] "GET /robots.txt HTTP/1.1" 404 269 "-" "Mozilla/5.0 (Twiceler-0.9 http://www.cuil.com/twiceler/robot.html)"
184.73.24.169 - - [10/May/2010:15:11:25 -0400] "GET /robots.txt HTTP/1.1" 404 269 "-" "Mozilla/5.0 (compatible; spbot/2.0.2; +http://www.seoprofiler.com/bot/ )"
184.73.24.169 - - [10/May/2010:15:11:25 -0400] "GET /photoshop.html HTTP/1.1" 403 277 "-" "Mozilla/5.0 (compatible; spbot/2.0.2; +http://www.seoprofiler.com/bot/ )"
95.108.128.241 - - [10/May/2010:17:15:49 -0400] "GET / HTTP/1.1" 200 3145 "-" "Yandex/1.01.001 (compatible; Win16; I)"
66.249.71.149 - - [10/May/2010:20:40:16 -0400] "GET /Harris_House/ HTTP/1.1" 304 - "-" "Mozilla/5.0 (compatible; Googlebot/2.1; +http://www.google.com/bot.html)"
95.108.128.241 - - [10/May/2010:20:51:55 -0400] "GET /?C=M;O=A HTTP/1.1" 200 3145 "-" "Yandex/1.01.001 (compatible; Win16; I)"
66.249.71.149 - - [10/May/2010:22:42:36 -0400] "GET /robots.txt HTTP/1.1" 404 269 "-" "Googlebot-Image/1.0"
66.249.71.149 - - [10/May/2010:22:42:36 -0400] "GET /images/_portfolio/photoshop/dragon_statue_sm.jpg HTTP/1.1" 403 311 "-" "Googlebot-Image/1.0"
66.249.71.149 - - [11/May/2010:00:03:52 -0400] "GET /images/_portfolio/illustrator/wine_label_sm.gif HTTP/1.1" 403 310 "-" "Googlebot-Image/1.0"
95.108.128.241 - - [11/May/2010:01:40:04 -0400] "GET /robots.txt HTTP/1.1" 404 269 "-" "Yandex/1.01.001 (compatible; Win16; I)"
66.249.71.149 - - [11/May/2010:02:21:15 -0400] "GET /Harris_House/contact.html HTTP/1.1" 304 - "-" "Mozilla/5.0 (compatible; Googlebot/2.1; +http://www.google.com/bot.html)"
184.73.24.169 - - [11/May/2010:03:26:48 -0400] "GET /robots.txt HTTP/1.1" 404 269 "-" "Mozilla/5.0 (compatible; spbot/2.0.2; +http://www.seoprofiler.com/bot/ )"
184.73.24.169 - - [11/May/2010:03:26:49 -0400] "GET /illustrator.html HTTP/1.1" 403 279 "-" "Mozilla/5.0 (compatible; spbot/2.0.2; +http://www.seoprofiler.com/bot/ )"
95.108.128.241 - - [11/May/2010:03:38:14 -0400] "GET /Harris_House/ HTTP/1.1" 304 - "-" "Yandex/1.01.001 (compatible; Win16; I)"
95.108.128.241 - - [11/May/2010:06:23:40 -0400] "GET /logs/ HTTP/1.1" 200 769 "-" "Yandex/1.01.001 (compatible; Win16; I)"
95.108.128.241 - - [11/May/2010:08:13:57 -0400] "GET /email/origins.html HTTP/1.1" 404 277 "-" "Yandex/1.01.001 (compatible; Win16; I)"
204.236.250.216 - - [11/May/2010:14:13:15 -0400] "GET /robots.txt HTTP/1.1" 404 269 "-" "Mozilla/5.0 (compatible; spbot/2.0.2; +http://www.seoprofiler.com/bot/ )"
204.236.250.216 - - [11/May/2010:14:13:16 -0400] "GET / HTTP/1.1" 200 3145 "-" "Mozilla/5.0 (compatible; spbot/2.0.2; +http://www.seoprofiler.com/bot/ )"
204.236.250.216 - - [11/May/2010:14:13:25 -0400] "GET /robots.txt HTTP/1.1" 404 269 "-" "Mozilla/5.0 (compatible; spbot/2.0.2; +http://www.seoprofiler.com/bot/ )"
204.236.250.216 - - [11/May/2010:14:13:25 -0400] "GET /robots.txt HTTP/1.1" 404 269 "-" "Mozilla/5.0 (compatible; spbot/2.0.2; +http://www.seoprofiler.com/bot/ )"
204.236.250.216 - - [11/May/2010:14:13:25 -0400] "GET /?C=N;O=D HTTP/1.1" 200 3145 "-" "Mozilla/5.0 (compatible; spbot/2.0.2; +http://www.seoprofiler.com/bot/ )"
204.236.250.216 - - [11/May/2010:14:13:25 -0400] "GET /print.html HTTP/1.1" 403 273 "-" "Mozilla/5.0 (compatible; spbot/2.0.2; +http://www.seoprofiler.com/bot/ )"
204.236.250.216 - - [11/May/2010:14:13:25 -0400] "GET /robots.txt HTTP/1.1" 404 269 "-" "Mozilla/5.0 (compatible; spbot/2.0.2; +http://www.seoprofiler.com/bot/ )"
204.236.250.216 - - [11/May/2010:14:13:26 -0400] "GET /flash.html HTTP/1.1" 403 273 "-" "Mozilla/5.0 (compatible; spbot/2.0.2; +http://www.seoprofiler.com/bot/ )"
204.236.250.216 - - [11/May/2010:14:13:32 -0400] "GET /robots.txt HTTP/1.1" 404 269 "-" "Mozilla/5.0 (compatible; spbot/2.0.2; +http://www.seoprofiler.com/bot/ )"
204.236.250.216 - - [11/May/2010:14:13:32 -0400] "GET /?C=D;O=A HTTP/1.1" 200 3145 "-" "Mozilla/5.0 (compatible; spbot/2.0.2; +http://www.seoprofiler.com/bot/ )"
67.218.116.130 - - [11/May/2010:14:38:57 -0400] "GET /robots.txt HTTP/1.1" 404 269 "-" "Mozilla/5.0 (Twiceler-0.9 http://www.cuil.com/twiceler/robot.html)"
207.46.13.91 - - [11/May/2010:15:48:02 -0400] "GET /robots.txt HTTP/1.1" 404 269 "-" "msnbot/2.0b (+http://search.msn.com/msnbot.htm)"
207.46.13.91 - - [11/May/2010:15:49:00 -0400] "GET /email/origins.html HTTP/1.1" 404 277 "-" "msnbot/2.0b (+http://search.msn.com/msnbot.htm)"
95.108.128.241 - - [11/May/2010:16:50:54 -0400] "GET /robots.txt HTTP/1.1" 404 269 "-" "Yandex/1.01.001 (compatible; Win16; I)"
66.249.68.229 - - [11/May/2010:19:20:16 -0400] "GET /robots.txt HTTP/1.1" 404 269 "-" "Mozilla/5.0 (compatible; Googlebot/2.1; +http://www.google.com/bot.html)"
66.249.68.229 - - [11/May/2010:19:20:16 -0400] "GET /formmail.php HTTP/1.1" 200 311 "-" "Mozilla/5.0 (compatible; Googlebot/2.1; +http://www.google.com/bot.html)"
66.249.68.229 - - [11/May/2010:19:20:16 -0400] "GET /index.html HTTP/1.1" 404 269 "-" "Mozilla/5.0 (compatible; Googlebot/2.1; +http://www.google.com/bot.html)"
95.108.128.241 - - [11/May/2010:21:08:30 -0400] "GET /?C=D;O=A HTTP/1.1" 200 3145 "-" "Yandex/1.01.001 (compatible; Win16; I)"
95.108.128.241 - - [12/May/2010:01:27:25 -0400] "GET /contact.html HTTP/1.1" 403 275 "-" "Yandex/1.01.001 (compatible; Win16; I)"
38.99.97.175 - - [12/May/2010:02:02:16 -0400] "GET /robots.txt HTTP/1.1" 404 269 "-" "Mozilla/5.0 (compatible; ScoutJet; +http://www.scoutjet.com/)"
38.99.97.175 - - [12/May/2010:02:02:16 -0400] "GET / HTTP/1.1" 200 3145 "-" "Mozilla/5.0 (compatible; ScoutJet; +http://www.scoutjet.com/)"
38.99.97.175 - - [12/May/2010:02:02:16 -0400] "GET /favicon.ico HTTP/1.1" 403 274 "-" "Mozilla/5.0 (compatible; ScoutJet; +http://www.scoutjet.com/)"
38.99.97.175 - - [12/May/2010:02:02:26 -0400] "GET /email/origins.html HTTP/1.1" 404 277 "-" "Mozilla/5.0 (compatible; ScoutJet; +http://www.scoutjet.com/)"
66.249.68.229 - - [12/May/2010:07:36:29 -0400] "GET /robots.txt HTTP/1.1" 404 269 "-" "Mozilla/5.0 (compatible; Googlebot/2.1; +http://www.google.com/bot.html)"
95.108.128.241 - - [12/May/2010:08:19:41 -0400] "GET /formmail.php HTTP/1.1" 200 311 "-" "Yandex/1.01.001 (compatible; Win16; I)"
67.218.116.130 - - [12/May/2010:14:44:37 -0400] "GET /robots.txt HTTP/1.1" 404 269 "-" "Mozilla/5.0 (Twiceler-0.9 http://www.cuil.com/twiceler/robot.html)"
66.249.65.119 - - [12/May/2010:18:11:58 -0400] "GET /robots.txt HTTP/1.1" 404 269 "-" "Mozilla/5.0 (compatible; Googlebot/2.1; +http://www.google.com/bot.html)"
66.249.65.119 - - [12/May/2010:18:11:58 -0400] "GET /test HTTP/1.1" 403 267 "-" "Mozilla/5.0 (compatible; Googlebot/2.1; +http://www.google.com/bot.html)"
66.249.65.248 - - [12/May/2010:19:23:54 -0400] "GET / HTTP/1.1" 200 3145 "-" "Mozilla/5.0 (compatible; Googlebot/2.1; +http://www.google.com/bot.html)"
95.108.128.241 - - [12/May/2010:20:32:10 -0400] "GET /robots.txt HTTP/1.1" 404 269 "-" "Yandex/1.01.001 (compatible; Win16; I)"
66.249.65.248 - - [13/May/2010:00:38:04 -0400] "GET /Harris_House/photo_tour.html HTTP/1.1" 304 - "-" "Mozilla/5.0 (compatible; Googlebot/2.1; +http://www.google.com/bot.html)"
207.46.199.199 - - [13/May/2010:06:45:31 -0400] "GET /robots.txt HTTP/1.1" 404 269 "-" "msnbot/2.0b (+http://search.msn.com/msnbot.htm)"
207.46.13.143 - - [13/May/2010:08:22:18 -0400] "GET /robots.txt HTTP/1.1" 404 269 "-" "msnbot/2.0b (+http://search.msn.com/msnbot.htm)"
207.46.13.143 - - [13/May/2010:08:23:01 -0400] "GET /email/origins.html HTTP/1.1" 404 277 "-" "msnbot/2.0b (+http://search.msn.com/msnbot.htm)"
66.249.71.149 - - [13/May/2010:12:42:13 -0400] "GET /robots.txt HTTP/1.1" 404 269 "-" "Mozilla/5.0 (compatible; Googlebot/2.1; +http://www.google.com/bot.html)"
66.249.71.149 - - [13/May/2010:12:42:13 -0400] "GET /Harris_House/contact.html HTTP/1.1" 304 - "-" "Mozilla/5.0 (compatible; Googlebot/2.1; +http://www.google.com/bot.html)"
95.108.128.241 - - [13/May/2010:12:55:14 -0400] "GET /email/origins.html HTTP/1.1" 404 277 "-" "Yandex/1.01.001 (compatible; Win16; I)"
67.218.116.130 - - [13/May/2010:14:37:44 -0400] "GET /robots.txt HTTP/1.1" 404 269 "-" "Mozilla/5.0 (Twiceler-0.9 http://www.cuil.com/twiceler/robot.html)"
95.108.128.241 - - [13/May/2010:14:53:51 -0400] "GET /illustrator.html HTTP/1.1" 403 279 "-" "Yandex/1.01.001 (compatible; Win16; I)"
97.81.196.130 - - [13/May/2010:16:06:25 -0400] "GET /Harris_House/commercial_details.html HTTP/1.1" 200 4464 "http://www.google.com/search?q=houses+for+rent+st-lazare+quebec&hl=en&rlz=1T4GPEA_enUS299US299&start=20&sa=N" "Mozilla/4.0 (compatible; MSIE 8.0; Windows NT 6.0; Trident/4.0; GTB6.4; SLCC1; .NET CLR 2.0.50727; Media Center PC 5.0; .NET CLR 1.1.4322; .NET CLR 3.5.30729; .NET CLR 3.0.30729)"
97.81.196.130 - - [13/May/2010:16:06:25 -0400] "GET /Harris_House/index.css HTTP/1.1" 200 2186 "http://alex.jeb.ca/Harris_House/commercial_details.html" "Mozilla/4.0 (compatible; MSIE 8.0; Windows NT 6.0; Trident/4.0; GTB6.4; SLCC1; .NET CLR 2.0.50727; Media Center PC 5.0; .NET CLR 1.1.4322; .NET CLR 3.5.30729; .NET CLR 3.0.30729)"
97.81.196.130 - - [13/May/2010:16:06:25 -0400] "GET /Harris_House/images/logo.gif HTTP/1.1" 200 1148 "http://alex.jeb.ca/Harris_House/commercial_details.html" "Mozilla/4.0 (compatible; MSIE 8.0; Windows NT 6.0; Trident/4.0; GTB6.4; SLCC1; .NET CLR 2.0.50727; Media Center PC 5.0; .NET CLR 1.1.4322; .NET CLR 3.5.30729; .NET CLR 3.0.30729)"
97.81.196.130 - - [13/May/2010:16:06:25 -0400] "GET /Harris_House/images/frontal_outdoor_view_sm.jpg HTTP/1.1" 200 7663 "http://alex.jeb.ca/Harris_House/commercial_details.html" "Mozilla/4.0 (compatible; MSIE 8.0; Windows NT 6.0; Trident/4.0; GTB6.4; SLCC1; .NET CLR 2.0.50727; Media Center PC 5.0; .NET CLR 1.1.4322; .NET CLR 3.5.30729; .NET CLR 3.0.30729)"
97.81.196.130 - - [13/May/2010:16:06:25 -0400] "GET /Harris_House/images/frontal_outdoor_view02_sm.jpg HTTP/1.1" 200 7461 "http://alex.jeb.ca/Harris_House/commercial_details.html" "Mozilla/4.0 (compatible; MSIE 8.0; Windows NT 6.0; Trident/4.0; GTB6.4; SLCC1; .NET CLR 2.0.50727; Media Center PC 5.0; .NET CLR 1.1.4322; .NET CLR 3.5.30729; .NET CLR 3.0.30729)"
97.81.196.130 - - [13/May/2010:16:06:25 -0400] "GET /Harris_House/images/back_yard_sm.jpg HTTP/1.1" 200 6946 "http://alex.jeb.ca/Harris_House/commercial_details.html" "Mozilla/4.0 (compatible; MSIE 8.0; Windows NT 6.0; Trident/4.0; GTB6.4; SLCC1; .NET CLR 2.0.50727; Media Center PC 5.0; .NET CLR 1.1.4322; .NET CLR 3.5.30729; .NET CLR 3.0.30729)"
97.81.196.130 - - [13/May/2010:16:06:25 -0400] "GET /Harris_House/images/curve_tl.gif HTTP/1.1" 200 330 "http://alex.jeb.ca/Harris_House/commercial_details.html" "Mozilla/4.0 (compatible; MSIE 8.0; Windows NT 6.0; Trident/4.0; GTB6.4; SLCC1; .NET CLR 2.0.50727; Media Center PC 5.0; .NET CLR 1.1.4322; .NET CLR 3.5.30729; .NET CLR 3.0.30729)"
97.81.196.130 - - [13/May/2010:16:06:26 -0400] "GET /Harris_House/images/curve_tr.gif HTTP/1.1" 200 331 "http://alex.jeb.ca/Harris_House/commercial_details.html" "Mozilla/4.0 (compatible; MSIE 8.0; Windows NT 6.0; Trident/4.0; GTB6.4; SLCC1; .NET CLR 2.0.50727; Media Center PC 5.0; .NET CLR 1.1.4322; .NET CLR 3.5.30729; .NET CLR 3.0.30729)"
97.81.196.130 - - [13/May/2010:16:06:26 -0400] "GET /Harris_House/images/curve_bl.gif HTTP/1.1" 200 329 "http://alex.jeb.ca/Harris_House/commercial_details.html" "Mozilla/4.0 (compatible; MSIE 8.0; Windows NT 6.0; Trident/4.0; GTB6.4; SLCC1; .NET CLR 2.0.50727; Media Center PC 5.0; .NET CLR 1.1.4322; .NET CLR 3.5.30729; .NET CLR 3.0.30729)"
97.81.196.130 - - [13/May/2010:16:06:26 -0400] "GET /Harris_House/images/curve_br.gif HTTP/1.1" 200 330 "http://alex.jeb.ca/Harris_House/commercial_details.html" "Mozilla/4.0 (compatible; MSIE 8.0; Windows NT 6.0; Trident/4.0; GTB6.4; SLCC1; .NET CLR 2.0.50727; Media Center PC 5.0; .NET CLR 1.1.4322; .NET CLR 3.5.30729; .NET CLR 3.0.30729)"
97.81.196.130 - - [13/May/2010:16:06:25 -0400] "GET /Harris_House/images/frontal_outdoor_view.jpg HTTP/1.1" 200 49263 "http://alex.jeb.ca/Harris_House/commercial_details.html" "Mozilla/4.0 (compatible; MSIE 8.0; Windows NT 6.0; Trident/4.0; GTB6.4; SLCC1; .NET CLR 2.0.50727; Media Center PC 5.0; .NET CLR 1.1.4322; .NET CLR 3.5.30729; .NET CLR 3.0.30729)"
97.81.196.130 - - [13/May/2010:16:06:26 -0400] "GET /favicon.ico HTTP/1.1" 403 274 "-" "Mozilla/4.0 (compatible; MSIE 8.0; Windows NT 6.0; Trident/4.0; GTB6.4; SLCC1; .NET CLR 2.0.50727; Media Center PC 5.0; .NET CLR 1.1.4322; .NET CLR 3.5.30729; .NET CLR 3.0.30729)"
97.81.196.130 - - [13/May/2010:16:06:37 -0400] "GET /Harris_House/rent.html HTTP/1.1" 200 4666 "http://alex.jeb.ca/Harris_House/commercial_details.html" "Mozilla/4.0 (compatible; MSIE 8.0; Windows NT 6.0; Trident/4.0; GTB6.4; SLCC1; .NET CLR 2.0.50727; Media Center PC 5.0; .NET CLR 1.1.4322; .NET CLR 3.5.30729; .NET CLR 3.0.30729)"
97.81.196.130 - - [13/May/2010:16:06:38 -0400] "GET /favicon.ico HTTP/1.1" 403 274 "-" "Mozilla/4.0 (compatible; MSIE 8.0; Windows NT 6.0; Trident/4.0; GTB6.4; SLCC1; .NET CLR 2.0.50727; Media Center PC 5.0; .NET CLR 1.1.4322; .NET CLR 3.5.30729; .NET CLR 3.0.30729)"
97.81.196.130 - - [13/May/2010:16:06:44 -0400] "GET /Harris_House/rent-to-own.html HTTP/1.1" 200 4688 "http://alex.jeb.ca/Harris_House/rent.html" "Mozilla/4.0 (compatible; MSIE 8.0; Windows NT 6.0; Trident/4.0; GTB6.4; SLCC1; .NET CLR 2.0.50727; Media Center PC 5.0; .NET CLR 1.1.4322; .NET CLR 3.5.30729; .NET CLR 3.0.30729)"
97.81.196.130 - - [13/May/2010:16:07:18 -0400] "GET /Harris_House/photo_tour.html HTTP/1.1" 200 3578 "http://alex.jeb.ca/Harris_House/rent-to-own.html" "Mozilla/4.0 (compatible; MSIE 8.0; Windows NT 6.0; Trident/4.0; GTB6.4; SLCC1; .NET CLR 2.0.50727; Media Center PC 5.0; .NET CLR 1.1.4322; .NET CLR 3.5.30729; .NET CLR 3.0.30729)"
95.108.128.241 - - [13/May/2010:20:30:49 -0400] "GET /robots.txt HTTP/1.1" 404 269 "-" "Yandex/1.01.001 (compatible; Win16; I)"
66.249.71.149 - - [13/May/2010:20:45:56 -0400] "GET /logs/ HTTP/1.1" 200 769 "-" "Mozilla/5.0 (compatible; Googlebot/2.1; +http://www.google.com/bot.html)"
97.81.196.130 - - [13/May/2010:23:01:05 -0400] "GET /Harris_House/rent.html HTTP/1.1" 304 - "-" "Mozilla/4.0 (compatible; MSIE 8.0; Windows NT 6.0; Trident/4.0; GTB6.4; SLCC1; .NET CLR 2.0.50727; Media Center PC 5.0; .NET CLR 1.1.4322; .NET CLR 3.5.30729; .NET CLR 3.0.30729)"
97.81.196.130 - - [13/May/2010:23:01:05 -0400] "GET /Harris_House/index.css HTTP/1.1" 304 - "http://alex.jeb.ca/Harris_House/rent.html" "Mozilla/4.0 (compatible; MSIE 8.0; Windows NT 6.0; Trident/4.0; GTB6.4; SLCC1; .NET CLR 2.0.50727; Media Center PC 5.0; .NET CLR 1.1.4322; .NET CLR 3.5.30729; .NET CLR 3.0.30729)"
97.81.196.130 - - [13/May/2010:23:01:05 -0400] "GET /Harris_House/images/logo.gif HTTP/1.1" 304 - "http://alex.jeb.ca/Harris_House/rent.html" "Mozilla/4.0 (compatible; MSIE 8.0; Windows NT 6.0; Trident/4.0; GTB6.4; SLCC1; .NET CLR 2.0.50727; Media Center PC 5.0; .NET CLR 1.1.4322; .NET CLR 3.5.30729; .NET CLR 3.0.30729)"
97.81.196.130 - - [13/May/2010:23:01:05 -0400] "GET /Harris_House/images/frontal_outdoor_view.jpg HTTP/1.1" 304 - "http://alex.jeb.ca/Harris_House/rent.html" "Mozilla/4.0 (compatible; MSIE 8.0; Windows NT 6.0; Trident/4.0; GTB6.4; SLCC1; .NET CLR 2.0.50727; Media Center PC 5.0; .NET CLR 1.1.4322; .NET CLR 3.5.30729; .NET CLR 3.0.30729)"
97.81.196.130 - - [13/May/2010:23:01:05 -0400] "GET /Harris_House/images/curve_tl.gif HTTP/1.1" 304 - "http://alex.jeb.ca/Harris_House/rent.html" "Mozilla/4.0 (compatible; MSIE 8.0; Windows NT 6.0; Trident/4.0; GTB6.4; SLCC1; .NET CLR 2.0.50727; Media Center PC 5.0; .NET CLR 1.1.4322; .NET CLR 3.5.30729; .NET CLR 3.0.30729)"
97.81.196.130 - - [13/May/2010:23:01:05 -0400] "GET /Harris_House/images/back_yard_sm.jpg HTTP/1.1" 304 - "http://alex.jeb.ca/Harris_House/rent.html" "Mozilla/4.0 (compatible; MSIE 8.0; Windows NT 6.0; Trident/4.0; GTB6.4; SLCC1; .NET CLR 2.0.50727; Media Center PC 5.0; .NET CLR 1.1.4322; .NET CLR 3.5.30729; .NET CLR 3.0.30729)"
97.81.196.130 - - [13/May/2010:23:01:05 -0400] "GET /Harris_House/images/curve_tr.gif HTTP/1.1" 304 - "http://alex.jeb.ca/Harris_House/rent.html" "Mozilla/4.0 (compatible; MSIE 8.0; Windows NT 6.0; Trident/4.0; GTB6.4; SLCC1; .NET CLR 2.0.50727; Media Center PC 5.0; .NET CLR 1.1.4322; .NET CLR 3.5.30729; .NET CLR 3.0.30729)"
97.81.196.130 - - [13/May/2010:23:01:05 -0400] "GET /Harris_House/images/curve_br.gif HTTP/1.1" 304 - "http://alex.jeb.ca/Harris_House/rent.html" "Mozilla/4.0 (compatible; MSIE 8.0; Windows NT 6.0; Trident/4.0; GTB6.4; SLCC1; .NET CLR 2.0.50727; Media Center PC 5.0; .NET CLR 1.1.4322; .NET CLR 3.5.30729; .NET CLR 3.0.30729)"
97.81.196.130 - - [13/May/2010:23:01:05 -0400] "GET /Harris_House/images/frontal_outdoor_view02_sm.jpg HTTP/1.1" 304 - "http://alex.jeb.ca/Harris_House/rent.html" "Mozilla/4.0 (compatible; MSIE 8.0; Windows NT 6.0; Trident/4.0; GTB6.4; SLCC1; .NET CLR 2.0.50727; Media Center PC 5.0; .NET CLR 1.1.4322; .NET CLR 3.5.30729; .NET CLR 3.0.30729)"
97.81.196.130 - - [13/May/2010:23:01:05 -0400] "GET /Harris_House/images/curve_bl.gif HTTP/1.1" 304 - "http://alex.jeb.ca/Harris_House/rent.html" "Mozilla/4.0 (compatible; MSIE 8.0; Windows NT 6.0; Trident/4.0; GTB6.4; SLCC1; .NET CLR 2.0.50727; Media Center PC 5.0; .NET CLR 1.1.4322; .NET CLR 3.5.30729; .NET CLR 3.0.30729)"
97.81.196.130 - - [13/May/2010:23:01:05 -0400] "GET /Harris_House/images/frontal_outdoor_view_sm.jpg HTTP/1.1" 304 - "http://alex.jeb.ca/Harris_House/rent.html" "Mozilla/4.0 (compatible; MSIE 8.0; Windows NT 6.0; Trident/4.0; GTB6.4; SLCC1; .NET CLR 2.0.50727; Media Center PC 5.0; .NET CLR 1.1.4322; .NET CLR 3.5.30729; .NET CLR 3.0.30729)"
97.81.196.130 - - [13/May/2010:23:01:20 -0400] "GET /Harris_House/rent-to-own.html HTTP/1.1" 304 - "-" "Mozilla/4.0 (compatible; MSIE 8.0; Windows NT 6.0; Trident/4.0; GTB6.4; SLCC1; .NET CLR 2.0.50727; Media Center PC 5.0; .NET CLR 1.1.4322; .NET CLR 3.5.30729; .NET CLR 3.0.30729)"
97.81.196.130 - - [13/May/2010:23:01:32 -0400] "GET /Harris_House/photo_tour.html HTTP/1.1" 304 - "http://alex.jeb.ca/Harris_House/rent-to-own.html" "Mozilla/4.0 (compatible; MSIE 8.0; Windows NT 6.0; Trident/4.0; GTB6.4; SLCC1; .NET CLR 2.0.50727; Media Center PC 5.0; .NET CLR 1.1.4322; .NET CLR 3.5.30729; .NET CLR 3.0.30729)"
97.81.196.130 - - [13/May/2010:23:02:36 -0400] "GET /Harris_House/commercial_details.html HTTP/1.1" 304 - "-" "Mozilla/4.0 (compatible; MSIE 8.0; Windows NT 6.0; Trident/4.0; GTB6.4; SLCC1; .NET CLR 2.0.50727; Media Center PC 5.0; .NET CLR 1.1.4322; .NET CLR 3.5.30729; .NET CLR 3.0.30729)"
66.249.71.149 - - [13/May/2010:23:07:54 -0400] "GET /images/_portfolio/web_pages/sellance.gif HTTP/1.1" 403 303 "-" "Googlebot-Image/1.0"
95.108.128.241 - - [14/May/2010:00:59:16 -0400] "GET /contact.html HTTP/1.1" 403 275 "-" "Yandex/1.01.001 (compatible; Win16; I)"
95.108.128.241 - - [14/May/2010:02:17:06 -0400] "GET /Thumbs.db HTTP/1.1" 403 272 "-" "Yandex/1.01.001 (compatible; Win16; I)"
66.249.71.149 - - [14/May/2010:02:18:49 -0400] "GET /robots.txt HTTP/1.1" 404 269 "-" "Googlebot-Image/1.0"
66.249.71.149 - - [14/May/2010:02:18:49 -0400] "GET /images/_portfolio/photoshop/telephone_wires_sm.jpg HTTP/1.1" 403 313 "-" "Googlebot-Image/1.0"
66.249.71.149 - - [14/May/2010:05:33:27 -0400] "GET /images/_portfolio/flash/finland.gif HTTP/1.1" 403 298 "-" "Googlebot-Image/1.0"
66.249.71.149 - - [14/May/2010:08:48:55 -0400] "GET /images/_portfolio/illustrator/venus_butterfly_flyer_sm.gif HTTP/1.1" 403 321 "-" "Googlebot-Image/1.0"
95.108.128.241 - - [14/May/2010:08:52:45 -0400] "GET /print.html HTTP/1.1" 403 273 "-" "Yandex/1.01.001 (compatible; Win16; I)"
67.218.116.130 - - [14/May/2010:14:29:07 -0400] "GET /robots.txt HTTP/1.1" 404 269 "-" "Mozilla/5.0 (Twiceler-0.9 http://www.cuil.com/twiceler/robot.html)"
66.249.71.149 - - [14/May/2010:14:38:03 -0400] "GET /robots.txt HTTP/1.1" 404 269 "-" "Mozilla/5.0 (compatible; Googlebot/2.1; +http://www.google.com/bot.html)"
66.249.71.149 - - [14/May/2010:14:38:03 -0400] "GET /Harris_House/ HTTP/1.1" 304 - "-" "Mozilla/5.0 (compatible; Googlebot/2.1; +http://www.google.com/bot.html)"
66.249.71.149 - - [14/May/2010:17:41:26 -0400] "GET /Harris_House/contact.html HTTP/1.1" 304 - "-" "Mozilla/5.0 (compatible; Googlebot/2.1; +http://www.google.com/bot.html)"
24.37.230.144 - - [14/May/2010:18:27:39 -0400] "GET /Harris_House/contact.html HTTP/1.1" 200 5366 "http://www.google.ca/search?hl=fr&q=%28514%29594-9296&aq=f&aqi=&aql=&oq=&gs_rfai=" "Mozilla/5.0 (Macintosh; U; Intel Mac OS X 10_5_8; fr-fr) AppleWebKit/531.21.8 (KHTML, like Gecko) Version/4.0.4 Safari/531.21.10"
24.37.230.144 - - [14/May/2010:18:27:39 -0400] "GET /Harris_House/images/LGallagher.jpg HTTP/1.1" 200 6270 "http://alex.jeb.ca/Harris_House/contact.html" "Mozilla/5.0 (Macintosh; U; Intel Mac OS X 10_5_8; fr-fr) AppleWebKit/531.21.8 (KHTML, like Gecko) Version/4.0.4 Safari/531.21.10"
24.37.230.144 - - [14/May/2010:18:27:39 -0400] "GET /Harris_House/index.css HTTP/1.1" 200 2186 "http://alex.jeb.ca/Harris_House/contact.html" "Mozilla/5.0 (Macintosh; U; Intel Mac OS X 10_5_8; fr-fr) AppleWebKit/531.21.8 (KHTML, like Gecko) Version/4.0.4 Safari/531.21.10"
24.37.230.144 - - [14/May/2010:18:27:39 -0400] "GET /Harris_House/images/remax_logo.gif HTTP/1.1" 200 1657 "http://alex.jeb.ca/Harris_House/contact.html" "Mozilla/5.0 (Macintosh; U; Intel Mac OS X 10_5_8; fr-fr) AppleWebKit/531.21.8 (KHTML, like Gecko) Version/4.0.4 Safari/531.21.10"
24.37.230.144 - - [14/May/2010:18:27:39 -0400] "GET /Harris_House/images/logo.gif HTTP/1.1" 200 1148 "http://alex.jeb.ca/Harris_House/contact.html" "Mozilla/5.0 (Macintosh; U; Intel Mac OS X 10_5_8; fr-fr) AppleWebKit/531.21.8 (KHTML, like Gecko) Version/4.0.4 Safari/531.21.10"
24.37.230.144 - - [14/May/2010:18:27:39 -0400] "GET /Harris_House/images/PMGraham.jpg HTTP/1.1" 200 3249 "http://alex.jeb.ca/Harris_House/contact.html" "Mozilla/5.0 (Macintosh; U; Intel Mac OS X 10_5_8; fr-fr) AppleWebKit/531.21.8 (KHTML, like Gecko) Version/4.0.4 Safari/531.21.10"
24.37.230.144 - - [14/May/2010:18:27:39 -0400] "GET /Harris_House/images/back_yard_sm.jpg HTTP/1.1" 200 6946 "http://alex.jeb.ca/Harris_House/contact.html" "Mozilla/5.0 (Macintosh; U; Intel Mac OS X 10_5_8; fr-fr) AppleWebKit/531.21.8 (KHTML, like Gecko) Version/4.0.4 Safari/531.21.10"
24.37.230.144 - - [14/May/2010:18:27:39 -0400] "GET /Harris_House/images/frontal_outdoor_view02_sm.jpg HTTP/1.1" 200 7461 "http://alex.jeb.ca/Harris_House/contact.html" "Mozilla/5.0 (Macintosh; U; Intel Mac OS X 10_5_8; fr-fr) AppleWebKit/531.21.8 (KHTML, like Gecko) Version/4.0.4 Safari/531.21.10"
24.37.230.144 - - [14/May/2010:18:27:39 -0400] "GET /Harris_House/images/frontal_outdoor_view_sm.jpg HTTP/1.1" 200 7663 "http://alex.jeb.ca/Harris_House/contact.html" "Mozilla/5.0 (Macintosh; U; Intel Mac OS X 10_5_8; fr-fr) AppleWebKit/531.21.8 (KHTML, like Gecko) Version/4.0.4 Safari/531.21.10"
24.37.230.144 - - [14/May/2010:18:27:39 -0400] "GET /Harris_House/images/curve_tl.gif HTTP/1.1" 200 330 "http://alex.jeb.ca/Harris_House/contact.html" "Mozilla/5.0 (Macintosh; U; Intel Mac OS X 10_5_8; fr-fr) AppleWebKit/531.21.8 (KHTML, like Gecko) Version/4.0.4 Safari/531.21.10"
24.37.230.144 - - [14/May/2010:18:27:39 -0400] "GET /Harris_House/images/curve_tr.gif HTTP/1.1" 200 331 "http://alex.jeb.ca/Harris_House/contact.html" "Mozilla/5.0 (Macintosh; U; Intel Mac OS X 10_5_8; fr-fr) AppleWebKit/531.21.8 (KHTML, like Gecko) Version/4.0.4 Safari/531.21.10"
24.37.230.144 - - [14/May/2010:18:27:39 -0400] "GET /Harris_House/images/curve_bl.gif HTTP/1.1" 200 329 "http://alex.jeb.ca/Harris_House/contact.html" "Mozilla/5.0 (Macintosh; U; Intel Mac OS X 10_5_8; fr-fr) AppleWebKit/531.21.8 (KHTML, like Gecko) Version/4.0.4 Safari/531.21.10"
24.37.230.144 - - [14/May/2010:18:27:39 -0400] "GET /Harris_House/images/curve_br.gif HTTP/1.1" 200 330 "http://alex.jeb.ca/Harris_House/contact.html" "Mozilla/5.0 (Macintosh; U; Intel Mac OS X 10_5_8; fr-fr) AppleWebKit/531.21.8 (KHTML, like Gecko) Version/4.0.4 Safari/531.21.10"
24.37.230.144 - - [14/May/2010:18:27:39 -0400] "GET /favicon.ico HTTP/1.1" 403 274 "http://alex.jeb.ca/Harris_House/contact.html" "Mozilla/5.0 (Macintosh; U; Intel Mac OS X 10_5_8; fr-fr) AppleWebKit/531.21.8 (KHTML, like Gecko) Version/4.0.4 Safari/531.21.10"
66.249.71.149 - - [14/May/2010:20:55:19 -0400] "GET /Harris_House/commercial_details.html HTTP/1.1" 304 - "-" "Mozilla/5.0 (compatible; Googlebot/2.1; +http://www.google.com/bot.html)"
207.46.199.189 - - [14/May/2010:21:14:26 -0400] "GET /robots.txt HTTP/1.1" 404 269 "-" "msnbot/2.0b (+http://search.msn.com/msnbot.htm)"
66.249.71.149 - - [14/May/2010:23:36:30 -0400] "GET /images/_portfolio/print/egypt_sm.gif HTTP/1.1" 403 299 "-" "Googlebot-Image/1.0"
66.249.71.149 - - [15/May/2010:00:03:07 -0400] "GET /Harris_House/index.html HTTP/1.1" 304 - "-" "Mozilla/5.0 (compatible; Googlebot/2.1; +http://www.google.com/bot.html)"
66.249.71.149 - - [15/May/2010:01:03:11 -0400] "GET /images/_portfolio/photoshop/graphics_banner_sm.jpg HTTP/1.1" 403 313 "-" "Googlebot-Image/1.0"
66.249.71.149 - - [15/May/2010:01:36:14 -0400] "GET /home.swf HTTP/1.1" 403 271 "-" "Mozilla/5.0 (compatible; Googlebot/2.1; +http://www.google.com/bot.html)"
66.249.71.149 - - [15/May/2010:02:33:04 -0400] "GET /images/_portfolio/photoshop/printing_banner_sm.jpg HTTP/1.1" 403 313 "-" "Googlebot-Image/1.0"
66.249.71.149 - - [15/May/2010:03:11:37 -0400] "GET /robots.txt HTTP/1.1" 404 269 "-" "Mozilla/5.0 (compatible; Googlebot/2.1; +http://www.google.com/bot.html)"
66.249.71.149 - - [15/May/2010:03:11:37 -0400] "GET / HTTP/1.1" 200 3145 "-" "Mozilla/5.0 (compatible; Googlebot/2.1; +http://www.google.com/bot.html)"
66.249.71.149 - - [15/May/2010:04:02:26 -0400] "GET /images/_portfolio/photoshop/violin_sunset_sm.jpg HTTP/1.1" 403 311 "-" "Googlebot-Image/1.0"
66.249.71.149 - - [15/May/2010:05:32:02 -0400] "GET /images/_portfolio/illustrator/pineapples_sm.gif HTTP/1.1" 403 310 "-" "Googlebot-Image/1.0"
66.249.71.149 - - [15/May/2010:07:01:47 -0400] "GET /images/_portfolio/illustrator/castle_drawing_sm.gif HTTP/1.1" 403 314 "-" "Googlebot-Image/1.0"
66.249.71.149 - - [15/May/2010:08:31:05 -0400] "GET /images/_portfolio/illustrator/vine_alphabet_sm.gif HTTP/1.1" 403 313 "-" "Googlebot-Image/1.0"
66.249.71.149 - - [15/May/2010:10:00:53 -0400] "GET /images/_portfolio/illustrator/maple_leaf_sm.gif HTTP/1.1" 403 310 "-" "Googlebot-Image/1.0"
189.5.243.99 - - [15/May/2010:11:18:39 -0400] "GET / HTTP/1.1" 200 3145 "http://www.google.com/search?q=%22index+of%22+banner+web+design+.swf&hl=pt-BR&start=10&sa=N" "Mozilla/5.0 (Windows; U; Windows NT 5.1; pt-BR; rv:1.9.1.9) Gecko/20100315 Firefox/3.5.9 (.NET CLR 3.5.30729)"
189.5.243.99 - - [15/May/2010:11:18:40 -0400] "GET /icons/folder.gif HTTP/1.1" 200 225 "http://alex.jeb.ca/" "Mozilla/5.0 (Windows; U; Windows NT 5.1; pt-BR; rv:1.9.1.9) Gecko/20100315 Firefox/3.5.9 (.NET CLR 3.5.30729)"
189.5.243.99 - - [15/May/2010:11:18:40 -0400] "GET /icons/blank.gif HTTP/1.1" 200 148 "http://alex.jeb.ca/" "Mozilla/5.0 (Windows; U; Windows NT 5.1; pt-BR; rv:1.9.1.9) Gecko/20100315 Firefox/3.5.9 (.NET CLR 3.5.30729)"
189.5.243.99 - - [15/May/2010:11:18:40 -0400] "GET /icons/unknown.gif HTTP/1.1" 200 245 "http://alex.jeb.ca/" "Mozilla/5.0 (Windows; U; Windows NT 5.1; pt-BR; rv:1.9.1.9) Gecko/20100315 Firefox/3.5.9 (.NET CLR 3.5.30729)"
189.5.243.99 - - [15/May/2010:11:18:40 -0400] "GET /icons/text.gif HTTP/1.1" 200 229 "http://alex.jeb.ca/" "Mozilla/5.0 (Windows; U; Windows NT 5.1; pt-BR; rv:1.9.1.9) Gecko/20100315 Firefox/3.5.9 (.NET CLR 3.5.30729)"
189.5.243.99 - - [15/May/2010:11:18:40 -0400] "GET /icons/image2.gif HTTP/1.1" 200 309 "http://alex.jeb.ca/" "Mozilla/5.0 (Windows; U; Windows NT 5.1; pt-BR; rv:1.9.1.9) Gecko/20100315 Firefox/3.5.9 (.NET CLR 3.5.30729)"
189.5.243.99 - - [15/May/2010:11:18:40 -0400] "GET /favicon.ico HTTP/1.1" 403 274 "-" "Mozilla/5.0 (Windows; U; Windows NT 5.1; pt-BR; rv:1.9.1.9) Gecko/20100315 Firefox/3.5.9 (.NET CLR 3.5.30729)"
189.5.243.99 - - [15/May/2010:11:18:43 -0400] "GET /favicon.ico HTTP/1.1" 403 274 "-" "Mozilla/5.0 (Windows; U; Windows NT 5.1; pt-BR; rv:1.9.1.9) Gecko/20100315 Firefox/3.5.9 (.NET CLR 3.5.30729)"
67.218.116.130 - - [15/May/2010:14:32:56 -0400] "GET /robots.txt HTTP/1.1" 404 269 "-" "Mozilla/5.0 (Twiceler-0.9 http://www.cuil.com/twiceler/robot.html)"
66.249.71.149 - - [15/May/2010:17:33:34 -0400] "GET /robots.txt HTTP/1.1" 404 269 "-" "Mozilla/5.0 (compatible; Googlebot/2.1; +http://www.google.com/bot.html)"
66.249.71.149 - - [15/May/2010:17:33:34 -0400] "GET /home.swf HTTP/1.1" 403 271 "-" "Mozilla/5.0 (compatible; Googlebot/2.1; +http://www.google.com/bot.html)"
82.128.81.202 - - [15/May/2010:18:47:39 -0400] "GET /Harris_House/contact.html HTTP/1.1" 200 5366 "-" "Mozilla/4.0 (compatible; MSIE 6.0; Windows 98)"
82.128.82.207 - - [15/May/2010:19:38:01 -0400] "GET /Harris_House/index.html HTTP/1.1" 200 4623 "-" "Mozilla/4.0 (compatible; MSIE 6.0; Windows 98)"
82.128.82.207 - - [15/May/2010:19:38:02 -0400] "GET /Harris_House/photo_tour.html HTTP/1.1" 200 3578 "-" "Mozilla/4.0 (compatible; MSIE 6.0; Windows 98)"
82.128.82.207 - - [15/May/2010:19:38:02 -0400] "GET /Harris_House/property_details.html HTTP/1.1" 200 13937 "-" "Mozilla/4.0 (compatible; MSIE 6.0; Windows 98)"
82.128.82.207 - - [15/May/2010:19:38:04 -0400] "GET /Harris_House/commercial_details.html HTTP/1.1" 200 4464 "-" "Mozilla/4.0 (compatible; MSIE 6.0; Windows 98)"
66.249.71.149 - - [16/May/2010:12:21:20 -0400] "GET /robots.txt HTTP/1.1" 404 269 "-" "Mozilla/5.0 (compatible; Googlebot/2.1; +http://www.google.com/bot.html)"
66.249.71.149 - - [16/May/2010:12:21:20 -0400] "GET /Harris_House/ HTTP/1.1" 304 - "-" "Mozilla/5.0 (compatible; Googlebot/2.1; +http://www.google.com/bot.html)"
67.218.116.130 - - [16/May/2010:14:37:52 -0400] "GET /robots.txt HTTP/1.1" 404 269 "-" "Mozilla/5.0 (Twiceler-0.9 http://www.cuil.com/twiceler/robot.html)"
65.55.108.166 - - [16/May/2010:16:01:35 -0400] "GET /robots.txt HTTP/1.1" 404 269 "-" "msnbot-media/1.1 (+http://search.msn.com/msnbot.htm)"
65.55.108.166 - - [16/May/2010:16:01:35 -0400] "GET /images/_portfolio/flash/annimated_butterfly.gif HTTP/1.1" 403 310 "-" "msnbot-media/1.1 (+http://search.msn.com/msnbot.htm)"
207.46.199.183 - - [16/May/2010:16:34:31 -0400] "GET /robots.txt HTTP/1.1" 404 269 "-" "msnbot/2.0b (+http://search.msn.com/msnbot.htm)"
66.249.65.248 - - [17/May/2010:04:36:35 -0400] "GET /robots.txt HTTP/1.1" 404 269 "-" "Googlebot-Image/1.0"
66.249.65.248 - - [17/May/2010:04:36:35 -0400] "GET /images/_portfolio/print/agence_lb.gif HTTP/1.1" 403 300 "-" "Googlebot-Image/1.0"
174.129.167.107 - - [17/May/2010:04:49:33 -0400] "GET /robots.txt HTTP/1.1" 404 269 "-" "Mozilla/5.0 (compatible; spbot/2.0.2; +http://www.seoprofiler.com/bot/ )"
174.129.167.107 - - [17/May/2010:04:49:34 -0400] "GET /contact.html HTTP/1.1" 403 275 "-" "Mozilla/5.0 (compatible; spbot/2.0.2; +http://www.seoprofiler.com/bot/ )"
66.249.65.248 - - [17/May/2010:04:56:49 -0400] "GET /Harris_House/commercial_details.html HTTP/1.1" 304 - "-" "Mozilla/5.0 (compatible; Googlebot/2.1; +http://www.google.com/bot.html)"
67.218.116.130 - - [17/May/2010:14:33:54 -0400] "GET /robots.txt HTTP/1.1" 404 269 "-" "Mozilla/5.0 (Twiceler-0.9 http://www.cuil.com/twiceler/robot.html)"
95.108.128.241 - - [17/May/2010:14:57:34 -0400] "GET /robots.txt HTTP/1.1" 404 269 "-" "Yandex/1.01.001 (compatible; Win16; I)"
95.108.128.241 - - [17/May/2010:15:57:50 -0400] "GET / HTTP/1.1" 200 3145 "-" "Yandex/1.01.001 (compatible; Win16; I)"
208.115.111.248 - - [17/May/2010:16:00:15 -0400] "GET /robots.txt HTTP/1.1" 404 269 "-" "Mozilla/5.0 (compatible; DotBot/1.1; http://www.dotnetdotcom.org/, crawler@dotnetdotcom.org)"
95.108.128.241 - - [17/May/2010:16:58:06 -0400] "GET /?C=D;O=A HTTP/1.1" 200 3145 "-" "Yandex/1.01.001 (compatible; Win16; I)"
95.108.128.241 - - [17/May/2010:17:58:22 -0400] "GET /Thumbs.db HTTP/1.1" 403 272 "-" "Yandex/1.01.001 (compatible; Win16; I)"
66.249.65.230 - - [17/May/2010:18:14:05 -0400] "GET /robots.txt HTTP/1.1" 404 269 "-" "Mozilla/5.0 (compatible; Googlebot/2.1; +http://www.google.com/bot.html)"
66.249.65.230 - - [17/May/2010:18:14:05 -0400] "GET /logs/ HTTP/1.1" 200 769 "-" "Mozilla/5.0 (compatible; Googlebot/2.1; +http://www.google.com/bot.html)"
208.115.111.248 - - [17/May/2010:19:41:23 -0400] "GET /robots.txt HTTP/1.1" 404 269 "-" "Mozilla/5.0 (compatible; DotBot/1.1; http://www.dotnetdotcom.org/, crawler@dotnetdotcom.org)"
208.115.111.248 - - [17/May/2010:19:44:51 -0400] "GET /email/origins.html HTTP/1.1" 404 277 "-" "Mozilla/5.0 (compatible; DotBot/1.1; http://www.dotnetdotcom.org/, crawler@dotnetdotcom.org)"
95.108.128.241 - - [17/May/2010:20:02:28 -0400] "GET /illustrator.html HTTP/1.1" 403 279 "-" "Yandex/1.01.001 (compatible; Win16; I)"
95.108.128.241 - - [17/May/2010:21:02:30 -0400] "GET /flash.html HTTP/1.1" 403 273 "-" "Yandex/1.01.001 (compatible; Win16; I)"
95.108.128.241 - - [17/May/2010:22:02:32 -0400] "GET /?C=S;O=A HTTP/1.1" 200 3145 "-" "Yandex/1.01.001 (compatible; Win16; I)"
95.108.128.241 - - [17/May/2010:23:02:34 -0400] "GET /contact.html HTTP/1.1" 403 275 "-" "Yandex/1.01.001 (compatible; Win16; I)"
208.115.111.248 - - [17/May/2010:23:24:06 -0400] "GET /robots.txt HTTP/1.1" 404 269 "-" "Mozilla/5.0 (compatible; DotBot/1.1; http://www.dotnetdotcom.org/, crawler@dotnetdotcom.org)"
208.115.111.248 - - [17/May/2010:23:27:19 -0400] "GET / HTTP/1.1" 200 3145 "-" "Mozilla/5.0 (compatible; DotBot/1.1; http://www.dotnetdotcom.org/, crawler@dotnetdotcom.org)"
208.115.111.248 - - [17/May/2010:23:27:24 -0400] "GET /flash.html HTTP/1.1" 403 273 "-" "Mozilla/5.0 (compatible; DotBot/1.1; http://www.dotnetdotcom.org/, crawler@dotnetdotcom.org)"
208.115.111.248 - - [17/May/2010:23:27:29 -0400] "GET /illustrator.html HTTP/1.1" 403 279 "-" "Mozilla/5.0 (compatible; DotBot/1.1; http://www.dotnetdotcom.org/, crawler@dotnetdotcom.org)"
208.115.111.248 - - [17/May/2010:23:27:34 -0400] "GET /index.html HTTP/1.1" 404 269 "-" "Mozilla/5.0 (compatible; DotBot/1.1; http://www.dotnetdotcom.org/, crawler@dotnetdotcom.org)"
208.115.111.248 - - [17/May/2010:23:27:39 -0400] "GET /pages.html HTTP/1.1" 403 273 "-" "Mozilla/5.0 (compatible; DotBot/1.1; http://www.dotnetdotcom.org/, crawler@dotnetdotcom.org)"
208.115.111.248 - - [17/May/2010:23:27:44 -0400] "GET /photoshop.html HTTP/1.1" 403 277 "-" "Mozilla/5.0 (compatible; DotBot/1.1; http://www.dotnetdotcom.org/, crawler@dotnetdotcom.org)"
95.108.128.241 - - [18/May/2010:02:07:07 -0400] "GET /logs/ HTTP/1.1" 200 769 "-" "Yandex/1.01.001 (compatible; Win16; I)"
66.249.65.248 - - [18/May/2010:03:00:19 -0400] "GET /robots.txt HTTP/1.1" 404 269 "-" "Mozilla/5.0 (compatible; Googlebot/2.1; +http://www.google.com/bot.html)"
66.249.65.248 - - [18/May/2010:03:00:19 -0400] "GET /images/get_acrobat.gif HTTP/1.1" 403 285 "-" "Mozilla/5.0 (compatible; Googlebot/2.1; +http://www.google.com/bot.html)"
95.108.128.241 - - [18/May/2010:03:06:39 -0400] "GET /pages.html HTTP/1.1" 403 273 "-" "Yandex/1.01.001 (compatible; Win16; I)"
208.115.111.248 - - [18/May/2010:03:12:19 -0400] "GET /contact.html HTTP/1.1" 403 275 "-" "Mozilla/5.0 (compatible; DotBot/1.1; http://www.dotnetdotcom.org/, crawler@dotnetdotcom.org)"
208.115.111.248 - - [18/May/2010:03:12:24 -0400] "GET /print.html HTTP/1.1" 403 273 "-" "Mozilla/5.0 (compatible; DotBot/1.1; http://www.dotnetdotcom.org/, crawler@dotnetdotcom.org)"
95.108.128.241 - - [18/May/2010:04:06:11 -0400] "GET /print.html HTTP/1.1" 403 273 "-" "Yandex/1.01.001 (compatible; Win16; I)"
95.108.128.241 - - [18/May/2010:05:05:43 -0400] "GET /?C=N;O=D HTTP/1.1" 200 3145 "-" "Yandex/1.01.001 (compatible; Win16; I)"
207.46.204.182 - - [18/May/2010:05:21:30 -0400] "GET /robots.txt HTTP/1.1" 404 269 "-" "msnbot/2.0b (+http://search.msn.com/msnbot.htm)"
207.46.204.182 - - [18/May/2010:05:22:45 -0400] "GET /email/origins.html HTTP/1.1" 404 277 "-" "msnbot/2.0b (+http://search.msn.com/msnbot.htm)"
95.108.128.241 - - [18/May/2010:07:04:47 -0400] "GET /?C=M;O=A HTTP/1.1" 200 3145 "-" "Yandex/1.01.001 (compatible; Win16; I)"
95.108.128.241 - - [18/May/2010:08:04:18 -0400] "GET /index.html HTTP/1.1" 404 269 "-" "Yandex/1.01.001 (compatible; Win16; I)"
95.108.128.241 - - [18/May/2010:10:33:07 -0400] "GET /email/origins.html HTTP/1.1" 404 277 "-" "Yandex/1.01.001 (compatible; Win16; I)"
95.108.128.241 - - [18/May/2010:14:15:04 -0400] "GET /robots.txt HTTP/1.1" 404 269 "-" "Yandex/1.01.001 (compatible; Win16; I)"
95.108.128.241 - - [18/May/2010:14:46:51 -0400] "GET /logs/?C=S;O=A HTTP/1.1" 200 769 "-" "Yandex/1.01.001 (compatible; Win16; I)"
67.218.116.130 - - [18/May/2010:15:10:46 -0400] "GET /robots.txt HTTP/1.1" 404 269 "-" "Mozilla/5.0 (Twiceler-0.9 http://www.cuil.com/twiceler/robot.html)"
95.108.128.241 - - [18/May/2010:15:18:39 -0400] "GET /?C=S;O=D HTTP/1.1" 200 3145 "-" "Yandex/1.01.001 (compatible; Win16; I)"
95.108.128.241 - - [18/May/2010:16:27:47 -0400] "GET /?C=M;O=D HTTP/1.1" 200 3145 "-" "Yandex/1.01.001 (compatible; Win16; I)"
95.108.128.241 - - [18/May/2010:17:36:55 -0400] "GET /text_install.swf HTTP/1.1" 403 279 "-" "Yandex/1.01.001 (compatible; Win16; I)"
66.249.65.248 - - [18/May/2010:18:14:30 -0400] "GET /robots.txt HTTP/1.1" 404 269 "-" "Mozilla/5.0 (compatible; Googlebot/2.1; +http://www.google.com/bot.html)"
66.249.65.248 - - [18/May/2010:18:14:30 -0400] "GET /Harris_House/contact.html HTTP/1.1" 304 - "-" "Mozilla/5.0 (compatible; Googlebot/2.1; +http://www.google.com/bot.html)"
95.108.128.241 - - [18/May/2010:18:46:03 -0400] "GET /logs/?C=D;O=A HTTP/1.1" 200 769 "-" "Yandex/1.01.001 (compatible; Win16; I)"
95.108.128.241 - - [18/May/2010:19:20:37 -0400] "GET /logs/?C=N;O=D HTTP/1.1" 200 769 "-" "Yandex/1.01.001 (compatible; Win16; I)"
95.108.128.241 - - [18/May/2010:19:55:11 -0400] "GET /logs/access_log HTTP/1.1" 200 1634334 "-" "Yandex/1.01.001 (compatible; Win16; I)"
95.108.128.241 - - [18/May/2010:21:04:21 -0400] "GET /photoshop.html HTTP/1.1" 403 277 "-" "Yandex/1.01.001 (compatible; Win16; I)"
95.108.128.241 - - [18/May/2010:21:38:54 -0400] "GET /Harris_House/photo_tour.html HTTP/1.1" 200 3578 "-" "Yandex/1.01.001 (compatible; Win16; I)"
95.108.128.241 - - [18/May/2010:22:46:40 -0400] "GET /text_design.swf HTTP/1.1" 403 278 "-" "Yandex/1.01.001 (compatible; Win16; I)"
95.108.128.241 - - [18/May/2010:23:19:51 -0400] "GET /Harris_House/contact.html HTTP/1.1" 200 5366 "-" "Yandex/1.01.001 (compatible; Win16; I)"
95.108.128.241 - - [19/May/2010:00:24:46 -0400] "GET /circle_final.swf HTTP/1.1" 403 279 "-" "Yandex/1.01.001 (compatible; Win16; I)"
95.108.128.241 - - [19/May/2010:00:56:30 -0400] "GET /Harris_House/ HTTP/1.1" 304 - "-" "Yandex/1.01.001 (compatible; Win16; I)"
66.249.65.230 - - [19/May/2010:03:11:23 -0400] "GET /Harris_House/commercial_details.html HTTP/1.1" 304 - "-" "Mozilla/5.0 (compatible; Googlebot/2.1; +http://www.google.com/bot.html)"
95.108.128.241 - - [19/May/2010:03:31:42 -0400] "GET /text_service.swf HTTP/1.1" 403 279 "-" "Yandex/1.01.001 (compatible; Win16; I)"
95.108.128.241 - - [19/May/2010:04:33:26 -0400] "GET /Harris_House/index.html HTTP/1.1" 200 4623 "-" "Yandex/1.01.001 (compatible; Win16; I)"
95.108.128.241 - - [19/May/2010:06:36:54 -0400] "GET /logs/error_log HTTP/1.1" 200 378299 "-" "Yandex/1.01.001 (compatible; Win16; I)"
66.249.65.231 - - [19/May/2010:07:40:34 -0400] "GET /robots.txt HTTP/1.1" 404 269 "-" "Mozilla/5.0 (compatible; Googlebot/2.1; +http://www.google.com/bot.html)"
66.249.65.231 - - [19/May/2010:07:40:34 -0400] "GET /Harris_House/ HTTP/1.1" 304 - "-" "Mozilla/5.0 (compatible; Googlebot/2.1; +http://www.google.com/bot.html)"
95.108.128.241 - - [19/May/2010:08:40:24 -0400] "GET /logs/?C=M;O=A HTTP/1.1" 200 769 "-" "Yandex/1.01.001 (compatible; Win16; I)"
95.108.128.241 - - [19/May/2010:10:43:51 -0400] "GET /?C=N;O=A HTTP/1.1" 200 3145 "-" "Yandex/1.01.001 (compatible; Win16; I)"
95.108.128.241 - - [19/May/2010:11:45:35 -0400] "GET /jeb_signature.txt HTTP/1.1" 403 280 "-" "Yandex/1.01.001 (compatible; Win16; I)"
66.249.65.195 - - [19/May/2010:12:10:24 -0400] "GET /Harris_House/index.html HTTP/1.1" 304 - "-" "Mozilla/5.0 (compatible; Googlebot/2.1; +http://www.google.com/bot.html)"
67.218.116.130 - - [19/May/2010:15:29:33 -0400] "GET /robots.txt HTTP/1.1" 404 269 "-" "Mozilla/5.0 (Twiceler-0.9 http://www.cuil.com/twiceler/robot.html)"
95.108.128.241 - - [19/May/2010:16:06:27 -0400] "GET /robots.txt HTTP/1.1" 404 269 "-" "Yandex/1.01.001 (compatible; Win16; I)"
95.108.128.241 - - [19/May/2010:17:38:29 -0400] "GET /contact.html HTTP/1.1" 403 275 "-" "Yandex/1.01.001 (compatible; Win16; I)"
66.249.65.207 - - [19/May/2010:18:39:24 -0400] "GET /flash.html HTTP/1.1" 403 273 "-" "Mozilla/5.0 (compatible; Googlebot/2.1; +http://www.google.com/bot.html)"
95.108.128.241 - - [19/May/2010:21:25:13 -0400] "GET /flash.html HTTP/1.1" 403 273 "-" "Yandex/1.01.001 (compatible; Win16; I)"
66.249.65.207 - - [19/May/2010:21:48:24 -0400] "GET /robots.txt HTTP/1.1" 404 269 "-" "Mozilla/5.0 (compatible; Googlebot/2.1; +http://www.google.com/bot.html)"
66.249.65.207 - - [19/May/2010:21:48:24 -0400] "GET /illustrator.html HTTP/1.1" 403 279 "-" "Mozilla/5.0 (compatible; Googlebot/2.1; +http://www.google.com/bot.html)"
98.236.163.141 - - [19/May/2010:22:57:56 -0400] "GET /illustrator.html HTTP/1.1" 403 279 "http://www.google.com/imgres?imgurl=http://alex.jeb.ca/images/_portfolio/illustrator/vine_alphabet_sm.gif&imgrefurl=http://alex.jeb.ca/illustrator.html&usg=__ruwXb2h9tDVhSmRkul972rEIfrk=&h=75&w=75&sz=1&hl=en&start=10&sig2=R8uH0XjHtM8X-RRmEBZpmA&um=1&itbs=1&tbnid=wIytvYj8Km7OoM:&tbnh=71&tbnw=71&prev=/images%3Fq%3Dvine%2Balphabet%26um%3D1%26hl%3Den%26tbs%3Disch:1&ei=ZqX0S6qDM4P98AbwzanUDQ" "Mozilla/4.0 (compatible; MSIE 7.0; Windows NT 6.0; WOW64; Trident/4.0; SLCC1; .NET CLR 2.0.50727; Media Center PC 5.0; InfoPath.2; .NET CLR 3.5.21022; .NET CLR 3.5.30729; .NET CLR 3.0.30618; .NET CLR 1.1.4322)"
98.236.163.141 - - [19/May/2010:22:57:59 -0400] "GET /images/_portfolio/illustrator/vine_alphabet_sm.gif HTTP/1.1" 403 313 "http://www.google.com/imgres?imgurl=http://alex.jeb.ca/images/_portfolio/illustrator/vine_alphabet_sm.gif&imgrefurl=http://alex.jeb.ca/illustrator.html&usg=__ruwXb2h9tDVhSmRkul972rEIfrk=&h=75&w=75&sz=1&hl=en&start=10&sig2=R8uH0XjHtM8X-RRmEBZpmA&um=1&itbs=1&tbnid=wIytvYj8Km7OoM:&tbnh=71&tbnw=71&prev=/images%3Fq%3Dvine%2Balphabet%26um%3D1%26hl%3Den%26tbs%3Disch:1&ei=ZqX0S6qDM4P98AbwzanUDQ" "Mozilla/4.0 (compatible; MSIE 8.0; Windows NT 6.0; WOW64; Trident/4.0; SLCC1; .NET CLR 2.0.50727; Media Center PC 5.0; InfoPath.2; .NET CLR 3.5.21022; .NET CLR 3.5.30729; .NET CLR 3.0.30618; .NET CLR 1.1.4322)"
98.236.163.141 - - [19/May/2010:22:58:00 -0400] "GET /illustrator.html HTTP/1.1" 403 279 "http://www.google.com/imgres?imgurl=http://alex.jeb.ca/images/_portfolio/illustrator/vine_alphabet_sm.gif&imgrefurl=http://alex.jeb.ca/illustrator.html&usg=__ruwXb2h9tDVhSmRkul972rEIfrk=&h=75&w=75&sz=1&hl=en&start=10&sig2=R8uH0XjHtM8X-RRmEBZpmA&um=1&itbs=1&tbnid=wIytvYj8Km7OoM:&tbnh=71&tbnw=71&prev=/images%3Fq%3Dvine%2Balphabet%26um%3D1%26hl%3Den%26tbs%3Disch:1&ei=ZqX0S6qDM4P98AbwzanUDQ" "Mozilla/4.0 (compatible; MSIE 8.0; Windows NT 6.0; WOW64; Trident/4.0; SLCC1; .NET CLR 2.0.50727; Media Center PC 5.0; InfoPath.2; .NET CLR 3.5.21022; .NET CLR 3.5.30729; .NET CLR 3.0.30618; .NET CLR 1.1.4322)"
95.108.128.241 - - [19/May/2010:23:29:55 -0400] "GET /illustrator.html HTTP/1.1" 403 279 "-" "Yandex/1.01.001 (compatible; Win16; I)"
95.108.128.241 - - [20/May/2010:03:21:31 -0400] "GET /formmail.php HTTP/1.1" 200 311 "-" "Yandex/1.01.001 (compatible; Win16; I)"
66.249.65.230 - - [20/May/2010:06:44:02 -0400] "GET /images/_portfolio/photoshop/satelite_sm.gif HTTP/1.1" 403 306 "-" "Googlebot-Image/1.0"
95.108.128.241 - - [20/May/2010:06:55:17 -0400] "GET /logs/?C=S;O=D HTTP/1.1" 200 769 "-" "Yandex/1.01.001 (compatible; Win16; I)"
207.46.199.46 - - [20/May/2010:07:00:22 -0400] "GET /robots.txt HTTP/1.1" 404 269 "-" "msnbot/2.0b (+http://search.msn.com/msnbot.htm)"
207.46.199.46 - - [20/May/2010:07:01:10 -0400] "GET /email/origins.html HTTP/1.1" 404 277 "-" "msnbot/2.0b (+http://search.msn.com/msnbot.htm)"
66.249.65.230 - - [20/May/2010:09:58:03 -0400] "GET /robots.txt HTTP/1.1" 404 269 "-" "Googlebot-Image/1.0"
66.249.65.230 - - [20/May/2010:09:58:03 -0400] "GET /images/_portfolio/web_pages/raris.gif HTTP/1.1" 403 300 "-" "Googlebot-Image/1.0"
95.108.128.241 - - [20/May/2010:10:29:03 -0400] "GET /logs/?C=D;O=D HTTP/1.1" 200 769 "-" "Yandex/1.01.001 (compatible; Win16; I)"
95.108.128.241 - - [20/May/2010:12:15:55 -0400] "GET /logs/?C=N;O=A HTTP/1.1" 200 769 "-" "Yandex/1.01.001 (compatible; Win16; I)"
66.249.65.230 - - [20/May/2010:13:12:34 -0400] "GET /images/_portfolio/photoshop/telegraph_sm.gif HTTP/1.1" 403 307 "-" "Googlebot-Image/1.0"
67.218.116.130 - - [20/May/2010:14:13:22 -0400] "GET /robots.txt HTTP/1.1" 404 269 "-" "Mozilla/5.0 (Twiceler-0.9 http://www.cuil.com/twiceler/robot.html)"
66.249.65.248 - - [20/May/2010:18:39:42 -0400] "GET /Harris_House/property_details.html HTTP/1.1" 304 - "-" "Mozilla/5.0 (compatible; Googlebot/2.1; +http://www.google.com/bot.html)"
38.99.97.175 - - [20/May/2010:19:11:14 -0400] "GET /robots.txt HTTP/1.1" 404 269 "-" "Mozilla/5.0 (compatible; ScoutJet; +http://www.scoutjet.com/)"
38.99.97.175 - - [20/May/2010:19:11:18 -0400] "GET /email/origins.html HTTP/1.1" 404 277 "-" "Mozilla/5.0 (compatible; ScoutJet; +http://www.scoutjet.com/)"
38.99.97.175 - - [20/May/2010:19:11:21 -0400] "GET /favicon.ico HTTP/1.1" 403 274 "-" "Mozilla/5.0 (compatible; ScoutJet; +http://www.scoutjet.com/)"
95.108.128.241 - - [20/May/2010:19:38:56 -0400] "GET /robots.txt HTTP/1.1" 404 269 "-" "Yandex/1.01.001 (compatible; Win16; I)"
95.108.128.241 - - [20/May/2010:21:18:48 -0400] "GET /Harris_House/property_details.html HTTP/1.1" 200 13937 "-" "Yandex/1.01.001 (compatible; Win16; I)"
95.108.128.241 - - [20/May/2010:22:07:40 -0400] "GET /text_install.swf HTTP/1.1" 403 279 "-" "Yandex/1.01.001 (compatible; Win16; I)"
95.108.128.241 - - [20/May/2010:23:45:25 -0400] "GET /photoshop.html HTTP/1.1" 403 277 "-" "Yandex/1.01.001 (compatible; Win16; I)"
95.108.128.241 - - [21/May/2010:00:34:17 -0400] "GET /pages.html HTTP/1.1" 403 273 "-" "Yandex/1.01.001 (compatible; Win16; I)"
184.73.60.92 - - [21/May/2010:01:34:20 -0400] "GET /robots.txt HTTP/1.1" 404 269 "-" "Mozilla/5.0 (compatible; spbot/2.0.2; +http://www.seoprofiler.com/bot/ )"
184.73.60.92 - - [21/May/2010:01:34:20 -0400] "GET / HTTP/1.1" 200 3145 "-" "Mozilla/5.0 (compatible; spbot/2.0.2; +http://www.seoprofiler.com/bot/ )"
184.73.60.92 - - [21/May/2010:01:34:48 -0400] "GET /robots.txt HTTP/1.1" 404 269 "-" "Mozilla/5.0 (compatible; spbot/2.0.2; +http://www.seoprofiler.com/bot/ )"
184.73.60.92 - - [21/May/2010:01:34:48 -0400] "GET /photoshop.html HTTP/1.1" 403 277 "-" "Mozilla/5.0 (compatible; spbot/2.0.2; +http://www.seoprofiler.com/bot/ )"
184.73.60.92 - - [21/May/2010:01:34:50 -0400] "GET /robots.txt HTTP/1.1" 404 269 "-" "Mozilla/5.0 (compatible; spbot/2.0.2; +http://www.seoprofiler.com/bot/ )"
184.73.60.92 - - [21/May/2010:01:34:51 -0400] "GET /formmail.php HTTP/1.1" 200 311 "-" "Mozilla/5.0 (compatible; spbot/2.0.2; +http://www.seoprofiler.com/bot/ )"
184.73.60.92 - - [21/May/2010:01:34:51 -0400] "GET /robots.txt HTTP/1.1" 404 269 "-" "Mozilla/5.0 (compatible; spbot/2.0.2; +http://www.seoprofiler.com/bot/ )"
184.73.60.92 - - [21/May/2010:01:34:52 -0400] "GET /?C=S;O=A HTTP/1.1" 200 3145 "-" "Mozilla/5.0 (compatible; spbot/2.0.2; +http://www.seoprofiler.com/bot/ )"
199.89.103.10 - - [21/May/2010:02:19:23 -0400] "GET / HTTP/1.1" 200 3145 "-" "Mozilla/5.0 (Windows; U; Windows NT 5.1; en-US; rv:1.9.2) Gecko/2010012505 Firefox/3.6ms1"
199.89.103.10 - - [21/May/2010:02:19:23 -0400] "GET /icons/unknown.gif HTTP/1.1" 200 245 "http://alex.jeb.ca/" "Mozilla/5.0 (Windows; U; Windows NT 5.1; en-US; rv:1.9.2) Gecko/2010012505 Firefox/3.6ms1"
199.89.103.10 - - [21/May/2010:02:19:23 -0400] "GET /icons/text.gif HTTP/1.1" 200 229 "http://alex.jeb.ca/" "Mozilla/5.0 (Windows; U; Windows NT 5.1; en-US; rv:1.9.2) Gecko/2010012505 Firefox/3.6ms1"
199.89.103.10 - - [21/May/2010:02:19:23 -0400] "GET /icons/blank.gif HTTP/1.1" 200 148 "http://alex.jeb.ca/" "Mozilla/5.0 (Windows; U; Windows NT 5.1; en-US; rv:1.9.2) Gecko/2010012505 Firefox/3.6ms1"
199.89.103.10 - - [21/May/2010:02:19:23 -0400] "GET /icons/folder.gif HTTP/1.1" 200 225 "http://alex.jeb.ca/" "Mozilla/5.0 (Windows; U; Windows NT 5.1; en-US; rv:1.9.2) Gecko/2010012505 Firefox/3.6ms1"
199.89.103.10 - - [21/May/2010:02:19:23 -0400] "GET /icons/image2.gif HTTP/1.1" 200 309 "http://alex.jeb.ca/" "Mozilla/5.0 (Windows; U; Windows NT 5.1; en-US; rv:1.9.2) Gecko/2010012505 Firefox/3.6ms1"
199.89.103.10 - - [21/May/2010:02:19:23 -0400] "GET /favicon.ico HTTP/1.1" 403 274 "-" "Mozilla/5.0 (Windows; U; Windows NT 5.1; en-US; rv:1.9.2) Gecko/2010012505 Firefox/3.6ms1"
199.89.103.10 - - [21/May/2010:02:19:26 -0400] "GET /favicon.ico HTTP/1.1" 403 274 "-" "Mozilla/5.0 (Windows; U; Windows NT 5.1; en-US; rv:1.9.2) Gecko/2010012505 Firefox/3.6ms1"
199.89.103.10 - - [21/May/2010:02:20:10 -0400] "GET /contact.html HTTP/1.1" 403 275 "http://alex.jeb.ca/" "Mozilla/5.0 (Windows; U; Windows NT 5.1; en-US; rv:1.9.2) Gecko/2010012505 Firefox/3.6ms1"
199.89.103.10 - - [21/May/2010:02:20:19 -0400] "GET /pages.html HTTP/1.1" 403 273 "http://alex.jeb.ca/" "Mozilla/5.0 (Windows; U; Windows NT 5.1; en-US; rv:1.9.2) Gecko/2010012505 Firefox/3.6ms1"
199.89.103.10 - - [21/May/2010:02:20:33 -0400] "GET /illustrator.html HTTP/1.1" 403 279 "http://alex.jeb.ca/" "Mozilla/5.0 (Windows; U; Windows NT 5.1; en-US; rv:1.9.2) Gecko/2010012505 Firefox/3.6ms1"
