199.89.103.10 - - [21/May/2010:02:22:48 -0400] "GET /illustrator.html HTTP/1.1" 403 279 "http://alex.jeb.ca/" "Mozilla/5.0 (Windows; U; Windows NT 5.1; en-US; rv:1.9.2) Gecko/2010012505 Firefox/3.6ms1"
199.89.103.10 - - [21/May/2010:02:22:52 -0400] "GET /illustrator.html HTTP/1.1" 403 279 "http://alex.jeb.ca/" "Mozilla/5.0 (Windows; U; Windows NT 5.1; en-US; rv:1.9.2) Gecko/2010012505 Firefox/3.6ms1"
76.74.204.96 - - [21/May/2010:02:27:48 -0400] "GET / HTTP/1.1" 200 3594 "-" "Mozilla/5.0 (Windows; U; Windows NT 6.1; en-GB; rv:1.9.2.3) Gecko/20100401 (BT-canadiens) Firefox/3.6.3"
76.74.204.96 - - [21/May/2010:02:27:48 -0400] "GET /icons/blank.gif HTTP/1.1" 200 148 "http://alex.jeb.ca/" "Mozilla/5.0 (Windows; U; Windows NT 6.1; en-GB; rv:1.9.2.3) Gecko/20100401 (BT-canadiens) Firefox/3.6.3"
76.74.204.96 - - [21/May/2010:02:27:48 -0400] "GET /icons/folder.gif HTTP/1.1" 200 225 "http://alex.jeb.ca/" "Mozilla/5.0 (Windows; U; Windows NT 6.1; en-GB; rv:1.9.2.3) Gecko/20100401 (BT-canadiens) Firefox/3.6.3"
76.74.204.96 - - [21/May/2010:02:27:48 -0400] "GET /icons/unknown.gif HTTP/1.1" 200 245 "http://alex.jeb.ca/" "Mozilla/5.0 (Windows; U; Windows NT 6.1; en-GB; rv:1.9.2.3) Gecko/20100401 (BT-canadiens) Firefox/3.6.3"
76.74.204.96 - - [21/May/2010:02:27:48 -0400] "GET /icons/text.gif HTTP/1.1" 200 229 "http://alex.jeb.ca/" "Mozilla/5.0 (Windows; U; Windows NT 6.1; en-GB; rv:1.9.2.3) Gecko/20100401 (BT-canadiens) Firefox/3.6.3"
76.74.204.96 - - [21/May/2010:02:27:48 -0400] "GET /icons/image2.gif HTTP/1.1" 200 309 "http://alex.jeb.ca/" "Mozilla/5.0 (Windows; U; Windows NT 6.1; en-GB; rv:1.9.2.3) Gecko/20100401 (BT-canadiens) Firefox/3.6.3"
76.74.204.96 - - [21/May/2010:02:27:48 -0400] "GET /favicon.ico HTTP/1.1" 200 1150 "-" "Mozilla/5.0 (Windows; U; Windows NT 6.1; en-GB; rv:1.9.2.3) Gecko/20100401 (BT-canadiens) Firefox/3.6.3"
76.74.204.96 - - [21/May/2010:02:27:52 -0400] "GET /flash.html HTTP/1.1" 200 4756 "http://alex.jeb.ca/" "Mozilla/5.0 (Windows; U; Windows NT 6.1; en-GB; rv:1.9.2.3) Gecko/20100401 (BT-canadiens) Firefox/3.6.3"
76.74.204.96 - - [21/May/2010:02:27:52 -0400] "GET /index.css HTTP/1.1" 200 962 "http://alex.jeb.ca/flash.html" "Mozilla/5.0 (Windows; U; Windows NT 6.1; en-GB; rv:1.9.2.3) Gecko/20100401 (BT-canadiens) Firefox/3.6.3"
76.74.204.96 - - [21/May/2010:02:27:52 -0400] "GET /top_nav.css HTTP/1.1" 200 841 "http://alex.jeb.ca/flash.html" "Mozilla/5.0 (Windows; U; Windows NT 6.1; en-GB; rv:1.9.2.3) Gecko/20100401 (BT-canadiens) Firefox/3.6.3"
76.74.204.96 - - [21/May/2010:02:27:52 -0400] "GET /main.js HTTP/1.1" 200 5103 "http://alex.jeb.ca/flash.html" "Mozilla/5.0 (Windows; U; Windows NT 6.1; en-GB; rv:1.9.2.3) Gecko/20100401 (BT-canadiens) Firefox/3.6.3"
76.74.204.96 - - [21/May/2010:02:27:52 -0400] "GET /images/_portfolio/flash/venus.gif HTTP/1.1" 403 296 "http://alex.jeb.ca/flash.html" "Mozilla/5.0 (Windows; U; Windows NT 6.1; en-GB; rv:1.9.2.3) Gecko/20100401 (BT-canadiens) Firefox/3.6.3"
76.74.204.96 - - [21/May/2010:02:27:52 -0400] "GET /images/_portfolio/flash/rotating_circles.gif HTTP/1.1" 403 307 "http://alex.jeb.ca/flash.html" "Mozilla/5.0 (Windows; U; Windows NT 6.1; en-GB; rv:1.9.2.3) Gecko/20100401 (BT-canadiens) Firefox/3.6.3"
76.74.204.96 - - [21/May/2010:02:27:52 -0400] "GET /images/_portfolio/flash/annimated_butterfly.gif HTTP/1.1" 403 310 "http://alex.jeb.ca/flash.html" "Mozilla/5.0 (Windows; U; Windows NT 6.1; en-GB; rv:1.9.2.3) Gecko/20100401 (BT-canadiens) Firefox/3.6.3"
76.74.204.96 - - [21/May/2010:02:27:52 -0400] "GET /images/_portfolio/flash/wine_banner.gif HTTP/1.1" 403 302 "http://alex.jeb.ca/flash.html" "Mozilla/5.0 (Windows; U; Windows NT 6.1; en-GB; rv:1.9.2.3) Gecko/20100401 (BT-canadiens) Firefox/3.6.3"
76.74.204.96 - - [21/May/2010:02:27:52 -0400] "GET /images/_portfolio/flash/venn_diagram.gif HTTP/1.1" 403 303 "http://alex.jeb.ca/flash.html" "Mozilla/5.0 (Windows; U; Windows NT 6.1; en-GB; rv:1.9.2.3) Gecko/20100401 (BT-canadiens) Firefox/3.6.3"
76.74.204.96 - - [21/May/2010:02:27:52 -0400] "GET /images/_portfolio/flash/bending_arrow.gif HTTP/1.1" 403 304 "http://alex.jeb.ca/flash.html" "Mozilla/5.0 (Windows; U; Windows NT 6.1; en-GB; rv:1.9.2.3) Gecko/20100401 (BT-canadiens) Firefox/3.6.3"
76.74.204.96 - - [21/May/2010:02:27:52 -0400] "GET /images/_portfolio/flash/finland.gif HTTP/1.1" 403 298 "http://alex.jeb.ca/flash.html" "Mozilla/5.0 (Windows; U; Windows NT 6.1; en-GB; rv:1.9.2.3) Gecko/20100401 (BT-canadiens) Firefox/3.6.3"
76.74.204.96 - - [21/May/2010:02:27:52 -0400] "GET /images/bg.gif HTTP/1.1" 403 276 "http://alex.jeb.ca/top_nav.css" "Mozilla/5.0 (Windows; U; Windows NT 6.1; en-GB; rv:1.9.2.3) Gecko/20100401 (BT-canadiens) Firefox/3.6.3"
76.74.204.96 - - [21/May/2010:02:27:52 -0400] "GET /images/right.gif HTTP/1.1" 403 279 "http://alex.jeb.ca/top_nav.css" "Mozilla/5.0 (Windows; U; Windows NT 6.1; en-GB; rv:1.9.2.3) Gecko/20100401 (BT-canadiens) Firefox/3.6.3"
76.74.204.96 - - [21/May/2010:02:27:52 -0400] "GET /images/left.gif HTTP/1.1" 403 278 "http://alex.jeb.ca/top_nav.css" "Mozilla/5.0 (Windows; U; Windows NT 6.1; en-GB; rv:1.9.2.3) Gecko/20100401 (BT-canadiens) Firefox/3.6.3"
76.74.204.96 - - [21/May/2010:02:27:52 -0400] "GET /images/on_left.gif HTTP/1.1" 403 281 "http://alex.jeb.ca/top_nav.css" "Mozilla/5.0 (Windows; U; Windows NT 6.1; en-GB; rv:1.9.2.3) Gecko/20100401 (BT-canadiens) Firefox/3.6.3"
76.74.204.96 - - [21/May/2010:02:27:52 -0400] "GET /images/on_right.gif HTTP/1.1" 403 282 "http://alex.jeb.ca/top_nav.css" "Mozilla/5.0 (Windows; U; Windows NT 6.1; en-GB; rv:1.9.2.3) Gecko/20100401 (BT-canadiens) Firefox/3.6.3"
76.74.204.96 - - [21/May/2010:02:31:38 -0400] "GET /pages.html HTTP/1.1" 200 4692 "http://alex.jeb.ca/flash.html" "Mozilla/5.0 (Windows; U; Windows NT 6.1; en-GB; rv:1.9.2.3) Gecko/20100401 (BT-canadiens) Firefox/3.6.3"
76.74.204.96 - - [21/May/2010:02:31:38 -0400] "GET /images/_portfolio/web_pages/golf_quiz.gif HTTP/1.1" 200 1517 "http://alex.jeb.ca/pages.html" "Mozilla/5.0 (Windows; U; Windows NT 6.1; en-GB; rv:1.9.2.3) Gecko/20100401 (BT-canadiens) Firefox/3.6.3"
76.74.204.96 - - [21/May/2010:02:31:38 -0400] "GET /images/_portfolio/web_pages/impressions.gif HTTP/1.1" 200 1095 "http://alex.jeb.ca/pages.html" "Mozilla/5.0 (Windows; U; Windows NT 6.1; en-GB; rv:1.9.2.3) Gecko/20100401 (BT-canadiens) Firefox/3.6.3"
76.74.204.96 - - [21/May/2010:02:31:38 -0400] "GET /images/_portfolio/web_pages/raris.gif HTTP/1.1" 200 2216 "http://alex.jeb.ca/pages.html" "Mozilla/5.0 (Windows; U; Windows NT 6.1; en-GB; rv:1.9.2.3) Gecko/20100401 (BT-canadiens) Firefox/3.6.3"
76.74.204.96 - - [21/May/2010:02:31:38 -0400] "GET /images/_portfolio/web_pages/sellance.gif HTTP/1.1" 200 1522 "http://alex.jeb.ca/pages.html" "Mozilla/5.0 (Windows; U; Windows NT 6.1; en-GB; rv:1.9.2.3) Gecko/20100401 (BT-canadiens) Firefox/3.6.3"
76.74.204.96 - - [21/May/2010:02:31:38 -0400] "GET /images/_portfolio/web_pages/html.gif HTTP/1.1" 200 1774 "http://alex.jeb.ca/pages.html" "Mozilla/5.0 (Windows; U; Windows NT 6.1; en-GB; rv:1.9.2.3) Gecko/20100401 (BT-canadiens) Firefox/3.6.3"
76.74.204.96 - - [21/May/2010:02:31:38 -0400] "GET /images/_portfolio/web_pages/havlat_photography.gif HTTP/1.1" 200 1001 "http://alex.jeb.ca/pages.html" "Mozilla/5.0 (Windows; U; Windows NT 6.1; en-GB; rv:1.9.2.3) Gecko/20100401 (BT-canadiens) Firefox/3.6.3"
76.74.204.96 - - [21/May/2010:02:31:38 -0400] "GET /images/_portfolio/web_pages/email.gif HTTP/1.1" 200 1686 "http://alex.jeb.ca/pages.html" "Mozilla/5.0 (Windows; U; Windows NT 6.1; en-GB; rv:1.9.2.3) Gecko/20100401 (BT-canadiens) Firefox/3.6.3"
76.74.204.96 - - [21/May/2010:02:31:38 -0400] "GET /images/bg.gif HTTP/1.1" 200 519 "http://alex.jeb.ca/top_nav.css" "Mozilla/5.0 (Windows; U; Windows NT 6.1; en-GB; rv:1.9.2.3) Gecko/20100401 (BT-canadiens) Firefox/3.6.3"
76.74.204.96 - - [21/May/2010:02:31:38 -0400] "GET /images/left.gif HTTP/1.1" 200 493 "http://alex.jeb.ca/top_nav.css" "Mozilla/5.0 (Windows; U; Windows NT 6.1; en-GB; rv:1.9.2.3) Gecko/20100401 (BT-canadiens) Firefox/3.6.3"
76.74.204.96 - - [21/May/2010:02:31:38 -0400] "GET /images/right.gif HTTP/1.1" 200 1986 "http://alex.jeb.ca/top_nav.css" "Mozilla/5.0 (Windows; U; Windows NT 6.1; en-GB; rv:1.9.2.3) Gecko/20100401 (BT-canadiens) Firefox/3.6.3"
76.74.204.96 - - [21/May/2010:02:31:38 -0400] "GET /images/on_left.gif HTTP/1.1" 200 478 "http://alex.jeb.ca/top_nav.css" "Mozilla/5.0 (Windows; U; Windows NT 6.1; en-GB; rv:1.9.2.3) Gecko/20100401 (BT-canadiens) Firefox/3.6.3"
76.74.204.96 - - [21/May/2010:02:31:38 -0400] "GET /images/on_right.gif HTTP/1.1" 200 1971 "http://alex.jeb.ca/top_nav.css" "Mozilla/5.0 (Windows; U; Windows NT 6.1; en-GB; rv:1.9.2.3) Gecko/20100401 (BT-canadiens) Firefox/3.6.3"
76.74.204.96 - - [21/May/2010:02:31:43 -0400] "GET /golf_quiz HTTP/1.1" 404 268 "http://alex.jeb.ca/pages.html" "Mozilla/5.0 (Windows; U; Windows NT 6.1; en-GB; rv:1.9.2.3) Gecko/20100401 (BT-canadiens) Firefox/3.6.3"
76.74.203.140 - - [21/May/2010:02:31:51 -0400] "GET / HTTP/1.1" 200 3594 "-" "Mozilla/5.0 (Windows; U; Windows NT 6.1; en-US; rv:1.9.2.3) Gecko/20100401 Firefox/3.6.3 (.NET CLR 3.5.30729)"
76.74.203.140 - - [21/May/2010:02:31:51 -0400] "GET /icons/blank.gif HTTP/1.1" 200 148 "http://alex.jeb.ca/" "Mozilla/5.0 (Windows; U; Windows NT 6.1; en-US; rv:1.9.2.3) Gecko/20100401 Firefox/3.6.3 (.NET CLR 3.5.30729)"
76.74.203.140 - - [21/May/2010:02:31:51 -0400] "GET /icons/folder.gif HTTP/1.1" 200 225 "http://alex.jeb.ca/" "Mozilla/5.0 (Windows; U; Windows NT 6.1; en-US; rv:1.9.2.3) Gecko/20100401 Firefox/3.6.3 (.NET CLR 3.5.30729)"
76.74.203.140 - - [21/May/2010:02:31:51 -0400] "GET /icons/unknown.gif HTTP/1.1" 200 245 "http://alex.jeb.ca/" "Mozilla/5.0 (Windows; U; Windows NT 6.1; en-US; rv:1.9.2.3) Gecko/20100401 Firefox/3.6.3 (.NET CLR 3.5.30729)"
76.74.203.140 - - [21/May/2010:02:31:51 -0400] "GET /icons/text.gif HTTP/1.1" 200 229 "http://alex.jeb.ca/" "Mozilla/5.0 (Windows; U; Windows NT 6.1; en-US; rv:1.9.2.3) Gecko/20100401 Firefox/3.6.3 (.NET CLR 3.5.30729)"
76.74.203.140 - - [21/May/2010:02:31:51 -0400] "GET /icons/image2.gif HTTP/1.1" 200 309 "http://alex.jeb.ca/" "Mozilla/5.0 (Windows; U; Windows NT 6.1; en-US; rv:1.9.2.3) Gecko/20100401 Firefox/3.6.3 (.NET CLR 3.5.30729)"
76.74.203.140 - - [21/May/2010:02:31:52 -0400] "GET /favicon.ico HTTP/1.1" 200 1150 "-" "Mozilla/5.0 (Windows; U; Windows NT 6.1; en-US; rv:1.9.2.3) Gecko/20100401 Firefox/3.6.3 (.NET CLR 3.5.30729)"
76.74.203.140 - - [21/May/2010:02:32:05 -0400] "GET /pages.html HTTP/1.1" 200 4692 "http://alex.jeb.ca/" "Mozilla/5.0 (Windows; U; Windows NT 6.1; en-US; rv:1.9.2.3) Gecko/20100401 Firefox/3.6.3 (.NET CLR 3.5.30729)"
76.74.203.140 - - [21/May/2010:02:32:05 -0400] "GET /index.css HTTP/1.1" 200 962 "http://alex.jeb.ca/pages.html" "Mozilla/5.0 (Windows; U; Windows NT 6.1; en-US; rv:1.9.2.3) Gecko/20100401 Firefox/3.6.3 (.NET CLR 3.5.30729)"
76.74.203.140 - - [21/May/2010:02:32:05 -0400] "GET /top_nav.css HTTP/1.1" 200 841 "http://alex.jeb.ca/pages.html" "Mozilla/5.0 (Windows; U; Windows NT 6.1; en-US; rv:1.9.2.3) Gecko/20100401 Firefox/3.6.3 (.NET CLR 3.5.30729)"
76.74.203.140 - - [21/May/2010:02:32:05 -0400] "GET /main.js HTTP/1.1" 200 5103 "http://alex.jeb.ca/pages.html" "Mozilla/5.0 (Windows; U; Windows NT 6.1; en-US; rv:1.9.2.3) Gecko/20100401 Firefox/3.6.3 (.NET CLR 3.5.30729)"
76.74.203.140 - - [21/May/2010:02:32:05 -0400] "GET /images/_portfolio/web_pages/golf_quiz.gif HTTP/1.1" 200 1517 "http://alex.jeb.ca/pages.html" "Mozilla/5.0 (Windows; U; Windows NT 6.1; en-US; rv:1.9.2.3) Gecko/20100401 Firefox/3.6.3 (.NET CLR 3.5.30729)"
76.74.203.140 - - [21/May/2010:02:32:05 -0400] "GET /images/_portfolio/web_pages/raris.gif HTTP/1.1" 200 2216 "http://alex.jeb.ca/pages.html" "Mozilla/5.0 (Windows; U; Windows NT 6.1; en-US; rv:1.9.2.3) Gecko/20100401 Firefox/3.6.3 (.NET CLR 3.5.30729)"
76.74.203.140 - - [21/May/2010:02:32:05 -0400] "GET /images/_portfolio/web_pages/sellance.gif HTTP/1.1" 200 1522 "http://alex.jeb.ca/pages.html" "Mozilla/5.0 (Windows; U; Windows NT 6.1; en-US; rv:1.9.2.3) Gecko/20100401 Firefox/3.6.3 (.NET CLR 3.5.30729)"
76.74.203.140 - - [21/May/2010:02:32:05 -0400] "GET /images/_portfolio/web_pages/html.gif HTTP/1.1" 200 1774 "http://alex.jeb.ca/pages.html" "Mozilla/5.0 (Windows; U; Windows NT 6.1; en-US; rv:1.9.2.3) Gecko/20100401 Firefox/3.6.3 (.NET CLR 3.5.30729)"
76.74.203.140 - - [21/May/2010:02:32:05 -0400] "GET /images/_portfolio/web_pages/email.gif HTTP/1.1" 200 1686 "http://alex.jeb.ca/pages.html" "Mozilla/5.0 (Windows; U; Windows NT 6.1; en-US; rv:1.9.2.3) Gecko/20100401 Firefox/3.6.3 (.NET CLR 3.5.30729)"
76.74.203.140 - - [21/May/2010:02:32:05 -0400] "GET /images/_portfolio/web_pages/havlat_photography.gif HTTP/1.1" 200 1001 "http://alex.jeb.ca/pages.html" "Mozilla/5.0 (Windows; U; Windows NT 6.1; en-US; rv:1.9.2.3) Gecko/20100401 Firefox/3.6.3 (.NET CLR 3.5.30729)"
76.74.203.140 - - [21/May/2010:02:32:05 -0400] "GET /images/_portfolio/web_pages/impressions.gif HTTP/1.1" 200 1095 "http://alex.jeb.ca/pages.html" "Mozilla/5.0 (Windows; U; Windows NT 6.1; en-US; rv:1.9.2.3) Gecko/20100401 Firefox/3.6.3 (.NET CLR 3.5.30729)"
76.74.203.140 - - [21/May/2010:02:32:05 -0400] "GET /images/bg.gif HTTP/1.1" 200 519 "http://alex.jeb.ca/top_nav.css" "Mozilla/5.0 (Windows; U; Windows NT 6.1; en-US; rv:1.9.2.3) Gecko/20100401 Firefox/3.6.3 (.NET CLR 3.5.30729)"
76.74.203.140 - - [21/May/2010:02:32:05 -0400] "GET /images/left.gif HTTP/1.1" 200 493 "http://alex.jeb.ca/top_nav.css" "Mozilla/5.0 (Windows; U; Windows NT 6.1; en-US; rv:1.9.2.3) Gecko/20100401 Firefox/3.6.3 (.NET CLR 3.5.30729)"
76.74.203.140 - - [21/May/2010:02:32:05 -0400] "GET /images/right.gif HTTP/1.1" 200 1986 "http://alex.jeb.ca/top_nav.css" "Mozilla/5.0 (Windows; U; Windows NT 6.1; en-US; rv:1.9.2.3) Gecko/20100401 Firefox/3.6.3 (.NET CLR 3.5.30729)"
76.74.203.140 - - [21/May/2010:02:32:05 -0400] "GET /images/on_left.gif HTTP/1.1" 200 478 "http://alex.jeb.ca/top_nav.css" "Mozilla/5.0 (Windows; U; Windows NT 6.1; en-US; rv:1.9.2.3) Gecko/20100401 Firefox/3.6.3 (.NET CLR 3.5.30729)"
76.74.203.140 - - [21/May/2010:02:32:05 -0400] "GET /images/on_right.gif HTTP/1.1" 200 1971 "http://alex.jeb.ca/top_nav.css" "Mozilla/5.0 (Windows; U; Windows NT 6.1; en-US; rv:1.9.2.3) Gecko/20100401 Firefox/3.6.3 (.NET CLR 3.5.30729)"
76.74.203.140 - - [21/May/2010:02:32:09 -0400] "GET /golf_quiz HTTP/1.1" 404 268 "http://alex.jeb.ca/pages.html" "Mozilla/5.0 (Windows; U; Windows NT 6.1; en-US; rv:1.9.2.3) Gecko/20100401 Firefox/3.6.3 (.NET CLR 3.5.30729)"
76.74.204.96 - - [21/May/2010:02:32:36 -0400] "GET /golf_quiz HTTP/1.1" 404 268 "http://alex.jeb.ca/pages.html" "Mozilla/5.0 (Windows; U; Windows NT 6.1; en-GB; rv:1.9.2.3) Gecko/20100401 (BT-canadiens) Firefox/3.6.3"
95.108.128.241 - - [21/May/2010:03:33:40 -0400] "GET /text_service.swf HTTP/1.1" 200 2800 "-" "Yandex/1.01.001 (compatible; Win16; I)"
66.249.65.240 - - [21/May/2010:03:37:25 -0400] "GET /robots.txt HTTP/1.1" 404 269 "-" "Googlebot-Image/1.0"
66.249.65.240 - - [21/May/2010:03:37:25 -0400] "GET /images/_portfolio/photoshop/fulfillment_banner_sm.jpg HTTP/1.1" 304 - "-" "Googlebot-Image/1.0"
95.108.128.241 - - [21/May/2010:04:38:55 -0400] "GET /jeb_signature.txt HTTP/1.1" 200 184 "-" "Yandex/1.01.001 (compatible; Win16; I)"
66.249.65.236 - - [21/May/2010:06:03:55 -0400] "GET /images/_portfolio/flash/rotating_circles.gif HTTP/1.1" 304 - "-" "Googlebot-Image/1.0"
95.108.128.241 - - [21/May/2010:06:49:24 -0400] "GET /text_design.swf HTTP/1.1" 200 2958 "-" "Yandex/1.01.001 (compatible; Win16; I)"
66.249.65.236 - - [21/May/2010:08:36:24 -0400] "GET /images/_portfolio/flash/annimated_butterfly.gif HTTP/1.1" 304 - "-" "Googlebot-Image/1.0"
95.108.128.241 - - [21/May/2010:08:59:53 -0400] "GET /main.js HTTP/1.1" 200 5103 "-" "Yandex/1.01.001 (compatible; Win16; I)"
66.249.65.236 - - [21/May/2010:09:28:35 -0400] "GET /logs/ HTTP/1.1" 200 769 "-" "Mozilla/5.0 (compatible; Googlebot/2.1; +http://www.google.com/bot.html)"
207.46.199.184 - - [21/May/2010:09:45:50 -0400] "GET /robots.txt HTTP/1.1" 404 269 "-" "msnbot/2.0b (+http://search.msn.com/msnbot.htm)"
95.108.128.241 - - [21/May/2010:11:10:22 -0400] "GET /home.swf HTTP/1.1" 200 17352 "-" "Yandex/1.01.001 (compatible; Win16; I)"
95.108.128.241 - - [21/May/2010:12:15:37 -0400] "GET /Harris_House/commercial_details.html HTTP/1.1" 200 4464 "-" "Yandex/1.01.001 (compatible; Win16; I)"
95.108.128.241 - - [21/May/2010:14:14:57 -0400] "GET / HTTP/1.1" 200 3594 "-" "Yandex/1.01.001 (compatible; Win16; I)"
95.108.128.241 - - [21/May/2010:16:45:24 -0400] "GET /?C=D;O=A HTTP/1.1" 200 3594 "-" "Yandex/1.01.001 (compatible; Win16; I)"
95.108.128.241 - - [21/May/2010:20:19:03 -0400] "GET /robots.txt HTTP/1.1" 404 269 "-" "Yandex/1.01.001 (compatible; Win16; I)"
66.249.65.248 - - [21/May/2010:20:40:06 -0400] "GET /robots.txt HTTP/1.1" 404 269 "-" "Mozilla/5.0 (compatible; Googlebot/2.1; +http://www.google.com/bot.html)"
66.249.65.248 - - [21/May/2010:20:40:06 -0400] "GET / HTTP/1.1" 200 3594 "-" "Mozilla/5.0 (compatible; Googlebot/2.1; +http://www.google.com/bot.html)"
95.108.128.241 - - [21/May/2010:21:13:58 -0400] "GET /logs/?C=D;O=A HTTP/1.1" 200 769 "-" "Yandex/1.01.001 (compatible; Win16; I)"
207.46.204.179 - - [21/May/2010:22:03:02 -0400] "GET /robots.txt HTTP/1.1" 404 269 "-" "msnbot/2.0b (+http://search.msn.com/msnbot.htm)"
207.46.204.179 - - [21/May/2010:22:04:04 -0400] "GET /email/origins.html HTTP/1.1" 404 277 "-" "msnbot/2.0b (+http://search.msn.com/msnbot.htm)"
95.108.128.241 - - [21/May/2010:22:08:52 -0400] "GET /logs/ HTTP/1.1" 200 769 "-" "Yandex/1.01.001 (compatible; Win16; I)"
95.108.128.241 - - [21/May/2010:23:03:47 -0400] "GET /logs/?C=S;O=A HTTP/1.1" 200 769 "-" "Yandex/1.01.001 (compatible; Win16; I)"
66.249.65.248 - - [21/May/2010:23:35:45 -0400] "GET /Harris_House/property_details.html HTTP/1.1" 304 - "-" "Mozilla/5.0 (compatible; Googlebot/2.1; +http://www.google.com/bot.html)"
95.108.128.241 - - [21/May/2010:23:58:42 -0400] "GET /logs/?C=N;O=D HTTP/1.1" 200 769 "-" "Yandex/1.01.001 (compatible; Win16; I)"
95.108.128.241 - - [22/May/2010:00:53:37 -0400] "GET /Harris_House/contact.html HTTP/1.1" 304 - "-" "Yandex/1.01.001 (compatible; Win16; I)"
95.108.128.241 - - [22/May/2010:01:48:32 -0400] "GET /?C=S;O=D HTTP/1.1" 200 3594 "-" "Yandex/1.01.001 (compatible; Win16; I)"
95.108.128.241 - - [22/May/2010:03:32:16 -0400] "GET /Harris_House/photo_tour.html HTTP/1.1" 304 - "-" "Yandex/1.01.001 (compatible; Win16; I)"
95.108.128.241 - - [22/May/2010:04:21:05 -0400] "GET /logs/access_log HTTP/1.1" 200 1664704 "-" "Yandex/1.01.001 (compatible; Win16; I)"
66.249.65.248 - - [22/May/2010:04:32:29 -0400] "GET /Harris_House/index.html HTTP/1.1" 304 - "-" "Mozilla/5.0 (compatible; Googlebot/2.1; +http://www.google.com/bot.html)"
95.108.128.241 - - [22/May/2010:05:09:56 -0400] "GET /flash.html HTTP/1.1" 200 4756 "-" "Yandex/1.01.001 (compatible; Win16; I)"
95.108.128.241 - - [22/May/2010:06:47:32 -0400] "GET /circle_final.swf HTTP/1.1" 200 5728 "-" "Yandex/1.01.001 (compatible; Win16; I)"
95.108.128.241 - - [22/May/2010:07:36:20 -0400] "GET /?C=M;O=D HTTP/1.1" 200 3594 "-" "Yandex/1.01.001 (compatible; Win16; I)"
207.46.13.134 - - [22/May/2010:07:39:00 -0400] "GET /robots.txt HTTP/1.1" 404 269 "-" "msnbot/2.0b (+http://search.msn.com/msnbot.htm)"
207.46.13.134 - - [22/May/2010:07:40:04 -0400] "GET /email/origins.html HTTP/1.1" 404 277 "-" "msnbot/2.0b (+http://search.msn.com/msnbot.htm)"
95.108.128.241 - - [22/May/2010:09:38:19 -0400] "GET /contact.html HTTP/1.1" 200 6927 "-" "Yandex/1.01.001 (compatible; Win16; I)"
95.108.128.241 - - [22/May/2010:13:56:18 -0400] "GET /?C=N;O=A HTTP/1.1" 200 3594 "-" "Yandex/1.01.001 (compatible; Win16; I)"
95.108.128.241 - - [22/May/2010:15:29:21 -0400] "GET /logs/?C=M;O=A HTTP/1.1" 200 769 "-" "Yandex/1.01.001 (compatible; Win16; I)"
67.218.116.130 - - [22/May/2010:16:01:31 -0400] "GET /robots.txt HTTP/1.1" 404 269 "-" "Mozilla/5.0 (Twiceler-0.9 http://www.cuil.com/twiceler/robot.html)"
95.108.128.241 - - [22/May/2010:16:10:35 -0400] "GET /photoshop.html HTTP/1.1" 200 7709 "-" "Yandex/1.01.001 (compatible; Win16; I)"
95.108.128.241 - - [22/May/2010:17:33:04 -0400] "GET /text_install.swf HTTP/1.1" 200 2718 "-" "Yandex/1.01.001 (compatible; Win16; I)"
95.108.128.241 - - [22/May/2010:18:55:48 -0400] "GET /robots.txt HTTP/1.1" 404 269 "-" "Yandex/1.01.001 (compatible; Win16; I)"
95.108.128.241 - - [22/May/2010:20:12:57 -0400] "GET /Harris_House/index.html HTTP/1.1" 304 - "-" "Yandex/1.01.001 (compatible; Win16; I)"
95.108.128.241 - - [22/May/2010:20:50:40 -0400] "GET /print.html HTTP/1.1" 200 4324 "-" "Yandex/1.01.001 (compatible; Win16; I)"
95.108.128.241 - - [22/May/2010:22:06:06 -0400] "GET /logs/error_log HTTP/1.1" 200 394063 "-" "Yandex/1.01.001 (compatible; Win16; I)"
97.81.196.130 - - [22/May/2010:22:27:36 -0400] "GET /Harris_House/commercial_details.html HTTP/1.1" 200 4464 "http://www.google.com/search?q=houses+for+rent+st-lazare+quebec&hl=en&rlz=1T4GPEA_enUS299US299&start=20&sa=N&cts=1274581805879" "Mozilla/4.0 (compatible; MSIE 8.0; Windows NT 6.0; Trident/4.0; GTB6.4; SLCC1; .NET CLR 2.0.50727; Media Center PC 5.0; .NET CLR 1.1.4322; .NET CLR 3.5.30729; .NET CLR 3.0.30729)"
97.81.196.130 - - [22/May/2010:22:27:36 -0400] "GET /Harris_House/index.css HTTP/1.1" 200 2186 "http://alex.jeb.ca/Harris_House/commercial_details.html" "Mozilla/4.0 (compatible; MSIE 8.0; Windows NT 6.0; Trident/4.0; GTB6.4; SLCC1; .NET CLR 2.0.50727; Media Center PC 5.0; .NET CLR 1.1.4322; .NET CLR 3.5.30729; .NET CLR 3.0.30729)"
97.81.196.130 - - [22/May/2010:22:27:36 -0400] "GET /Harris_House/index.css HTTP/1.1" 200 2186 "http://alex.jeb.ca/Harris_House/commercial_details.html" "Mozilla/4.0 (compatible; MSIE 8.0; Windows NT 6.0; Trident/4.0; GTB6.4; SLCC1; .NET CLR 2.0.50727; Media Center PC 5.0; .NET CLR 1.1.4322; .NET CLR 3.5.30729; .NET CLR 3.0.30729)"
97.81.196.130 - - [22/May/2010:22:27:36 -0400] "GET /Harris_House/images/logo.gif HTTP/1.1" 200 1148 "http://alex.jeb.ca/Harris_House/commercial_details.html" "Mozilla/4.0 (compatible; MSIE 8.0; Windows NT 6.0; Trident/4.0; GTB6.4; SLCC1; .NET CLR 2.0.50727; Media Center PC 5.0; .NET CLR 1.1.4322; .NET CLR 3.5.30729; .NET CLR 3.0.30729)"
97.81.196.130 - - [22/May/2010:22:27:36 -0400] "GET /Harris_House/images/back_yard_sm.jpg HTTP/1.1" 200 6946 "http://alex.jeb.ca/Harris_House/commercial_details.html" "Mozilla/4.0 (compatible; MSIE 8.0; Windows NT 6.0; Trident/4.0; GTB6.4; SLCC1; .NET CLR 2.0.50727; Media Center PC 5.0; .NET CLR 1.1.4322; .NET CLR 3.5.30729; .NET CLR 3.0.30729)"
97.81.196.130 - - [22/May/2010:22:27:36 -0400] "GET /Harris_House/images/frontal_outdoor_view02_sm.jpg HTTP/1.1" 200 7461 "http://alex.jeb.ca/Harris_House/commercial_details.html" "Mozilla/4.0 (compatible; MSIE 8.0; Windows NT 6.0; Trident/4.0; GTB6.4; SLCC1; .NET CLR 2.0.50727; Media Center PC 5.0; .NET CLR 1.1.4322; .NET CLR 3.5.30729; .NET CLR 3.0.30729)"
97.81.196.130 - - [22/May/2010:22:27:36 -0400] "GET /Harris_House/images/frontal_outdoor_view_sm.jpg HTTP/1.1" 200 7663 "http://alex.jeb.ca/Harris_House/commercial_details.html" "Mozilla/4.0 (compatible; MSIE 8.0; Windows NT 6.0; Trident/4.0; GTB6.4; SLCC1; .NET CLR 2.0.50727; Media Center PC 5.0; .NET CLR 1.1.4322; .NET CLR 3.5.30729; .NET CLR 3.0.30729)"
97.81.196.130 - - [22/May/2010:22:27:36 -0400] "GET /Harris_House/images/curve_tl.gif HTTP/1.1" 200 330 "http://alex.jeb.ca/Harris_House/commercial_details.html" "Mozilla/4.0 (compatible; MSIE 8.0; Windows NT 6.0; Trident/4.0; GTB6.4; SLCC1; .NET CLR 2.0.50727; Media Center PC 5.0; .NET CLR 1.1.4322; .NET CLR 3.5.30729; .NET CLR 3.0.30729)"
97.81.196.130 - - [22/May/2010:22:27:36 -0400] "GET /Harris_House/images/curve_tr.gif HTTP/1.1" 200 331 "http://alex.jeb.ca/Harris_House/commercial_details.html" "Mozilla/4.0 (compatible; MSIE 8.0; Windows NT 6.0; Trident/4.0; GTB6.4; SLCC1; .NET CLR 2.0.50727; Media Center PC 5.0; .NET CLR 1.1.4322; .NET CLR 3.5.30729; .NET CLR 3.0.30729)"
97.81.196.130 - - [22/May/2010:22:27:36 -0400] "GET /Harris_House/images/curve_bl.gif HTTP/1.1" 200 329 "http://alex.jeb.ca/Harris_House/commercial_details.html" "Mozilla/4.0 (compatible; MSIE 8.0; Windows NT 6.0; Trident/4.0; GTB6.4; SLCC1; .NET CLR 2.0.50727; Media Center PC 5.0; .NET CLR 1.1.4322; .NET CLR 3.5.30729; .NET CLR 3.0.30729)"
97.81.196.130 - - [22/May/2010:22:27:36 -0400] "GET /Harris_House/images/curve_br.gif HTTP/1.1" 200 330 "http://alex.jeb.ca/Harris_House/commercial_details.html" "Mozilla/4.0 (compatible; MSIE 8.0; Windows NT 6.0; Trident/4.0; GTB6.4; SLCC1; .NET CLR 2.0.50727; Media Center PC 5.0; .NET CLR 1.1.4322; .NET CLR 3.5.30729; .NET CLR 3.0.30729)"
97.81.196.130 - - [22/May/2010:22:27:36 -0400] "GET /Harris_House/images/frontal_outdoor_view.jpg HTTP/1.1" 200 49263 "http://alex.jeb.ca/Harris_House/commercial_details.html" "Mozilla/4.0 (compatible; MSIE 8.0; Windows NT 6.0; Trident/4.0; GTB6.4; SLCC1; .NET CLR 2.0.50727; Media Center PC 5.0; .NET CLR 1.1.4322; .NET CLR 3.5.30729; .NET CLR 3.0.30729)"
97.81.196.130 - - [22/May/2010:22:27:50 -0400] "GET /Harris_House/rent.html HTTP/1.1" 200 4666 "http://alex.jeb.ca/Harris_House/commercial_details.html" "Mozilla/4.0 (compatible; MSIE 8.0; Windows NT 6.0; Trident/4.0; GTB6.4; SLCC1; .NET CLR 2.0.50727; Media Center PC 5.0; .NET CLR 1.1.4322; .NET CLR 3.5.30729; .NET CLR 3.0.30729)"
97.81.196.130 - - [22/May/2010:22:27:53 -0400] "GET /Harris_House/photo_tour.html HTTP/1.1" 200 3578 "http://alex.jeb.ca/Harris_House/rent.html" "Mozilla/4.0 (compatible; MSIE 8.0; Windows NT 6.0; Trident/4.0; GTB6.4; SLCC1; .NET CLR 2.0.50727; Media Center PC 5.0; .NET CLR 1.1.4322; .NET CLR 3.5.30729; .NET CLR 3.0.30729)"
95.108.128.241 - - [22/May/2010:22:43:51 -0400] "GET /illustrator.html HTTP/1.1" 200 6612 "-" "Yandex/1.01.001 (compatible; Win16; I)"
95.108.128.241 - - [22/May/2010:23:59:17 -0400] "GET /movie.swf HTTP/1.1" 200 4687 "-" "Yandex/1.01.001 (compatible; Win16; I)"
95.108.128.241 - - [23/May/2010:00:37:00 -0400] "GET /main.js HTTP/1.1" 200 5103 "-" "Yandex/1.01.001 (compatible; Win16; I)"
95.108.128.241 - - [23/May/2010:03:25:57 -0400] "GET /images/ HTTP/1.1" 200 1827 "-" "Yandex/1.01.001 (compatible; Win16; I)"
207.46.199.178 - - [23/May/2010:05:55:22 -0400] "GET /robots.txt HTTP/1.1" 404 269 "-" "msnbot/2.0b (+http://search.msn.com/msnbot.htm)"
95.108.128.241 - - [23/May/2010:06:11:10 -0400] "GET /Harris_House/rent-to-own.html HTTP/1.1" 200 4688 "-" "Yandex/1.01.001 (compatible; Win16; I)"
75.101.201.153 - - [23/May/2010:06:36:17 -0400] "GET /robots.txt HTTP/1.1" 404 269 "-" "Mozilla/5.0 (compatible; spbot/2.0.2; +http://www.seoprofiler.com/bot/ )"
75.101.201.153 - - [23/May/2010:06:36:18 -0400] "GET /print.html HTTP/1.1" 200 4324 "-" "Mozilla/5.0 (compatible; spbot/2.0.2; +http://www.seoprofiler.com/bot/ )"
75.101.201.153 - - [23/May/2010:06:36:42 -0400] "GET /robots.txt HTTP/1.1" 404 269 "-" "Mozilla/5.0 (compatible; spbot/2.0.2; +http://www.seoprofiler.com/bot/ )"
75.101.201.153 - - [23/May/2010:06:36:43 -0400] "GET /robots.txt HTTP/1.1" 404 269 "-" "Mozilla/5.0 (compatible; spbot/2.0.2; +http://www.seoprofiler.com/bot/ )"
75.101.201.153 - - [23/May/2010:06:36:43 -0400] "GET /flash.html HTTP/1.1" 200 4756 "-" "Mozilla/5.0 (compatible; spbot/2.0.2; +http://www.seoprofiler.com/bot/ )"
75.101.201.153 - - [23/May/2010:06:36:43 -0400] "GET /illustrator.html HTTP/1.1" 200 6612 "-" "Mozilla/5.0 (compatible; spbot/2.0.2; +http://www.seoprofiler.com/bot/ )"
75.101.201.153 - - [23/May/2010:06:36:55 -0400] "GET /robots.txt HTTP/1.1" 404 269 "-" "Mozilla/5.0 (compatible; spbot/2.0.2; +http://www.seoprofiler.com/bot/ )"
75.101.201.153 - - [23/May/2010:06:36:56 -0400] "GET /pages.html HTTP/1.1" 200 4692 "-" "Mozilla/5.0 (compatible; spbot/2.0.2; +http://www.seoprofiler.com/bot/ )"
75.101.201.153 - - [23/May/2010:06:36:57 -0400] "GET /robots.txt HTTP/1.1" 404 269 "-" "Mozilla/5.0 (compatible; spbot/2.0.2; +http://www.seoprofiler.com/bot/ )"
75.101.201.153 - - [23/May/2010:06:36:58 -0400] "GET /contact.html HTTP/1.1" 200 6927 "-" "Mozilla/5.0 (compatible; spbot/2.0.2; +http://www.seoprofiler.com/bot/ )"
95.108.128.241 - - [23/May/2010:08:49:45 -0400] "GET /text/ HTTP/1.1" 200 1134 "-" "Yandex/1.01.001 (compatible; Win16; I)"
207.46.199.53 - - [23/May/2010:08:49:56 -0400] "GET /robots.txt HTTP/1.1" 404 269 "-" "msnbot/2.0b (+http://search.msn.com/msnbot.htm)"
207.46.199.53 - - [23/May/2010:08:50:59 -0400] "GET /email/origins.html HTTP/1.1" 404 277 "-" "msnbot/2.0b (+http://search.msn.com/msnbot.htm)"
95.108.128.241 - - [23/May/2010:10:09:03 -0400] "GET /logs/?C=M;O=D HTTP/1.1" 200 769 "-" "Yandex/1.01.001 (compatible; Win16; I)"
95.108.128.241 - - [23/May/2010:12:47:38 -0400] "GET /email/origins.html HTTP/1.1" 404 277 "-" "Yandex/1.01.001 (compatible; Win16; I)"
95.108.128.241 - - [23/May/2010:14:20:39 -0400] "GET /Harris_House/photo_tour.html HTTP/1.1" 304 - "-" "Yandex/1.01.001 (compatible; Win16; I)"
67.218.116.130 - - [23/May/2010:14:55:21 -0400] "GET /robots.txt HTTP/1.1" 404 269 "-" "Mozilla/5.0 (Twiceler-0.9 http://www.cuil.com/twiceler/robot.html)"
67.218.116.166 - - [23/May/2010:15:15:57 -0400] "GET /robots.txt HTTP/1.1" 404 269 "-" "Mozilla/5.0 (Twiceler-0.9 http://www.cuil.com/twiceler/robot.html)"
95.108.128.241 - - [23/May/2010:21:22:26 -0400] "GET /robots.txt HTTP/1.1" 404 269 "-" "Yandex/1.01.001 (compatible; Win16; I)"
95.108.128.241 - - [23/May/2010:23:11:02 -0400] "GET /Harris_House/contact.html HTTP/1.1" 304 - "-" "Yandex/1.01.001 (compatible; Win16; I)"
95.108.128.241 - - [24/May/2010:00:59:38 -0400] "GET /Harris_House/property_details.html HTTP/1.1" 304 - "-" "Yandex/1.01.001 (compatible; Win16; I)"
95.108.128.241 - - [24/May/2010:04:36:50 -0400] "GET /logs/?C=D;O=D HTTP/1.1" 200 769 "-" "Yandex/1.01.001 (compatible; Win16; I)"
95.108.128.241 - - [24/May/2010:06:25:26 -0400] "GET /logs/?C=S;O=D HTTP/1.1" 200 769 "-" "Yandex/1.01.001 (compatible; Win16; I)"
66.249.68.229 - - [24/May/2010:07:52:06 -0400] "GET /robots.txt HTTP/1.1" 404 269 "-" "Googlebot-Image/1.0"
66.249.68.229 - - [24/May/2010:07:52:07 -0400] "GET /images/_portfolio/print/cd_spine_back.gif HTTP/1.1" 304 - "-" "Googlebot-Image/1.0"
95.108.128.241 - - [24/May/2010:08:14:01 -0400] "GET /logs/?C=N;O=A HTTP/1.1" 200 769 "-" "Yandex/1.01.001 (compatible; Win16; I)"
66.249.65.248 - - [24/May/2010:11:39:29 -0400] "GET /robots.txt HTTP/1.1" 404 269 "-" "Googlebot-Image/1.0"
66.249.65.248 - - [24/May/2010:11:39:29 -0400] "GET /images/_portfolio/web_pages/golf_quiz.gif HTTP/1.1" 304 - "-" "Googlebot-Image/1.0"
66.249.71.149 - - [24/May/2010:12:49:27 -0400] "GET /robots.txt HTTP/1.1" 404 269 "-" "Mozilla/5.0 (compatible; Googlebot/2.1; +http://www.google.com/bot.html)"
66.249.71.149 - - [24/May/2010:12:49:27 -0400] "GET /Harris_House/property_details.html HTTP/1.1" 304 - "-" "Mozilla/5.0 (compatible; Googlebot/2.1; +http://www.google.com/bot.html)"
66.249.71.149 - - [24/May/2010:13:08:51 -0400] "GET /Harris_House/images/frontal_outdoor_view_sm.jpg HTTP/1.1" 200 7663 "-" "Mozilla/5.0 (compatible; Googlebot/2.1; +http://www.google.com/bot.html)"
66.249.71.149 - - [24/May/2010:13:08:52 -0400] "GET /Harris_House/images/back_yard_sm.jpg HTTP/1.1" 200 6946 "-" "Mozilla/5.0 (compatible; Googlebot/2.1; +http://www.google.com/bot.html)"
66.249.71.149 - - [24/May/2010:13:08:52 -0400] "GET /Harris_House/images/frontal_outdoor_view_faded.jpg HTTP/1.1" 200 8330 "-" "Mozilla/5.0 (compatible; Googlebot/2.1; +http://www.google.com/bot.html)"
66.249.71.149 - - [24/May/2010:13:08:53 -0400] "GET /Harris_House/index.css HTTP/1.1" 200 2186 "-" "Mozilla/5.0 (compatible; Googlebot/2.1; +http://www.google.com/bot.html)"
66.249.71.149 - - [24/May/2010:13:08:53 -0400] "GET /Harris_House/images/frontal_outdoor_view02_sm.jpg HTTP/1.1" 200 7461 "-" "Mozilla/5.0 (compatible; Googlebot/2.1; +http://www.google.com/bot.html)"
66.249.71.149 - - [24/May/2010:13:08:53 -0400] "GET /Harris_House/images/logo.gif HTTP/1.1" 200 1148 "-" "Mozilla/5.0 (compatible; Googlebot/2.1; +http://www.google.com/bot.html)"
66.249.71.149 - - [24/May/2010:13:09:19 -0400] "GET /Harris_House/images/curve_bl.gif HTTP/1.1" 200 329 "-" "Mozilla/5.0 (compatible; Googlebot/2.1; +http://www.google.com/bot.html)"
66.249.71.149 - - [24/May/2010:13:09:20 -0400] "GET /Harris_House/images/curve_tl.gif HTTP/1.1" 200 330 "-" "Mozilla/5.0 (compatible; Googlebot/2.1; +http://www.google.com/bot.html)"
66.249.71.149 - - [24/May/2010:13:09:20 -0400] "GET /Harris_House/images/curve_tr.gif HTTP/1.1" 200 331 "-" "Mozilla/5.0 (compatible; Googlebot/2.1; +http://www.google.com/bot.html)"
66.249.71.149 - - [24/May/2010:13:09:20 -0400] "GET /Harris_House/images/curve_br.gif HTTP/1.1" 200 330 "-" "Mozilla/5.0 (compatible; Googlebot/2.1; +http://www.google.com/bot.html)"
95.108.128.241 - - [24/May/2010:15:00:20 -0400] "GET /?C=N;O=A HTTP/1.1" 200 3594 "-" "Yandex/1.01.001 (compatible; Win16; I)"
66.249.71.149 - - [24/May/2010:15:03:07 -0400] "GET /Harris_House/index.html HTTP/1.1" 304 - "-" "Mozilla/5.0 (compatible; Googlebot/2.1; +http://www.google.com/bot.html)"
95.108.128.241 - - [24/May/2010:15:33:44 -0400] "GET /home.swf HTTP/1.1" 200 17352 "-" "Yandex/1.01.001 (compatible; Win16; I)"
95.108.128.241 - - [24/May/2010:16:08:52 -0400] "GET /text_design.swf HTTP/1.1" 304 - "-" "Yandex/1.01.001 (compatible; Win16; I)"
67.218.116.130 - - [24/May/2010:16:29:49 -0400] "GET /robots.txt HTTP/1.1" 404 269 "-" "Mozilla/5.0 (Twiceler-0.9 http://www.cuil.com/twiceler/robot.html)"
95.108.128.241 - - [24/May/2010:16:43:58 -0400] "GET /_notes/ HTTP/1.1" 200 656 "-" "Yandex/1.01.001 (compatible; Win16; I)"
95.108.128.241 - - [24/May/2010:17:19:05 -0400] "GET /logs/ HTTP/1.1" 200 769 "-" "Yandex/1.01.001 (compatible; Win16; I)"
95.108.128.241 - - [24/May/2010:18:36:49 -0400] "GET /Harris_House/commercial_details.html HTTP/1.1" 304 - "-" "Yandex/1.01.001 (compatible; Win16; I)"
67.218.116.166 - - [24/May/2010:18:50:43 -0400] "GET /robots.txt HTTP/1.1" 404 269 "-" "Mozilla/5.0 (Twiceler-0.9 http://www.cuil.com/twiceler/robot.html)"
207.46.199.54 - - [24/May/2010:19:49:44 -0400] "GET /robots.txt HTTP/1.1" 404 269 "-" "msnbot/2.0b (+http://search.msn.com/msnbot.htm)"
207.46.199.54 - - [24/May/2010:19:50:27 -0400] "GET /email/origins.html HTTP/1.1" 404 277 "-" "msnbot/2.0b (+http://search.msn.com/msnbot.htm)"
95.108.128.241 - - [24/May/2010:19:54:33 -0400] "GET /robots.txt HTTP/1.1" 404 269 "-" "Yandex/1.01.001 (compatible; Win16; I)"
95.108.128.241 - - [24/May/2010:20:32:04 -0400] "GET /?C=S;O=A HTTP/1.1" 200 3594 "-" "Yandex/1.01.001 (compatible; Win16; I)"
95.108.128.241 - - [24/May/2010:21:09:36 -0400] "GET /logs/access_log HTTP/1.1" 200 1680799 "-" "Yandex/1.01.001 (compatible; Win16; I)"
95.108.128.241 - - [24/May/2010:21:47:10 -0400] "GET /jeb_signature.txt HTTP/1.1" 304 - "-" "Yandex/1.01.001 (compatible; Win16; I)"
95.108.128.241 - - [24/May/2010:22:24:41 -0400] "GET /logs/?C=D;O=A HTTP/1.1" 200 769 "-" "Yandex/1.01.001 (compatible; Win16; I)"
95.108.128.241 - - [24/May/2010:23:02:13 -0400] "GET /text_service.swf HTTP/1.1" 304 - "-" "Yandex/1.01.001 (compatible; Win16; I)"
95.108.128.241 - - [25/May/2010:00:17:15 -0400] "GET /test/ HTTP/1.1" 200 1613 "-" "Yandex/1.01.001 (compatible; Win16; I)"
95.108.128.241 - - [25/May/2010:01:32:18 -0400] "GET /text/cv_french.pdf HTTP/1.1" 200 79397 "-" "Yandex/1.01.001 (compatible; Win16; I)"
95.108.128.241 - - [25/May/2010:02:33:49 -0400] "GET /images/?C=D;O=A HTTP/1.1" 200 1827 "-" "Yandex/1.01.001 (compatible; Win16; I)"
95.108.128.241 - - [25/May/2010:03:35:20 -0400] "GET /text/cv_english.pdf HTTP/1.1" 200 59119 "-" "Yandex/1.01.001 (compatible; Win16; I)"
95.108.128.241 - - [25/May/2010:04:36:52 -0400] "GET /Harris_House/rent.html HTTP/1.1" 200 4666 "-" "Yandex/1.01.001 (compatible; Win16; I)"
66.249.71.149 - - [25/May/2010:04:36:59 -0400] "GET /robots.txt HTTP/1.1" 404 269 "-" "Googlebot-Image/1.0"
66.249.71.149 - - [25/May/2010:04:36:59 -0400] "GET /images/_portfolio/illustrator/women_flowers_sm.gif HTTP/1.1" 304 - "-" "Googlebot-Image/1.0"
93.190.139.15 - - [25/May/2010:05:26:39 -0400] "GET /contact.html HTTP/1.1" 200 6927 "-" "Mozilla/4.0 (compatible; MSIE 6.0; Windows NT 5.1; SV1)"
95.108.128.241 - - [25/May/2010:06:39:53 -0400] "GET /text/?C=N;O=D HTTP/1.1" 200 1134 "-" "Yandex/1.01.001 (compatible; Win16; I)"
95.108.128.241 - - [25/May/2010:07:41:24 -0400] "GET /text/colors.txt HTTP/1.1" 200 107 "-" "Yandex/1.01.001 (compatible; Win16; I)"
95.108.128.241 - - [25/May/2010:08:42:55 -0400] "GET /images/_notes/ HTTP/1.1" 200 677 "-" "Yandex/1.01.001 (compatible; Win16; I)"
95.108.128.241 - - [25/May/2010:09:44:26 -0400] "GET /text/references.pdf HTTP/1.1" 200 30131 "-" "Yandex/1.01.001 (compatible; Win16; I)"
95.108.128.241 - - [25/May/2010:10:45:57 -0400] "GET /text/?C=S;O=A HTTP/1.1" 200 1134 "-" "Yandex/1.01.001 (compatible; Win16; I)"
95.108.128.241 - - [25/May/2010:11:47:28 -0400] "GET /text/?C=M;O=A HTTP/1.1" 200 1134 "-" "Yandex/1.01.001 (compatible; Win16; I)"
95.108.128.241 - - [25/May/2010:12:48:58 -0400] "GET /images/?C=N;O=D HTTP/1.1" 200 1827 "-" "Yandex/1.01.001 (compatible; Win16; I)"
67.218.116.130 - - [25/May/2010:16:00:04 -0400] "GET /robots.txt HTTP/1.1" 404 269 "-" "Mozilla/5.0 (Twiceler-0.9 http://www.cuil.com/twiceler/robot.html)"
67.218.116.166 - - [25/May/2010:16:39:45 -0400] "GET /robots.txt HTTP/1.1" 404 269 "-" "Mozilla/5.0 (Twiceler-0.9 http://www.cuil.com/twiceler/robot.html)"
95.108.128.241 - - [25/May/2010:17:04:18 -0400] "GET /robots.txt HTTP/1.1" 404 269 "-" "Yandex/1.01.001 (compatible; Win16; I)"
95.108.128.241 - - [25/May/2010:19:13:16 -0400] "GET / HTTP/1.1" 200 3594 "-" "Yandex/1.01.001 (compatible; Win16; I)"
95.108.128.241 - - [25/May/2010:19:57:49 -0400] "GET /?C=D;O=A HTTP/1.1" 200 3594 "-" "Yandex/1.01.001 (compatible; Win16; I)"
95.108.128.241 - - [25/May/2010:20:43:07 -0400] "GET /movie.swf HTTP/1.1" 304 - "-" "Yandex/1.01.001 (compatible; Win16; I)"
95.108.128.241 - - [25/May/2010:21:29:56 -0400] "GET /logs/?C=N;O=D HTTP/1.1" 200 769 "-" "Yandex/1.01.001 (compatible; Win16; I)"
66.249.71.149 - - [25/May/2010:22:10:57 -0400] "GET /robots.txt HTTP/1.1" 404 269 "-" "Mozilla/5.0 (compatible; Googlebot/2.1; +http://www.google.com/bot.html)"
66.249.71.149 - - [25/May/2010:22:10:57 -0400] "GET /Harris_House/property_details.html HTTP/1.1" 304 - "-" "Mozilla/5.0 (compatible; Googlebot/2.1; +http://www.google.com/bot.html)"
95.108.128.241 - - [25/May/2010:22:16:46 -0400] "GET /Harris_House/property_details.html HTTP/1.1" 304 - "-" "Yandex/1.01.001 (compatible; Win16; I)"
93.190.139.15 - - [25/May/2010:23:14:26 -0400] "GET /contact.html HTTP/1.1" 200 6927 "-" "Mozilla/4.0 (compatible; MSIE 6.0; Windows NT 5.1; SV1)"
95.108.128.241 - - [26/May/2010:00:03:03 -0400] "GET /photoshop.html HTTP/1.1" 304 - "-" "Yandex/1.01.001 (compatible; Win16; I)"
95.108.128.241 - - [26/May/2010:00:57:29 -0400] "GET /logs/error_log HTTP/1.1" 200 399043 "-" "Yandex/1.01.001 (compatible; Win16; I)"
95.108.128.241 - - [26/May/2010:01:51:56 -0400] "GET /flash.html HTTP/1.1" 304 - "-" "Yandex/1.01.001 (compatible; Win16; I)"
95.108.128.241 - - [26/May/2010:02:46:22 -0400] "GET /?C=S;O=D HTTP/1.1" 200 3594 "-" "Yandex/1.01.001 (compatible; Win16; I)"
95.108.128.241 - - [26/May/2010:03:40:48 -0400] "GET /contact.html HTTP/1.1" 304 - "-" "Yandex/1.01.001 (compatible; Win16; I)"
95.108.128.241 - - [26/May/2010:04:35:14 -0400] "GET /logs/?C=M;O=A HTTP/1.1" 200 769 "-" "Yandex/1.01.001 (compatible; Win16; I)"
95.108.128.241 - - [26/May/2010:05:29:40 -0400] "GET /?C=N;O=D HTTP/1.1" 200 3594 "-" "Yandex/1.01.001 (compatible; Win16; I)"
95.108.128.241 - - [26/May/2010:07:18:32 -0400] "GET /logs/?C=S;O=A HTTP/1.1" 200 769 "-" "Yandex/1.01.001 (compatible; Win16; I)"
95.108.128.241 - - [26/May/2010:08:12:58 -0400] "GET /?C=M;O=D HTTP/1.1" 200 3594 "-" "Yandex/1.01.001 (compatible; Win16; I)"
95.108.128.241 - - [26/May/2010:09:07:23 -0400] "GET /main.js HTTP/1.1" 200 5103 "-" "Yandex/1.01.001 (compatible; Win16; I)"
95.108.128.241 - - [26/May/2010:10:01:49 -0400] "GET /text_install.swf HTTP/1.1" 304 - "-" "Yandex/1.01.001 (compatible; Win16; I)"
95.108.128.241 - - [26/May/2010:10:56:15 -0400] "GET /illustrator.html HTTP/1.1" 304 - "-" "Yandex/1.01.001 (compatible; Win16; I)"
95.108.128.241 - - [26/May/2010:11:50:41 -0400] "GET /circle_final.swf HTTP/1.1" 304 - "-" "Yandex/1.01.001 (compatible; Win16; I)"
95.108.128.241 - - [26/May/2010:14:40:32 -0400] "GET /robots.txt HTTP/1.1" 404 269 "-" "Yandex/1.01.001 (compatible; Win16; I)"
66.249.71.149 - - [26/May/2010:14:59:16 -0400] "GET /robots.txt HTTP/1.1" 404 269 "-" "Mozilla/5.0 (compatible; Googlebot/2.1; +http://www.google.com/bot.html)"
66.249.71.149 - - [26/May/2010:14:59:16 -0400] "GET /Harris_House/index.html HTTP/1.1" 304 - "-" "Mozilla/5.0 (compatible; Googlebot/2.1; +http://www.google.com/bot.html)"
95.108.128.241 - - [26/May/2010:15:23:38 -0400] "GET /text/swf_dimensions.txt HTTP/1.1" 200 107 "-" "Yandex/1.01.001 (compatible; Win16; I)"
95.108.128.241 - - [26/May/2010:16:04:26 -0400] "GET /Harris_House/commercial_details.html HTTP/1.1" 304 - "-" "Yandex/1.01.001 (compatible; Win16; I)"
95.108.128.241 - - [26/May/2010:16:31:21 -0400] "GET /text/ HTTP/1.1" 200 1134 "-" "Yandex/1.01.001 (compatible; Win16; I)"
95.108.128.241 - - [26/May/2010:16:58:15 -0400] "GET /jeb_signature.txt HTTP/1.1" 304 - "-" "Yandex/1.01.001 (compatible; Win16; I)"
67.218.116.166 - - [26/May/2010:17:10:21 -0400] "GET /robots.txt HTTP/1.1" 404 269 "-" "Mozilla/5.0 (Twiceler-0.9 http://www.cuil.com/twiceler/robot.html)"
89.248.172.14 - - [26/May/2010:17:11:49 -0400] "GET /contact.html HTTP/1.1" 200 6927 "-" "Mozilla/4.0 (compatible; MSIE 6.0; Windows NT 5.1; SV1)"
95.108.128.241 - - [26/May/2010:17:25:09 -0400] "GET /images/?C=S;O=A HTTP/1.1" 200 1827 "-" "Yandex/1.01.001 (compatible; Win16; I)"
95.108.128.241 - - [26/May/2010:18:19:42 -0400] "GET /Harris_House/index.html HTTP/1.1" 304 - "-" "Yandex/1.01.001 (compatible; Win16; I)"
95.108.128.241 - - [26/May/2010:18:46:35 -0400] "GET /Harris_House/photo_tour.html HTTP/1.1" 304 - "-" "Yandex/1.01.001 (compatible; Win16; I)"
95.108.128.241 - - [26/May/2010:19:41:10 -0400] "GET /Harris_House/ HTTP/1.1" 304 - "-" "Yandex/1.01.001 (compatible; Win16; I)"
95.108.128.241 - - [26/May/2010:20:08:01 -0400] "GET /images/_portfolio/ HTTP/1.1" 200 1258 "-" "Yandex/1.01.001 (compatible; Win16; I)"
95.108.128.241 - - [26/May/2010:20:34:53 -0400] "GET /print.html HTTP/1.1" 304 - "-" "Yandex/1.01.001 (compatible; Win16; I)"
95.108.128.241 - - [26/May/2010:21:28:36 -0400] "GET /text/?C=D;O=A HTTP/1.1" 200 1134 "-" "Yandex/1.01.001 (compatible; Win16; I)"
95.108.128.241 - - [26/May/2010:21:55:27 -0400] "GET /text_service.swf HTTP/1.1" 304 - "-" "Yandex/1.01.001 (compatible; Win16; I)"
95.108.128.241 - - [26/May/2010:22:22:19 -0400] "GET /images/ HTTP/1.1" 200 1827 "-" "Yandex/1.01.001 (compatible; Win16; I)"
93.190.139.15 - - [26/May/2010:22:42:56 -0400] "GET /contact.html HTTP/1.1" 200 6927 "-" "Mozilla/4.0 (compatible; MSIE 6.0; Windows NT 5.1; SV1)"
95.108.128.241 - - [26/May/2010:22:49:10 -0400] "GET /images/?C=M;O=A HTTP/1.1" 200 1827 "-" "Yandex/1.01.001 (compatible; Win16; I)"
95.108.128.241 - - [26/May/2010:23:16:01 -0400] "GET /test/index.html HTTP/1.1" 200 1613 "-" "Yandex/1.01.001 (compatible; Win16; I)"
95.108.128.241 - - [26/May/2010:23:42:53 -0400] "GET /images/_notes/dwsync.xml HTTP/1.1" 200 824 "-" "Yandex/1.01.001 (compatible; Win16; I)"
74.59.116.187 - - [27/May/2010:00:08:22 -0400] "GET /Harris_House/property_details.html HTTP/1.1" 200 13937 "http://www.google.ca/url?sa=t&source=web&ct=res&cd=5&ved=0CCcQFjAE&url=http%3A%2F%2Falex.jeb.ca%2FHarris_House%2Fproperty_details.html&rct=j&q=st+lazare+water+entrance&ei=pvD9S8vSOIL6lwel29z2CQ&usg=AFQjCNFyjMNlxJVDuYW351VDr7rRRqEspw" "Mozilla/4.0 (compatible; MSIE 8.0; Windows NT 6.1; WOW64; Trident/4.0; SLCC2; .NET CLR 2.0.50727; .NET CLR 3.5.30729; .NET CLR 3.0.30729; Media Center PC 6.0; InfoPath.2)"
74.59.116.187 - - [27/May/2010:00:08:22 -0400] "GET /Harris_House/index.css HTTP/1.1" 200 2186 "http://alex.jeb.ca/Harris_House/property_details.html" "Mozilla/4.0 (compatible; MSIE 8.0; Windows NT 6.1; WOW64; Trident/4.0; SLCC2; .NET CLR 2.0.50727; .NET CLR 3.5.30729; .NET CLR 3.0.30729; Media Center PC 6.0; InfoPath.2)"
74.59.116.187 - - [27/May/2010:00:08:22 -0400] "GET /Harris_House/images/logo.gif HTTP/1.1" 200 1148 "http://alex.jeb.ca/Harris_House/property_details.html" "Mozilla/4.0 (compatible; MSIE 8.0; Windows NT 6.1; WOW64; Trident/4.0; SLCC2; .NET CLR 2.0.50727; .NET CLR 3.5.30729; .NET CLR 3.0.30729; Media Center PC 6.0; InfoPath.2)"
74.59.116.187 - - [27/May/2010:00:08:22 -0400] "GET /Harris_House/images/curve_tl.gif HTTP/1.1" 200 330 "http://alex.jeb.ca/Harris_House/property_details.html" "Mozilla/4.0 (compatible; MSIE 8.0; Windows NT 6.1; WOW64; Trident/4.0; SLCC2; .NET CLR 2.0.50727; .NET CLR 3.5.30729; .NET CLR 3.0.30729; Media Center PC 6.0; InfoPath.2)"
74.59.116.187 - - [27/May/2010:00:08:23 -0400] "GET /Harris_House/images/back_yard_sm.jpg HTTP/1.1" 200 6946 "http://alex.jeb.ca/Harris_House/property_details.html" "Mozilla/4.0 (compatible; MSIE 8.0; Windows NT 6.1; WOW64; Trident/4.0; SLCC2; .NET CLR 2.0.50727; .NET CLR 3.5.30729; .NET CLR 3.0.30729; Media Center PC 6.0; InfoPath.2)"
74.59.116.187 - - [27/May/2010:00:08:23 -0400] "GET /Harris_House/images/frontal_outdoor_view_sm.jpg HTTP/1.1" 200 7663 "http://alex.jeb.ca/Harris_House/property_details.html" "Mozilla/4.0 (compatible; MSIE 8.0; Windows NT 6.1; WOW64; Trident/4.0; SLCC2; .NET CLR 2.0.50727; .NET CLR 3.5.30729; .NET CLR 3.0.30729; Media Center PC 6.0; InfoPath.2)"
74.59.116.187 - - [27/May/2010:00:08:23 -0400] "GET /Harris_House/images/frontal_outdoor_view_faded.jpg HTTP/1.1" 200 8330 "http://alex.jeb.ca/Harris_House/property_details.html" "Mozilla/4.0 (compatible; MSIE 8.0; Windows NT 6.1; WOW64; Trident/4.0; SLCC2; .NET CLR 2.0.50727; .NET CLR 3.5.30729; .NET CLR 3.0.30729; Media Center PC 6.0; InfoPath.2)"
74.59.116.187 - - [27/May/2010:00:08:23 -0400] "GET /Harris_House/images/curve_tr.gif HTTP/1.1" 200 331 "http://alex.jeb.ca/Harris_House/property_details.html" "Mozilla/4.0 (compatible; MSIE 8.0; Windows NT 6.1; WOW64; Trident/4.0; SLCC2; .NET CLR 2.0.50727; .NET CLR 3.5.30729; .NET CLR 3.0.30729; Media Center PC 6.0; InfoPath.2)"
74.59.116.187 - - [27/May/2010:00:08:23 -0400] "GET /Harris_House/images/frontal_outdoor_view02_sm.jpg HTTP/1.1" 200 7461 "http://alex.jeb.ca/Harris_House/property_details.html" "Mozilla/4.0 (compatible; MSIE 8.0; Windows NT 6.1; WOW64; Trident/4.0; SLCC2; .NET CLR 2.0.50727; .NET CLR 3.5.30729; .NET CLR 3.0.30729; Media Center PC 6.0; InfoPath.2)"
74.59.116.187 - - [27/May/2010:00:08:23 -0400] "GET /Harris_House/images/curve_bl.gif HTTP/1.1" 200 329 "http://alex.jeb.ca/Harris_House/property_details.html" "Mozilla/4.0 (compatible; MSIE 8.0; Windows NT 6.1; WOW64; Trident/4.0; SLCC2; .NET CLR 2.0.50727; .NET CLR 3.5.30729; .NET CLR 3.0.30729; Media Center PC 6.0; InfoPath.2)"
74.59.116.187 - - [27/May/2010:00:08:23 -0400] "GET /Harris_House/images/curve_br.gif HTTP/1.1" 200 330 "http://alex.jeb.ca/Harris_House/property_details.html" "Mozilla/4.0 (compatible; MSIE 8.0; Windows NT 6.1; WOW64; Trident/4.0; SLCC2; .NET CLR 2.0.50727; .NET CLR 3.5.30729; .NET CLR 3.0.30729; Media Center PC 6.0; InfoPath.2)"
74.59.116.187 - - [27/May/2010:00:08:23 -0400] "GET /favicon.ico HTTP/1.1" 200 1150 "-" "Mozilla/4.0 (compatible; MSIE 8.0; Windows NT 6.1; WOW64; Trident/4.0; SLCC2; .NET CLR 2.0.50727; .NET CLR 3.5.30729; .NET CLR 3.0.30729; Media Center PC 6.0; InfoPath.2)"
95.108.128.241 - - [27/May/2010:01:03:27 -0400] "GET /images/_notes/?C=S;O=A HTTP/1.1" 200 677 "-" "Yandex/1.01.001 (compatible; Win16; I)"
95.108.128.241 - - [27/May/2010:01:30:19 -0400] "GET /test/foo.html HTTP/1.1" 200 9953 "-" "Yandex/1.01.001 (compatible; Win16; I)"
95.108.128.241 - - [27/May/2010:01:57:10 -0400] "GET /test/bar.html HTTP/1.1" 200 5493 "-" "Yandex/1.01.001 (compatible; Win16; I)"
95.108.128.241 - - [27/May/2010:02:24:02 -0400] "GET /logs/?C=M;O=D HTTP/1.1" 200 769 "-" "Yandex/1.01.001 (compatible; Win16; I)"
95.108.128.241 - - [27/May/2010:02:50:53 -0400] "GET /test/form2.html HTTP/1.1" 200 1596 "-" "Yandex/1.01.001 (compatible; Win16; I)"
95.108.128.241 - - [27/May/2010:03:17:44 -0400] "GET /test/flash.html HTTP/1.1" 200 7849 "-" "Yandex/1.01.001 (compatible; Win16; I)"
95.108.128.241 - - [27/May/2010:04:11:27 -0400] "GET /images/_notes/?C=N;O=D HTTP/1.1" 200 677 "-" "Yandex/1.01.001 (compatible; Win16; I)"
95.108.128.241 - - [27/May/2010:04:38:18 -0400] "GET /text/?C=S;O=D HTTP/1.1" 200 1134 "-" "Yandex/1.01.001 (compatible; Win16; I)"
66.249.71.149 - - [27/May/2010:04:39:38 -0400] "GET /robots.txt HTTP/1.1" 404 269 "-" "Googlebot-Image/1.0"
66.249.71.149 - - [27/May/2010:04:39:38 -0400] "GET /images/_portfolio/web_pages/html.gif HTTP/1.1" 304 - "-" "Googlebot-Image/1.0"
95.108.128.241 - - [27/May/2010:05:32:00 -0400] "GET /Harris_House/rent-to-own.html HTTP/1.1" 304 - "-" "Yandex/1.01.001 (compatible; Win16; I)"
95.108.128.241 - - [27/May/2010:05:58:51 -0400] "GET /images/_notes/?C=D;O=A HTTP/1.1" 200 677 "-" "Yandex/1.01.001 (compatible; Win16; I)"
95.108.128.241 - - [27/May/2010:06:25:42 -0400] "GET /images/_notes/?C=M;O=A HTTP/1.1" 200 677 "-" "Yandex/1.01.001 (compatible; Win16; I)"
95.108.128.241 - - [27/May/2010:07:19:25 -0400] "GET /test/baz.html HTTP/1.1" 200 6457 "-" "Yandex/1.01.001 (compatible; Win16; I)"
95.108.128.241 - - [27/May/2010:07:46:16 -0400] "GET /test/clock.html HTTP/1.1" 200 1615 "-" "Yandex/1.01.001 (compatible; Win16; I)"
95.108.128.241 - - [27/May/2010:08:13:07 -0400] "GET /test/form.html HTTP/1.1" 200 4778 "-" "Yandex/1.01.001 (compatible; Win16; I)"
95.108.128.241 - - [27/May/2010:08:39:57 -0400] "GET /images/?C=N;O=A HTTP/1.1" 200 1827 "-" "Yandex/1.01.001 (compatible; Win16; I)"
95.108.128.241 - - [27/May/2010:09:06:48 -0400] "GET /text/?C=N;O=A HTTP/1.1" 200 1134 "-" "Yandex/1.01.001 (compatible; Win16; I)"
