24.200.183.173 - - [02/Jun/2009:16:18:31 -0400] "GET /images/_portfolio/photoshop/telegraph_sm.gif HTTP/1.1" 200 1178 "http://alex.jeb.ca/photoshop.html" "Mozilla/5.0 (Windows; U; Windows NT 5.1; en-US) AppleWebKit/525.19 (KHTML, like Gecko) Chrome/1.0.154.65 Safari/525.19"
24.200.183.173 - - [02/Jun/2009:16:18:31 -0400] "GET /images/_portfolio/photoshop/satelite_sm.gif HTTP/1.1" 200 1440 "http://alex.jeb.ca/photoshop.html" "Mozilla/5.0 (Windows; U; Windows NT 5.1; en-US) AppleWebKit/525.19 (KHTML, like Gecko) Chrome/1.0.154.65 Safari/525.19"
24.200.183.173 - - [02/Jun/2009:16:18:31 -0400] "GET /images/_portfolio/photoshop/telephone_wires_sm.jpg HTTP/1.1" 200 1213 "http://alex.jeb.ca/photoshop.html" "Mozilla/5.0 (Windows; U; Windows NT 5.1; en-US) AppleWebKit/525.19 (KHTML, like Gecko) Chrome/1.0.154.65 Safari/525.19"
24.200.183.173 - - [02/Jun/2009:16:18:31 -0400] "GET /images/_portfolio/photoshop/fulfillment_banner_sm.jpg HTTP/1.1" 200 959 "http://alex.jeb.ca/photoshop.html" "Mozilla/5.0 (Windows; U; Windows NT 5.1; en-US) AppleWebKit/525.19 (KHTML, like Gecko) Chrome/1.0.154.65 Safari/525.19"
24.200.183.173 - - [02/Jun/2009:16:18:31 -0400] "GET /images/_portfolio/photoshop/pie_chart_sm.jpg HTTP/1.1" 200 1774 "http://alex.jeb.ca/photoshop.html" "Mozilla/5.0 (Windows; U; Windows NT 5.1; en-US) AppleWebKit/525.19 (KHTML, like Gecko) Chrome/1.0.154.65 Safari/525.19"
24.200.183.173 - - [02/Jun/2009:16:18:31 -0400] "GET /images/_portfolio/photoshop/lightning_sm.jpg HTTP/1.1" 200 1083 "http://alex.jeb.ca/photoshop.html" "Mozilla/5.0 (Windows; U; Windows NT 5.1; en-US) AppleWebKit/525.19 (KHTML, like Gecko) Chrome/1.0.154.65 Safari/525.19"
24.200.183.173 - - [02/Jun/2009:16:18:31 -0400] "GET /images/_portfolio/photoshop/dragon_statue_sm.jpg HTTP/1.1" 200 2402 "http://alex.jeb.ca/photoshop.html" "Mozilla/5.0 (Windows; U; Windows NT 5.1; en-US) AppleWebKit/525.19 (KHTML, like Gecko) Chrome/1.0.154.65 Safari/525.19"
24.200.183.173 - - [02/Jun/2009:16:18:31 -0400] "GET /images/_portfolio/photoshop/graphics_banner_sm.jpg HTTP/1.1" 200 1946 "http://alex.jeb.ca/photoshop.html" "Mozilla/5.0 (Windows; U; Windows NT 5.1; en-US) AppleWebKit/525.19 (KHTML, like Gecko) Chrome/1.0.154.65 Safari/525.19"
24.200.183.173 - - [02/Jun/2009:16:18:31 -0400] "GET /images/_portfolio/photoshop/fastco_building_sm.jpg HTTP/1.1" 200 1226 "http://alex.jeb.ca/photoshop.html" "Mozilla/5.0 (Windows; U; Windows NT 5.1; en-US) AppleWebKit/525.19 (KHTML, like Gecko) Chrome/1.0.154.65 Safari/525.19"
24.200.183.173 - - [02/Jun/2009:16:18:31 -0400] "GET /images/_portfolio/photoshop/violin_sunset_sm.jpg HTTP/1.1" 200 1025 "http://alex.jeb.ca/photoshop.html" "Mozilla/5.0 (Windows; U; Windows NT 5.1; en-US) AppleWebKit/525.19 (KHTML, like Gecko) Chrome/1.0.154.65 Safari/525.19"
24.200.183.173 - - [02/Jun/2009:16:18:31 -0400] "GET /images/_portfolio/photoshop/printing_banner_sm.jpg HTTP/1.1" 200 911 "http://alex.jeb.ca/photoshop.html" "Mozilla/5.0 (Windows; U; Windows NT 5.1; en-US) AppleWebKit/525.19 (KHTML, like Gecko) Chrome/1.0.154.65 Safari/525.19"
24.200.183.173 - - [02/Jun/2009:16:18:34 -0400] "GET /index.css HTTP/1.1" 200 962 "http://alex.jeb.ca/photoshop.html" "Mozilla/5.0 (Windows; U; Windows NT 5.1; en-US) AppleWebKit/525.19 (KHTML, like Gecko) Chrome/1.0.154.65 Safari/525.19"
24.200.183.173 - - [02/Jun/2009:16:18:34 -0400] "GET /images/bg.gif HTTP/1.1" 200 519 "http://alex.jeb.ca/photoshop.html" "Mozilla/5.0 (Windows; U; Windows NT 5.1; en-US) AppleWebKit/525.19 (KHTML, like Gecko) Chrome/1.0.154.65 Safari/525.19"
24.200.183.173 - - [02/Jun/2009:16:18:34 -0400] "GET /images/left.gif HTTP/1.1" 200 493 "http://alex.jeb.ca/photoshop.html" "Mozilla/5.0 (Windows; U; Windows NT 5.1; en-US) AppleWebKit/525.19 (KHTML, like Gecko) Chrome/1.0.154.65 Safari/525.19"
24.200.183.173 - - [02/Jun/2009:16:18:34 -0400] "GET /images/right.gif HTTP/1.1" 200 1986 "http://alex.jeb.ca/photoshop.html" "Mozilla/5.0 (Windows; U; Windows NT 5.1; en-US) AppleWebKit/525.19 (KHTML, like Gecko) Chrome/1.0.154.65 Safari/525.19"
24.200.183.173 - - [02/Jun/2009:16:18:34 -0400] "GET /images/on_left.gif HTTP/1.1" 200 478 "http://alex.jeb.ca/photoshop.html" "Mozilla/5.0 (Windows; U; Windows NT 5.1; en-US) AppleWebKit/525.19 (KHTML, like Gecko) Chrome/1.0.154.65 Safari/525.19"
24.200.183.173 - - [02/Jun/2009:16:18:34 -0400] "GET /images/on_right.gif HTTP/1.1" 200 1971 "http://alex.jeb.ca/photoshop.html" "Mozilla/5.0 (Windows; U; Windows NT 5.1; en-US) AppleWebKit/525.19 (KHTML, like Gecko) Chrome/1.0.154.65 Safari/525.19"
24.200.183.173 - - [02/Jun/2009:16:18:34 -0400] "GET /favicon.ico HTTP/1.1" 200 1150 "-" "Mozilla/5.0 (Windows; U; Windows NT 5.1; en-US) AppleWebKit/525.19 (KHTML, like Gecko) Chrome/1.0.154.65 Safari/525.19"
24.200.183.173 - - [02/Jun/2009:16:18:41 -0400] "GET /index.html HTTP/1.1" 200 1984 "http://alex.jeb.ca/photoshop.html" "Mozilla/5.0 (Windows; U; Windows NT 5.1; en-US) AppleWebKit/525.19 (KHTML, like Gecko) Chrome/1.0.154.65 Safari/525.19"
24.200.183.173 - - [02/Jun/2009:16:18:41 -0400] "GET /home.swf HTTP/1.1" 200 17352 "http://alex.jeb.ca/index.html" "Mozilla/5.0 (Windows; U; Windows NT 5.1; en-US) AppleWebKit/525.19 (KHTML, like Gecko) Chrome/1.0.154.65 Safari/525.19"
24.200.183.173 - - [02/Jun/2009:16:18:48 -0400] "GET /pages.html HTTP/1.1" 200 4692 "http://alex.jeb.ca/index.html" "Mozilla/5.0 (Windows; U; Windows NT 5.1; en-US) AppleWebKit/525.19 (KHTML, like Gecko) Chrome/1.0.154.65 Safari/525.19"
24.200.183.173 - - [02/Jun/2009:16:18:48 -0400] "GET /images/_portfolio/web_pages/golf_quiz.gif HTTP/1.1" 200 1517 "http://alex.jeb.ca/pages.html" "Mozilla/5.0 (Windows; U; Windows NT 5.1; en-US) AppleWebKit/525.19 (KHTML, like Gecko) Chrome/1.0.154.65 Safari/525.19"
24.200.183.173 - - [02/Jun/2009:16:18:48 -0400] "GET /images/_portfolio/web_pages/raris.gif HTTP/1.1" 200 2216 "http://alex.jeb.ca/pages.html" "Mozilla/5.0 (Windows; U; Windows NT 5.1; en-US) AppleWebKit/525.19 (KHTML, like Gecko) Chrome/1.0.154.65 Safari/525.19"
24.200.183.173 - - [02/Jun/2009:16:18:48 -0400] "GET /images/_portfolio/web_pages/impressions.gif HTTP/1.1" 200 1095 "http://alex.jeb.ca/pages.html" "Mozilla/5.0 (Windows; U; Windows NT 5.1; en-US) AppleWebKit/525.19 (KHTML, like Gecko) Chrome/1.0.154.65 Safari/525.19"
24.200.183.173 - - [02/Jun/2009:16:18:48 -0400] "GET /images/_portfolio/web_pages/sellance.gif HTTP/1.1" 200 1522 "http://alex.jeb.ca/pages.html" "Mozilla/5.0 (Windows; U; Windows NT 5.1; en-US) AppleWebKit/525.19 (KHTML, like Gecko) Chrome/1.0.154.65 Safari/525.19"
24.200.183.173 - - [02/Jun/2009:16:18:48 -0400] "GET /images/_portfolio/web_pages/html.gif HTTP/1.1" 200 1774 "http://alex.jeb.ca/pages.html" "Mozilla/5.0 (Windows; U; Windows NT 5.1; en-US) AppleWebKit/525.19 (KHTML, like Gecko) Chrome/1.0.154.65 Safari/525.19"
24.200.183.173 - - [02/Jun/2009:16:18:48 -0400] "GET /images/_portfolio/web_pages/email.gif HTTP/1.1" 200 1686 "http://alex.jeb.ca/pages.html" "Mozilla/5.0 (Windows; U; Windows NT 5.1; en-US) AppleWebKit/525.19 (KHTML, like Gecko) Chrome/1.0.154.65 Safari/525.19"
24.200.183.173 - - [02/Jun/2009:16:18:48 -0400] "GET /images/_portfolio/web_pages/havlat_photography.gif HTTP/1.1" 200 1001 "http://alex.jeb.ca/pages.html" "Mozilla/5.0 (Windows; U; Windows NT 5.1; en-US) AppleWebKit/525.19 (KHTML, like Gecko) Chrome/1.0.154.65 Safari/525.19"
24.200.183.173 - - [02/Jun/2009:16:18:50 -0400] "GET /illustrator.html HTTP/1.1" 200 6612 "http://alex.jeb.ca/pages.html" "Mozilla/5.0 (Windows; U; Windows NT 5.1; en-US) AppleWebKit/525.19 (KHTML, like Gecko) Chrome/1.0.154.65 Safari/525.19"
24.200.183.173 - - [02/Jun/2009:16:18:50 -0400] "GET /images/_portfolio/illustrator/wine_label_sm.gif HTTP/1.1" 200 1240 "http://alex.jeb.ca/illustrator.html" "Mozilla/5.0 (Windows; U; Windows NT 5.1; en-US) AppleWebKit/525.19 (KHTML, like Gecko) Chrome/1.0.154.65 Safari/525.19"
24.200.183.173 - - [02/Jun/2009:16:18:50 -0400] "GET /images/_portfolio/illustrator/01_graph_sm.gif HTTP/1.1" 200 2115 "http://alex.jeb.ca/illustrator.html" "Mozilla/5.0 (Windows; U; Windows NT 5.1; en-US) AppleWebKit/525.19 (KHTML, like Gecko) Chrome/1.0.154.65 Safari/525.19"
24.200.183.173 - - [02/Jun/2009:16:18:50 -0400] "GET /images/_portfolio/illustrator/02_graph_sm.gif HTTP/1.1" 200 1405 "http://alex.jeb.ca/illustrator.html" "Mozilla/5.0 (Windows; U; Windows NT 5.1; en-US) AppleWebKit/525.19 (KHTML, like Gecko) Chrome/1.0.154.65 Safari/525.19"
24.200.183.173 - - [02/Jun/2009:16:18:50 -0400] "GET /images/_portfolio/illustrator/venus_butterfly_flyer_sm.gif HTTP/1.1" 200 856 "http://alex.jeb.ca/illustrator.html" "Mozilla/5.0 (Windows; U; Windows NT 5.1; en-US) AppleWebKit/525.19 (KHTML, like Gecko) Chrome/1.0.154.65 Safari/525.19"
24.200.183.173 - - [02/Jun/2009:16:18:50 -0400] "GET /images/_portfolio/illustrator/fleur_de_lis_sm.gif HTTP/1.1" 200 960 "http://alex.jeb.ca/illustrator.html" "Mozilla/5.0 (Windows; U; Windows NT 5.1; en-US) AppleWebKit/525.19 (KHTML, like Gecko) Chrome/1.0.154.65 Safari/525.19"
24.200.183.173 - - [02/Jun/2009:16:18:50 -0400] "GET /images/_portfolio/illustrator/maple_leaf_sm.gif HTTP/1.1" 200 897 "http://alex.jeb.ca/illustrator.html" "Mozilla/5.0 (Windows; U; Windows NT 5.1; en-US) AppleWebKit/525.19 (KHTML, like Gecko) Chrome/1.0.154.65 Safari/525.19"
24.200.183.173 - - [02/Jun/2009:16:18:50 -0400] "GET /images/_portfolio/illustrator/vine_alphabet_sm.gif HTTP/1.1" 200 642 "http://alex.jeb.ca/illustrator.html" "Mozilla/5.0 (Windows; U; Windows NT 5.1; en-US) AppleWebKit/525.19 (KHTML, like Gecko) Chrome/1.0.154.65 Safari/525.19"
24.200.183.173 - - [02/Jun/2009:16:18:50 -0400] "GET /images/_portfolio/illustrator/pineapples_sm.gif HTTP/1.1" 200 1972 "http://alex.jeb.ca/illustrator.html" "Mozilla/5.0 (Windows; U; Windows NT 5.1; en-US) AppleWebKit/525.19 (KHTML, like Gecko) Chrome/1.0.154.65 Safari/525.19"
24.200.183.173 - - [02/Jun/2009:16:18:50 -0400] "GET /images/_portfolio/illustrator/castle_drawing_sm.gif HTTP/1.1" 200 748 "http://alex.jeb.ca/illustrator.html" "Mozilla/5.0 (Windows; U; Windows NT 5.1; en-US) AppleWebKit/525.19 (KHTML, like Gecko) Chrome/1.0.154.65 Safari/525.19"
24.200.183.173 - - [02/Jun/2009:16:18:50 -0400] "GET /images/_portfolio/illustrator/women_flowers_sm.gif HTTP/1.1" 200 2504 "http://alex.jeb.ca/illustrator.html" "Mozilla/5.0 (Windows; U; Windows NT 5.1; en-US) AppleWebKit/525.19 (KHTML, like Gecko) Chrome/1.0.154.65 Safari/525.19"
24.200.183.173 - - [02/Jun/2009:16:18:53 -0400] "GET /flash.html HTTP/1.1" 200 4756 "http://alex.jeb.ca/illustrator.html" "Mozilla/5.0 (Windows; U; Windows NT 5.1; en-US) AppleWebKit/525.19 (KHTML, like Gecko) Chrome/1.0.154.65 Safari/525.19"
24.200.183.173 - - [02/Jun/2009:16:18:53 -0400] "GET /images/_portfolio/flash/venus.gif HTTP/1.1" 200 1148 "http://alex.jeb.ca/flash.html" "Mozilla/5.0 (Windows; U; Windows NT 5.1; en-US) AppleWebKit/525.19 (KHTML, like Gecko) Chrome/1.0.154.65 Safari/525.19"
24.200.183.173 - - [02/Jun/2009:16:18:53 -0400] "GET /images/_portfolio/flash/venn_diagram.gif HTTP/1.1" 200 884 "http://alex.jeb.ca/flash.html" "Mozilla/5.0 (Windows; U; Windows NT 5.1; en-US) AppleWebKit/525.19 (KHTML, like Gecko) Chrome/1.0.154.65 Safari/525.19"
24.200.183.173 - - [02/Jun/2009:16:18:53 -0400] "GET /images/_portfolio/flash/rotating_circles.gif HTTP/1.1" 200 1022 "http://alex.jeb.ca/flash.html" "Mozilla/5.0 (Windows; U; Windows NT 5.1; en-US) AppleWebKit/525.19 (KHTML, like Gecko) Chrome/1.0.154.65 Safari/525.19"
24.200.183.173 - - [02/Jun/2009:16:18:53 -0400] "GET /images/_portfolio/flash/annimated_butterfly.gif HTTP/1.1" 200 514 "http://alex.jeb.ca/flash.html" "Mozilla/5.0 (Windows; U; Windows NT 5.1; en-US) AppleWebKit/525.19 (KHTML, like Gecko) Chrome/1.0.154.65 Safari/525.19"
24.200.183.173 - - [02/Jun/2009:16:18:53 -0400] "GET /images/_portfolio/flash/wine_banner.gif HTTP/1.1" 200 1021 "http://alex.jeb.ca/flash.html" "Mozilla/5.0 (Windows; U; Windows NT 5.1; en-US) AppleWebKit/525.19 (KHTML, like Gecko) Chrome/1.0.154.65 Safari/525.19"
24.200.183.173 - - [02/Jun/2009:16:18:54 -0400] "GET /images/_portfolio/flash/bending_arrow.gif HTTP/1.1" 200 428 "http://alex.jeb.ca/flash.html" "Mozilla/5.0 (Windows; U; Windows NT 5.1; en-US) AppleWebKit/525.19 (KHTML, like Gecko) Chrome/1.0.154.65 Safari/525.19"
24.200.183.173 - - [02/Jun/2009:16:18:54 -0400] "GET /images/_portfolio/flash/finland.gif HTTP/1.1" 200 669 "http://alex.jeb.ca/flash.html" "Mozilla/5.0 (Windows; U; Windows NT 5.1; en-US) AppleWebKit/525.19 (KHTML, like Gecko) Chrome/1.0.154.65 Safari/525.19"
24.200.183.173 - - [02/Jun/2009:16:19:03 -0400] "GET /print.html HTTP/1.1" 200 4324 "http://alex.jeb.ca/photoshop.html" "Mozilla/5.0 (Windows; U; Windows NT 5.1; en-US) AppleWebKit/525.19 (KHTML, like Gecko) Chrome/1.0.154.65 Safari/525.19"
24.200.183.173 - - [02/Jun/2009:16:19:03 -0400] "GET /images/_portfolio/print/cd_booklet.gif HTTP/1.1" 200 1736 "http://alex.jeb.ca/print.html" "Mozilla/5.0 (Windows; U; Windows NT 5.1; en-US) AppleWebKit/525.19 (KHTML, like Gecko) Chrome/1.0.154.65 Safari/525.19"
24.200.183.173 - - [02/Jun/2009:16:19:03 -0400] "GET /images/_portfolio/print/cd_spine_back.gif HTTP/1.1" 200 994 "http://alex.jeb.ca/print.html" "Mozilla/5.0 (Windows; U; Windows NT 5.1; en-US) AppleWebKit/525.19 (KHTML, like Gecko) Chrome/1.0.154.65 Safari/525.19"
24.200.183.173 - - [02/Jun/2009:16:19:03 -0400] "GET /images/_portfolio/print/agence_lb.gif HTTP/1.1" 200 891 "http://alex.jeb.ca/print.html" "Mozilla/5.0 (Windows; U; Windows NT 5.1; en-US) AppleWebKit/525.19 (KHTML, like Gecko) Chrome/1.0.154.65 Safari/525.19"
24.200.183.173 - - [02/Jun/2009:16:19:03 -0400] "GET /images/_portfolio/print/cinema_ad_sm.gif HTTP/1.1" 200 1193 "http://alex.jeb.ca/print.html" "Mozilla/5.0 (Windows; U; Windows NT 5.1; en-US) AppleWebKit/525.19 (KHTML, like Gecko) Chrome/1.0.154.65 Safari/525.19"
24.200.183.173 - - [02/Jun/2009:16:19:03 -0400] "GET /images/_portfolio/print/egypt_sm.gif HTTP/1.1" 200 1199 "http://alex.jeb.ca/print.html" "Mozilla/5.0 (Windows; U; Windows NT 5.1; en-US) AppleWebKit/525.19 (KHTML, like Gecko) Chrome/1.0.154.65 Safari/525.19"
24.200.183.173 - - [02/Jun/2009:16:19:03 -0400] "GET /images/get_acrobat.gif HTTP/1.1" 200 1459 "http://alex.jeb.ca/print.html" "Mozilla/5.0 (Windows; U; Windows NT 5.1; en-US) AppleWebKit/525.19 (KHTML, like Gecko) Chrome/1.0.154.65 Safari/525.19"
24.200.183.173 - - [02/Jun/2009:16:19:11 -0400] "GET /contact.html HTTP/1.1" 200 6927 "http://alex.jeb.ca/print.html" "Mozilla/5.0 (Windows; U; Windows NT 5.1; en-US) AppleWebKit/525.19 (KHTML, like Gecko) Chrome/1.0.154.65 Safari/525.19"
24.200.183.173 - - [02/Jun/2009:16:19:39 -0400] "GET /images/_portfolio/print/cd_booklet.pdf HTTP/1.1" 200 149445 "http://alex.jeb.ca/print.html" "Mozilla/5.0 (Windows; U; Windows NT 5.1; en-US) AppleWebKit/525.19 (KHTML, like Gecko) Chrome/1.0.154.65 Safari/525.19"
24.200.183.173 - - [02/Jun/2009:16:19:43 -0400] "GET /images/_portfolio/print/cd_booklet.pdf HTTP/1.1" 206 3141 "http://alex.jeb.ca/images/_portfolio/print/cd_booklet.pdf" "Mozilla/5.0 (Windows; U; Windows NT 5.1; en-US) AppleWebKit/525.19 (KHTML, like Gecko) Chrome/1.0.154.65 Safari/525.19"
24.200.183.173 - - [02/Jun/2009:16:19:43 -0400] "GET /images/_portfolio/print/cd_booklet.pdf HTTP/1.1" 206 145568 "http://alex.jeb.ca/images/_portfolio/print/cd_booklet.pdf" "Mozilla/5.0 (Windows; U; Windows NT 5.1; en-US) AppleWebKit/525.19 (KHTML, like Gecko) Chrome/1.0.154.65 Safari/525.19"
24.200.183.173 - - [02/Jun/2009:16:20:26 -0400] "GET / HTTP/1.1" 200 1984 "http://alex.jeb.ca/contact.html" "Mozilla/5.0 (Windows; U; Windows NT 5.1; en-US) AppleWebKit/525.19 (KHTML, like Gecko) Chrome/1.0.154.65 Safari/525.19"
203.110.240.22 - - [02/Jun/2009:16:32:06 -0400] "GET /pages.html HTTP/1.1" 200 4692 "-" "Mozilla/4.0 (compatible; MSIE 6.0; Windows NT 5.1; SV1)"
203.110.240.22 - - [02/Jun/2009:16:32:07 -0400] "GET /index.html HTTP/1.1" 200 1984 "-" "Mozilla/4.0 (compatible; MSIE 6.0; Windows NT 5.1; SV1)"
203.110.240.22 - - [02/Jun/2009:16:32:07 -0400] "GET /illustrator.html HTTP/1.1" 200 6612 "-" "Mozilla/4.0 (compatible; MSIE 6.0; Windows NT 5.1; SV1)"
203.110.240.22 - - [02/Jun/2009:16:32:09 -0400] "GET /flash.html HTTP/1.1" 200 4756 "-" "Mozilla/4.0 (compatible; MSIE 6.0; Windows NT 5.1; SV1)"
203.110.240.22 - - [02/Jun/2009:16:32:10 -0400] "GET /photoshop.html HTTP/1.1" 200 7709 "-" "Mozilla/4.0 (compatible; MSIE 6.0; Windows NT 5.1; SV1)"
203.110.240.22 - - [02/Jun/2009:16:32:11 -0400] "GET /print.html HTTP/1.1" 200 4324 "-" "Mozilla/4.0 (compatible; MSIE 6.0; Windows NT 5.1; SV1)"
203.110.240.22 - - [02/Jun/2009:16:32:12 -0400] "GET /contact.html HTTP/1.1" 200 6927 "-" "Mozilla/4.0 (compatible; MSIE 6.0; Windows NT 5.1; SV1)"
203.110.240.22 - - [02/Jun/2009:16:32:13 -0400] "POST /formmail.php HTTP/1.1" 200 355 "http://alex.jeb.ca/contact.html" "Mozilla/4.0 (compatible; MSIE 6.0; Windows NT 5.1; SV1)"
66.249.68.175 - - [02/Jun/2009:18:16:59 -0400] "GET / HTTP/1.1" 200 1984 "-" "Mozilla/5.0 (compatible; Googlebot/2.1; +http://www.google.com/bot.html)"
194.8.75.251 - - [02/Jun/2009:21:19:37 -0400] "GET /contact.html HTTP/1.1" 200 6927 "-" "Mozilla/4.0 (compatible; MSIE 6.0; Windows NT 5.1; SV1)"
194.8.75.251 - - [02/Jun/2009:21:19:37 -0400] "POST /formmail.php HTTP/1.1" 200 355 "http://alex.jeb.ca/contact.html" "Mozilla/4.0 (compatible; MSIE 6.0; Windows NT 5.1; SV1)"
194.8.75.251 - - [02/Jun/2009:21:19:38 -0400] "GET /formmail.php HTTP/1.1" 200 319 "-" "Mozilla/4.0 (compatible; MSIE 6.0; Windows NT 5.1; SV1)"
194.8.75.251 - - [02/Jun/2009:21:19:38 -0400] "GET /contact.html HTTP/1.1" 200 6927 "-" "Mozilla/4.0 (compatible; MSIE 6.0; Windows NT 5.1; SV1)"
194.8.75.251 - - [02/Jun/2009:21:19:38 -0400] "GET / HTTP/1.1" 200 1984 "-" "Mozilla/4.0 (compatible; MSIE 6.0; Windows NT 5.1; SV1)"
194.8.75.251 - - [02/Jun/2009:21:19:39 -0400] "GET /index.html HTTP/1.1" 200 1984 "-" "Mozilla/4.0 (compatible; MSIE 6.0; Windows NT 5.1; SV1)"
194.8.75.251 - - [02/Jun/2009:21:19:39 -0400] "GET /pages.html HTTP/1.1" 200 4692 "-" "Mozilla/4.0 (compatible; MSIE 6.0; Windows NT 5.1; SV1)"
194.8.75.251 - - [02/Jun/2009:21:19:39 -0400] "GET /illustrator.html HTTP/1.1" 200 6612 "-" "Mozilla/4.0 (compatible; MSIE 6.0; Windows NT 5.1; SV1)"
194.8.75.251 - - [02/Jun/2009:21:19:40 -0400] "GET /flash.html HTTP/1.1" 200 4756 "-" "Mozilla/4.0 (compatible; MSIE 6.0; Windows NT 5.1; SV1)"
194.8.75.251 - - [02/Jun/2009:21:19:40 -0400] "GET /photoshop.html HTTP/1.1" 200 7709 "-" "Mozilla/4.0 (compatible; MSIE 6.0; Windows NT 5.1; SV1)"
194.8.75.251 - - [02/Jun/2009:21:19:40 -0400] "GET /print.html HTTP/1.1" 200 4324 "-" "Mozilla/4.0 (compatible; MSIE 6.0; Windows NT 5.1; SV1)"
38.99.44.101 - - [03/Jun/2009:06:24:51 -0400] "GET /robots.txt HTTP/1.0" 404 269 "-" "Mozilla/5.0 (Twiceler-0.9 http://www.cuil.com/twiceler/robot.html)"
65.55.106.123 - - [03/Jun/2009:10:03:50 -0400] "GET /robots.txt HTTP/1.1" 404 269 "-" "msnbot/2.0b (+http://search.msn.com/msnbot.htm)"
200.109.100.85 - - [03/Jun/2009:10:06:47 -0400] "GET /pages.html HTTP/1.0" 200 4692 "-" "Mozilla/4.0 (compatible; MSIE 6.0; Windows NT 5.1; SV1)"
82.28.185.247 - - [03/Jun/2009:10:07:06 -0400] "GET /pages.html HTTP/1.1" 200 4692 "-" "Mozilla/4.0 (compatible; MSIE 6.0; Windows NT 5.1; SV1)"
82.28.185.247 - - [03/Jun/2009:10:07:19 -0400] "GET /illustrator.html HTTP/1.1" 200 6612 "-" "Mozilla/4.0 (compatible; MSIE 6.0; Windows NT 5.1; SV1)"
76.30.187.68 - - [03/Jun/2009:10:07:23 -0400] "GET /flash.html HTTP/1.1" 200 4756 "-" "Mozilla/4.0 (compatible; MSIE 6.0; Windows NT 5.1; SV1)"
88.216.54.84 - - [03/Jun/2009:10:07:41 -0400] "GET /pages.html HTTP/1.1" 200 4692 "-" "Mozilla/4.0 (compatible; MSIE 6.0; Windows NT 5.1; SV1)"
221.130.193.14 - - [03/Jun/2009:10:07:44 -0400] "GET /photoshop.html HTTP/1.1" 200 7709 "-" "Mozilla/4.0 (compatible; MSIE 6.0; Windows NT 5.1; SV1)"
221.130.193.14 - - [03/Jun/2009:10:07:51 -0400] "GET /print.html HTTP/1.1" 200 4324 "-" "Mozilla/4.0 (compatible; MSIE 6.0; Windows NT 5.1; SV1)"
193.205.145.119 - - [03/Jun/2009:10:07:55 -0400] "GET /contact.html HTTP/1.1" 200 6927 "-" "Mozilla/4.0 (compatible; MSIE 6.0; Windows NT 5.1; SV1)"
193.205.145.119 - - [03/Jun/2009:10:07:55 -0400] "POST /formmail.php HTTP/1.1" 200 355 "http://alex.jeb.ca/contact.html" "Mozilla/4.0 (compatible; MSIE 6.0; Windows NT 5.1; SV1)"
221.130.193.14 - - [03/Jun/2009:10:07:56 -0400] "GET /contact.html HTTP/1.1" 200 6927 "-" "Mozilla/4.0 (compatible; MSIE 6.0; Windows NT 5.1; SV1)"
65.55.106.120 - - [03/Jun/2009:11:26:18 -0400] "GET /robots.txt HTTP/1.1" 404 269 "-" "msnbot/2.0b (+http://search.msn.com/msnbot.htm)"
65.55.106.120 - - [03/Jun/2009:13:08:43 -0400] "GET /robots.txt HTTP/1.1" 404 269 "-" "msnbot/2.0b (+http://search.msn.com/msnbot.htm)"
65.55.106.120 - - [03/Jun/2009:15:12:49 -0400] "GET /robots.txt HTTP/1.1" 404 269 "-" "msnbot/2.0b (+http://search.msn.com/msnbot.htm)"
65.55.106.120 - - [03/Jun/2009:16:52:01 -0400] "GET /robots.txt HTTP/1.1" 404 269 "-" "msnbot/2.0b (+http://search.msn.com/msnbot.htm)"
71.192.50.78 - - [03/Jun/2009:21:37:36 -0400] "GET /contact.html HTTP/1.0" 200 6927 "http://alex.jeb.ca/contact.html" "Mozilla/4.0 (compatible; MSIE 6.0; Windows NT 5.1; MRA 4.6 (build 01425))"
71.192.50.78 - - [03/Jun/2009:21:37:37 -0400] "POST /formmail.php HTTP/1.0" 200 361 "http://alex.jeb.ca/contact.html" "Mozilla/4.0 (compatible; MSIE 6.0; Windows NT 5.1; MRA 4.6 (build 01425))"
38.99.44.101 - - [04/Jun/2009:01:10:11 -0400] "GET /robots.txt HTTP/1.0" 404 269 "-" "Mozilla/5.0 (Twiceler-0.9 http://www.cuil.com/twiceler/robot.html)"
80.248.10.233 - - [04/Jun/2009:04:28:26 -0400] "GET /pages.html HTTP/1.1" 200 4692 "-" "Mozilla/4.0 (compatible; MSIE 6.0; Windows NT 5.1; SV1)"
80.248.10.233 - - [04/Jun/2009:04:29:40 -0400] "GET /index.html HTTP/1.1" 200 1984 "-" "Mozilla/4.0 (compatible; MSIE 6.0; Windows NT 5.1; SV1)"
217.210.130.91 - - [04/Jun/2009:04:29:47 -0400] "GET /index.html HTTP/1.1" 200 1984 "-" "Mozilla/4.0 (compatible; MSIE 6.0; Windows NT 5.1; SV1)"
217.210.130.91 - - [04/Jun/2009:04:29:49 -0400] "GET /illustrator.html HTTP/1.1" 200 6612 "-" "Mozilla/4.0 (compatible; MSIE 6.0; Windows NT 5.1; SV1)"
217.210.130.91 - - [04/Jun/2009:04:29:57 -0400] "GET /flash.html HTTP/1.1" 200 4756 "-" "Mozilla/4.0 (compatible; MSIE 6.0; Windows NT 5.1; SV1)"
124.244.49.93 - - [04/Jun/2009:04:30:34 -0400] "GET /flash.html HTTP/1.1" 200 4756 "-" "Mozilla/4.0 (compatible; MSIE 6.0; Windows NT 5.1; SV1)"
124.244.49.93 - - [04/Jun/2009:04:30:36 -0400] "GET /photoshop.html HTTP/1.1" 200 7709 "-" "Mozilla/4.0 (compatible; MSIE 6.0; Windows NT 5.1; SV1)"
124.244.49.93 - - [04/Jun/2009:04:30:38 -0400] "GET /print.html HTTP/1.1" 200 4324 "-" "Mozilla/4.0 (compatible; MSIE 6.0; Windows NT 5.1; SV1)"
124.244.49.93 - - [04/Jun/2009:04:30:40 -0400] "GET /contact.html HTTP/1.1" 200 6927 "-" "Mozilla/4.0 (compatible; MSIE 6.0; Windows NT 5.1; SV1)"
124.244.49.93 - - [04/Jun/2009:04:30:42 -0400] "POST /formmail.php HTTP/1.1" 200 355 "http://alex.jeb.ca/contact.html" "Mozilla/4.0 (compatible; MSIE 6.0; Windows NT 5.1; SV1)"
208.115.111.242 - - [04/Jun/2009:08:47:00 -0400] "GET /robots.txt HTTP/1.1" 404 269 "-" "Mozilla/5.0 (compatible; DotBot/1.1; http://www.dotnetdotcom.org/, crawler@dotnetdotcom.org)"
208.115.111.242 - - [04/Jun/2009:11:13:04 -0400] "GET / HTTP/1.1" 200 1984 "-" "Mozilla/5.0 (compatible; DotBot/1.1; http://www.dotnetdotcom.org/, crawler@dotnetdotcom.org)"
66.249.68.175 - - [04/Jun/2009:11:14:42 -0400] "GET /robots.txt HTTP/1.1" 404 269 "-" "Mozilla/5.0 (compatible; Googlebot/2.1; +http://www.google.com/bot.html)"
66.249.68.175 - - [04/Jun/2009:11:14:42 -0400] "GET / HTTP/1.1" 304 - "-" "Mozilla/5.0 (compatible; Googlebot/2.1; +http://www.google.com/bot.html)"
38.99.44.101 - - [05/Jun/2009:01:13:49 -0400] "GET /robots.txt HTTP/1.0" 404 269 "-" "Mozilla/5.0 (Twiceler-0.9 http://www.cuil.com/twiceler/robot.html)"
62.75.218.97 - - [05/Jun/2009:01:14:15 -0400] "GET /robots.txt HTTP/1.0" 404 269 "-" "OpenAcoon v4.1.0 (www.openacoon.de)"
62.75.218.97 - - [05/Jun/2009:01:14:15 -0400] "GET /email/origins.html HTTP/1.0" 404 277 "-" "OpenAcoon v4.1.0 (www.openacoon.de)"
65.55.106.113 - - [05/Jun/2009:15:40:26 -0400] "GET /robots.txt HTTP/1.1" 404 269 "-" "msnbot/2.0b (+http://search.msn.com/msnbot.htm)"
65.55.106.112 - - [05/Jun/2009:18:25:53 -0400] "GET /robots.txt HTTP/1.1" 404 269 "-" "msnbot/2.0b (+http://search.msn.com/msnbot.htm)"
38.99.44.101 - - [06/Jun/2009:01:14:30 -0400] "GET /robots.txt HTTP/1.0" 404 269 "-" "Mozilla/5.0 (Twiceler-0.9 http://www.cuil.com/twiceler/robot.html)"
66.249.71.170 - - [06/Jun/2009:05:18:05 -0400] "GET /robots.txt HTTP/1.1" 404 269 "-" "Mozilla/5.0 (compatible; Googlebot/2.1; +http://www.google.com/bot.html)"
66.249.71.170 - - [06/Jun/2009:05:18:05 -0400] "GET / HTTP/1.1" 200 1984 "-" "Mozilla/5.0 (compatible; Googlebot/2.1; +http://www.google.com/bot.html)"
38.99.44.101 - - [07/Jun/2009:01:07:57 -0400] "GET /robots.txt HTTP/1.0" 404 269 "-" "Mozilla/5.0 (Twiceler-0.9 http://www.cuil.com/twiceler/robot.html)"
65.55.106.184 - - [07/Jun/2009:15:47:02 -0400] "GET /robots.txt HTTP/1.1" 404 269 "-" "msnbot/2.0b (+http://search.msn.com/msnbot.htm)"
65.55.106.184 - - [07/Jun/2009:18:54:29 -0400] "GET /robots.txt HTTP/1.1" 404 269 "-" "msnbot/2.0b (+http://search.msn.com/msnbot.htm)"
66.249.71.170 - - [07/Jun/2009:21:01:25 -0400] "GET /robots.txt HTTP/1.1" 404 269 "-" "Mozilla/5.0 (compatible; Googlebot/2.1; +http://www.google.com/bot.html)"
66.249.71.170 - - [07/Jun/2009:21:01:25 -0400] "GET / HTTP/1.1" 304 - "-" "Mozilla/5.0 (compatible; Googlebot/2.1; +http://www.google.com/bot.html)"
38.99.44.101 - - [08/Jun/2009:01:03:09 -0400] "GET /robots.txt HTTP/1.0" 404 269 "-" "Mozilla/5.0 (Twiceler-0.9 http://www.cuil.com/twiceler/robot.html)"
66.249.71.170 - - [08/Jun/2009:12:27:12 -0400] "GET /robots.txt HTTP/1.1" 404 269 "-" "Mozilla/5.0 (compatible; Googlebot/2.1; +http://www.google.com/bot.html)"
66.249.71.170 - - [08/Jun/2009:12:27:12 -0400] "GET /index.html HTTP/1.1" 200 1984 "-" "Mozilla/5.0 (compatible; Googlebot/2.1; +http://www.google.com/bot.html)"
173.32.173.143 - - [08/Jun/2009:14:30:31 -0400] "GET /contact.html HTTP/1.1" 200 6927 "http://www.google.com/search?hl=en&ei=PlotSreCFI6oM8CO-egJ&sa=X&oi=spell&resnum=0&ct=result&cd=1&q=alex+bourgeois&spell=1" "Mozilla/5.0 (Macintosh; U; Intel Mac OS X 10_5_6; en-us) AppleWebKit/525.27.1 (KHTML, like Gecko) Version/3.2.1 Safari/525.27.1"
173.32.173.143 - - [08/Jun/2009:14:30:39 -0400] "GET /main.js HTTP/1.1" 200 5103 "http://alex.jeb.ca/contact.html" "Mozilla/5.0 (Macintosh; U; Intel Mac OS X 10_5_6; en-us) AppleWebKit/525.27.1 (KHTML, like Gecko) Version/3.2.1 Safari/525.27.1"
173.32.173.143 - - [08/Jun/2009:14:30:39 -0400] "GET /index.css HTTP/1.1" 200 962 "http://alex.jeb.ca/contact.html" "Mozilla/5.0 (Macintosh; U; Intel Mac OS X 10_5_6; en-us) AppleWebKit/525.27.1 (KHTML, like Gecko) Version/3.2.1 Safari/525.27.1"
173.32.173.143 - - [08/Jun/2009:14:30:39 -0400] "GET /top_nav.css HTTP/1.1" 200 841 "http://alex.jeb.ca/contact.html" "Mozilla/5.0 (Macintosh; U; Intel Mac OS X 10_5_6; en-us) AppleWebKit/525.27.1 (KHTML, like Gecko) Version/3.2.1 Safari/525.27.1"
66.249.71.170 - - [09/Jun/2009:00:22:21 -0400] "GET /robots.txt HTTP/1.1" 404 269 "-" "Mozilla/5.0 (compatible; Googlebot/2.1; +http://www.google.com/bot.html)"
66.249.71.170 - - [09/Jun/2009:00:22:21 -0400] "GET / HTTP/1.1" 304 - "-" "Mozilla/5.0 (compatible; Googlebot/2.1; +http://www.google.com/bot.html)"
38.99.44.101 - - [09/Jun/2009:01:02:46 -0400] "GET /robots.txt HTTP/1.0" 404 269 "-" "Mozilla/5.0 (Twiceler-0.9 http://www.cuil.com/twiceler/robot.html)"
59.165.93.115 - - [09/Jun/2009:01:12:39 -0400] "GET /illustrator.html HTTP/1.1" 200 6612 "http://images.google.co.in/imgres?imgurl=http://alex.jeb.ca/images/_portfolio/illustrator/01_graph_sm.gif&imgrefurl=http://alex.jeb.ca/illustrator.html&usg=__LlSez9ySecVl6pMDIlzeJXMq30U=&h=75&w=75&sz=3&hl=en&start=91&sig2=4U___EovYorQO1r637CSlg&um=1&tbnid=1Lp8K7JRvW2mrM:&tbnh=71&tbnw=71&prev=/images%3Fq%3D3d%2Bgraphs%2Bin%2Billustrator%26ndsp%3D21%26hl%3Den%26sa%3DN%26start%3D84%26um%3D1&ei=kPAtSuv2LaXm6gOgyqC9CQ" "Mozilla/5.0 (Macintosh; U; Intel Mac OS X 10.5; en-US; rv:1.9.0.10) Gecko/2009042315 Firefox/3.0.10"
59.165.93.115 - - [09/Jun/2009:01:12:39 -0400] "GET /top_nav.css HTTP/1.1" 200 841 "http://alex.jeb.ca/illustrator.html" "Mozilla/5.0 (Macintosh; U; Intel Mac OS X 10.5; en-US; rv:1.9.0.10) Gecko/2009042315 Firefox/3.0.10"
59.165.93.115 - - [09/Jun/2009:01:12:39 -0400] "GET /index.css HTTP/1.1" 200 962 "http://alex.jeb.ca/illustrator.html" "Mozilla/5.0 (Macintosh; U; Intel Mac OS X 10.5; en-US; rv:1.9.0.10) Gecko/2009042315 Firefox/3.0.10"
59.165.93.115 - - [09/Jun/2009:01:12:39 -0400] "GET /main.js HTTP/1.1" 200 5103 "http://alex.jeb.ca/illustrator.html" "Mozilla/5.0 (Macintosh; U; Intel Mac OS X 10.5; en-US; rv:1.9.0.10) Gecko/2009042315 Firefox/3.0.10"
59.165.93.115 - - [09/Jun/2009:01:12:40 -0400] "GET /images/_portfolio/illustrator/wine_label_sm.gif HTTP/1.1" 200 1240 "http://alex.jeb.ca/illustrator.html" "Mozilla/5.0 (Macintosh; U; Intel Mac OS X 10.5; en-US; rv:1.9.0.10) Gecko/2009042315 Firefox/3.0.10"
59.165.93.115 - - [09/Jun/2009:01:12:40 -0400] "GET /images/_portfolio/illustrator/01_graph_sm.gif HTTP/1.1" 200 2115 "http://alex.jeb.ca/illustrator.html" "Mozilla/5.0 (Macintosh; U; Intel Mac OS X 10.5; en-US; rv:1.9.0.10) Gecko/2009042315 Firefox/3.0.10"
59.165.93.115 - - [09/Jun/2009:01:12:40 -0400] "GET /images/_portfolio/illustrator/02_graph_sm.gif HTTP/1.1" 200 1405 "http://alex.jeb.ca/illustrator.html" "Mozilla/5.0 (Macintosh; U; Intel Mac OS X 10.5; en-US; rv:1.9.0.10) Gecko/2009042315 Firefox/3.0.10"
59.165.93.115 - - [09/Jun/2009:01:12:40 -0400] "GET /images/_portfolio/illustrator/vine_alphabet_sm.gif HTTP/1.1" 200 642 "http://alex.jeb.ca/illustrator.html" "Mozilla/5.0 (Macintosh; U; Intel Mac OS X 10.5; en-US; rv:1.9.0.10) Gecko/2009042315 Firefox/3.0.10"
59.165.93.115 - - [09/Jun/2009:01:12:40 -0400] "GET /images/_portfolio/illustrator/fleur_de_lis_sm.gif HTTP/1.1" 200 960 "http://alex.jeb.ca/illustrator.html" "Mozilla/5.0 (Macintosh; U; Intel Mac OS X 10.5; en-US; rv:1.9.0.10) Gecko/2009042315 Firefox/3.0.10"
59.165.93.115 - - [09/Jun/2009:01:12:40 -0400] "GET /images/_portfolio/illustrator/pineapples_sm.gif HTTP/1.1" 200 1972 "http://alex.jeb.ca/illustrator.html" "Mozilla/5.0 (Macintosh; U; Intel Mac OS X 10.5; en-US; rv:1.9.0.10) Gecko/2009042315 Firefox/3.0.10"
59.165.93.115 - - [09/Jun/2009:01:12:40 -0400] "GET /images/_portfolio/illustrator/venus_butterfly_flyer_sm.gif HTTP/1.1" 200 856 "http://alex.jeb.ca/illustrator.html" "Mozilla/5.0 (Macintosh; U; Intel Mac OS X 10.5; en-US; rv:1.9.0.10) Gecko/2009042315 Firefox/3.0.10"
59.165.93.115 - - [09/Jun/2009:01:12:40 -0400] "GET /images/_portfolio/illustrator/castle_drawing_sm.gif HTTP/1.1" 200 748 "http://alex.jeb.ca/illustrator.html" "Mozilla/5.0 (Macintosh; U; Intel Mac OS X 10.5; en-US; rv:1.9.0.10) Gecko/2009042315 Firefox/3.0.10"
59.165.93.115 - - [09/Jun/2009:01:12:40 -0400] "GET /images/_portfolio/illustrator/maple_leaf_sm.gif HTTP/1.1" 200 897 "http://alex.jeb.ca/illustrator.html" "Mozilla/5.0 (Macintosh; U; Intel Mac OS X 10.5; en-US; rv:1.9.0.10) Gecko/2009042315 Firefox/3.0.10"
59.165.93.115 - - [09/Jun/2009:01:12:41 -0400] "GET /images/_portfolio/illustrator/women_flowers_sm.gif HTTP/1.1" 200 2504 "http://alex.jeb.ca/illustrator.html" "Mozilla/5.0 (Macintosh; U; Intel Mac OS X 10.5; en-US; rv:1.9.0.10) Gecko/2009042315 Firefox/3.0.10"
59.165.93.115 - - [09/Jun/2009:01:12:41 -0400] "GET /images/bg.gif HTTP/1.1" 200 519 "http://alex.jeb.ca/top_nav.css" "Mozilla/5.0 (Macintosh; U; Intel Mac OS X 10.5; en-US; rv:1.9.0.10) Gecko/2009042315 Firefox/3.0.10"
59.165.93.115 - - [09/Jun/2009:01:12:41 -0400] "GET /images/left.gif HTTP/1.1" 200 493 "http://alex.jeb.ca/top_nav.css" "Mozilla/5.0 (Macintosh; U; Intel Mac OS X 10.5; en-US; rv:1.9.0.10) Gecko/2009042315 Firefox/3.0.10"
59.165.93.115 - - [09/Jun/2009:01:12:41 -0400] "GET /images/on_left.gif HTTP/1.1" 200 478 "http://alex.jeb.ca/top_nav.css" "Mozilla/5.0 (Macintosh; U; Intel Mac OS X 10.5; en-US; rv:1.9.0.10) Gecko/2009042315 Firefox/3.0.10"
59.165.93.115 - - [09/Jun/2009:01:12:41 -0400] "GET /images/right.gif HTTP/1.1" 200 1986 "http://alex.jeb.ca/top_nav.css" "Mozilla/5.0 (Macintosh; U; Intel Mac OS X 10.5; en-US; rv:1.9.0.10) Gecko/2009042315 Firefox/3.0.10"
59.165.93.115 - - [09/Jun/2009:01:12:41 -0400] "GET /images/on_right.gif HTTP/1.1" 200 1971 "http://alex.jeb.ca/top_nav.css" "Mozilla/5.0 (Macintosh; U; Intel Mac OS X 10.5; en-US; rv:1.9.0.10) Gecko/2009042315 Firefox/3.0.10"
59.165.93.115 - - [09/Jun/2009:01:12:47 -0400] "GET /images/_portfolio/illustrator/01_graph.jpg HTTP/1.1" 200 21335 "http://alex.jeb.ca/illustrator.html" "Mozilla/5.0 (Macintosh; U; Intel Mac OS X 10.5; en-US; rv:1.9.0.10) Gecko/2009042315 Firefox/3.0.10"
59.165.93.115 - - [09/Jun/2009:01:13:20 -0400] "GET /images/_portfolio/illustrator/01_graph.jpg HTTP/1.1" 200 21335 "http://alex.jeb.ca/illustrator.html" "Mozilla/5.0 (Macintosh; U; Intel Mac OS X 10.5; en-US; rv:1.9.0.10) Gecko/2009042315 Firefox/3.0.10"
41.207.4.203 - - [09/Jun/2009:07:37:14 -0400] "GET / HTTP/1.1" 200 1984 "-" "Mozilla/4.0 (compatible; MSIE 5.0; Windows NT; DigExt; DTS Agent"
65.55.106.193 - - [09/Jun/2009:13:43:11 -0400] "GET /robots.txt HTTP/1.1" 404 269 "-" "msnbot/2.0b (+http://search.msn.com/msnbot.htm)"
65.55.106.121 - - [09/Jun/2009:18:05:27 -0400] "GET /robots.txt HTTP/1.1" 404 269 "-" "msnbot/2.0b (+http://search.msn.com/msnbot.htm)"
65.55.106.121 - - [09/Jun/2009:20:55:09 -0400] "GET /robots.txt HTTP/1.1" 404 269 "-" "msnbot/2.0b (+http://search.msn.com/msnbot.htm)"
38.99.44.101 - - [10/Jun/2009:01:02:58 -0400] "GET /robots.txt HTTP/1.0" 404 269 "-" "Mozilla/5.0 (Twiceler-0.9 http://www.cuil.com/twiceler/robot.html)"
66.249.71.170 - - [10/Jun/2009:03:53:24 -0400] "GET /robots.txt HTTP/1.1" 404 269 "-" "Mozilla/5.0 (compatible; Googlebot/2.1; +http://www.google.com/bot.html)"
66.249.71.170 - - [10/Jun/2009:03:53:24 -0400] "GET / HTTP/1.1" 200 1984 "-" "Mozilla/5.0 (compatible; Googlebot/2.1; +http://www.google.com/bot.html)"
66.249.71.170 - - [10/Jun/2009:07:10:31 -0400] "GET / HTTP/1.1" 200 1984 "-" "Mozilla/5.0 (iPhone; U; CPU like Mac OS X; en) AppleWebKit/420+ (KHTML, like Gecko) Version/3.0 Mobile/1A543a Safari/419.3 (compatible; Googlebot-Mobile/2.1; +http://www.google.com/bot.html)"
66.249.71.170 - - [10/Jun/2009:07:29:05 -0400] "GET /index.html HTTP/1.1" 200 1984 "-" "Mozilla/5.0 (iPhone; U; CPU like Mac OS X; en) AppleWebKit/420+ (KHTML, like Gecko) Version/3.0 Mobile/1A543a Safari/419.3 (compatible; Googlebot-Mobile/2.1; +http://www.google.com/bot.html)"
66.249.71.170 - - [10/Jun/2009:08:48:03 -0400] "GET /images/_portfolio/web_pages/sellance.gif HTTP/1.1" 304 - "-" "Googlebot-Image/1.0"
66.249.71.170 - - [10/Jun/2009:15:26:42 -0400] "GET /index.html HTTP/1.1" 304 - "-" "Mozilla/5.0 (iPhone; U; CPU like Mac OS X; en) AppleWebKit/420+ (KHTML, like Gecko) Version/3.0 Mobile/1A543a Safari/419.3 (compatible; Googlebot-Mobile/2.1; +http://www.google.com/bot.html)"
66.249.71.170 - - [10/Jun/2009:16:58:37 -0400] "GET /robots.txt HTTP/1.1" 404 269 "-" "Mozilla/5.0 (iPhone; U; CPU like Mac OS X; en) AppleWebKit/420+ (KHTML, like Gecko) Version/3.0 Mobile/1A543a Safari/419.3 (compatible; Googlebot-Mobile/2.1; +http://www.google.com/bot.html)"
66.249.71.170 - - [10/Jun/2009:16:58:37 -0400] "GET / HTTP/1.1" 304 - "-" "Mozilla/5.0 (iPhone; U; CPU like Mac OS X; en) AppleWebKit/420+ (KHTML, like Gecko) Version/3.0 Mobile/1A543a Safari/419.3 (compatible; Googlebot-Mobile/2.1; +http://www.google.com/bot.html)"
66.249.71.170 - - [10/Jun/2009:17:23:40 -0400] "GET / HTTP/1.1" 200 1984 "-" "Mozilla/5.0 (compatible; Googlebot/2.1; +http://www.google.com/bot.html)"
38.99.44.101 - - [11/Jun/2009:01:08:39 -0400] "GET /robots.txt HTTP/1.0" 404 269 "-" "Mozilla/5.0 (Twiceler-0.9 http://www.cuil.com/twiceler/robot.html)"
66.249.71.170 - - [11/Jun/2009:08:20:00 -0400] "GET /robots.txt HTTP/1.1" 404 269 "-" "Googlebot-Image/1.0"
66.249.71.170 - - [11/Jun/2009:08:20:00 -0400] "GET /images/_portfolio/photoshop/lightning_sm.jpg HTTP/1.1" 304 - "-" "Googlebot-Image/1.0"
38.99.44.101 - - [12/Jun/2009:01:03:08 -0400] "GET /robots.txt HTTP/1.0" 404 269 "-" "Mozilla/5.0 (Twiceler-0.9 http://www.cuil.com/twiceler/robot.html)"
66.249.71.170 - - [12/Jun/2009:03:44:48 -0400] "GET /robots.txt HTTP/1.1" 404 269 "-" "Mozilla/5.0 (compatible; Googlebot/2.1; +http://www.google.com/bot.html)"
66.249.71.170 - - [12/Jun/2009:03:44:48 -0400] "GET / HTTP/1.1" 200 1984 "-" "Mozilla/5.0 (compatible; Googlebot/2.1; +http://www.google.com/bot.html)"
211.75.91.19 - - [12/Jun/2009:17:39:05 -0400] "GET /pages.html HTTP/1.1" 200 4692 "-" "Mozilla/4.0 (compatible; MSIE 6.0; Windows NT 5.1; SV1)"
211.75.91.19 - - [12/Jun/2009:17:39:06 -0400] "GET /index.html HTTP/1.1" 200 1984 "-" "Mozilla/4.0 (compatible; MSIE 6.0; Windows NT 5.1; SV1)"
211.75.91.19 - - [12/Jun/2009:17:39:07 -0400] "GET /illustrator.html HTTP/1.1" 200 6612 "-" "Mozilla/4.0 (compatible; MSIE 6.0; Windows NT 5.1; SV1)"
211.75.91.19 - - [12/Jun/2009:17:39:08 -0400] "GET /flash.html HTTP/1.1" 200 4756 "-" "Mozilla/4.0 (compatible; MSIE 6.0; Windows NT 5.1; SV1)"
211.75.91.19 - - [12/Jun/2009:17:39:09 -0400] "GET /photoshop.html HTTP/1.1" 200 7709 "-" "Mozilla/4.0 (compatible; MSIE 6.0; Windows NT 5.1; SV1)"
211.75.91.19 - - [12/Jun/2009:17:39:11 -0400] "GET /print.html HTTP/1.1" 200 4324 "-" "Mozilla/4.0 (compatible; MSIE 6.0; Windows NT 5.1; SV1)"
211.75.91.19 - - [12/Jun/2009:17:39:12 -0400] "GET /contact.html HTTP/1.1" 200 6927 "-" "Mozilla/4.0 (compatible; MSIE 6.0; Windows NT 5.1; SV1)"
211.75.91.19 - - [12/Jun/2009:17:39:13 -0400] "POST /formmail.php HTTP/1.1" 200 355 "http://alex.jeb.ca/contact.html" "Mozilla/4.0 (compatible; MSIE 6.0; Windows NT 5.1; SV1)"
66.249.71.170 - - [12/Jun/2009:19:10:50 -0400] "GET /robots.txt HTTP/1.1" 404 269 "-" "Googlebot-Image/1.0"
66.249.71.170 - - [12/Jun/2009:19:10:50 -0400] "GET /images/_portfolio/flash/annimated_butterfly.gif HTTP/1.1" 304 - "-" "Googlebot-Image/1.0"
66.249.71.170 - - [12/Jun/2009:21:35:38 -0400] "GET /index.html HTTP/1.1" 200 1984 "-" "Mozilla/5.0 (iPhone; U; CPU like Mac OS X; en) AppleWebKit/420+ (KHTML, like Gecko) Version/3.0 Mobile/1A543a Safari/419.3 (compatible; Googlebot-Mobile/2.1; +http://www.google.com/bot.html)"
66.249.71.170 - - [12/Jun/2009:21:47:02 -0400] "GET / HTTP/1.1" 200 1984 "-" "Mozilla/5.0 (iPhone; U; CPU like Mac OS X; en) AppleWebKit/420+ (KHTML, like Gecko) Version/3.0 Mobile/1A543a Safari/419.3 (compatible; Googlebot-Mobile/2.1; +http://www.google.com/bot.html)"
38.99.44.101 - - [13/Jun/2009:06:23:55 -0400] "GET /robots.txt HTTP/1.0" 404 269 "-" "Mozilla/5.0 (Twiceler-0.9 http://www.cuil.com/twiceler/robot.html)"
207.23.111.168 - - [13/Jun/2009:10:47:09 -0400] "GET /pages.html HTTP/1.1" 200 4692 "-" "Mozilla/4.0 (compatible; MSIE 6.0; Windows NT 5.1; SV1)"
207.23.111.168 - - [13/Jun/2009:10:47:18 -0400] "GET /index.html HTTP/1.1" 200 1984 "-" "Mozilla/4.0 (compatible; MSIE 6.0; Windows NT 5.1; SV1)"
221.214.27.252 - - [13/Jun/2009:10:47:31 -0400] "GET /illustrator.html HTTP/1.0" 200 6612 "-" "Mozilla/4.0 (compatible; MSIE 6.0; Windows NT 5.1; SV1)"
221.214.27.252 - - [13/Jun/2009:10:47:32 -0400] "GET /flash.html HTTP/1.0" 200 4756 "-" "Mozilla/4.0 (compatible; MSIE 6.0; Windows NT 5.1; SV1)"
221.214.27.252 - - [13/Jun/2009:10:47:34 -0400] "GET /photoshop.html HTTP/1.0" 200 7709 "-" "Mozilla/4.0 (compatible; MSIE 6.0; Windows NT 5.1; SV1)"
221.214.27.252 - - [13/Jun/2009:10:47:36 -0400] "GET /print.html HTTP/1.0" 200 4324 "-" "Mozilla/4.0 (compatible; MSIE 6.0; Windows NT 5.1; SV1)"
221.214.27.252 - - [13/Jun/2009:10:47:37 -0400] "GET /contact.html HTTP/1.0" 200 6927 "-" "Mozilla/4.0 (compatible; MSIE 6.0; Windows NT 5.1; SV1)"
221.214.27.252 - - [13/Jun/2009:10:47:40 -0400] "POST /formmail.php HTTP/1.0" 200 355 "http://alex.jeb.ca/contact.html" "Mozilla/4.0 (compatible; MSIE 6.0; Windows NT 5.1; SV1)"
65.55.106.117 - - [13/Jun/2009:12:32:01 -0400] "GET /robots.txt HTTP/1.1" 404 269 "-" "msnbot/2.0b (+http://search.msn.com/msnbot.htm)"
65.55.106.117 - - [13/Jun/2009:14:02:26 -0400] "GET /robots.txt HTTP/1.1" 404 269 "-" "msnbot/2.0b (+http://search.msn.com/msnbot.htm)"
66.249.71.170 - - [13/Jun/2009:15:59:51 -0400] "GET /robots.txt HTTP/1.1" 404 269 "-" "Mozilla/5.0 (compatible; Googlebot/2.1; +http://www.google.com/bot.html)"
66.249.71.170 - - [13/Jun/2009:15:59:51 -0400] "GET / HTTP/1.1" 304 - "-" "Mozilla/5.0 (compatible; Googlebot/2.1; +http://www.google.com/bot.html)"
66.249.71.170 - - [13/Jun/2009:17:40:59 -0400] "GET /images/_portfolio/flash/venn_diagram.gif HTTP/1.1" 304 - "-" "Googlebot-Image/1.0"
65.55.106.211 - - [13/Jun/2009:18:39:57 -0400] "GET /robots.txt HTTP/1.1" 404 269 "-" "msnbot/2.0b (+http://search.msn.com/msnbot.htm)"
66.249.71.170 - - [13/Jun/2009:19:44:10 -0400] "GET / HTTP/1.1" 304 - "-" "Mozilla/5.0 (iPhone; U; CPU like Mac OS X; en) AppleWebKit/420+ (KHTML, like Gecko) Version/3.0 Mobile/1A543a Safari/419.3 (compatible; Googlebot-Mobile/2.1; +http://www.google.com/bot.html)"
66.249.71.170 - - [13/Jun/2009:19:59:49 -0400] "GET /index.html HTTP/1.1" 304 - "-" "Mozilla/5.0 (iPhone; U; CPU like Mac OS X; en) AppleWebKit/420+ (KHTML, like Gecko) Version/3.0 Mobile/1A543a Safari/419.3 (compatible; Googlebot-Mobile/2.1; +http://www.google.com/bot.html)"
66.249.71.170 - - [14/Jun/2009:01:08:00 -0400] "GET /images/_portfolio/illustrator/venus_butterfly_flyer_sm.gif HTTP/1.1" 304 - "-" "Googlebot-Image/1.0"
208.115.135.101 - - [14/Jun/2009:03:35:42 -0400] "GET /pages.html HTTP/1.1" 200 4692 "-" "Mozilla/4.0 (compatible; MSIE 6.0; Windows NT 5.1; SV1)"
208.115.135.101 - - [14/Jun/2009:03:35:42 -0400] "GET /index.html HTTP/1.1" 200 1984 "-" "Mozilla/4.0 (compatible; MSIE 6.0; Windows NT 5.1; SV1)"
208.115.135.101 - - [14/Jun/2009:03:35:43 -0400] "GET /illustrator.html HTTP/1.1" 200 6612 "-" "Mozilla/4.0 (compatible; MSIE 6.0; Windows NT 5.1; SV1)"
208.115.135.101 - - [14/Jun/2009:03:35:43 -0400] "GET /flash.html HTTP/1.1" 200 4756 "-" "Mozilla/4.0 (compatible; MSIE 6.0; Windows NT 5.1; SV1)"
208.115.135.101 - - [14/Jun/2009:03:35:44 -0400] "GET /photoshop.html HTTP/1.1" 200 7709 "-" "Mozilla/4.0 (compatible; MSIE 6.0; Windows NT 5.1; SV1)"
208.115.135.101 - - [14/Jun/2009:03:35:44 -0400] "GET /print.html HTTP/1.1" 200 4324 "-" "Mozilla/4.0 (compatible; MSIE 6.0; Windows NT 5.1; SV1)"
208.115.135.101 - - [14/Jun/2009:03:35:44 -0400] "GET /contact.html HTTP/1.1" 200 6927 "-" "Mozilla/4.0 (compatible; MSIE 6.0; Windows NT 5.1; SV1)"
208.115.135.101 - - [14/Jun/2009:03:35:45 -0400] "POST /formmail.php HTTP/1.1" 200 355 "http://alex.jeb.ca/contact.html" "Mozilla/4.0 (compatible; MSIE 6.0; Windows NT 5.1; SV1)"
38.99.44.101 - - [14/Jun/2009:06:28:52 -0400] "GET /robots.txt HTTP/1.0" 404 269 "-" "Mozilla/5.0 (Twiceler-0.9 http://www.cuil.com/twiceler/robot.html)"
65.55.51.112 - - [14/Jun/2009:07:23:31 -0400] "GET /robots.txt HTTP/1.1" 404 269 "-" "msnbot/2.0b (+http://search.msn.com/msnbot.htm)"
66.249.71.170 - - [14/Jun/2009:08:39:30 -0400] "GET /robots.txt HTTP/1.1" 404 269 "-" "Googlebot-Image/1.0"
66.249.71.170 - - [14/Jun/2009:08:39:30 -0400] "GET /images/_portfolio/illustrator/women_flowers_sm.gif HTTP/1.1" 304 - "-" "Googlebot-Image/1.0"
65.55.106.117 - - [14/Jun/2009:11:12:47 -0400] "GET /robots.txt HTTP/1.1" 404 269 "-" "msnbot/2.0b (+http://search.msn.com/msnbot.htm)"
65.55.106.117 - - [14/Jun/2009:12:36:20 -0400] "GET /robots.txt HTTP/1.1" 404 269 "-" "msnbot/2.0b (+http://search.msn.com/msnbot.htm)"
66.249.71.170 - - [14/Jun/2009:14:33:57 -0400] "GET /top_nav.css HTTP/1.1" 200 841 "-" "Mozilla/5.0 (compatible; Googlebot/2.1; +http://www.google.com/bot.html)"
66.249.71.170 - - [14/Jun/2009:14:36:27 -0400] "GET /index.css HTTP/1.1" 200 962 "-" "Mozilla/5.0 (compatible; Googlebot/2.1; +http://www.google.com/bot.html)"
66.249.71.170 - - [14/Jun/2009:14:36:28 -0400] "GET /main.js HTTP/1.1" 200 5103 "-" "Mozilla/5.0 (compatible; Googlebot/2.1; +http://www.google.com/bot.html)"
65.55.106.109 - - [14/Jun/2009:17:37:58 -0400] "GET /robots.txt HTTP/1.1" 404 269 "-" "msnbot/2.0b (+http://search.msn.com/msnbot.htm)"
66.249.71.170 - - [14/Jun/2009:17:41:00 -0400] "GET /images/_portfolio/print/egypt_sm.gif HTTP/1.1" 304 - "-" "Googlebot-Image/1.0"
65.55.106.109 - - [14/Jun/2009:19:03:49 -0400] "GET /robots.txt HTTP/1.1" 404 269 "-" "msnbot/2.0b (+http://search.msn.com/msnbot.htm)"
66.249.71.170 - - [14/Jun/2009:20:23:42 -0400] "GET /images/_portfolio/photoshop/fulfillment_banner_sm.jpg HTTP/1.1" 304 - "-" "Googlebot-Image/1.0"
66.249.71.170 - - [15/Jun/2009:04:43:47 -0400] "GET /robots.txt HTTP/1.1" 404 269 "-" "Googlebot-Image/1.0"
66.249.71.170 - - [15/Jun/2009:04:43:47 -0400] "GET /images/_portfolio/photoshop/pie_chart_sm.jpg HTTP/1.1" 304 - "-" "Googlebot-Image/1.0"
65.55.106.188 - - [15/Jun/2009:04:51:43 -0400] "GET /robots.txt HTTP/1.1" 404 269 "-" "msnbot/2.0b (+http://search.msn.com/msnbot.htm)"
38.99.44.101 - - [15/Jun/2009:06:26:20 -0400] "GET /robots.txt HTTP/1.0" 404 269 "-" "Mozilla/5.0 (Twiceler-0.9 http://www.cuil.com/twiceler/robot.html)"
65.55.106.111 - - [15/Jun/2009:07:18:40 -0400] "GET /robots.txt HTTP/1.1" 404 269 "-" "msnbot/2.0b (+http://search.msn.com/msnbot.htm)"
66.249.71.170 - - [15/Jun/2009:07:30:24 -0400] "GET /images/_portfolio/flash/annimated_butterfly.gif HTTP/1.1" 304 - "-" "Googlebot-Image/1.0"
66.249.71.170 - - [15/Jun/2009:10:16:59 -0400] "GET /images/_portfolio/illustrator/fleur_de_lis_sm.gif HTTP/1.1" 304 - "-" "Googlebot-Image/1.0"
66.249.71.170 - - [15/Jun/2009:11:33:49 -0400] "GET / HTTP/1.1" 200 1984 "-" "Mozilla/5.0 (compatible; Googlebot/2.1; +http://www.google.com/bot.html)"
66.249.71.170 - - [15/Jun/2009:13:03:58 -0400] "GET /images/_portfolio/illustrator/01_graph_sm.gif HTTP/1.1" 304 - "-" "Googlebot-Image/1.0"
66.249.71.170 - - [15/Jun/2009:17:11:07 -0400] "GET /robots.txt HTTP/1.1" 404 269 "-" "Googlebot-Image/1.0"
66.249.71.170 - - [15/Jun/2009:17:11:07 -0400] "GET /images/_portfolio/flash/finland.gif HTTP/1.1" 304 - "-" "Googlebot-Image/1.0"
38.99.44.101 - - [15/Jun/2009:20:29:54 -0400] "GET /photoshop.html HTTP/1.0" 200 7709 "-" "Mozilla/5.0 (Twiceler-0.9 http://www.cuil.com/twiceler/robot.html)"
66.249.71.170 - - [15/Jun/2009:21:34:13 -0400] "GET /images/_portfolio/web_pages/html.gif HTTP/1.1" 304 - "-" "Googlebot-Image/1.0"
66.249.71.170 - - [16/Jun/2009:01:58:02 -0400] "GET /images/_portfolio/illustrator/venus_butterfly_flyer_sm.gif HTTP/1.1" 304 - "-" "Googlebot-Image/1.0"
66.249.71.170 - - [16/Jun/2009:06:23:20 -0400] "GET /robots.txt HTTP/1.1" 404 269 "-" "Googlebot-Image/1.0"
66.249.71.170 - - [16/Jun/2009:06:23:20 -0400] "GET /images/_portfolio/flash/venn_diagram.gif HTTP/1.1" 304 - "-" "Googlebot-Image/1.0"
38.99.44.101 - - [16/Jun/2009:07:33:37 -0400] "GET /robots.txt HTTP/1.0" 404 269 "-" "Mozilla/5.0 (Twiceler-0.9 http://www.cuil.com/twiceler/robot.html)"
65.55.107.181 - - [16/Jun/2009:08:28:18 -0400] "GET /robots.txt HTTP/1.1" 404 269 "-" "msnbot/2.0b (+http://search.msn.com/msnbot.htm)"
66.249.71.170 - - [16/Jun/2009:10:48:20 -0400] "GET /images/_portfolio/illustrator/women_flowers_sm.gif HTTP/1.1" 304 - "-" "Googlebot-Image/1.0"
65.55.106.142 - - [16/Jun/2009:13:37:59 -0400] "GET /robots.txt HTTP/1.1" 404 269 "-" "msnbot/2.0b (+http://search.msn.com/msnbot.htm)"
65.55.106.209 - - [16/Jun/2009:15:20:56 -0400] "GET /robots.txt HTTP/1.1" 404 269 "-" "msnbot/2.0b (+http://search.msn.com/msnbot.htm)"
38.99.44.101 - - [16/Jun/2009:17:32:46 -0400] "GET /print.html HTTP/1.0" 200 4324 "-" "Mozilla/5.0 (Twiceler-0.9 http://www.cuil.com/twiceler/robot.html)"
66.249.71.170 - - [16/Jun/2009:17:40:09 -0400] "GET /images/_portfolio/print/egypt_sm.gif HTTP/1.1" 304 - "-" "Googlebot-Image/1.0"
38.99.44.101 - - [16/Jun/2009:17:51:01 -0400] "GET /flash.html HTTP/1.0" 200 4756 "-" "Mozilla/5.0 (Twiceler-0.9 http://www.cuil.com/twiceler/robot.html)"
80.248.10.233 - - [16/Jun/2009:18:37:30 -0400] "GET /pages.html HTTP/1.1" 304 - "-" "Mozilla/4.0 (compatible; MSIE 6.0; Windows NT 5.1; SV1)"
80.248.10.233 - - [16/Jun/2009:18:37:44 -0400] "GET /index.html HTTP/1.1" 304 - "-" "Mozilla/4.0 (compatible; MSIE 6.0; Windows NT 5.1; SV1)"
80.248.10.233 - - [16/Jun/2009:18:38:09 -0400] "GET /illustrator.html HTTP/1.1" 200 6612 "-" "Mozilla/4.0 (compatible; MSIE 6.0; Windows NT 5.1; SV1)"
60.166.145.213 - - [16/Jun/2009:18:38:32 -0400] "GET /illustrator.html HTTP/1.1" 200 6612 "-" "Mozilla/4.0 (compatible; MSIE 6.0; Windows NT 5.1; SV1)"
60.166.145.213 - - [16/Jun/2009:18:38:35 -0400] "GET /flash.html HTTP/1.1" 200 4756 "-" "Mozilla/4.0 (compatible; MSIE 6.0; Windows NT 5.1; SV1)"
88.191.51.48 - - [16/Jun/2009:18:38:38 -0400] "GET /photoshop.html HTTP/1.1" 200 7709 "-" "Mozilla/4.0 (compatible; MSIE 6.0; Windows NT 5.1; SV1)"
88.191.51.48 - - [16/Jun/2009:18:38:38 -0400] "GET /print.html HTTP/1.1" 200 4324 "-" "Mozilla/4.0 (compatible; MSIE 6.0; Windows NT 5.1; SV1)"
88.191.51.48 - - [16/Jun/2009:18:38:39 -0400] "GET /contact.html HTTP/1.1" 200 6927 "-" "Mozilla/4.0 (compatible; MSIE 6.0; Windows NT 5.1; SV1)"
88.191.51.48 - - [16/Jun/2009:18:38:40 -0400] "POST /formmail.php HTTP/1.1" 200 355 "http://alex.jeb.ca/contact.html" "Mozilla/4.0 (compatible; MSIE 6.0; Windows NT 5.1; SV1)"
66.249.71.170 - - [16/Jun/2009:21:13:42 -0400] "GET /robots.txt HTTP/1.1" 404 269 "-" "Googlebot-Image/1.0"
66.249.71.170 - - [16/Jun/2009:21:13:42 -0400] "GET /images/_portfolio/photoshop/fulfillment_banner_sm.jpg HTTP/1.1" 304 - "-" "Googlebot-Image/1.0"
66.249.71.170 - - [17/Jun/2009:00:51:06 -0400] "GET /images/_portfolio/web_pages/email.gif HTTP/1.1" 304 - "-" "Googlebot-Image/1.0"
66.249.71.170 - - [17/Jun/2009:04:28:13 -0400] "GET /images/_portfolio/illustrator/maple_leaf_sm.gif HTTP/1.1" 304 - "-" "Googlebot-Image/1.0"
66.249.71.170 - - [17/Jun/2009:08:04:38 -0400] "GET /images/_portfolio/photoshop/pie_chart_sm.jpg HTTP/1.1" 304 - "-" "Googlebot-Image/1.0"
