212.198.240.132 - - [27/Mar/2010:16:27:58 -0400] "GET /images/left.gif HTTP/1.1" 200 493 "http://alex.jeb.ca/top_nav.css" "SiteSucker/2.1.4"
212.198.240.132 - - [27/Mar/2010:16:27:59 -0400] "GET /images/right.gif HTTP/1.1" 200 1986 "http://alex.jeb.ca/top_nav.css" "SiteSucker/2.1.4"
212.198.240.132 - - [27/Mar/2010:16:27:59 -0400] "GET /images/on_left.gif HTTP/1.1" 200 478 "http://alex.jeb.ca/top_nav.css" "SiteSucker/2.1.4"
212.198.240.132 - - [27/Mar/2010:16:27:59 -0400] "GET /images/on_right.gif HTTP/1.1" 200 1971 "http://alex.jeb.ca/top_nav.css" "SiteSucker/2.1.4"
212.198.240.132 - - [27/Mar/2010:16:27:59 -0400] "GET /images/_portfolio/flash/venus.gif HTTP/1.1" 200 1148 "http://alex.jeb.ca/flash.html" "SiteSucker/2.1.4"
212.198.240.132 - - [27/Mar/2010:16:27:59 -0400] "GET /images/_portfolio/flash/rotating_circles.gif HTTP/1.1" 200 1022 "http://alex.jeb.ca/flash.html" "SiteSucker/2.1.4"
212.198.240.132 - - [27/Mar/2010:16:27:59 -0400] "GET /images/_portfolio/flash/venn_diagram.gif HTTP/1.1" 200 884 "http://alex.jeb.ca/flash.html" "SiteSucker/2.1.4"
212.198.240.132 - - [27/Mar/2010:16:27:59 -0400] "GET /images/_portfolio/flash/wine_banner.gif HTTP/1.1" 200 1021 "http://alex.jeb.ca/flash.html" "SiteSucker/2.1.4"
212.198.240.132 - - [27/Mar/2010:16:27:59 -0400] "GET /images/_portfolio/flash/finland.gif HTTP/1.1" 200 669 "http://alex.jeb.ca/flash.html" "SiteSucker/2.1.4"
212.198.240.132 - - [27/Mar/2010:16:27:59 -0400] "GET /images/_portfolio/flash/annimated_butterfly.gif HTTP/1.1" 200 514 "http://alex.jeb.ca/flash.html" "SiteSucker/2.1.4"
212.198.240.132 - - [27/Mar/2010:16:27:59 -0400] "GET /images/_portfolio/flash/bending_arrow.gif HTTP/1.1" 200 428 "http://alex.jeb.ca/flash.html" "SiteSucker/2.1.4"
212.198.240.132 - - [27/Mar/2010:16:27:59 -0400] "GET /images/_portfolio/web_pages/golf_quiz.gif HTTP/1.1" 200 1517 "http://alex.jeb.ca/pages.html" "SiteSucker/2.1.4"
212.198.240.132 - - [27/Mar/2010:16:27:59 -0400] "GET /images/_portfolio/web_pages/raris.gif HTTP/1.1" 200 2216 "http://alex.jeb.ca/pages.html" "SiteSucker/2.1.4"
212.198.240.132 - - [27/Mar/2010:16:27:59 -0400] "GET /images/_portfolio/web_pages/impressions.gif HTTP/1.1" 200 1095 "http://alex.jeb.ca/pages.html" "SiteSucker/2.1.4"
212.198.240.132 - - [27/Mar/2010:16:27:59 -0400] "GET /images/_portfolio/web_pages/sellance.gif HTTP/1.1" 200 1522 "http://alex.jeb.ca/pages.html" "SiteSucker/2.1.4"
212.198.240.132 - - [27/Mar/2010:16:27:59 -0400] "GET /images/_portfolio/web_pages/html.gif HTTP/1.1" 200 1774 "http://alex.jeb.ca/pages.html" "SiteSucker/2.1.4"
212.198.240.132 - - [27/Mar/2010:16:27:59 -0400] "GET /images/_portfolio/web_pages/email.gif HTTP/1.1" 200 1686 "http://alex.jeb.ca/pages.html" "SiteSucker/2.1.4"
212.198.240.132 - - [27/Mar/2010:16:27:59 -0400] "GET /images/_portfolio/web_pages/havlat_photography.gif HTTP/1.1" 200 1001 "http://alex.jeb.ca/pages.html" "SiteSucker/2.1.4"
212.198.240.132 - - [27/Mar/2010:16:28:00 -0400] "GET /images/_portfolio/illustrator/wine_label_sm.gif HTTP/1.1" 200 1240 "http://alex.jeb.ca/illustrator.html" "SiteSucker/2.1.4"
212.198.240.132 - - [27/Mar/2010:16:28:00 -0400] "GET /images/_portfolio/illustrator/01_graph_sm.gif HTTP/1.1" 200 2115 "http://alex.jeb.ca/illustrator.html" "SiteSucker/2.1.4"
212.198.240.132 - - [27/Mar/2010:16:28:00 -0400] "GET /images/_portfolio/illustrator/02_graph_sm.gif HTTP/1.1" 200 1405 "http://alex.jeb.ca/illustrator.html" "SiteSucker/2.1.4"
212.198.240.132 - - [27/Mar/2010:16:28:00 -0400] "GET /images/_portfolio/illustrator/venus_butterfly_flyer_sm.gif HTTP/1.1" 200 856 "http://alex.jeb.ca/illustrator.html" "SiteSucker/2.1.4"
212.198.240.132 - - [27/Mar/2010:16:28:00 -0400] "GET /images/_portfolio/illustrator/fleur_de_lis_sm.gif HTTP/1.1" 200 960 "http://alex.jeb.ca/illustrator.html" "SiteSucker/2.1.4"
212.198.240.132 - - [27/Mar/2010:16:28:00 -0400] "GET /images/_portfolio/illustrator/maple_leaf_sm.gif HTTP/1.1" 200 897 "http://alex.jeb.ca/illustrator.html" "SiteSucker/2.1.4"
212.198.240.132 - - [27/Mar/2010:16:28:00 -0400] "GET /images/_portfolio/illustrator/vine_alphabet_sm.gif HTTP/1.1" 200 642 "http://alex.jeb.ca/illustrator.html" "SiteSucker/2.1.4"
212.198.240.132 - - [27/Mar/2010:16:28:00 -0400] "GET /images/_portfolio/print/cd_booklet.gif HTTP/1.1" 200 1736 "http://alex.jeb.ca/print.html" "SiteSucker/2.1.4"
212.198.240.132 - - [27/Mar/2010:16:28:00 -0400] "GET /images/_portfolio/print/cd_spine_back.gif HTTP/1.1" 200 994 "http://alex.jeb.ca/print.html" "SiteSucker/2.1.4"
212.198.240.132 - - [27/Mar/2010:16:28:00 -0400] "GET /images/_portfolio/print/agence_lb.gif HTTP/1.1" 200 891 "http://alex.jeb.ca/print.html" "SiteSucker/2.1.4"
212.198.240.132 - - [27/Mar/2010:16:28:00 -0400] "GET /images/_portfolio/print/cinema_ad_sm.gif HTTP/1.1" 200 1193 "http://alex.jeb.ca/print.html" "SiteSucker/2.1.4"
212.198.240.132 - - [27/Mar/2010:16:28:00 -0400] "GET /images/_portfolio/print/egypt_sm.gif HTTP/1.1" 200 1199 "http://alex.jeb.ca/print.html" "SiteSucker/2.1.4"
212.198.240.132 - - [27/Mar/2010:16:28:00 -0400] "GET /images/get_acrobat.gif HTTP/1.1" 200 1459 "http://alex.jeb.ca/print.html" "SiteSucker/2.1.4"
212.198.240.132 - - [27/Mar/2010:16:28:00 -0400] "GET /images/_portfolio/photoshop/fiber_optics_sm.gif HTTP/1.1" 200 1983 "http://alex.jeb.ca/photoshop.html" "SiteSucker/2.1.4"
212.198.240.132 - - [27/Mar/2010:16:28:00 -0400] "GET /images/_portfolio/photoshop/telegraph_sm.gif HTTP/1.1" 200 1178 "http://alex.jeb.ca/photoshop.html" "SiteSucker/2.1.4"
212.198.240.132 - - [27/Mar/2010:16:28:00 -0400] "GET /images/_portfolio/photoshop/satelite_sm.gif HTTP/1.1" 200 1440 "http://alex.jeb.ca/photoshop.html" "SiteSucker/2.1.4"
212.198.240.132 - - [27/Mar/2010:16:28:00 -0400] "GET /images/_portfolio/photoshop/telephone_wires_sm.jpg HTTP/1.1" 200 1213 "http://alex.jeb.ca/photoshop.html" "SiteSucker/2.1.4"
212.198.240.132 - - [27/Mar/2010:16:28:00 -0400] "GET /images/_portfolio/photoshop/lightning_sm.jpg HTTP/1.1" 200 1083 "http://alex.jeb.ca/photoshop.html" "SiteSucker/2.1.4"
212.198.240.132 - - [27/Mar/2010:16:28:00 -0400] "GET /images/_portfolio/photoshop/pie_chart_sm.jpg HTTP/1.1" 200 1774 "http://alex.jeb.ca/photoshop.html" "SiteSucker/2.1.4"
212.198.240.132 - - [27/Mar/2010:16:28:00 -0400] "GET /images/_portfolio/photoshop/fulfillment_banner_sm.jpg HTTP/1.1" 200 959 "http://alex.jeb.ca/photoshop.html" "SiteSucker/2.1.4"
212.198.240.132 - - [27/Mar/2010:16:28:00 -0400] "GET /images/_portfolio/photoshop/dragon_statue_sm.jpg HTTP/1.1" 200 2402 "http://alex.jeb.ca/photoshop.html" "SiteSucker/2.1.4"
212.198.240.132 - - [27/Mar/2010:16:28:01 -0400] "GET /images/_portfolio/photoshop/graphics_banner_sm.jpg HTTP/1.1" 200 1946 "http://alex.jeb.ca/photoshop.html" "SiteSucker/2.1.4"
212.198.240.132 - - [27/Mar/2010:16:28:01 -0400] "GET /images/_portfolio/photoshop/fastco_building_sm.jpg HTTP/1.1" 200 1226 "http://alex.jeb.ca/photoshop.html" "SiteSucker/2.1.4"
212.198.240.132 - - [27/Mar/2010:16:28:01 -0400] "GET /images/_portfolio/photoshop/violin_sunset_sm.jpg HTTP/1.1" 200 1025 "http://alex.jeb.ca/photoshop.html" "SiteSucker/2.1.4"
212.198.240.132 - - [27/Mar/2010:16:28:01 -0400] "GET /images/_portfolio/photoshop/printing_banner_sm.jpg HTTP/1.1" 200 911 "http://alex.jeb.ca/photoshop.html" "SiteSucker/2.1.4"
212.198.240.132 - - [27/Mar/2010:16:28:01 -0400] "GET /images/_portfolio/illustrator/pineapples_sm.gif HTTP/1.1" 200 1972 "http://alex.jeb.ca/illustrator.html" "SiteSucker/2.1.4"
212.198.240.132 - - [27/Mar/2010:16:28:01 -0400] "GET /images/_portfolio/illustrator/castle_drawing_sm.gif HTTP/1.1" 200 748 "http://alex.jeb.ca/illustrator.html" "SiteSucker/2.1.4"
212.198.240.132 - - [27/Mar/2010:16:28:01 -0400] "GET /images/_portfolio/illustrator/women_flowers_sm.gif HTTP/1.1" 200 2504 "http://alex.jeb.ca/illustrator.html" "SiteSucker/2.1.4"
212.198.240.132 - - [27/Mar/2010:16:28:15 -0400] "GET /images/_portfolio/print/cd_spine_back.pdf HTTP/1.1" 200 98235 "-" "Mozilla/5.0 (Macintosh; U; PPC Mac OS X; en-us) AppleWebKit/412 (KHTML, like Gecko) Safari/YY/Adobe"
212.198.240.132 - - [27/Mar/2010:16:28:28 -0400] "GET /print.html HTTP/1.1" 200 4324 "-" "Safari5531.22.7 CFNetwork/438.14 Darwin/9.8.0 (Power%20Macintosh) (PowerBook5%2C5)"
212.198.240.132 - - [27/Mar/2010:16:28:30 -0400] "GET /print.html HTTP/1.1" 200 4324 "-" "Safari5531.22.7 CFNetwork/438.14 Darwin/9.8.0 (Power%20Macintosh) (PowerBook5%2C5)"
212.198.240.132 - - [27/Mar/2010:16:28:32 -0400] "GET /print.html HTTP/1.1" 200 4324 "-" "Safari5531.22.7 CFNetwork/438.14 Darwin/9.8.0 (Power%20Macintosh) (PowerBook5%2C5)"
212.198.240.132 - - [27/Mar/2010:16:28:34 -0400] "GET /print.html HTTP/1.1" 200 4324 "-" "Safari5531.22.7 CFNetwork/438.14 Darwin/9.8.0 (Power%20Macintosh) (PowerBook5%2C5)"
212.198.240.132 - - [27/Mar/2010:16:28:36 -0400] "GET /print.html HTTP/1.1" 200 4324 "-" "Safari5531.22.7 CFNetwork/438.14 Darwin/9.8.0 (Power%20Macintosh) (PowerBook5%2C5)"
212.198.240.132 - - [27/Mar/2010:16:28:37 -0400] "GET /photoshop.html HTTP/1.1" 200 7709 "http://alex.jeb.ca/print.html" "Mozilla/5.0 (Macintosh; U; PPC Mac OS X 10_5_8; fr-fr) AppleWebKit/531.22.7 (KHTML, like Gecko) Version/4.0.5 Safari/531.22.7"
212.198.240.132 - - [27/Mar/2010:16:28:37 -0400] "GET /images/_portfolio/photoshop/satelite_sm.gif HTTP/1.1" 200 1440 "http://alex.jeb.ca/photoshop.html" "Mozilla/5.0 (Macintosh; U; PPC Mac OS X 10_5_8; fr-fr) AppleWebKit/531.22.7 (KHTML, like Gecko) Version/4.0.5 Safari/531.22.7"
212.198.240.132 - - [27/Mar/2010:16:28:37 -0400] "GET /images/_portfolio/photoshop/fiber_optics_sm.gif HTTP/1.1" 200 1983 "http://alex.jeb.ca/photoshop.html" "Mozilla/5.0 (Macintosh; U; PPC Mac OS X 10_5_8; fr-fr) AppleWebKit/531.22.7 (KHTML, like Gecko) Version/4.0.5 Safari/531.22.7"
212.198.240.132 - - [27/Mar/2010:16:28:37 -0400] "GET /images/_portfolio/photoshop/telegraph_sm.gif HTTP/1.1" 200 1178 "http://alex.jeb.ca/photoshop.html" "Mozilla/5.0 (Macintosh; U; PPC Mac OS X 10_5_8; fr-fr) AppleWebKit/531.22.7 (KHTML, like Gecko) Version/4.0.5 Safari/531.22.7"
212.198.240.132 - - [27/Mar/2010:16:28:37 -0400] "GET /images/_portfolio/photoshop/telephone_wires_sm.jpg HTTP/1.1" 200 1213 "http://alex.jeb.ca/photoshop.html" "Mozilla/5.0 (Macintosh; U; PPC Mac OS X 10_5_8; fr-fr) AppleWebKit/531.22.7 (KHTML, like Gecko) Version/4.0.5 Safari/531.22.7"
212.198.240.132 - - [27/Mar/2010:16:28:37 -0400] "GET /images/_portfolio/photoshop/lightning_sm.jpg HTTP/1.1" 200 1083 "http://alex.jeb.ca/photoshop.html" "Mozilla/5.0 (Macintosh; U; PPC Mac OS X 10_5_8; fr-fr) AppleWebKit/531.22.7 (KHTML, like Gecko) Version/4.0.5 Safari/531.22.7"
212.198.240.132 - - [27/Mar/2010:16:28:37 -0400] "GET /images/_portfolio/photoshop/pie_chart_sm.jpg HTTP/1.1" 200 1774 "http://alex.jeb.ca/photoshop.html" "Mozilla/5.0 (Macintosh; U; PPC Mac OS X 10_5_8; fr-fr) AppleWebKit/531.22.7 (KHTML, like Gecko) Version/4.0.5 Safari/531.22.7"
212.198.240.132 - - [27/Mar/2010:16:28:37 -0400] "GET /images/_portfolio/photoshop/fulfillment_banner_sm.jpg HTTP/1.1" 200 959 "http://alex.jeb.ca/photoshop.html" "Mozilla/5.0 (Macintosh; U; PPC Mac OS X 10_5_8; fr-fr) AppleWebKit/531.22.7 (KHTML, like Gecko) Version/4.0.5 Safari/531.22.7"
212.198.240.132 - - [27/Mar/2010:16:28:38 -0400] "GET /images/_portfolio/photoshop/dragon_statue_sm.jpg HTTP/1.1" 200 2402 "http://alex.jeb.ca/photoshop.html" "Mozilla/5.0 (Macintosh; U; PPC Mac OS X 10_5_8; fr-fr) AppleWebKit/531.22.7 (KHTML, like Gecko) Version/4.0.5 Safari/531.22.7"
212.198.240.132 - - [27/Mar/2010:16:28:38 -0400] "GET /images/_portfolio/photoshop/graphics_banner_sm.jpg HTTP/1.1" 200 1946 "http://alex.jeb.ca/photoshop.html" "Mozilla/5.0 (Macintosh; U; PPC Mac OS X 10_5_8; fr-fr) AppleWebKit/531.22.7 (KHTML, like Gecko) Version/4.0.5 Safari/531.22.7"
212.198.240.132 - - [27/Mar/2010:16:28:38 -0400] "GET /images/_portfolio/photoshop/violin_sunset_sm.jpg HTTP/1.1" 200 1025 "http://alex.jeb.ca/photoshop.html" "Mozilla/5.0 (Macintosh; U; PPC Mac OS X 10_5_8; fr-fr) AppleWebKit/531.22.7 (KHTML, like Gecko) Version/4.0.5 Safari/531.22.7"
212.198.240.132 - - [27/Mar/2010:16:28:38 -0400] "GET /images/_portfolio/photoshop/printing_banner_sm.jpg HTTP/1.1" 200 911 "http://alex.jeb.ca/photoshop.html" "Mozilla/5.0 (Macintosh; U; PPC Mac OS X 10_5_8; fr-fr) AppleWebKit/531.22.7 (KHTML, like Gecko) Version/4.0.5 Safari/531.22.7"
212.198.240.132 - - [27/Mar/2010:16:28:39 -0400] "GET /images/_portfolio/photoshop/fastco_building_sm.jpg HTTP/1.1" 200 1226 "http://alex.jeb.ca/photoshop.html" "Mozilla/5.0 (Macintosh; U; PPC Mac OS X 10_5_8; fr-fr) AppleWebKit/531.22.7 (KHTML, like Gecko) Version/4.0.5 Safari/531.22.7"
212.198.240.132 - - [27/Mar/2010:16:28:44 -0400] "GET /images/_portfolio/photoshop/printing_banner.gif HTTP/1.1" 200 17936 "-" "Mozilla/5.0 (Macintosh; U; PPC Mac OS X 10_5_8; fr-fr) AppleWebKit/531.22.7 (KHTML, like Gecko) Version/4.0.5 Safari/531.22.7"
212.198.240.132 - - [27/Mar/2010:16:28:14 -0400] "GET /images/_portfolio/print/cd_spine_back.pdf HTTP/1.1" 200 98235 "http://alex.jeb.ca/print.html" "Mozilla/5.0 (Macintosh; U; PPC Mac OS X 10_5_8; fr-fr) AppleWebKit/531.22.7 (KHTML, like Gecko) Version/4.0.5 Safari/531.22.7"
66.249.71.242 - - [27/Mar/2010:21:30:18 -0400] "GET /robots.txt HTTP/1.1" 404 269 "-" "Googlebot-Image/1.0"
66.249.71.242 - - [27/Mar/2010:21:30:18 -0400] "GET /images/_portfolio/web_pages/havlat_photography.gif HTTP/1.1" 304 - "-" "Googlebot-Image/1.0"
65.55.207.29 - - [27/Mar/2010:23:51:39 -0400] "GET /robots.txt HTTP/1.1" 404 269 "-" "msnbot/2.0b (+http://search.msn.com/msnbot.htm)"
95.108.128.241 - - [28/Mar/2010:03:35:24 -0400] "GET /robots.txt HTTP/1.1" 404 269 "-" "Yandex/1.01.001 (compatible; Win16; I)"
95.108.128.241 - - [28/Mar/2010:10:59:20 -0400] "GET /flash.html HTTP/1.1" 304 - "-" "Yandex/1.01.001 (compatible; Win16; I)"
67.218.116.130 - - [28/Mar/2010:15:44:21 -0400] "GET /robots.txt HTTP/1.1" 404 269 "-" "Mozilla/5.0 (Twiceler-0.9 http://www.cuil.com/twiceler/robot.html)"
65.55.207.74 - - [28/Mar/2010:17:45:58 -0400] "GET /robots.txt HTTP/1.1" 404 269 "-" "msnbot/2.0b (+http://search.msn.com/msnbot.htm)"
117.198.178.87 - - [28/Mar/2010:18:02:04 -0400] "GET /flash.html HTTP/1.1" 200 4756 "http://images.google.co.in/imgres?imgurl=http://alex.jeb.ca/images/_portfolio/flash/annimated_butterfly.gif&imgrefurl=http://alex.jeb.ca/flash.html&usg=__tNaqVupFHVpi2fP0IaPPNBcTjVM=&h=75&w=75&sz=1&hl=en&start=130&itbs=1&tbnid=q9i2dvIuXdOzUM:&tbnh=71&tbnw=71&prev=/images%3Fq%3Danimated%2Bbutterfly%2Bgif%26start%3D126%26hl%3Den%26sa%3DN%26gbv%3D2%26ndsp%3D18%26tbs%3Disch:1" "Opera/9.80 (Windows NT 6.1; U; en) Presto/2.2.15 Version/10.10"
117.198.178.87 - - [28/Mar/2010:18:02:05 -0400] "GET /main.js HTTP/1.1" 200 5103 "http://alex.jeb.ca/flash.html" "Opera/9.80 (Windows NT 6.1; U; en) Presto/2.2.15 Version/10.10"
117.198.178.87 - - [28/Mar/2010:18:02:05 -0400] "GET /images/_portfolio/flash/annimated_butterfly.gif HTTP/1.1" 200 514 "http://images.google.co.in/imgres?imgurl=http://alex.jeb.ca/images/_portfolio/flash/annimated_butterfly.gif&imgrefurl=http://alex.jeb.ca/flash.html&usg=__tNaqVupFHVpi2fP0IaPPNBcTjVM=&h=75&w=75&sz=1&hl=en&start=130&itbs=1&tbnid=q9i2dvIuXdOzUM:&tbnh=71&tbnw=71&prev=/images%3Fq%3Danimated%2Bbutterfly%2Bgif%26start%3D126%26hl%3Den%26sa%3DN%26gbv%3D2%26ndsp%3D18%26tbs%3Disch:1" "Opera/9.80 (Windows NT 6.1; U; en) Presto/2.2.15 Version/10.10"
117.198.178.87 - - [28/Mar/2010:18:02:06 -0400] "GET /index.css HTTP/1.1" 200 962 "http://alex.jeb.ca/flash.html" "Opera/9.80 (Windows NT 6.1; U; en) Presto/2.2.15 Version/10.10"
117.198.178.87 - - [28/Mar/2010:18:02:06 -0400] "GET /top_nav.css HTTP/1.1" 200 841 "http://alex.jeb.ca/flash.html" "Opera/9.80 (Windows NT 6.1; U; en) Presto/2.2.15 Version/10.10"
38.99.96.149 - - [28/Mar/2010:20:57:05 -0400] "GET /robots.txt HTTP/1.1" 404 269 "-" "Mozilla/5.0 (compatible; ScoutJet; +http://www.scoutjet.com/)"
38.99.96.149 - - [28/Mar/2010:20:57:07 -0400] "GET /email/origins.html HTTP/1.1" 404 277 "-" "Mozilla/5.0 (compatible; ScoutJet; +http://www.scoutjet.com/)"
66.249.71.242 - - [29/Mar/2010:00:01:06 -0400] "GET /robots.txt HTTP/1.1" 404 269 "-" "Googlebot-Image/1.0"
66.249.71.242 - - [29/Mar/2010:00:01:06 -0400] "GET /images/_portfolio/print/agence_lb.gif HTTP/1.1" 304 - "-" "Googlebot-Image/1.0"
66.249.71.242 - - [29/Mar/2010:02:32:41 -0400] "GET /images/_portfolio/web_pages/email.gif HTTP/1.1" 304 - "-" "Googlebot-Image/1.0"
174.129.72.244 - - [29/Mar/2010:13:43:00 -0400] "GET /robots.txt HTTP/1.1" 404 269 "-" "Mozilla/5.0 (compatible; spbot/2.0.2; +http://www.seoprofiler.com/bot/ )"
174.129.72.244 - - [29/Mar/2010:13:43:00 -0400] "GET / HTTP/1.1" 200 1984 "-" "Mozilla/5.0 (compatible; spbot/2.0.2; +http://www.seoprofiler.com/bot/ )"
174.129.72.244 - - [29/Mar/2010:13:43:40 -0400] "GET /robots.txt HTTP/1.1" 404 269 "-" "Mozilla/5.0 (compatible; spbot/2.0.2; +http://www.seoprofiler.com/bot/ )"
174.129.72.244 - - [29/Mar/2010:13:43:40 -0400] "GET /photoshop.html HTTP/1.1" 200 7709 "-" "Mozilla/5.0 (compatible; spbot/2.0.2; +http://www.seoprofiler.com/bot/ )"
174.129.72.244 - - [29/Mar/2010:13:43:41 -0400] "GET /robots.txt HTTP/1.1" 404 269 "-" "Mozilla/5.0 (compatible; spbot/2.0.2; +http://www.seoprofiler.com/bot/ )"
174.129.72.244 - - [29/Mar/2010:13:43:41 -0400] "GET /robots.txt HTTP/1.1" 404 269 "-" "Mozilla/5.0 (compatible; spbot/2.0.2; +http://www.seoprofiler.com/bot/ )"
174.129.72.244 - - [29/Mar/2010:13:43:41 -0400] "GET /index.html HTTP/1.1" 200 1984 "-" "Mozilla/5.0 (compatible; spbot/2.0.2; +http://www.seoprofiler.com/bot/ )"
174.129.72.244 - - [29/Mar/2010:13:43:42 -0400] "GET /contact.html HTTP/1.1" 200 6927 "-" "Mozilla/5.0 (compatible; spbot/2.0.2; +http://www.seoprofiler.com/bot/ )"
67.218.116.130 - - [29/Mar/2010:15:33:20 -0400] "GET /robots.txt HTTP/1.1" 404 269 "-" "Mozilla/5.0 (Twiceler-0.9 http://www.cuil.com/twiceler/robot.html)"
66.249.71.242 - - [29/Mar/2010:22:00:16 -0400] "GET /robots.txt HTTP/1.1" 404 269 "-" "Googlebot-Image/1.0"
66.249.71.242 - - [29/Mar/2010:22:00:16 -0400] "GET /images/_portfolio/photoshop/printing_banner_sm.jpg HTTP/1.1" 304 - "-" "Googlebot-Image/1.0"
207.46.194.156 - - [30/Mar/2010:00:02:36 -0400] "GET /robots.txt HTTP/1.1" 404 269 "-" "msnbot-media/1.1 (+http://search.msn.com/msnbot.htm)"
207.46.194.156 - - [30/Mar/2010:00:02:36 -0400] "GET /images/_portfolio/illustrator/vine_alphabet_sm.gif HTTP/1.1" 200 642 "-" "msnbot-media/1.1 (+http://search.msn.com/msnbot.htm)"
207.46.194.156 - - [30/Mar/2010:00:02:36 -0400] "GET /illustrator.html HTTP/1.1" 200 6612 "-" "msnbot-media/1.1 (+http://search.msn.com/msnbot.htm)"
66.249.71.242 - - [30/Mar/2010:00:12:20 -0400] "GET /images/_portfolio/photoshop/fiber_optics_sm.gif HTTP/1.1" 304 - "-" "Googlebot-Image/1.0"
95.108.128.241 - - [30/Mar/2010:03:41:43 -0400] "GET /robots.txt HTTP/1.1" 404 269 "-" "Yandex/1.01.001 (compatible; Win16; I)"
174.129.112.194 - - [30/Mar/2010:06:18:22 -0400] "GET /robots.txt HTTP/1.1" 404 269 "-" "Mozilla/5.0 (compatible; spbot/2.0.2; +http://www.seoprofiler.com/bot/ )"
174.129.112.194 - - [30/Mar/2010:06:18:22 -0400] "GET /pages.html HTTP/1.1" 200 4692 "-" "Mozilla/5.0 (compatible; spbot/2.0.2; +http://www.seoprofiler.com/bot/ )"
174.129.112.194 - - [30/Mar/2010:06:19:29 -0400] "GET /robots.txt HTTP/1.1" 404 269 "-" "Mozilla/5.0 (compatible; spbot/2.0.2; +http://www.seoprofiler.com/bot/ )"
174.129.112.194 - - [30/Mar/2010:06:19:29 -0400] "GET /flash.html HTTP/1.1" 200 4756 "-" "Mozilla/5.0 (compatible; spbot/2.0.2; +http://www.seoprofiler.com/bot/ )"
65.55.106.115 - - [30/Mar/2010:08:20:42 -0400] "GET /robots.txt HTTP/1.1" 404 269 "-" "msnbot/2.0b (+http://search.msn.com/msnbot.htm)"
95.108.128.241 - - [30/Mar/2010:14:35:07 -0400] "GET / HTTP/1.1" 200 1984 "-" "Yandex/1.01.001 (compatible; Win16; I)"
207.46.199.182 - - [30/Mar/2010:15:49:32 -0400] "GET /robots.txt HTTP/1.1" 404 269 "-" "msnbot/2.0b (+http://search.msn.com/msnbot.htm)"
65.55.207.120 - - [30/Mar/2010:19:05:30 -0400] "GET /robots.txt HTTP/1.1" 404 269 "-" "msnbot/2.0b (+http://search.msn.com/msnbot.htm)"
95.108.128.241 - - [30/Mar/2010:20:43:02 -0400] "GET /robots.txt HTTP/1.1" 404 269 "-" "Yandex/1.01.001 (compatible; Win16; I)"
66.249.71.239 - - [30/Mar/2010:22:03:53 -0400] "GET /robots.txt HTTP/1.1" 404 269 "-" "Googlebot-Image/1.0"
66.249.71.239 - - [30/Mar/2010:22:03:53 -0400] "GET /images/_portfolio/illustrator/castle_drawing_sm.gif HTTP/1.1" 304 - "-" "Googlebot-Image/1.0"
65.55.207.94 - - [30/Mar/2010:22:14:26 -0400] "GET /robots.txt HTTP/1.1" 404 269 "-" "msnbot/2.0b (+http://search.msn.com/msnbot.htm)"
67.195.114.29 - - [30/Mar/2010:23:59:06 -0400] "GET /robots.txt HTTP/1.0" 404 269 "-" "Mozilla/5.0 (compatible; Yahoo! Slurp; http://help.yahoo.com/help/us/ysearch/slurp)"
67.195.114.29 - - [30/Mar/2010:23:59:06 -0400] "GET / HTTP/1.0" 200 1984 "-" "Mozilla/5.0 (compatible; Yahoo! Slurp/3.0; http://help.yahoo.com/help/us/ysearch/slurp)"
67.195.114.29 - - [30/Mar/2010:23:59:08 -0400] "GET /index.css HTTP/1.0" 200 962 "http://alex.jeb.ca/" "Mozilla/5.0 (compatible; Yahoo! Slurp/3.0; http://help.yahoo.com/help/us/ysearch/slurp)"
67.195.114.29 - - [30/Mar/2010:23:59:09 -0400] "GET /top_nav.css HTTP/1.0" 200 841 "http://alex.jeb.ca/" "Mozilla/5.0 (compatible; Yahoo! Slurp/3.0; http://help.yahoo.com/help/us/ysearch/slurp)"
95.108.128.241 - - [31/Mar/2010:01:36:38 -0400] "GET /index.html HTTP/1.1" 200 1984 "-" "Yandex/1.01.001 (compatible; Win16; I)"
207.46.199.199 - - [31/Mar/2010:02:22:38 -0400] "GET /robots.txt HTTP/1.1" 404 269 "-" "msnbot/2.0b (+http://search.msn.com/msnbot.htm)"
66.249.71.239 - - [31/Mar/2010:03:40:41 -0400] "GET /images/_portfolio/photoshop/violin_sunset_sm.jpg HTTP/1.1" 304 - "-" "Googlebot-Image/1.0"
66.249.71.239 - - [31/Mar/2010:05:52:51 -0400] "GET / HTTP/1.1" 200 1984 "-" "Mozilla/5.0 (compatible; Googlebot/2.1; +http://www.google.com/bot.html)"
95.108.128.241 - - [31/Mar/2010:06:16:00 -0400] "GET /print.html HTTP/1.1" 304 - "-" "Yandex/1.01.001 (compatible; Win16; I)"
95.108.128.241 - - [31/Mar/2010:10:55:21 -0400] "GET /illustrator.html HTTP/1.1" 304 - "-" "Yandex/1.01.001 (compatible; Win16; I)"
184.73.20.235 - - [31/Mar/2010:11:59:00 -0400] "GET /robots.txt HTTP/1.1" 404 269 "-" "Mozilla/5.0 (compatible; spbot/2.0.2; +http://www.seoprofiler.com/bot/ )"
184.73.20.235 - - [31/Mar/2010:11:59:00 -0400] "GET /illustrator.html HTTP/1.1" 200 6612 "-" "Mozilla/5.0 (compatible; spbot/2.0.2; +http://www.seoprofiler.com/bot/ )"
66.249.71.239 - - [31/Mar/2010:22:00:12 -0400] "GET /robots.txt HTTP/1.1" 404 269 "-" "Googlebot-Image/1.0"
66.249.71.239 - - [31/Mar/2010:22:00:12 -0400] "GET /images/_portfolio/photoshop/satelite_sm.gif HTTP/1.1" 304 - "-" "Googlebot-Image/1.0"
95.108.128.241 - - [01/Apr/2010:10:04:10 -0400] "GET /robots.txt HTTP/1.1" 404 269 "-" "Yandex/1.01.001 (compatible; Win16; I)"
65.55.106.133 - - [01/Apr/2010:13:35:30 -0400] "GET /robots.txt HTTP/1.1" 404 269 "-" "msnbot/2.0b (+http://search.msn.com/msnbot.htm)"
65.55.106.133 - - [01/Apr/2010:15:50:29 -0400] "GET /robots.txt HTTP/1.1" 404 269 "-" "msnbot/2.0b (+http://search.msn.com/msnbot.htm)"
67.218.116.130 - - [01/Apr/2010:16:06:00 -0400] "GET /robots.txt HTTP/1.1" 404 269 "-" "Mozilla/5.0 (Twiceler-0.9 http://www.cuil.com/twiceler/robot.html)"
65.55.207.123 - - [01/Apr/2010:18:27:23 -0400] "GET /robots.txt HTTP/1.1" 404 269 "-" "msnbot/2.0b (+http://search.msn.com/msnbot.htm)"
65.55.207.123 - - [01/Apr/2010:19:30:35 -0400] "GET /robots.txt HTTP/1.1" 404 269 "-" "msnbot/2.0b (+http://search.msn.com/msnbot.htm)"
38.99.96.149 - - [01/Apr/2010:20:34:48 -0400] "GET /robots.txt HTTP/1.1" 404 269 "-" "Mozilla/5.0 (compatible; ScoutJet; +http://www.scoutjet.com/)"
38.99.96.149 - - [01/Apr/2010:20:34:52 -0400] "GET /email/origins.html HTTP/1.1" 404 277 "-" "Mozilla/5.0 (compatible; ScoutJet; +http://www.scoutjet.com/)"
38.99.96.149 - - [01/Apr/2010:20:34:56 -0400] "GET /favicon.ico HTTP/1.1" 200 1150 "-" "Mozilla/5.0 (compatible; ScoutJet; +http://www.scoutjet.com/)"
66.249.71.239 - - [01/Apr/2010:22:28:52 -0400] "GET /robots.txt HTTP/1.1" 404 269 "-" "Googlebot-Image/1.0"
66.249.71.239 - - [01/Apr/2010:22:28:52 -0400] "GET /images/_portfolio/web_pages/raris.gif HTTP/1.1" 304 - "-" "Googlebot-Image/1.0"
91.124.198.148 - - [01/Apr/2010:23:51:56 -0400] "GET /contact.html HTTP/1.0" 200 6927 "http://alex.jeb.ca/contact.html" "Mozilla/4.0 (compatible; MSIE 6.0; Windows NT 5.1; ru) Opera 8.01"
91.124.198.148 - - [01/Apr/2010:23:51:57 -0400] "POST /formmail.php HTTP/1.0" 200 361 "http://alex.jeb.ca/contact.html" "Mozilla/4.0 (compatible; MSIE 6.0; Windows NT 5.1; ru) Opera 8.01"
65.55.207.28 - - [02/Apr/2010:02:04:25 -0400] "GET /robots.txt HTTP/1.1" 404 269 "-" "msnbot/2.0b (+http://search.msn.com/msnbot.htm)"
95.108.128.241 - - [02/Apr/2010:02:06:24 -0400] "GET /robots.txt HTTP/1.1" 404 269 "-" "Yandex/1.01.001 (compatible; Win16; I)"
207.46.199.182 - - [02/Apr/2010:03:20:23 -0400] "GET /robots.txt HTTP/1.1" 404 269 "-" "msnbot/2.0b (+http://search.msn.com/msnbot.htm)"
207.46.199.38 - - [02/Apr/2010:05:54:21 -0400] "GET /robots.txt HTTP/1.1" 404 269 "-" "msnbot/2.0b (+http://search.msn.com/msnbot.htm)"
207.46.199.38 - - [02/Apr/2010:05:55:00 -0400] "GET /email/origins.html HTTP/1.1" 404 277 "-" "msnbot/2.0b (+http://search.msn.com/msnbot.htm)"
95.108.128.241 - - [02/Apr/2010:09:14:02 -0400] "GET /contact.html HTTP/1.1" 304 - "-" "Yandex/1.01.001 (compatible; Win16; I)"
66.249.71.187 - - [02/Apr/2010:09:38:55 -0400] "GET /images/_portfolio/photoshop/telephone_wires_sm.jpg HTTP/1.1" 304 - "-" "Googlebot-Image/1.0"
38.99.96.149 - - [02/Apr/2010:14:19:38 -0400] "GET /robots.txt HTTP/1.1" 404 269 "-" "Mozilla/5.0 (compatible; ScoutJet; +http://www.scoutjet.com/)"
38.99.96.149 - - [02/Apr/2010:14:19:40 -0400] "GET / HTTP/1.1" 200 1984 "-" "Mozilla/5.0 (compatible; ScoutJet; +http://www.scoutjet.com/)"
67.218.116.130 - - [02/Apr/2010:15:49:11 -0400] "GET /robots.txt HTTP/1.1" 404 269 "-" "Mozilla/5.0 (Twiceler-0.9 http://www.cuil.com/twiceler/robot.html)"
65.55.216.55 - - [02/Apr/2010:18:51:32 -0400] "GET /robots.txt HTTP/1.1" 404 269 "-" "msnbot/2.0b (+http://search.msn.com/msnbot.htm)"
207.46.199.188 - - [03/Apr/2010:03:31:32 -0400] "GET /robots.txt HTTP/1.1" 404 269 "-" "msnbot/2.0b (+http://search.msn.com/msnbot.htm)"
207.46.204.235 - - [03/Apr/2010:07:05:48 -0400] "GET /robots.txt HTTP/1.1" 404 269 "-" "msnbot/2.0b (+http://search.msn.com/msnbot.htm)"
207.46.204.235 - - [03/Apr/2010:07:06:37 -0400] "GET /email/origins.html HTTP/1.1" 404 277 "-" "msnbot/2.0b (+http://search.msn.com/msnbot.htm)"
95.108.128.241 - - [03/Apr/2010:10:30:06 -0400] "GET /robots.txt HTTP/1.1" 404 269 "-" "Yandex/1.01.001 (compatible; Win16; I)"
65.55.215.75 - - [03/Apr/2010:11:15:55 -0400] "GET /robots.txt HTTP/1.1" 404 269 "-" "msnbot/2.0b (+http://search.msn.com/msnbot.htm)"
72.48.205.49 - - [03/Apr/2010:12:20:39 -0400] "GET /illustrator.html HTTP/1.1" 200 6612 "http://images.google.com/imgres?imgurl=http://alex.jeb.ca/images/_portfolio/illustrator/vine_alphabet_sm.gif&imgrefurl=http://alex.jeb.ca/illustrator.html&usg=__ruwXb2h9tDVhSmRkul972rEIfrk=&h=75&w=75&sz=1&hl=en&start=10&um=1&itbs=1&tbnid=wIytvYj8Km7OoM:&tbnh=71&tbnw=71&prev=/images%3Fq%3Dvine%2Balphabet%26um%3D1%26hl%3Den%26tbs%3Disch:1" "Mozilla/4.0 (compatible; MSIE 8.0; Windows NT 6.1; WOW64; Trident/4.0; SLCC2; .NET CLR 2.0.50727; .NET CLR 3.5.30729; .NET CLR 3.0.30729; Media Center PC 6.0)"
72.48.205.49 - - [03/Apr/2010:12:20:39 -0400] "GET /index.css HTTP/1.1" 200 962 "http://alex.jeb.ca/illustrator.html" "Mozilla/4.0 (compatible; MSIE 8.0; Windows NT 6.1; WOW64; Trident/4.0; SLCC2; .NET CLR 2.0.50727; .NET CLR 3.5.30729; .NET CLR 3.0.30729; Media Center PC 6.0)"
72.48.205.49 - - [03/Apr/2010:12:20:39 -0400] "GET /top_nav.css HTTP/1.1" 200 841 "http://alex.jeb.ca/illustrator.html" "Mozilla/4.0 (compatible; MSIE 8.0; Windows NT 6.1; WOW64; Trident/4.0; SLCC2; .NET CLR 2.0.50727; .NET CLR 3.5.30729; .NET CLR 3.0.30729; Media Center PC 6.0)"
72.48.205.49 - - [03/Apr/2010:12:20:39 -0400] "GET /main.js HTTP/1.1" 200 5103 "http://alex.jeb.ca/illustrator.html" "Mozilla/4.0 (compatible; MSIE 8.0; Windows NT 6.1; WOW64; Trident/4.0; SLCC2; .NET CLR 2.0.50727; .NET CLR 3.5.30729; .NET CLR 3.0.30729; Media Center PC 6.0)"
72.48.205.49 - - [03/Apr/2010:12:20:40 -0400] "GET /images/_portfolio/illustrator/wine_label_sm.gif HTTP/1.1" 200 1240 "http://alex.jeb.ca/illustrator.html" "Mozilla/4.0 (compatible; MSIE 8.0; Windows NT 6.1; WOW64; Trident/4.0; SLCC2; .NET CLR 2.0.50727; .NET CLR 3.5.30729; .NET CLR 3.0.30729; Media Center PC 6.0)"
72.48.205.49 - - [03/Apr/2010:12:20:40 -0400] "GET /images/_portfolio/illustrator/01_graph_sm.gif HTTP/1.1" 200 2115 "http://alex.jeb.ca/illustrator.html" "Mozilla/4.0 (compatible; MSIE 8.0; Windows NT 6.1; WOW64; Trident/4.0; SLCC2; .NET CLR 2.0.50727; .NET CLR 3.5.30729; .NET CLR 3.0.30729; Media Center PC 6.0)"
72.48.205.49 - - [03/Apr/2010:12:20:40 -0400] "GET /images/bg.gif HTTP/1.1" 200 519 "http://alex.jeb.ca/illustrator.html" "Mozilla/4.0 (compatible; MSIE 8.0; Windows NT 6.1; WOW64; Trident/4.0; SLCC2; .NET CLR 2.0.50727; .NET CLR 3.5.30729; .NET CLR 3.0.30729; Media Center PC 6.0)"
72.48.205.49 - - [03/Apr/2010:12:20:40 -0400] "GET /images/_portfolio/illustrator/02_graph_sm.gif HTTP/1.1" 200 1405 "http://alex.jeb.ca/illustrator.html" "Mozilla/4.0 (compatible; MSIE 8.0; Windows NT 6.1; WOW64; Trident/4.0; SLCC2; .NET CLR 2.0.50727; .NET CLR 3.5.30729; .NET CLR 3.0.30729; Media Center PC 6.0)"
72.48.205.49 - - [03/Apr/2010:12:20:40 -0400] "GET /images/_portfolio/illustrator/women_flowers_sm.gif HTTP/1.1" 200 2504 "http://alex.jeb.ca/illustrator.html" "Mozilla/4.0 (compatible; MSIE 8.0; Windows NT 6.1; WOW64; Trident/4.0; SLCC2; .NET CLR 2.0.50727; .NET CLR 3.5.30729; .NET CLR 3.0.30729; Media Center PC 6.0)"
72.48.205.49 - - [03/Apr/2010:12:20:40 -0400] "GET /images/left.gif HTTP/1.1" 200 493 "http://alex.jeb.ca/illustrator.html" "Mozilla/4.0 (compatible; MSIE 8.0; Windows NT 6.1; WOW64; Trident/4.0; SLCC2; .NET CLR 2.0.50727; .NET CLR 3.5.30729; .NET CLR 3.0.30729; Media Center PC 6.0)"
72.48.205.49 - - [03/Apr/2010:12:20:40 -0400] "GET /images/on_left.gif HTTP/1.1" 200 478 "http://alex.jeb.ca/illustrator.html" "Mozilla/4.0 (compatible; MSIE 8.0; Windows NT 6.1; WOW64; Trident/4.0; SLCC2; .NET CLR 2.0.50727; .NET CLR 3.5.30729; .NET CLR 3.0.30729; Media Center PC 6.0)"
72.48.205.49 - - [03/Apr/2010:12:20:40 -0400] "GET /images/_portfolio/illustrator/venus_butterfly_flyer_sm.gif HTTP/1.1" 200 856 "http://alex.jeb.ca/illustrator.html" "Mozilla/4.0 (compatible; MSIE 8.0; Windows NT 6.1; WOW64; Trident/4.0; SLCC2; .NET CLR 2.0.50727; .NET CLR 3.5.30729; .NET CLR 3.0.30729; Media Center PC 6.0)"
72.48.205.49 - - [03/Apr/2010:12:20:40 -0400] "GET /images/_portfolio/illustrator/fleur_de_lis_sm.gif HTTP/1.1" 200 960 "http://alex.jeb.ca/illustrator.html" "Mozilla/4.0 (compatible; MSIE 8.0; Windows NT 6.1; WOW64; Trident/4.0; SLCC2; .NET CLR 2.0.50727; .NET CLR 3.5.30729; .NET CLR 3.0.30729; Media Center PC 6.0)"
72.48.205.49 - - [03/Apr/2010:12:20:40 -0400] "GET /images/right.gif HTTP/1.1" 200 1986 "http://alex.jeb.ca/illustrator.html" "Mozilla/4.0 (compatible; MSIE 8.0; Windows NT 6.1; WOW64; Trident/4.0; SLCC2; .NET CLR 2.0.50727; .NET CLR 3.5.30729; .NET CLR 3.0.30729; Media Center PC 6.0)"
72.48.205.49 - - [03/Apr/2010:12:20:40 -0400] "GET /images/_portfolio/illustrator/maple_leaf_sm.gif HTTP/1.1" 200 897 "http://alex.jeb.ca/illustrator.html" "Mozilla/4.0 (compatible; MSIE 8.0; Windows NT 6.1; WOW64; Trident/4.0; SLCC2; .NET CLR 2.0.50727; .NET CLR 3.5.30729; .NET CLR 3.0.30729; Media Center PC 6.0)"
72.48.205.49 - - [03/Apr/2010:12:20:40 -0400] "GET /images/_portfolio/illustrator/vine_alphabet_sm.gif HTTP/1.1" 200 642 "http://alex.jeb.ca/illustrator.html" "Mozilla/4.0 (compatible; MSIE 8.0; Windows NT 6.1; WOW64; Trident/4.0; SLCC2; .NET CLR 2.0.50727; .NET CLR 3.5.30729; .NET CLR 3.0.30729; Media Center PC 6.0)"
72.48.205.49 - - [03/Apr/2010:12:20:40 -0400] "GET /images/_portfolio/illustrator/pineapples_sm.gif HTTP/1.1" 200 1972 "http://alex.jeb.ca/illustrator.html" "Mozilla/4.0 (compatible; MSIE 8.0; Windows NT 6.1; WOW64; Trident/4.0; SLCC2; .NET CLR 2.0.50727; .NET CLR 3.5.30729; .NET CLR 3.0.30729; Media Center PC 6.0)"
72.48.205.49 - - [03/Apr/2010:12:20:40 -0400] "GET /images/_portfolio/illustrator/castle_drawing_sm.gif HTTP/1.1" 200 748 "http://alex.jeb.ca/illustrator.html" "Mozilla/4.0 (compatible; MSIE 8.0; Windows NT 6.1; WOW64; Trident/4.0; SLCC2; .NET CLR 2.0.50727; .NET CLR 3.5.30729; .NET CLR 3.0.30729; Media Center PC 6.0)"
72.48.205.49 - - [03/Apr/2010:12:20:40 -0400] "GET /images/on_right.gif HTTP/1.1" 200 1971 "http://alex.jeb.ca/illustrator.html" "Mozilla/4.0 (compatible; MSIE 8.0; Windows NT 6.1; WOW64; Trident/4.0; SLCC2; .NET CLR 2.0.50727; .NET CLR 3.5.30729; .NET CLR 3.0.30729; Media Center PC 6.0)"
72.48.205.49 - - [03/Apr/2010:12:20:41 -0400] "GET /favicon.ico HTTP/1.1" 200 1150 "-" "Mozilla/4.0 (compatible; MSIE 8.0; Windows NT 6.1; WOW64; Trident/4.0; SLCC2; .NET CLR 2.0.50727; .NET CLR 3.5.30729; .NET CLR 3.0.30729; Media Center PC 6.0)"
207.46.13.48 - - [03/Apr/2010:13:08:13 -0400] "GET /robots.txt HTTP/1.1" 404 269 "-" "msnbot/2.0b (+http://search.msn.com/msnbot.htm)"
207.46.13.48 - - [03/Apr/2010:13:09:03 -0400] "GET /email/origins.html HTTP/1.1" 404 277 "-" "msnbot/2.0b (+http://search.msn.com/msnbot.htm)"
95.108.128.241 - - [03/Apr/2010:18:13:00 -0400] "GET /robots.txt HTTP/1.1" 404 269 "-" "Yandex/1.01.001 (compatible; Win16; I)"
66.249.71.230 - - [03/Apr/2010:22:38:35 -0400] "GET /robots.txt HTTP/1.1" 404 269 "-" "Googlebot-Image/1.0"
66.249.71.230 - - [03/Apr/2010:22:38:35 -0400] "GET /images/_portfolio/print/cd_booklet.gif HTTP/1.1" 304 - "-" "Googlebot-Image/1.0"
95.108.128.241 - - [03/Apr/2010:23:28:42 -0400] "GET / HTTP/1.1" 200 1984 "-" "Yandex/1.01.001 (compatible; Win16; I)"
66.249.71.230 - - [04/Apr/2010:02:09:59 -0400] "GET / HTTP/1.1" 200 1984 "-" "Mozilla/5.0 (compatible; Googlebot/2.1; +http://www.google.com/bot.html)"
95.108.128.241 - - [04/Apr/2010:03:33:05 -0400] "GET /index.html HTTP/1.1" 200 1984 "-" "Yandex/1.01.001 (compatible; Win16; I)"
66.249.71.230 - - [04/Apr/2010:04:13:20 -0400] "GET /images/_portfolio/web_pages/impressions.gif HTTP/1.1" 304 - "-" "Googlebot-Image/1.0"
184.59.79.74 - - [04/Apr/2010:07:12:24 -0400] "GET /illustrator.html HTTP/1.1" 200 6612 "http://images.google.com/imgres?imgurl=http://alex.jeb.ca/images/_portfolio/illustrator/vine_alphabet_sm.gif&imgrefurl=http://alex.jeb.ca/illustrator.html&usg=__ruwXb2h9tDVhSmRkul972rEIfrk=&h=75&w=75&sz=1&hl=en&start=10&um=1&itbs=1&tbnid=wIytvYj8Km7OoM:&tbnh=71&tbnw=71&prev=/images%3Fq%3Dvine%2Balphabet%26um%3D1%26hl%3Den%26tbs%3Disch:1" "Mozilla/4.0 (compatible; MSIE 7.0; Windows NT 5.1; Trident/4.0; FunWebProducts; GTB6; (R1 1.3); .NET CLR 1.1.4322)"
184.59.79.74 - - [04/Apr/2010:07:12:24 -0400] "GET /index.css HTTP/1.1" 200 962 "http://alex.jeb.ca/illustrator.html" "Mozilla/4.0 (compatible; MSIE 7.0; Windows NT 5.1; Trident/4.0; FunWebProducts; GTB6; (R1 1.3); .NET CLR 1.1.4322)"
184.59.79.74 - - [04/Apr/2010:07:12:24 -0400] "GET /top_nav.css HTTP/1.1" 200 841 "http://alex.jeb.ca/illustrator.html" "Mozilla/4.0 (compatible; MSIE 7.0; Windows NT 5.1; Trident/4.0; FunWebProducts; GTB6; (R1 1.3); .NET CLR 1.1.4322)"
184.59.79.74 - - [04/Apr/2010:07:12:24 -0400] "GET /main.js HTTP/1.1" 200 5103 "http://alex.jeb.ca/illustrator.html" "Mozilla/4.0 (compatible; MSIE 7.0; Windows NT 5.1; Trident/4.0; FunWebProducts; GTB6; (R1 1.3); .NET CLR 1.1.4322)"
184.59.79.74 - - [04/Apr/2010:07:12:25 -0400] "GET /images/_portfolio/illustrator/wine_label_sm.gif HTTP/1.1" 200 1240 "http://alex.jeb.ca/illustrator.html" "Mozilla/4.0 (compatible; MSIE 7.0; Windows NT 5.1; Trident/4.0; FunWebProducts; GTB6; (R1 1.3); .NET CLR 1.1.4322)"
184.59.79.74 - - [04/Apr/2010:07:12:25 -0400] "GET /images/_portfolio/illustrator/01_graph_sm.gif HTTP/1.1" 200 2115 "http://alex.jeb.ca/illustrator.html" "Mozilla/4.0 (compatible; MSIE 7.0; Windows NT 5.1; Trident/4.0; FunWebProducts; GTB6; (R1 1.3); .NET CLR 1.1.4322)"
184.59.79.74 - - [04/Apr/2010:07:12:25 -0400] "GET /images/bg.gif HTTP/1.1" 200 519 "http://alex.jeb.ca/illustrator.html" "Mozilla/4.0 (compatible; MSIE 7.0; Windows NT 5.1; Trident/4.0; FunWebProducts; GTB6; (R1 1.3); .NET CLR 1.1.4322)"
184.59.79.74 - - [04/Apr/2010:07:12:25 -0400] "GET /images/left.gif HTTP/1.1" 200 493 "http://alex.jeb.ca/illustrator.html" "Mozilla/4.0 (compatible; MSIE 7.0; Windows NT 5.1; Trident/4.0; FunWebProducts; GTB6; (R1 1.3); .NET CLR 1.1.4322)"
184.59.79.74 - - [04/Apr/2010:07:12:25 -0400] "GET /images/_portfolio/illustrator/pineapples_sm.gif HTTP/1.1" 200 1972 "http://alex.jeb.ca/illustrator.html" "Mozilla/4.0 (compatible; MSIE 7.0; Windows NT 5.1; Trident/4.0; FunWebProducts; GTB6; (R1 1.3); .NET CLR 1.1.4322)"
184.59.79.74 - - [04/Apr/2010:07:12:25 -0400] "GET /images/_portfolio/illustrator/castle_drawing_sm.gif HTTP/1.1" 200 748 "http://alex.jeb.ca/illustrator.html" "Mozilla/4.0 (compatible; MSIE 7.0; Windows NT 5.1; Trident/4.0; FunWebProducts; GTB6; (R1 1.3); .NET CLR 1.1.4322)"
184.59.79.74 - - [04/Apr/2010:07:12:25 -0400] "GET /images/_portfolio/illustrator/women_flowers_sm.gif HTTP/1.1" 200 2504 "http://alex.jeb.ca/illustrator.html" "Mozilla/4.0 (compatible; MSIE 7.0; Windows NT 5.1; Trident/4.0; FunWebProducts; GTB6; (R1 1.3); .NET CLR 1.1.4322)"
184.59.79.74 - - [04/Apr/2010:07:12:25 -0400] "GET /images/_portfolio/illustrator/02_graph_sm.gif HTTP/1.1" 200 1405 "http://alex.jeb.ca/illustrator.html" "Mozilla/4.0 (compatible; MSIE 7.0; Windows NT 5.1; Trident/4.0; FunWebProducts; GTB6; (R1 1.3); .NET CLR 1.1.4322)"
184.59.79.74 - - [04/Apr/2010:07:12:25 -0400] "GET /images/_portfolio/illustrator/fleur_de_lis_sm.gif HTTP/1.1" 200 960 "http://alex.jeb.ca/illustrator.html" "Mozilla/4.0 (compatible; MSIE 7.0; Windows NT 5.1; Trident/4.0; FunWebProducts; GTB6; (R1 1.3); .NET CLR 1.1.4322)"
184.59.79.74 - - [04/Apr/2010:07:12:25 -0400] "GET /images/_portfolio/illustrator/venus_butterfly_flyer_sm.gif HTTP/1.1" 200 856 "http://alex.jeb.ca/illustrator.html" "Mozilla/4.0 (compatible; MSIE 7.0; Windows NT 5.1; Trident/4.0; FunWebProducts; GTB6; (R1 1.3); .NET CLR 1.1.4322)"
184.59.79.74 - - [04/Apr/2010:07:12:25 -0400] "GET /images/on_left.gif HTTP/1.1" 200 478 "http://alex.jeb.ca/illustrator.html" "Mozilla/4.0 (compatible; MSIE 7.0; Windows NT 5.1; Trident/4.0; FunWebProducts; GTB6; (R1 1.3); .NET CLR 1.1.4322)"
184.59.79.74 - - [04/Apr/2010:07:12:25 -0400] "GET /images/_portfolio/illustrator/vine_alphabet_sm.gif HTTP/1.1" 200 642 "http://alex.jeb.ca/illustrator.html" "Mozilla/4.0 (compatible; MSIE 7.0; Windows NT 5.1; Trident/4.0; FunWebProducts; GTB6; (R1 1.3); .NET CLR 1.1.4322)"
184.59.79.74 - - [04/Apr/2010:07:12:25 -0400] "GET /images/_portfolio/illustrator/maple_leaf_sm.gif HTTP/1.1" 200 897 "http://alex.jeb.ca/illustrator.html" "Mozilla/4.0 (compatible; MSIE 7.0; Windows NT 5.1; Trident/4.0; FunWebProducts; GTB6; (R1 1.3); .NET CLR 1.1.4322)"
184.59.79.74 - - [04/Apr/2010:07:12:25 -0400] "GET /images/right.gif HTTP/1.1" 200 1986 "http://alex.jeb.ca/illustrator.html" "Mozilla/4.0 (compatible; MSIE 7.0; Windows NT 5.1; Trident/4.0; FunWebProducts; GTB6; (R1 1.3); .NET CLR 1.1.4322)"
184.59.79.74 - - [04/Apr/2010:07:12:25 -0400] "GET /images/on_right.gif HTTP/1.1" 200 1971 "http://alex.jeb.ca/illustrator.html" "Mozilla/4.0 (compatible; MSIE 7.0; Windows NT 5.1; Trident/4.0; FunWebProducts; GTB6; (R1 1.3); .NET CLR 1.1.4322)"
184.59.79.74 - - [04/Apr/2010:07:12:29 -0400] "GET /images/_portfolio/illustrator/vine_alphabet.gif HTTP/1.1" 200 14162 "http://alex.jeb.ca/illustrator.html" "Mozilla/4.0 (compatible; MSIE 8.0; Windows NT 5.1; Trident/4.0; FunWebProducts; GTB6; (R1 1.3); .NET CLR 1.1.4322)"
95.108.128.241 - - [04/Apr/2010:08:15:48 -0400] "GET /photoshop.html HTTP/1.1" 304 - "-" "Yandex/1.01.001 (compatible; Win16; I)"
95.108.128.241 - - [04/Apr/2010:12:58:30 -0400] "GET /print.html HTTP/1.1" 304 - "-" "Yandex/1.01.001 (compatible; Win16; I)"
67.218.116.130 - - [04/Apr/2010:13:45:45 -0400] "GET /robots.txt HTTP/1.1" 404 269 "-" "Mozilla/5.0 (Twiceler-0.9 http://www.cuil.com/twiceler/robot.html)"
95.108.128.241 - - [04/Apr/2010:20:19:08 -0400] "GET /robots.txt HTTP/1.1" 404 269 "-" "Yandex/1.01.001 (compatible; Win16; I)"
207.46.13.51 - - [04/Apr/2010:21:29:05 -0400] "GET /robots.txt HTTP/1.1" 404 269 "-" "msnbot/2.0b (+http://search.msn.com/msnbot.htm)"
207.46.13.51 - - [04/Apr/2010:21:30:03 -0400] "GET /email/origins.html HTTP/1.1" 404 277 "-" "msnbot/2.0b (+http://search.msn.com/msnbot.htm)"
66.249.71.230 - - [05/Apr/2010:03:08:21 -0400] "GET /robots.txt HTTP/1.1" 404 269 "-" "Googlebot-Image/1.0"
66.249.71.230 - - [05/Apr/2010:03:08:21 -0400] "GET /images/_portfolio/illustrator/02_graph_sm.gif HTTP/1.1" 304 - "-" "Googlebot-Image/1.0"
67.195.114.29 - - [05/Apr/2010:03:50:57 -0400] "GET /robots.txt HTTP/1.0" 404 269 "-" "Mozilla/5.0 (compatible; Yahoo! Slurp; http://help.yahoo.com/help/us/ysearch/slurp)"
67.195.114.29 - - [05/Apr/2010:03:50:57 -0400] "GET /flash.html HTTP/1.0" 200 4756 "-" "Mozilla/5.0 (compatible; Yahoo! Slurp/3.0; http://help.yahoo.com/help/us/ysearch/slurp)"
67.195.114.29 - - [05/Apr/2010:03:50:59 -0400] "GET /index.css HTTP/1.0" 200 962 "http://alex.jeb.ca/flash.html" "Mozilla/5.0 (compatible; Yahoo! Slurp/3.0; http://help.yahoo.com/help/us/ysearch/slurp)"
67.195.114.29 - - [05/Apr/2010:03:51:00 -0400] "GET /top_nav.css HTTP/1.0" 200 841 "http://alex.jeb.ca/flash.html" "Mozilla/5.0 (compatible; Yahoo! Slurp/3.0; http://help.yahoo.com/help/us/ysearch/slurp)"
95.108.128.241 - - [05/Apr/2010:04:31:12 -0400] "GET /pages.html HTTP/1.1" 304 - "-" "Yandex/1.01.001 (compatible; Win16; I)"
95.108.128.241 - - [05/Apr/2010:08:02:05 -0400] "GET /flash.html HTTP/1.1" 304 - "-" "Yandex/1.01.001 (compatible; Win16; I)"
65.55.207.74 - - [05/Apr/2010:12:39:09 -0400] "GET /robots.txt HTTP/1.1" 404 269 "-" "msnbot/2.0b (+http://search.msn.com/msnbot.htm)"
65.55.207.74 - - [05/Apr/2010:14:09:09 -0400] "GET /robots.txt HTTP/1.1" 404 269 "-" "msnbot/2.0b (+http://search.msn.com/msnbot.htm)"
65.55.207.74 - - [05/Apr/2010:15:18:21 -0400] "GET /robots.txt HTTP/1.1" 404 269 "-" "msnbot/2.0b (+http://search.msn.com/msnbot.htm)"
65.55.106.181 - - [05/Apr/2010:15:54:58 -0400] "GET /robots.txt HTTP/1.1" 404 269 "-" "msnbot/2.0b (+http://search.msn.com/msnbot.htm)"
65.55.106.181 - - [05/Apr/2010:17:08:36 -0400] "GET /robots.txt HTTP/1.1" 404 269 "-" "msnbot/2.0b (+http://search.msn.com/msnbot.htm)"
65.55.207.74 - - [05/Apr/2010:18:12:49 -0400] "GET /robots.txt HTTP/1.1" 404 269 "-" "msnbot/2.0b (+http://search.msn.com/msnbot.htm)"
65.55.207.74 - - [05/Apr/2010:18:24:30 -0400] "GET /robots.txt HTTP/1.1" 404 269 "-" "msnbot/2.0b (+http://search.msn.com/msnbot.htm)"
207.46.13.93 - - [05/Apr/2010:19:34:26 -0400] "GET /robots.txt HTTP/1.1" 404 269 "-" "msnbot/2.0b (+http://search.msn.com/msnbot.htm)"
207.46.13.93 - - [05/Apr/2010:19:35:20 -0400] "GET /email/origins.html HTTP/1.1" 404 277 "-" "msnbot/2.0b (+http://search.msn.com/msnbot.htm)"
207.46.199.198 - - [05/Apr/2010:20:01:57 -0400] "GET /robots.txt HTTP/1.1" 404 269 "-" "msnbot/2.0b (+http://search.msn.com/msnbot.htm)"
65.55.216.33 - - [05/Apr/2010:21:53:39 -0400] "GET /robots.txt HTTP/1.1" 404 269 "-" "msnbot/2.0b (+http://search.msn.com/msnbot.htm)"
66.249.71.149 - - [05/Apr/2010:23:09:58 -0400] "GET /robots.txt HTTP/1.1" 404 269 "-" "Googlebot-Image/1.0"
66.249.71.149 - - [05/Apr/2010:23:09:58 -0400] "GET /images/_portfolio/web_pages/golf_quiz.gif HTTP/1.1" 304 - "-" "Googlebot-Image/1.0"
65.55.216.33 - - [05/Apr/2010:23:33:12 -0400] "GET /robots.txt HTTP/1.1" 404 269 "-" "msnbot/2.0b (+http://search.msn.com/msnbot.htm)"
38.99.96.149 - - [05/Apr/2010:23:34:54 -0400] "GET /robots.txt HTTP/1.1" 404 269 "-" "Mozilla/5.0 (compatible; ScoutJet; +http://www.scoutjet.com/)"
38.99.96.149 - - [05/Apr/2010:23:35:08 -0400] "GET /email/origins.html HTTP/1.1" 404 277 "-" "Mozilla/5.0 (compatible; ScoutJet; +http://www.scoutjet.com/)"
38.99.96.149 - - [05/Apr/2010:23:35:36 -0400] "GET /favicon.ico HTTP/1.1" 200 1150 "-" "Mozilla/5.0 (compatible; ScoutJet; +http://www.scoutjet.com/)"
67.218.116.130 - - [06/Apr/2010:02:30:54 -0400] "GET /robots.txt HTTP/1.1" 404 269 "-" "Mozilla/5.0 (Twiceler-0.9 http://www.cuil.com/twiceler/robot.html)"
66.249.71.149 - - [06/Apr/2010:02:52:19 -0400] "GET /images/_portfolio/print/cd_spine_back.gif HTTP/1.1" 304 - "-" "Googlebot-Image/1.0"
95.108.128.241 - - [06/Apr/2010:03:52:57 -0400] "GET /robots.txt HTTP/1.1" 404 269 "-" "Yandex/1.01.001 (compatible; Win16; I)"
207.46.195.230 - - [06/Apr/2010:04:32:40 -0400] "GET /robots.txt HTTP/1.1" 404 269 "-" "msnbot/2.0b (+http://search.msn.com/msnbot.htm)"
207.46.195.230 - - [06/Apr/2010:04:33:45 -0400] "GET /email/origins.html HTTP/1.1" 404 277 "-" "msnbot/2.0b (+http://search.msn.com/msnbot.htm)"
66.249.71.149 - - [06/Apr/2010:07:04:01 -0400] "GET /email/origins.html HTTP/1.1" 404 277 "-" "Mozilla/5.0 (compatible; Googlebot/2.1; +http://www.google.com/bot.html)"
95.108.128.241 - - [06/Apr/2010:07:31:07 -0400] "GET /photoshop.html HTTP/1.1" 304 - "-" "Yandex/1.01.001 (compatible; Win16; I)"
66.249.71.149 - - [06/Apr/2010:10:19:05 -0400] "GET /robots.txt HTTP/1.1" 404 269 "-" "Googlebot-Image/1.0"
66.249.71.149 - - [06/Apr/2010:10:19:05 -0400] "GET /images/_portfolio/illustrator/women_flowers_sm.gif HTTP/1.1" 304 - "-" "Googlebot-Image/1.0"
67.195.114.29 - - [06/Apr/2010:13:18:12 -0400] "GET /robots.txt HTTP/1.0" 404 269 "-" "Mozilla/5.0 (compatible; Yahoo! Slurp; http://help.yahoo.com/help/us/ysearch/slurp)"
67.195.114.29 - - [06/Apr/2010:13:18:12 -0400] "GET /contact.html HTTP/1.0" 200 6927 "-" "Mozilla/5.0 (compatible; Yahoo! Slurp/3.0; http://help.yahoo.com/help/us/ysearch/slurp)"
67.195.114.29 - - [06/Apr/2010:13:18:15 -0400] "GET /index.css HTTP/1.0" 304 - "http://alex.jeb.ca/contact.html" "Mozilla/5.0 (compatible; Yahoo! Slurp/3.0; http://help.yahoo.com/help/us/ysearch/slurp)"
67.195.114.29 - - [06/Apr/2010:13:18:16 -0400] "GET /top_nav.css HTTP/1.0" 304 - "http://alex.jeb.ca/contact.html" "Mozilla/5.0 (compatible; Yahoo! Slurp/3.0; http://help.yahoo.com/help/us/ysearch/slurp)"
67.195.114.29 - - [06/Apr/2010:13:19:12 -0400] "GET /photoshop.html HTTP/1.0" 200 7709 "-" "Mozilla/5.0 (compatible; Yahoo! Slurp/3.0; http://help.yahoo.com/help/us/ysearch/slurp)"
95.108.128.241 - - [06/Apr/2010:18:14:10 -0400] "GET /contact.html HTTP/1.1" 304 - "-" "Yandex/1.01.001 (compatible; Win16; I)"
65.55.106.207 - - [06/Apr/2010:18:38:55 -0400] "GET /robots.txt HTTP/1.1" 404 269 "-" "msnbot/2.0b (+http://search.msn.com/msnbot.htm)"
67.202.62.167 - - [06/Apr/2010:20:20:21 -0400] "GET /robots.txt HTTP/1.1" 404 269 "-" "Mozilla/5.0 (compatible; spbot/2.0.2; +http://www.seoprofiler.com/bot/ )"
67.202.62.167 - - [06/Apr/2010:20:20:21 -0400] "GET /photoshop.html HTTP/1.1" 200 7709 "-" "Mozilla/5.0 (compatible; spbot/2.0.2; +http://www.seoprofiler.com/bot/ )"
207.46.199.201 - - [06/Apr/2010:20:51:35 -0400] "GET /robots.txt HTTP/1.1" 404 269 "-" "msnbot/2.0b (+http://search.msn.com/msnbot.htm)"
66.249.65.43 - - [06/Apr/2010:23:09:11 -0400] "GET /robots.txt HTTP/1.1" 404 269 "-" "Googlebot-Image/1.0"
66.249.65.43 - - [06/Apr/2010:23:09:11 -0400] "GET /images/_portfolio/web_pages/sellance.gif HTTP/1.1" 304 - "-" "Googlebot-Image/1.0"
95.108.128.241 - - [06/Apr/2010:23:53:20 -0400] "GET /robots.txt HTTP/1.1" 404 269 "-" "Yandex/1.01.001 (compatible; Win16; I)"
65.55.207.49 - - [07/Apr/2010:02:42:07 -0400] "GET /robots.txt HTTP/1.1" 404 269 "-" "msnbot/2.0b (+http://search.msn.com/msnbot.htm)"
95.108.128.241 - - [07/Apr/2010:04:20:24 -0400] "GET /pages.html HTTP/1.1" 304 - "-" "Yandex/1.01.001 (compatible; Win16; I)"
65.55.106.232 - - [07/Apr/2010:05:56:16 -0400] "GET /robots.txt HTTP/1.1" 404 269 "-" "msnbot/2.0b (+http://search.msn.com/msnbot.htm)"
95.108.128.241 - - [07/Apr/2010:06:14:52 -0400] "GET /flash.html HTTP/1.1" 304 - "-" "Yandex/1.01.001 (compatible; Win16; I)"
65.55.106.205 - - [07/Apr/2010:06:55:53 -0400] "GET /robots.txt HTTP/1.1" 404 269 "-" "msnbot/2.0b (+http://search.msn.com/msnbot.htm)"
65.55.106.232 - - [07/Apr/2010:09:45:31 -0400] "GET /robots.txt HTTP/1.1" 404 269 "-" "msnbot/2.0b (+http://search.msn.com/msnbot.htm)"
207.46.204.187 - - [07/Apr/2010:11:21:58 -0400] "GET /robots.txt HTTP/1.1" 404 269 "-" "msnbot/2.0b (+http://search.msn.com/msnbot.htm)"
207.46.204.187 - - [07/Apr/2010:11:23:09 -0400] "GET /email/origins.html HTTP/1.1" 404 277 "-" "msnbot/2.0b (+http://search.msn.com/msnbot.htm)"
65.55.106.205 - - [07/Apr/2010:11:54:03 -0400] "GET /robots.txt HTTP/1.1" 404 269 "-" "msnbot/2.0b (+http://search.msn.com/msnbot.htm)"
65.55.106.205 - - [07/Apr/2010:14:46:04 -0400] "GET /robots.txt HTTP/1.1" 404 269 "-" "msnbot/2.0b (+http://search.msn.com/msnbot.htm)"
67.218.116.130 - - [07/Apr/2010:16:40:26 -0400] "GET /robots.txt HTTP/1.1" 404 269 "-" "Mozilla/5.0 (Twiceler-0.9 http://www.cuil.com/twiceler/robot.html)"
65.55.106.205 - - [07/Apr/2010:18:03:16 -0400] "GET /robots.txt HTTP/1.1" 404 269 "-" "msnbot/2.0b (+http://search.msn.com/msnbot.htm)"
207.46.204.186 - - [07/Apr/2010:20:15:50 -0400] "GET /robots.txt HTTP/1.1" 404 269 "-" "msnbot/2.0b (+http://search.msn.com/msnbot.htm)"
207.46.204.186 - - [07/Apr/2010:20:16:38 -0400] "GET /email/origins.html HTTP/1.1" 404 277 "-" "msnbot/2.0b (+http://search.msn.com/msnbot.htm)"
95.108.128.241 - - [08/Apr/2010:00:04:15 -0400] "GET /robots.txt HTTP/1.1" 404 269 "-" "Yandex/1.01.001 (compatible; Win16; I)"
66.249.71.149 - - [08/Apr/2010:00:05:30 -0400] "GET /robots.txt HTTP/1.1" 404 269 "-" "Googlebot-Image/1.0"
66.249.71.149 - - [08/Apr/2010:00:05:30 -0400] "GET /images/_portfolio/photoshop/lightning_sm.jpg HTTP/1.1" 304 - "-" "Googlebot-Image/1.0"
66.249.71.149 - - [08/Apr/2010:05:43:15 -0400] "GET /images/_portfolio/flash/venus.gif HTTP/1.1" 304 - "-" "Googlebot-Image/1.0"
95.108.128.241 - - [08/Apr/2010:07:37:40 -0400] "GET / HTTP/1.1" 200 1984 "-" "Yandex/1.01.001 (compatible; Win16; I)"
