66.249.68.233 - - [11/Nov/2009:13:20:01 -0500] "GET /images/_portfolio/photoshop/printing_banner_sm.jpg HTTP/1.1" 304 - "-" "Googlebot-Image/1.0"
65.55.106.133 - - [11/Nov/2009:18:05:45 -0500] "GET /robots.txt HTTP/1.1" 404 269 "-" "msnbot/2.0b (+http://search.msn.com/msnbot.htm)"
65.55.106.133 - - [11/Nov/2009:18:06:45 -0500] "GET /email/origins.html HTTP/1.1" 404 277 "-" "msnbot/2.0b (+http://search.msn.com/msnbot.htm)"
67.218.116.130 - - [12/Nov/2009:10:54:33 -0500] "GET /robots.txt HTTP/1.0" 404 269 "-" "Mozilla/5.0 (Twiceler-0.9 http://www.cuil.com/twiceler/robot.html)"
66.249.68.233 - - [12/Nov/2009:12:52:25 -0500] "GET /robots.txt HTTP/1.1" 404 269 "-" "Googlebot-Image/1.0"
66.249.68.233 - - [12/Nov/2009:12:52:25 -0500] "GET /images/_portfolio/illustrator/01_graph_sm.gif HTTP/1.1" 304 - "-" "Googlebot-Image/1.0"
65.55.207.23 - - [12/Nov/2009:14:44:14 -0500] "GET /robots.txt HTTP/1.1" 404 269 "-" "msnbot/2.0b (+http://search.msn.com/msnbot.htm)"
65.55.207.23 - - [12/Nov/2009:14:45:08 -0500] "GET /email/origins.html HTTP/1.1" 404 277 "-" "msnbot/2.0b (+http://search.msn.com/msnbot.htm)"
96.244.240.168 - - [12/Nov/2009:16:09:11 -0500] "GET /illustrator.html HTTP/1.1" 200 6612 "http://images.google.com/imgres?imgurl=http://alex.jeb.ca/images/_portfolio/illustrator/vine_alphabet_sm.gif&imgrefurl=http://alex.jeb.ca/illustrator.html&usg=__ruwXb2h9tDVhSmRkul972rEIfrk=&h=75&w=75&sz=1&hl=en&start=14&sig2=LbbEM_bPxHOqwdkWZCQGQw&um=1&tbnid=wIytvYj8Km7OoM:&tbnh=71&tbnw=71&prev=/images%3Fq%3Dvine%2Balphabet%26hl%3Den%26rlz%3D1T4GGLR_enUS320US320%26um%3D1&ei=1nn8St7EE8O5lQevqPj-Bg" "Mozilla/4.0 (compatible; MSIE 7.0; Windows NT 5.1; GTB6; .NET CLR 1.1.4322; .NET CLR 2.0.50727; .NET CLR 3.0.4506.2152; .NET CLR 3.5.30729)"
96.244.240.168 - - [12/Nov/2009:16:09:12 -0500] "GET /index.css HTTP/1.1" 200 962 "http://alex.jeb.ca/illustrator.html" "Mozilla/4.0 (compatible; MSIE 7.0; Windows NT 5.1; GTB6; .NET CLR 1.1.4322; .NET CLR 2.0.50727; .NET CLR 3.0.4506.2152; .NET CLR 3.5.30729)"
96.244.240.168 - - [12/Nov/2009:16:09:12 -0500] "GET /top_nav.css HTTP/1.1" 200 841 "http://alex.jeb.ca/illustrator.html" "Mozilla/4.0 (compatible; MSIE 7.0; Windows NT 5.1; GTB6; .NET CLR 1.1.4322; .NET CLR 2.0.50727; .NET CLR 3.0.4506.2152; .NET CLR 3.5.30729)"
96.244.240.168 - - [12/Nov/2009:16:09:12 -0500] "GET /main.js HTTP/1.1" 200 5103 "http://alex.jeb.ca/illustrator.html" "Mozilla/4.0 (compatible; MSIE 7.0; Windows NT 5.1; GTB6; .NET CLR 1.1.4322; .NET CLR 2.0.50727; .NET CLR 3.0.4506.2152; .NET CLR 3.5.30729)"
96.244.240.168 - - [12/Nov/2009:16:09:12 -0500] "GET /images/_portfolio/illustrator/01_graph_sm.gif HTTP/1.1" 200 2115 "http://alex.jeb.ca/illustrator.html" "Mozilla/4.0 (compatible; MSIE 7.0; Windows NT 5.1; GTB6; .NET CLR 1.1.4322; .NET CLR 2.0.50727; .NET CLR 3.0.4506.2152; .NET CLR 3.5.30729)"
96.244.240.168 - - [12/Nov/2009:16:09:12 -0500] "GET /images/_portfolio/illustrator/wine_label_sm.gif HTTP/1.1" 200 1240 "http://alex.jeb.ca/illustrator.html" "Mozilla/4.0 (compatible; MSIE 7.0; Windows NT 5.1; GTB6; .NET CLR 1.1.4322; .NET CLR 2.0.50727; .NET CLR 3.0.4506.2152; .NET CLR 3.5.30729)"
96.244.240.168 - - [12/Nov/2009:16:09:12 -0500] "GET /images/_portfolio/illustrator/02_graph_sm.gif HTTP/1.1" 200 1405 "http://alex.jeb.ca/illustrator.html" "Mozilla/4.0 (compatible; MSIE 7.0; Windows NT 5.1; GTB6; .NET CLR 1.1.4322; .NET CLR 2.0.50727; .NET CLR 3.0.4506.2152; .NET CLR 3.5.30729)"
96.244.240.168 - - [12/Nov/2009:16:09:12 -0500] "GET /images/_portfolio/illustrator/venus_butterfly_flyer_sm.gif HTTP/1.1" 200 856 "http://alex.jeb.ca/illustrator.html" "Mozilla/4.0 (compatible; MSIE 7.0; Windows NT 5.1; GTB6; .NET CLR 1.1.4322; .NET CLR 2.0.50727; .NET CLR 3.0.4506.2152; .NET CLR 3.5.30729)"
96.244.240.168 - - [12/Nov/2009:16:09:12 -0500] "GET /images/_portfolio/illustrator/fleur_de_lis_sm.gif HTTP/1.1" 200 960 "http://alex.jeb.ca/illustrator.html" "Mozilla/4.0 (compatible; MSIE 7.0; Windows NT 5.1; GTB6; .NET CLR 1.1.4322; .NET CLR 2.0.50727; .NET CLR 3.0.4506.2152; .NET CLR 3.5.30729)"
96.244.240.168 - - [12/Nov/2009:16:09:12 -0500] "GET /images/_portfolio/illustrator/maple_leaf_sm.gif HTTP/1.1" 200 897 "http://alex.jeb.ca/illustrator.html" "Mozilla/4.0 (compatible; MSIE 7.0; Windows NT 5.1; GTB6; .NET CLR 1.1.4322; .NET CLR 2.0.50727; .NET CLR 3.0.4506.2152; .NET CLR 3.5.30729)"
96.244.240.168 - - [12/Nov/2009:16:09:12 -0500] "GET /images/_portfolio/illustrator/vine_alphabet_sm.gif HTTP/1.1" 200 642 "http://alex.jeb.ca/illustrator.html" "Mozilla/4.0 (compatible; MSIE 7.0; Windows NT 5.1; GTB6; .NET CLR 1.1.4322; .NET CLR 2.0.50727; .NET CLR 3.0.4506.2152; .NET CLR 3.5.30729)"
96.244.240.168 - - [12/Nov/2009:16:09:12 -0500] "GET /images/_portfolio/illustrator/pineapples_sm.gif HTTP/1.1" 200 1972 "http://alex.jeb.ca/illustrator.html" "Mozilla/4.0 (compatible; MSIE 7.0; Windows NT 5.1; GTB6; .NET CLR 1.1.4322; .NET CLR 2.0.50727; .NET CLR 3.0.4506.2152; .NET CLR 3.5.30729)"
96.244.240.168 - - [12/Nov/2009:16:09:12 -0500] "GET /images/_portfolio/illustrator/castle_drawing_sm.gif HTTP/1.1" 200 748 "http://alex.jeb.ca/illustrator.html" "Mozilla/4.0 (compatible; MSIE 7.0; Windows NT 5.1; GTB6; .NET CLR 1.1.4322; .NET CLR 2.0.50727; .NET CLR 3.0.4506.2152; .NET CLR 3.5.30729)"
96.244.240.168 - - [12/Nov/2009:16:09:12 -0500] "GET /images/_portfolio/illustrator/women_flowers_sm.gif HTTP/1.1" 200 2504 "http://alex.jeb.ca/illustrator.html" "Mozilla/4.0 (compatible; MSIE 7.0; Windows NT 5.1; GTB6; .NET CLR 1.1.4322; .NET CLR 2.0.50727; .NET CLR 3.0.4506.2152; .NET CLR 3.5.30729)"
96.244.240.168 - - [12/Nov/2009:16:09:12 -0500] "GET /images/bg.gif HTTP/1.1" 200 519 "http://alex.jeb.ca/illustrator.html" "Mozilla/4.0 (compatible; MSIE 7.0; Windows NT 5.1; GTB6; .NET CLR 1.1.4322; .NET CLR 2.0.50727; .NET CLR 3.0.4506.2152; .NET CLR 3.5.30729)"
96.244.240.168 - - [12/Nov/2009:16:09:12 -0500] "GET /images/left.gif HTTP/1.1" 200 493 "http://alex.jeb.ca/illustrator.html" "Mozilla/4.0 (compatible; MSIE 7.0; Windows NT 5.1; GTB6; .NET CLR 1.1.4322; .NET CLR 2.0.50727; .NET CLR 3.0.4506.2152; .NET CLR 3.5.30729)"
96.244.240.168 - - [12/Nov/2009:16:09:12 -0500] "GET /images/on_left.gif HTTP/1.1" 200 478 "http://alex.jeb.ca/illustrator.html" "Mozilla/4.0 (compatible; MSIE 7.0; Windows NT 5.1; GTB6; .NET CLR 1.1.4322; .NET CLR 2.0.50727; .NET CLR 3.0.4506.2152; .NET CLR 3.5.30729)"
96.244.240.168 - - [12/Nov/2009:16:09:12 -0500] "GET /images/right.gif HTTP/1.1" 200 1986 "http://alex.jeb.ca/illustrator.html" "Mozilla/4.0 (compatible; MSIE 7.0; Windows NT 5.1; GTB6; .NET CLR 1.1.4322; .NET CLR 2.0.50727; .NET CLR 3.0.4506.2152; .NET CLR 3.5.30729)"
96.244.240.168 - - [12/Nov/2009:16:09:12 -0500] "GET /images/on_right.gif HTTP/1.1" 200 1971 "http://alex.jeb.ca/illustrator.html" "Mozilla/4.0 (compatible; MSIE 7.0; Windows NT 5.1; GTB6; .NET CLR 1.1.4322; .NET CLR 2.0.50727; .NET CLR 3.0.4506.2152; .NET CLR 3.5.30729)"
96.244.240.168 - - [12/Nov/2009:16:09:20 -0500] "GET /images/_portfolio/illustrator/vine_alphabet.gif HTTP/1.1" 200 14162 "http://alex.jeb.ca/illustrator.html" "Mozilla/4.0 (compatible; MSIE 7.0; Windows NT 5.1; GTB6; .NET CLR 1.1.4322; .NET CLR 2.0.50727; .NET CLR 3.0.4506.2152; .NET CLR 3.5.30729)"
66.249.68.233 - - [12/Nov/2009:20:39:14 -0500] "GET / HTTP/1.1" 200 1984 "-" "Mozilla/5.0 (compatible; Googlebot/2.1; +http://www.google.com/bot.html)"
67.112.120.207 - - [13/Nov/2009:04:34:01 -0500] "GET /flash.html HTTP/1.1" 200 4756 "http://images.google.com/imgres?imgurl=http://alex.jeb.ca/images/_portfolio/flash/annimated_butterfly.gif&imgrefurl=http://alex.jeb.ca/flash.html&usg=__tNaqVupFHVpi2fP0IaPPNBcTjVM=&h=75&w=75&sz=1&hl=en&start=313&tbnid=q9i2dvIuXdOzUM:&tbnh=71&tbnw=71&prev=/images%3Fq%3Danimated%2Bbutterfly%26gbv%3D2%26ndsp%3D21%26hl%3Den%26sa%3DN%26start%3D294" "Mozilla/4.0 (compatible; MSIE 7.0; Windows NT 6.0; Trident/4.0; SLCC1; .NET CLR 2.0.50727; Media Center PC 5.0; .NET CLR 3.5.30729; .NET CLR 3.0.30729)"
67.112.120.207 - - [13/Nov/2009:04:34:01 -0500] "GET /index.css HTTP/1.1" 200 962 "http://alex.jeb.ca/flash.html" "Mozilla/4.0 (compatible; MSIE 7.0; Windows NT 6.0; Trident/4.0; SLCC1; .NET CLR 2.0.50727; Media Center PC 5.0; .NET CLR 3.5.30729; .NET CLR 3.0.30729)"
67.112.120.207 - - [13/Nov/2009:04:34:01 -0500] "GET /top_nav.css HTTP/1.1" 200 841 "http://alex.jeb.ca/flash.html" "Mozilla/4.0 (compatible; MSIE 7.0; Windows NT 6.0; Trident/4.0; SLCC1; .NET CLR 2.0.50727; Media Center PC 5.0; .NET CLR 3.5.30729; .NET CLR 3.0.30729)"
67.112.120.207 - - [13/Nov/2009:04:34:01 -0500] "GET /main.js HTTP/1.1" 200 5103 "http://alex.jeb.ca/flash.html" "Mozilla/4.0 (compatible; MSIE 7.0; Windows NT 6.0; Trident/4.0; SLCC1; .NET CLR 2.0.50727; Media Center PC 5.0; .NET CLR 3.5.30729; .NET CLR 3.0.30729)"
67.112.120.207 - - [13/Nov/2009:04:34:01 -0500] "GET /images/_portfolio/flash/venus.gif HTTP/1.1" 200 1148 "http://alex.jeb.ca/flash.html" "Mozilla/4.0 (compatible; MSIE 7.0; Windows NT 6.0; Trident/4.0; SLCC1; .NET CLR 2.0.50727; Media Center PC 5.0; .NET CLR 3.5.30729; .NET CLR 3.0.30729)"
67.112.120.207 - - [13/Nov/2009:04:34:01 -0500] "GET /images/_portfolio/flash/rotating_circles.gif HTTP/1.1" 200 1022 "http://alex.jeb.ca/flash.html" "Mozilla/4.0 (compatible; MSIE 7.0; Windows NT 6.0; Trident/4.0; SLCC1; .NET CLR 2.0.50727; Media Center PC 5.0; .NET CLR 3.5.30729; .NET CLR 3.0.30729)"
67.112.120.207 - - [13/Nov/2009:04:34:01 -0500] "GET /images/_portfolio/flash/annimated_butterfly.gif HTTP/1.1" 200 514 "http://alex.jeb.ca/flash.html" "Mozilla/4.0 (compatible; MSIE 7.0; Windows NT 6.0; Trident/4.0; SLCC1; .NET CLR 2.0.50727; Media Center PC 5.0; .NET CLR 3.5.30729; .NET CLR 3.0.30729)"
67.112.120.207 - - [13/Nov/2009:04:34:01 -0500] "GET /images/_portfolio/flash/venn_diagram.gif HTTP/1.1" 200 884 "http://alex.jeb.ca/flash.html" "Mozilla/4.0 (compatible; MSIE 7.0; Windows NT 6.0; Trident/4.0; SLCC1; .NET CLR 2.0.50727; Media Center PC 5.0; .NET CLR 3.5.30729; .NET CLR 3.0.30729)"
67.112.120.207 - - [13/Nov/2009:04:34:01 -0500] "GET /images/_portfolio/flash/finland.gif HTTP/1.1" 200 669 "http://alex.jeb.ca/flash.html" "Mozilla/4.0 (compatible; MSIE 7.0; Windows NT 6.0; Trident/4.0; SLCC1; .NET CLR 2.0.50727; Media Center PC 5.0; .NET CLR 3.5.30729; .NET CLR 3.0.30729)"
67.112.120.207 - - [13/Nov/2009:04:34:01 -0500] "GET /images/_portfolio/flash/bending_arrow.gif HTTP/1.1" 200 428 "http://alex.jeb.ca/flash.html" "Mozilla/4.0 (compatible; MSIE 7.0; Windows NT 6.0; Trident/4.0; SLCC1; .NET CLR 2.0.50727; Media Center PC 5.0; .NET CLR 3.5.30729; .NET CLR 3.0.30729)"
67.112.120.207 - - [13/Nov/2009:04:34:01 -0500] "GET /images/_portfolio/flash/wine_banner.gif HTTP/1.1" 200 1021 "http://alex.jeb.ca/flash.html" "Mozilla/4.0 (compatible; MSIE 7.0; Windows NT 6.0; Trident/4.0; SLCC1; .NET CLR 2.0.50727; Media Center PC 5.0; .NET CLR 3.5.30729; .NET CLR 3.0.30729)"
67.112.120.207 - - [13/Nov/2009:04:34:01 -0500] "GET /images/bg.gif HTTP/1.1" 200 519 "http://alex.jeb.ca/flash.html" "Mozilla/4.0 (compatible; MSIE 7.0; Windows NT 6.0; Trident/4.0; SLCC1; .NET CLR 2.0.50727; Media Center PC 5.0; .NET CLR 3.5.30729; .NET CLR 3.0.30729)"
67.112.120.207 - - [13/Nov/2009:04:34:01 -0500] "GET /images/left.gif HTTP/1.1" 200 493 "http://alex.jeb.ca/flash.html" "Mozilla/4.0 (compatible; MSIE 7.0; Windows NT 6.0; Trident/4.0; SLCC1; .NET CLR 2.0.50727; Media Center PC 5.0; .NET CLR 3.5.30729; .NET CLR 3.0.30729)"
67.112.120.207 - - [13/Nov/2009:04:34:01 -0500] "GET /images/on_left.gif HTTP/1.1" 200 478 "http://alex.jeb.ca/flash.html" "Mozilla/4.0 (compatible; MSIE 7.0; Windows NT 6.0; Trident/4.0; SLCC1; .NET CLR 2.0.50727; Media Center PC 5.0; .NET CLR 3.5.30729; .NET CLR 3.0.30729)"
67.112.120.207 - - [13/Nov/2009:04:34:01 -0500] "GET /images/right.gif HTTP/1.1" 200 1986 "http://alex.jeb.ca/flash.html" "Mozilla/4.0 (compatible; MSIE 7.0; Windows NT 6.0; Trident/4.0; SLCC1; .NET CLR 2.0.50727; Media Center PC 5.0; .NET CLR 3.5.30729; .NET CLR 3.0.30729)"
67.112.120.207 - - [13/Nov/2009:04:34:01 -0500] "GET /images/on_right.gif HTTP/1.1" 200 1971 "http://alex.jeb.ca/flash.html" "Mozilla/4.0 (compatible; MSIE 7.0; Windows NT 6.0; Trident/4.0; SLCC1; .NET CLR 2.0.50727; Media Center PC 5.0; .NET CLR 3.5.30729; .NET CLR 3.0.30729)"
67.112.120.207 - - [13/Nov/2009:04:34:10 -0500] "GET /images/_portfolio/flash/butterfly_animation.swf HTTP/1.1" 200 8644 "http://alex.jeb.ca/flash.html" "Mozilla/4.0 (compatible; MSIE 8.0; Windows NT 6.0; Trident/4.0; SLCC1; .NET CLR 2.0.50727; Media Center PC 5.0; .NET CLR 3.5.30729; .NET CLR 3.0.30729)"
66.249.68.233 - - [13/Nov/2009:09:18:10 -0500] "GET /robots.txt HTTP/1.1" 404 269 "-" "Mozilla/5.0 (compatible; Googlebot/2.1; +http://www.google.com/bot.html)"
66.249.68.233 - - [13/Nov/2009:10:37:43 -0500] "GET /print.html HTTP/1.1" 304 - "-" "Mozilla/5.0 (compatible; Googlebot/2.1; +http://www.google.com/bot.html)"
67.218.116.130 - - [13/Nov/2009:10:57:39 -0500] "GET /robots.txt HTTP/1.0" 404 269 "-" "Mozilla/5.0 (Twiceler-0.9 http://www.cuil.com/twiceler/robot.html)"
66.249.68.233 - - [13/Nov/2009:13:16:53 -0500] "GET /home.swf HTTP/1.1" 304 - "-" "Mozilla/5.0 (compatible; Googlebot/2.1; +http://www.google.com/bot.html)"
66.249.68.233 - - [13/Nov/2009:14:36:25 -0500] "GET /contact.html HTTP/1.1" 304 - "-" "Mozilla/5.0 (compatible; Googlebot/2.1; +http://www.google.com/bot.html)"
66.249.68.233 - - [13/Nov/2009:15:56:06 -0500] "GET /index.html HTTP/1.1" 304 - "-" "Mozilla/5.0 (compatible; Googlebot/2.1; +http://www.google.com/bot.html)"
66.249.68.233 - - [14/Nov/2009:10:15:33 -0500] "GET /robots.txt HTTP/1.1" 404 269 "-" "Mozilla/5.0 (compatible; Googlebot/2.1; +http://www.google.com/bot.html)"
66.249.68.233 - - [14/Nov/2009:10:15:33 -0500] "GET / HTTP/1.1" 304 - "-" "Mozilla/5.0 (compatible; Googlebot/2.1; +http://www.google.com/bot.html)"
67.218.116.130 - - [14/Nov/2009:10:46:34 -0500] "GET /robots.txt HTTP/1.0" 404 269 "-" "Mozilla/5.0 (Twiceler-0.9 http://www.cuil.com/twiceler/robot.html)"
66.249.68.233 - - [14/Nov/2009:14:52:08 -0500] "GET /images/_portfolio/illustrator/vine_alphabet_sm.gif HTTP/1.1" 304 - "-" "Googlebot-Image/1.0"
209.202.168.74 - - [15/Nov/2009:07:43:57 -0500] "GET /robots.txt HTTP/1.0" 404 269 "-" "GingerCrawler/1.0 (Language Assistant for Dyslexics; www.gingersoftware.com/crawler_agent.htm; support at ginger software dot com)"
209.202.168.74 - - [15/Nov/2009:07:43:57 -0500] "GET /email/origins.html HTTP/1.0" 404 277 "-" "GingerCrawler/1.0 (Language Assistant for Dyslexics; www.gingersoftware.com/crawler_agent.htm; support at ginger software dot com)"
67.218.116.130 - - [15/Nov/2009:10:50:31 -0500] "GET /robots.txt HTTP/1.0" 404 269 "-" "Mozilla/5.0 (Twiceler-0.9 http://www.cuil.com/twiceler/robot.html)"
66.249.68.233 - - [15/Nov/2009:13:53:15 -0500] "GET /robots.txt HTTP/1.1" 404 269 "-" "Mozilla/5.0 (compatible; Googlebot/2.1; +http://www.google.com/bot.html)"
66.249.68.233 - - [15/Nov/2009:13:53:15 -0500] "GET / HTTP/1.1" 200 1984 "-" "Mozilla/5.0 (compatible; Googlebot/2.1; +http://www.google.com/bot.html)"
66.249.68.233 - - [15/Nov/2009:18:02:27 -0500] "GET /images/_portfolio/flash/finland.gif HTTP/1.1" 304 - "-" "Googlebot-Image/1.0"
66.249.68.233 - - [15/Nov/2009:21:50:29 -0500] "GET /images/_portfolio/illustrator/02_graph_sm.gif HTTP/1.1" 304 - "-" "Googlebot-Image/1.0"
66.249.68.233 - - [16/Nov/2009:01:38:47 -0500] "GET /images/_portfolio/illustrator/venus_butterfly_flyer_sm.gif HTTP/1.1" 304 - "-" "Googlebot-Image/1.0"
209.202.168.82 - - [16/Nov/2009:05:30:01 -0500] "GET /robots.txt HTTP/1.0" 404 269 "-" "GingerCrawler/1.0 (Language Assistant for Dyslexics; www.gingersoftware.com/crawler_agent.htm; support at ginger software dot com)"
209.202.168.82 - - [16/Nov/2009:05:30:01 -0500] "GET /email/origins.html HTTP/1.0" 404 277 "-" "GingerCrawler/1.0 (Language Assistant for Dyslexics; www.gingersoftware.com/crawler_agent.htm; support at ginger software dot com)"
67.218.116.130 - - [16/Nov/2009:10:56:16 -0500] "GET /robots.txt HTTP/1.0" 404 269 "-" "Mozilla/5.0 (Twiceler-0.9 http://www.cuil.com/twiceler/robot.html)"
66.249.68.233 - - [16/Nov/2009:13:45:36 -0500] "GET /robots.txt HTTP/1.1" 404 269 "-" "Mozilla/5.0 (compatible; Googlebot/2.1; +http://www.google.com/bot.html)"
66.249.68.233 - - [16/Nov/2009:13:45:36 -0500] "GET /contact.html HTTP/1.1" 304 - "-" "Mozilla/5.0 (compatible; Googlebot/2.1; +http://www.google.com/bot.html)"
66.249.68.233 - - [16/Nov/2009:15:53:27 -0500] "GET /images/_portfolio/web_pages/impressions.gif HTTP/1.1" 304 - "-" "Googlebot-Image/1.0"
65.55.106.228 - - [16/Nov/2009:17:47:28 -0500] "GET /robots.txt HTTP/1.1" 404 269 "-" "msnbot/2.0b (+http://search.msn.com/msnbot.htm)"
65.55.106.228 - - [16/Nov/2009:17:48:29 -0500] "GET /email/origins.html HTTP/1.1" 404 277 "-" "msnbot/2.0b (+http://search.msn.com/msnbot.htm)"
66.249.68.233 - - [16/Nov/2009:18:09:18 -0500] "GET / HTTP/1.1" 304 - "-" "Mozilla/5.0 (compatible; Googlebot/2.1; +http://www.google.com/bot.html)"
65.55.106.155 - - [16/Nov/2009:19:06:48 -0500] "GET /robots.txt HTTP/1.1" 404 269 "-" "msnbot/2.0b (+http://search.msn.com/msnbot.htm)"
65.55.106.155 - - [16/Nov/2009:19:07:28 -0500] "GET /email/origins.html HTTP/1.1" 404 277 "-" "msnbot/2.0b (+http://search.msn.com/msnbot.htm)"
66.249.68.233 - - [16/Nov/2009:20:22:10 -0500] "GET /home.swf HTTP/1.1" 304 - "-" "Mozilla/5.0 (compatible; Googlebot/2.1; +http://www.google.com/bot.html)"
66.249.68.233 - - [16/Nov/2009:21:02:27 -0500] "GET /images/_portfolio/photoshop/satelite_sm.gif HTTP/1.1" 304 - "-" "Googlebot-Image/1.0"
66.249.68.233 - - [17/Nov/2009:00:46:35 -0500] "GET /index.html HTTP/1.1" 304 - "-" "Mozilla/5.0 (compatible; Googlebot/2.1; +http://www.google.com/bot.html)"
67.218.116.130 - - [17/Nov/2009:11:04:29 -0500] "GET /robots.txt HTTP/1.0" 404 269 "-" "Mozilla/5.0 (Twiceler-0.9 http://www.cuil.com/twiceler/robot.html)"
66.249.68.233 - - [17/Nov/2009:13:20:51 -0500] "GET /robots.txt HTTP/1.1" 404 269 "-" "Googlebot-Image/1.0"
66.249.68.233 - - [17/Nov/2009:13:20:51 -0500] "GET /images/_portfolio/photoshop/fiber_optics_sm.gif HTTP/1.1" 304 - "-" "Googlebot-Image/1.0"
209.202.168.76 - - [17/Nov/2009:13:51:45 -0500] "GET /robots.txt HTTP/1.0" 404 269 "-" "GingerCrawler/1.0 (Language Assistant for Dyslexics; www.gingersoftware.com/crawler_agent.htm; support at ginger software dot com)"
209.202.168.76 - - [17/Nov/2009:13:51:45 -0500] "GET /email/origins.html HTTP/1.0" 404 277 "-" "GingerCrawler/1.0 (Language Assistant for Dyslexics; www.gingersoftware.com/crawler_agent.htm; support at ginger software dot com)"
66.249.68.233 - - [17/Nov/2009:18:59:43 -0500] "GET /images/_portfolio/photoshop/lightning_sm.jpg HTTP/1.1" 304 - "-" "Googlebot-Image/1.0"
66.249.68.233 - - [17/Nov/2009:21:49:16 -0500] "GET /robots.txt HTTP/1.1" 404 269 "-" "Googlebot-Image/1.0"
66.249.68.233 - - [17/Nov/2009:21:49:16 -0500] "GET /images/_portfolio/photoshop/dragon_statue_sm.jpg HTTP/1.1" 304 - "-" "Googlebot-Image/1.0"
66.249.68.233 - - [18/Nov/2009:15:09:40 -0500] "GET /robots.txt HTTP/1.1" 404 269 "-" "Googlebot-Image/1.0"
66.249.68.233 - - [18/Nov/2009:15:09:40 -0500] "GET /images/_portfolio/print/cd_spine_back.gif HTTP/1.1" 304 - "-" "Googlebot-Image/1.0"
67.218.116.130 - - [19/Nov/2009:01:09:23 -0500] "GET /robots.txt HTTP/1.0" 404 269 "-" "Mozilla/5.0 (Twiceler-0.9 http://www.cuil.com/twiceler/robot.html)"
209.202.168.74 - - [19/Nov/2009:07:57:32 -0500] "GET /robots.txt HTTP/1.0" 404 269 "-" "GingerCrawler/1.0 (Language Assistant for Dyslexics; www.gingersoftware.com/crawler_agent.htm; support at ginger software dot com)"
209.202.168.74 - - [19/Nov/2009:07:57:32 -0500] "GET /email/origins.html HTTP/1.0" 404 277 "-" "GingerCrawler/1.0 (Language Assistant for Dyslexics; www.gingersoftware.com/crawler_agent.htm; support at ginger software dot com)"
64.132.142.170 - - [19/Nov/2009:08:42:23 -0500] "GET /illustrator.html HTTP/1.1" 200 6612 "http://www.google.com/search?hl=en&rlz=1T4GGLD_enUS317US317&q=maple+leaf+in+illustrator&start=30&sa=N" "Mozilla/4.0 (compatible; MSIE 6.0; Windows NT 5.1; SV1; GTB6; .NET CLR 1.1.4322)"
64.132.142.170 - - [19/Nov/2009:08:42:23 -0500] "GET /top_nav.css HTTP/1.1" 200 841 "http://alex.jeb.ca/illustrator.html" "Mozilla/4.0 (compatible; MSIE 6.0; Windows NT 5.1; SV1; GTB6; .NET CLR 1.1.4322)"
64.132.142.170 - - [19/Nov/2009:08:42:23 -0500] "GET /index.css HTTP/1.1" 200 962 "http://alex.jeb.ca/illustrator.html" "Mozilla/4.0 (compatible; MSIE 6.0; Windows NT 5.1; SV1; GTB6; .NET CLR 1.1.4322)"
64.132.142.170 - - [19/Nov/2009:08:42:25 -0500] "GET /main.js HTTP/1.1" 200 5103 "http://alex.jeb.ca/illustrator.html" "Mozilla/4.0 (compatible; MSIE 6.0; Windows NT 5.1; SV1; GTB6; .NET CLR 1.1.4322)"
64.132.142.170 - - [19/Nov/2009:08:42:25 -0500] "GET /images/bg.gif HTTP/1.1" 200 519 "http://alex.jeb.ca/illustrator.html" "Mozilla/4.0 (compatible; MSIE 6.0; Windows NT 5.1; SV1; GTB6; .NET CLR 1.1.4322)"
64.132.142.170 - - [19/Nov/2009:08:42:25 -0500] "GET /images/_portfolio/illustrator/wine_label_sm.gif HTTP/1.1" 200 1240 "http://alex.jeb.ca/illustrator.html" "Mozilla/4.0 (compatible; MSIE 6.0; Windows NT 5.1; SV1; GTB6; .NET CLR 1.1.4322)"
64.132.142.170 - - [19/Nov/2009:08:42:25 -0500] "GET /images/on_left.gif HTTP/1.1" 200 478 "http://alex.jeb.ca/illustrator.html" "Mozilla/4.0 (compatible; MSIE 6.0; Windows NT 5.1; SV1; GTB6; .NET CLR 1.1.4322)"
64.132.142.170 - - [19/Nov/2009:08:42:25 -0500] "GET /images/left.gif HTTP/1.1" 200 493 "http://alex.jeb.ca/illustrator.html" "Mozilla/4.0 (compatible; MSIE 6.0; Windows NT 5.1; SV1; GTB6; .NET CLR 1.1.4322)"
64.132.142.170 - - [19/Nov/2009:08:42:25 -0500] "GET /images/_portfolio/illustrator/01_graph_sm.gif HTTP/1.1" 200 2115 "http://alex.jeb.ca/illustrator.html" "Mozilla/4.0 (compatible; MSIE 6.0; Windows NT 5.1; SV1; GTB6; .NET CLR 1.1.4322)"
64.132.142.170 - - [19/Nov/2009:08:42:25 -0500] "GET /images/_portfolio/illustrator/02_graph_sm.gif HTTP/1.1" 200 1405 "http://alex.jeb.ca/illustrator.html" "Mozilla/4.0 (compatible; MSIE 6.0; Windows NT 5.1; SV1; GTB6; .NET CLR 1.1.4322)"
64.132.142.170 - - [19/Nov/2009:08:42:25 -0500] "GET /images/_portfolio/illustrator/venus_butterfly_flyer_sm.gif HTTP/1.1" 200 856 "http://alex.jeb.ca/illustrator.html" "Mozilla/4.0 (compatible; MSIE 6.0; Windows NT 5.1; SV1; GTB6; .NET CLR 1.1.4322)"
64.132.142.170 - - [19/Nov/2009:08:42:25 -0500] "GET /images/_portfolio/illustrator/fleur_de_lis_sm.gif HTTP/1.1" 200 960 "http://alex.jeb.ca/illustrator.html" "Mozilla/4.0 (compatible; MSIE 6.0; Windows NT 5.1; SV1; GTB6; .NET CLR 1.1.4322)"
64.132.142.170 - - [19/Nov/2009:08:42:26 -0500] "GET /images/_portfolio/illustrator/maple_leaf_sm.gif HTTP/1.1" 200 897 "http://alex.jeb.ca/illustrator.html" "Mozilla/4.0 (compatible; MSIE 6.0; Windows NT 5.1; SV1; GTB6; .NET CLR 1.1.4322)"
64.132.142.170 - - [19/Nov/2009:08:42:26 -0500] "GET /images/_portfolio/illustrator/vine_alphabet_sm.gif HTTP/1.1" 200 642 "http://alex.jeb.ca/illustrator.html" "Mozilla/4.0 (compatible; MSIE 6.0; Windows NT 5.1; SV1; GTB6; .NET CLR 1.1.4322)"
64.132.142.170 - - [19/Nov/2009:08:42:26 -0500] "GET /images/_portfolio/illustrator/pineapples_sm.gif HTTP/1.1" 200 1972 "http://alex.jeb.ca/illustrator.html" "Mozilla/4.0 (compatible; MSIE 6.0; Windows NT 5.1; SV1; GTB6; .NET CLR 1.1.4322)"
64.132.142.170 - - [19/Nov/2009:08:42:26 -0500] "GET /images/_portfolio/illustrator/castle_drawing_sm.gif HTTP/1.1" 200 748 "http://alex.jeb.ca/illustrator.html" "Mozilla/4.0 (compatible; MSIE 6.0; Windows NT 5.1; SV1; GTB6; .NET CLR 1.1.4322)"
64.132.142.170 - - [19/Nov/2009:08:42:26 -0500] "GET /images/_portfolio/illustrator/women_flowers_sm.gif HTTP/1.1" 200 2504 "http://alex.jeb.ca/illustrator.html" "Mozilla/4.0 (compatible; MSIE 6.0; Windows NT 5.1; SV1; GTB6; .NET CLR 1.1.4322)"
64.132.142.170 - - [19/Nov/2009:08:42:26 -0500] "GET /images/right.gif HTTP/1.1" 200 1986 "http://alex.jeb.ca/illustrator.html" "Mozilla/4.0 (compatible; MSIE 6.0; Windows NT 5.1; SV1; GTB6; .NET CLR 1.1.4322)"
64.132.142.170 - - [19/Nov/2009:08:42:26 -0500] "GET /images/on_right.gif HTTP/1.1" 200 1971 "http://alex.jeb.ca/illustrator.html" "Mozilla/4.0 (compatible; MSIE 6.0; Windows NT 5.1; SV1; GTB6; .NET CLR 1.1.4322)"
66.249.68.233 - - [19/Nov/2009:16:41:25 -0500] "GET /robots.txt HTTP/1.1" 404 269 "-" "Mozilla/5.0 (compatible; Googlebot/2.1; +http://www.google.com/bot.html)"
66.249.68.233 - - [19/Nov/2009:16:41:25 -0500] "GET / HTTP/1.1" 200 1984 "-" "Mozilla/5.0 (compatible; Googlebot/2.1; +http://www.google.com/bot.html)"
67.218.116.130 - - [20/Nov/2009:01:16:04 -0500] "GET /robots.txt HTTP/1.0" 404 269 "-" "Mozilla/5.0 (Twiceler-0.9 http://www.cuil.com/twiceler/robot.html)"
66.249.68.233 - - [20/Nov/2009:08:23:48 -0500] "GET /robots.txt HTTP/1.1" 404 269 "-" "Mozilla/5.0 (compatible; Googlebot/2.1; +http://www.google.com/bot.html)"
66.249.68.233 - - [20/Nov/2009:08:23:48 -0500] "GET /flash.html HTTP/1.1" 304 - "-" "Mozilla/5.0 (compatible; Googlebot/2.1; +http://www.google.com/bot.html)"
66.249.68.233 - - [20/Nov/2009:15:18:32 -0500] "GET /images/_portfolio/illustrator/castle_drawing_sm.gif HTTP/1.1" 304 - "-" "Googlebot-Image/1.0"
66.249.68.233 - - [20/Nov/2009:19:53:31 -0500] "GET /images/_portfolio/web_pages/sellance.gif HTTP/1.1" 304 - "-" "Googlebot-Image/1.0"
65.55.106.234 - - [20/Nov/2009:20:57:13 -0500] "GET /robots.txt HTTP/1.1" 404 269 "-" "msnbot/2.0b (+http://search.msn.com/msnbot.htm)"
65.55.106.234 - - [20/Nov/2009:20:58:14 -0500] "GET /email/origins.html HTTP/1.1" 404 277 "-" "msnbot/2.0b (+http://search.msn.com/msnbot.htm)"
67.218.116.130 - - [21/Nov/2009:01:15:49 -0500] "GET /robots.txt HTTP/1.0" 404 269 "-" "Mozilla/5.0 (Twiceler-0.9 http://www.cuil.com/twiceler/robot.html)"
66.249.68.233 - - [21/Nov/2009:03:24:37 -0500] "GET /robots.txt HTTP/1.1" 404 269 "-" "Mozilla/5.0 (compatible; Googlebot/2.1; +http://www.google.com/bot.html)"
66.249.68.233 - - [21/Nov/2009:03:24:37 -0500] "GET /contact.html HTTP/1.1" 304 - "-" "Mozilla/5.0 (compatible; Googlebot/2.1; +http://www.google.com/bot.html)"
66.249.68.233 - - [21/Nov/2009:05:51:21 -0500] "GET /home.swf HTTP/1.1" 304 - "-" "Mozilla/5.0 (compatible; Googlebot/2.1; +http://www.google.com/bot.html)"
66.249.68.233 - - [21/Nov/2009:10:49:34 -0500] "GET /index.html HTTP/1.1" 304 - "-" "Mozilla/5.0 (compatible; Googlebot/2.1; +http://www.google.com/bot.html)"
66.249.68.233 - - [21/Nov/2009:11:51:58 -0500] "GET /illustrator.html HTTP/1.1" 304 - "-" "Mozilla/5.0 (compatible; Googlebot/2.1; +http://www.google.com/bot.html)"
65.55.106.135 - - [21/Nov/2009:20:09:09 -0500] "GET /robots.txt HTTP/1.1" 404 269 "-" "msnbot/2.0b (+http://search.msn.com/msnbot.htm)"
65.55.106.135 - - [21/Nov/2009:20:10:09 -0500] "GET /email/origins.html HTTP/1.1" 404 277 "-" "msnbot/2.0b (+http://search.msn.com/msnbot.htm)"
66.249.68.233 - - [21/Nov/2009:22:41:06 -0500] "GET /robots.txt HTTP/1.1" 404 269 "-" "Mozilla/5.0 (compatible; Googlebot/2.1; +http://www.google.com/bot.html)"
66.249.68.233 - - [21/Nov/2009:22:41:06 -0500] "GET /home.swf HTTP/1.1" 200 17352 "-" "Mozilla/5.0 (compatible; Googlebot/2.1; +http://www.google.com/bot.html)"
66.249.68.233 - - [21/Nov/2009:22:54:48 -0500] "GET /images/_portfolio/photoshop/fastco_building_sm.jpg HTTP/1.1" 304 - "-" "Googlebot-Image/1.0"
67.218.116.130 - - [22/Nov/2009:01:14:31 -0500] "GET /robots.txt HTTP/1.0" 404 269 "-" "Mozilla/5.0 (Twiceler-0.9 http://www.cuil.com/twiceler/robot.html)"
66.249.68.233 - - [22/Nov/2009:04:06:06 -0500] "GET /contact.html HTTP/1.1" 304 - "-" "Mozilla/5.0 (compatible; Googlebot/2.1; +http://www.google.com/bot.html)"
66.249.68.233 - - [22/Nov/2009:15:19:45 -0500] "GET /robots.txt HTTP/1.1" 404 269 "-" "Googlebot-Image/1.0"
66.249.68.233 - - [22/Nov/2009:15:19:45 -0500] "GET /images/_portfolio/print/egypt_sm.gif HTTP/1.1" 304 - "-" "Googlebot-Image/1.0"
66.249.68.233 - - [23/Nov/2009:16:30:11 -0500] "GET /robots.txt HTTP/1.1" 404 269 "-" "Mozilla/5.0 (compatible; Googlebot/2.1; +http://www.google.com/bot.html)"
66.249.68.233 - - [23/Nov/2009:16:30:11 -0500] "GET /print.html HTTP/1.1" 304 - "-" "Mozilla/5.0 (compatible; Googlebot/2.1; +http://www.google.com/bot.html)"
66.249.68.233 - - [23/Nov/2009:18:06:25 -0500] "GET /robots.txt HTTP/1.1" 404 269 "-" "Googlebot-Image/1.0"
66.249.68.233 - - [23/Nov/2009:18:06:25 -0500] "GET /images/_portfolio/photoshop/telephone_wires_sm.jpg HTTP/1.1" 304 - "-" "Googlebot-Image/1.0"
66.249.68.233 - - [23/Nov/2009:19:36:12 -0500] "GET /photoshop.html HTTP/1.1" 304 - "-" "Mozilla/5.0 (compatible; Googlebot/2.1; +http://www.google.com/bot.html)"
66.249.68.233 - - [24/Nov/2009:07:59:58 -0500] "GET /robots.txt HTTP/1.1" 404 269 "-" "Mozilla/5.0 (compatible; Googlebot/2.1; +http://www.google.com/bot.html)"
66.249.68.233 - - [24/Nov/2009:07:59:58 -0500] "GET /pages.html HTTP/1.1" 304 - "-" "Mozilla/5.0 (compatible; Googlebot/2.1; +http://www.google.com/bot.html)"
67.218.116.130 - - [24/Nov/2009:10:52:10 -0500] "GET /robots.txt HTTP/1.0" 404 269 "-" "Mozilla/5.0 (Twiceler-0.9 http://www.cuil.com/twiceler/robot.html)"
66.249.68.233 - - [24/Nov/2009:14:19:51 -0500] "GET /images/_portfolio/illustrator/fleur_de_lis_sm.gif HTTP/1.1" 304 - "-" "Googlebot-Image/1.0"
66.249.68.233 - - [24/Nov/2009:14:33:06 -0500] "GET /images/_portfolio/illustrator/fleur_de_lis_sm.gif HTTP/1.1" 304 - "-" "Googlebot-Image/1.0"
66.249.68.233 - - [24/Nov/2009:17:49:17 -0500] "GET /flash.html HTTP/1.1" 304 - "-" "Mozilla/5.0 (compatible; Googlebot/2.1; +http://www.google.com/bot.html)"
66.249.68.233 - - [24/Nov/2009:21:28:45 -0500] "GET /robots.txt HTTP/1.1" 404 269 "-" "Mozilla/5.0 (compatible; Googlebot/2.1; +http://www.google.com/bot.html)"
66.249.68.233 - - [24/Nov/2009:21:28:45 -0500] "GET /email/origins.html HTTP/1.1" 404 277 "-" "Mozilla/5.0 (compatible; Googlebot/2.1; +http://www.google.com/bot.html)"
65.55.106.182 - - [24/Nov/2009:23:13:10 -0500] "GET /robots.txt HTTP/1.1" 404 269 "-" "msnbot/2.0b (+http://search.msn.com/msnbot.htm)"
65.55.106.182 - - [24/Nov/2009:23:14:02 -0500] "GET /email/origins.html HTTP/1.1" 404 277 "-" "msnbot/2.0b (+http://search.msn.com/msnbot.htm)"
66.249.68.233 - - [25/Nov/2009:13:50:16 -0500] "GET /robots.txt HTTP/1.1" 404 269 "-" "Googlebot-Image/1.0"
66.249.68.233 - - [25/Nov/2009:13:50:16 -0500] "GET /images/_portfolio/flash/bending_arrow.gif HTTP/1.1" 304 - "-" "Googlebot-Image/1.0"
66.249.68.242 - - [25/Nov/2009:14:40:53 -0500] "GET /images/_portfolio/flash/bending_arrow.gif HTTP/1.1" 304 - "-" "Googlebot-Image/1.0"
66.249.71.246 - - [26/Nov/2009:08:04:28 -0500] "GET /robots.txt HTTP/1.1" 404 269 "-" "Mozilla/5.0 (compatible; Googlebot/2.1; +http://www.google.com/bot.html)"
66.249.71.246 - - [26/Nov/2009:08:04:28 -0500] "GET /contact.html HTTP/1.1" 304 - "-" "Mozilla/5.0 (compatible; Googlebot/2.1; +http://www.google.com/bot.html)"
67.218.116.130 - - [26/Nov/2009:11:01:24 -0500] "GET /robots.txt HTTP/1.0" 404 269 "-" "Mozilla/5.0 (Twiceler-0.9 http://www.cuil.com/twiceler/robot.html)"
66.249.71.246 - - [26/Nov/2009:18:03:45 -0500] "GET /index.html HTTP/1.1" 304 - "-" "Mozilla/5.0 (compatible; Googlebot/2.1; +http://www.google.com/bot.html)"
65.55.106.210 - - [26/Nov/2009:20:45:36 -0500] "GET /robots.txt HTTP/1.1" 404 269 "-" "msnbot/2.0b (+http://search.msn.com/msnbot.htm)"
65.55.106.210 - - [26/Nov/2009:20:46:24 -0500] "GET /email/origins.html HTTP/1.1" 404 277 "-" "msnbot/2.0b (+http://search.msn.com/msnbot.htm)"
209.202.168.76 - - [27/Nov/2009:05:31:35 -0500] "GET /robots.txt HTTP/1.0" 404 269 "-" "GingerCrawler/1.0 (Language Assistant for Dyslexics; www.gingersoftware.com/crawler_agent.htm; support at ginger software dot com)"
209.202.168.76 - - [27/Nov/2009:05:31:35 -0500] "GET /email/origins.html HTTP/1.0" 404 277 "-" "GingerCrawler/1.0 (Language Assistant for Dyslexics; www.gingersoftware.com/crawler_agent.htm; support at ginger software dot com)"
67.218.116.130 - - [27/Nov/2009:11:25:02 -0500] "GET /robots.txt HTTP/1.0" 404 269 "-" "Mozilla/5.0 (Twiceler-0.9 http://www.cuil.com/twiceler/robot.html)"
66.249.71.246 - - [27/Nov/2009:18:17:48 -0500] "GET /robots.txt HTTP/1.1" 404 269 "-" "Mozilla/5.0 (compatible; Googlebot/2.1; +http://www.google.com/bot.html)"
66.249.71.246 - - [27/Nov/2009:18:17:48 -0500] "GET /illustrator.html HTTP/1.1" 304 - "-" "Mozilla/5.0 (compatible; Googlebot/2.1; +http://www.google.com/bot.html)"
66.249.71.246 - - [27/Nov/2009:20:26:28 -0500] "GET /contact.html HTTP/1.1" 304 - "-" "Mozilla/5.0 (compatible; Googlebot/2.1; +http://www.google.com/bot.html)"
67.218.116.130 - - [28/Nov/2009:10:53:45 -0500] "GET /robots.txt HTTP/1.0" 404 269 "-" "Mozilla/5.0 (Twiceler-0.9 http://www.cuil.com/twiceler/robot.html)"
65.55.207.121 - - [29/Nov/2009:05:43:11 -0500] "GET /robots.txt HTTP/1.1" 404 269 "-" "msnbot/2.0b (+http://search.msn.com/msnbot.htm)"
65.55.207.121 - - [29/Nov/2009:05:45:54 -0500] "GET /email/origins.html HTTP/1.1" 404 277 "-" "msnbot/2.0b (+http://search.msn.com/msnbot.htm)"
67.218.116.130 - - [29/Nov/2009:10:55:31 -0500] "GET /robots.txt HTTP/1.0" 404 269 "-" "Mozilla/5.0 (Twiceler-0.9 http://www.cuil.com/twiceler/robot.html)"
66.249.71.246 - - [30/Nov/2009:07:15:27 -0500] "GET /robots.txt HTTP/1.1" 404 269 "-" "Mozilla/5.0 (compatible; Googlebot/2.1; +http://www.google.com/bot.html)"
66.249.71.246 - - [30/Nov/2009:07:15:27 -0500] "GET /print.html HTTP/1.1" 304 - "-" "Mozilla/5.0 (compatible; Googlebot/2.1; +http://www.google.com/bot.html)"
66.249.71.246 - - [30/Nov/2009:10:16:14 -0500] "GET /photoshop.html HTTP/1.1" 304 - "-" "Mozilla/5.0 (compatible; Googlebot/2.1; +http://www.google.com/bot.html)"
67.218.116.130 - - [30/Nov/2009:11:01:31 -0500] "GET /robots.txt HTTP/1.0" 404 269 "-" "Mozilla/5.0 (Twiceler-0.9 http://www.cuil.com/twiceler/robot.html)"
66.249.71.246 - - [30/Nov/2009:13:23:04 -0500] "GET /pages.html HTTP/1.1" 304 - "-" "Mozilla/5.0 (compatible; Googlebot/2.1; +http://www.google.com/bot.html)"
66.249.71.167 - - [01/Dec/2009:07:27:24 -0500] "GET /robots.txt HTTP/1.1" 404 269 "-" "Mozilla/5.0 (compatible; Googlebot/2.1; +http://www.google.com/bot.html)"
66.249.71.167 - - [01/Dec/2009:07:27:24 -0500] "GET / HTTP/1.1" 200 1984 "-" "Mozilla/5.0 (compatible; Googlebot/2.1; +http://www.google.com/bot.html)"
66.249.71.167 - - [01/Dec/2009:10:50:50 -0500] "GET /images/_portfolio/photoshop/telegraph_sm.gif HTTP/1.1" 304 - "-" "Googlebot-Image/1.0"
67.218.116.130 - - [01/Dec/2009:11:21:28 -0500] "GET /robots.txt HTTP/1.0" 404 269 "-" "Mozilla/5.0 (Twiceler-0.9 http://www.cuil.com/twiceler/robot.html)"
66.249.71.231 - - [01/Dec/2009:19:45:57 -0500] "GET /robots.txt HTTP/1.1" 404 269 "-" "Mozilla/5.0 (compatible; Googlebot/2.1; +http://www.google.com/bot.html)"
66.249.71.231 - - [01/Dec/2009:19:45:57 -0500] "GET /flash.html HTTP/1.1" 304 - "-" "Mozilla/5.0 (compatible; Googlebot/2.1; +http://www.google.com/bot.html)"
65.55.207.27 - - [02/Dec/2009:05:03:29 -0500] "GET /robots.txt HTTP/1.1" 404 269 "-" "msnbot/2.0b (+http://search.msn.com/msnbot.htm)"
65.55.207.27 - - [02/Dec/2009:06:41:50 -0500] "GET /robots.txt HTTP/1.1" 404 269 "-" "msnbot/2.0b (+http://search.msn.com/msnbot.htm)"
65.55.207.27 - - [02/Dec/2009:06:49:26 -0500] "GET /email/origins.html HTTP/1.1" 404 277 "-" "msnbot/2.0b (+http://search.msn.com/msnbot.htm)"
67.218.116.130 - - [02/Dec/2009:11:36:38 -0500] "GET /robots.txt HTTP/1.0" 404 269 "-" "Mozilla/5.0 (Twiceler-0.9 http://www.cuil.com/twiceler/robot.html)"
66.249.71.231 - - [02/Dec/2009:19:55:01 -0500] "GET /robots.txt HTTP/1.1" 404 269 "-" "Googlebot-Image/1.0"
66.249.71.231 - - [02/Dec/2009:19:55:01 -0500] "GET /images/_portfolio/web_pages/email.gif HTTP/1.1" 304 - "-" "Googlebot-Image/1.0"
66.249.71.231 - - [02/Dec/2009:20:16:00 -0500] "GET /illustrator.html HTTP/1.1" 304 - "-" "Mozilla/5.0 (compatible; Googlebot/2.1; +http://www.google.com/bot.html)"
66.249.71.231 - - [02/Dec/2009:23:14:19 -0500] "GET /contact.html HTTP/1.1" 304 - "-" "Mozilla/5.0 (compatible; Googlebot/2.1; +http://www.google.com/bot.html)"
65.55.106.136 - - [03/Dec/2009:09:01:49 -0500] "GET /robots.txt HTTP/1.1" 404 269 "-" "msnbot/2.0b (+http://search.msn.com/msnbot.htm)"
65.55.106.136 - - [03/Dec/2009:09:02:34 -0500] "GET /email/origins.html HTTP/1.1" 404 277 "-" "msnbot/2.0b (+http://search.msn.com/msnbot.htm)"
67.218.116.130 - - [03/Dec/2009:11:45:14 -0500] "GET /robots.txt HTTP/1.0" 404 269 "-" "Mozilla/5.0 (Twiceler-0.9 http://www.cuil.com/twiceler/robot.html)"
217.212.224.183 - - [03/Dec/2009:21:42:54 -0500] "GET /robots.txt HTTP/1.0" 404 269 "-" "psbot/0.1 (+http://www.picsearch.com/bot.html)"
217.212.224.179 - - [03/Dec/2009:21:42:54 -0500] "GET /illustrator.html HTTP/1.0" 304 - "-" "psbot/0.1 (+http://www.picsearch.com/bot.html)"
217.212.224.179 - - [03/Dec/2009:21:46:41 -0500] "GET /pages.html HTTP/1.0" 304 - "-" "psbot/0.1 (+http://www.picsearch.com/bot.html)"
217.212.224.179 - - [03/Dec/2009:21:53:13 -0500] "GET /print.html HTTP/1.0" 304 - "-" "psbot/0.1 (+http://www.picsearch.com/bot.html)"
217.212.224.179 - - [03/Dec/2009:21:56:30 -0500] "GET /contact.html HTTP/1.0" 304 - "-" "psbot/0.1 (+http://www.picsearch.com/bot.html)"
217.212.224.179 - - [03/Dec/2009:21:58:46 -0500] "GET /flash.html HTTP/1.0" 304 - "-" "psbot/0.1 (+http://www.picsearch.com/bot.html)"
217.212.224.179 - - [03/Dec/2009:22:03:03 -0500] "GET /photoshop.html HTTP/1.0" 304 - "-" "psbot/0.1 (+http://www.picsearch.com/bot.html)"
208.115.111.242 - - [03/Dec/2009:22:33:51 -0500] "GET /robots.txt HTTP/1.1" 404 269 "-" "Mozilla/5.0 (compatible; DotBot/1.1; http://www.dotnetdotcom.org/, crawler@dotnetdotcom.org)"
208.115.111.242 - - [04/Dec/2009:00:37:16 -0500] "GET /robots.txt HTTP/1.1" 404 269 "-" "Mozilla/5.0 (compatible; DotBot/1.1; http://www.dotnetdotcom.org/, crawler@dotnetdotcom.org)"
208.115.111.242 - - [04/Dec/2009:00:39:49 -0500] "GET /illustrator.html HTTP/1.1" 200 6612 "-" "Mozilla/5.0 (compatible; DotBot/1.1; http://www.dotnetdotcom.org/, crawler@dotnetdotcom.org)"
208.115.111.242 - - [04/Dec/2009:00:39:54 -0500] "GET /photoshop.html HTTP/1.1" 200 7709 "-" "Mozilla/5.0 (compatible; DotBot/1.1; http://www.dotnetdotcom.org/, crawler@dotnetdotcom.org)"
208.115.111.242 - - [04/Dec/2009:02:42:56 -0500] "GET / HTTP/1.1" 200 1984 "-" "Mozilla/5.0 (compatible; DotBot/1.1; http://www.dotnetdotcom.org/, crawler@dotnetdotcom.org)"
208.115.111.242 - - [04/Dec/2009:02:43:01 -0500] "GET /contact.html HTTP/1.1" 200 6927 "-" "Mozilla/5.0 (compatible; DotBot/1.1; http://www.dotnetdotcom.org/, crawler@dotnetdotcom.org)"
208.115.111.242 - - [04/Dec/2009:02:43:06 -0500] "GET /flash.html HTTP/1.1" 200 4756 "-" "Mozilla/5.0 (compatible; DotBot/1.1; http://www.dotnetdotcom.org/, crawler@dotnetdotcom.org)"
208.115.111.242 - - [04/Dec/2009:02:43:10 -0500] "GET /index.html HTTP/1.1" 200 1984 "-" "Mozilla/5.0 (compatible; DotBot/1.1; http://www.dotnetdotcom.org/, crawler@dotnetdotcom.org)"
208.115.111.242 - - [04/Dec/2009:02:43:15 -0500] "GET /pages.html HTTP/1.1" 200 4692 "-" "Mozilla/5.0 (compatible; DotBot/1.1; http://www.dotnetdotcom.org/, crawler@dotnetdotcom.org)"
208.115.111.242 - - [04/Dec/2009:02:43:21 -0500] "GET /print.html HTTP/1.1" 200 4324 "-" "Mozilla/5.0 (compatible; DotBot/1.1; http://www.dotnetdotcom.org/, crawler@dotnetdotcom.org)"
67.218.116.130 - - [04/Dec/2009:11:49:33 -0500] "GET /robots.txt HTTP/1.0" 404 269 "-" "Mozilla/5.0 (Twiceler-0.9 http://www.cuil.com/twiceler/robot.html)"
66.249.71.231 - - [04/Dec/2009:13:51:33 -0500] "GET /robots.txt HTTP/1.1" 404 269 "-" "Googlebot-Image/1.0"
66.249.71.231 - - [04/Dec/2009:13:51:33 -0500] "GET /images/_portfolio/photoshop/fulfillment_banner_sm.jpg HTTP/1.1" 304 - "-" "Googlebot-Image/1.0"
66.249.71.231 - - [04/Dec/2009:17:03:13 -0500] "GET /images/_portfolio/photoshop/graphics_banner_sm.jpg HTTP/1.1" 304 - "-" "Googlebot-Image/1.0"
66.249.71.231 - - [04/Dec/2009:20:22:41 -0500] "GET /robots.txt HTTP/1.1" 404 269 "-" "Googlebot-Image/1.0"
66.249.71.231 - - [04/Dec/2009:20:22:41 -0500] "GET /images/_portfolio/flash/rotating_circles.gif HTTP/1.1" 304 - "-" "Googlebot-Image/1.0"
67.218.116.130 - - [05/Dec/2009:12:09:29 -0500] "GET /robots.txt HTTP/1.0" 404 269 "-" "Mozilla/5.0 (Twiceler-0.9 http://www.cuil.com/twiceler/robot.html)"
66.249.71.231 - - [05/Dec/2009:12:53:29 -0500] "GET /robots.txt HTTP/1.1" 404 269 "-" "Googlebot-Image/1.0"
66.249.71.231 - - [05/Dec/2009:12:53:29 -0500] "GET /images/_portfolio/print/agence_lb.gif HTTP/1.1" 304 - "-" "Googlebot-Image/1.0"
66.249.71.231 - - [05/Dec/2009:16:50:13 -0500] "GET /print.html HTTP/1.1" 304 - "-" "Mozilla/5.0 (compatible; Googlebot/2.1; +http://www.google.com/bot.html)"
66.249.71.231 - - [05/Dec/2009:22:13:25 -0500] "GET /photoshop.html HTTP/1.1" 304 - "-" "Mozilla/5.0 (compatible; Googlebot/2.1; +http://www.google.com/bot.html)"
66.249.71.231 - - [06/Dec/2009:03:41:14 -0500] "GET /robots.txt HTTP/1.1" 404 269 "-" "Mozilla/5.0 (compatible; Googlebot/2.1; +http://www.google.com/bot.html)"
66.249.71.231 - - [06/Dec/2009:03:41:14 -0500] "GET /pages.html HTTP/1.1" 304 - "-" "Mozilla/5.0 (compatible; Googlebot/2.1; +http://www.google.com/bot.html)"
66.249.71.231 - - [06/Dec/2009:12:21:12 -0500] "GET /images/_portfolio/web_pages/golf_quiz.gif HTTP/1.1" 304 - "-" "Googlebot-Image/1.0"
67.218.116.130 - - [06/Dec/2009:12:25:33 -0500] "GET /robots.txt HTTP/1.0" 404 269 "-" "Mozilla/5.0 (Twiceler-0.9 http://www.cuil.com/twiceler/robot.html)"
98.114.78.156 - - [06/Dec/2009:14:19:51 -0500] "GET /print.html HTTP/1.1" 200 4324 "http://images.google.com/imgres?imgurl=http://alex.jeb.ca/images/_portfolio/print/egypt_sm.gif&imgrefurl=http://alex.jeb.ca/print.html&usg=__vw0R8JS7pR5nfbfQz3rOe5hbc4k=&h=75&w=75&sz=2&hl=en&start=32&tbnid=hmT2F4z4Qg2_hM:&tbnh=71&tbnw=71&prev=/images%3Fq%3Dposter%2Bwork%2Bfor%2Btravel%2Begypt%26hl%3Den%26sa%3DN%26start%3D20%26um%3D1%26ie%3DUTF-8&um=1&itbs=1" "Mozilla/4.0 (PSP (PlayStation Portable); 2.00)"
98.114.78.156 - - [06/Dec/2009:14:19:53 -0500] "GET /images/_portfolio/print/egypt_sm.gif HTTP/1.1" 200 1199 "http://images.google.com/imgres?imgurl=http://alex.jeb.ca/images/_portfolio/print/egypt_sm.gif&imgrefurl=http://alex.jeb.ca/print.html&usg=__vw0R8JS7pR5nfbfQz3rOe5hbc4k=&h=75&w=75&sz=2&hl=en&start=32&tbnid=hmT2F4z4Qg2_hM:&tbnh=71&tbnw=71&prev=/images%3Fq%3Dposter%2Bwork%2Bfor%2Btravel%2Begypt%26hl%3Den%26sa%3DN%26start%3D20%26um%3D1%26ie%3DUTF-8&um=1&itbs=1" "Mozilla/4.0 (PSP (PlayStation Portable); 2.00)"
98.114.78.156 - - [06/Dec/2009:14:20:07 -0500] "GET /main.js HTTP/1.1" 200 5103 "http://alex.jeb.ca/print.html" "Mozilla/4.0 (PSP (PlayStation Portable); 2.00)"
66.249.71.231 - - [06/Dec/2009:16:10:02 -0500] "GET /robots.txt HTTP/1.1" 404 269 "-" "Googlebot-Image/1.0"
66.249.71.231 - - [06/Dec/2009:16:10:02 -0500] "GET /images/_portfolio/flash/annimated_butterfly.gif HTTP/1.1" 304 - "-" "Googlebot-Image/1.0"
66.249.71.231 - - [07/Dec/2009:03:26:29 -0500] "GET /flash.html HTTP/1.1" 200 4756 "-" "Mozilla/5.0 (compatible; Googlebot/2.1; +http://www.google.com/bot.html)"
66.249.71.231 - - [07/Dec/2009:04:50:04 -0500] "GET /robots.txt HTTP/1.1" 404 269 "-" "Mozilla/5.0 (compatible; Googlebot/2.1; +http://www.google.com/bot.html)"
66.249.71.231 - - [07/Dec/2009:04:50:04 -0500] "GET /finland HTTP/1.1" 404 266 "-" "Mozilla/5.0 (compatible; Googlebot/2.1; +http://www.google.com/bot.html)"
66.249.71.231 - - [07/Dec/2009:04:50:36 -0500] "GET /images/_portfolio/flash/wine_banner.gif HTTP/1.1" 200 1021 "-" "Googlebot-Image/1.0"
89.248.172.14 - - [07/Dec/2009:07:33:01 -0500] "GET /contact.html HTTP/1.1" 200 6927 "-" "Mozilla/4.0 (compatible; MSIE 6.0; Windows NT 5.1; SV1)"
89.248.172.14 - - [07/Dec/2009:07:33:02 -0500] "POST /formmail.php HTTP/1.1" 200 355 "http://alex.jeb.ca/contact.html" "Mozilla/4.0 (compatible; MSIE 6.0; Windows NT 5.1; SV1)"
89.248.172.14 - - [07/Dec/2009:07:33:03 -0500] "GET /formmail.php HTTP/1.1" 200 319 "-" "Mozilla/4.0 (compatible; MSIE 6.0; Windows NT 5.1; SV1)"
89.248.172.14 - - [07/Dec/2009:07:33:05 -0500] "GET /contact.html HTTP/1.1" 200 6927 "-" "Mozilla/4.0 (compatible; MSIE 6.0; Windows NT 5.1; SV1)"
89.248.172.14 - - [07/Dec/2009:07:33:06 -0500] "GET / HTTP/1.1" 200 1984 "-" "Mozilla/4.0 (compatible; MSIE 6.0; Windows NT 5.1; SV1)"
65.55.207.30 - - [07/Dec/2009:09:14:58 -0500] "GET /robots.txt HTTP/1.1" 404 269 "-" "msnbot/2.0b (+http://search.msn.com/msnbot.htm)"
65.55.207.30 - - [07/Dec/2009:09:23:53 -0500] "GET /email/origins.html HTTP/1.1" 404 277 "-" "msnbot/2.0b (+http://search.msn.com/msnbot.htm)"
66.249.71.231 - - [07/Dec/2009:11:50:58 -0500] "GET /robots.txt HTTP/1.1" 404 269 "-" "Googlebot-Image/1.0"
66.249.71.231 - - [07/Dec/2009:11:50:58 -0500] "GET /images/_portfolio/flash/venn_diagram.gif HTTP/1.1" 304 - "-" "Googlebot-Image/1.0"
67.218.116.130 - - [07/Dec/2009:12:47:31 -0500] "GET /robots.txt HTTP/1.0" 404 269 "-" "Mozilla/5.0 (Twiceler-0.9 http://www.cuil.com/twiceler/robot.html)"
65.55.106.185 - - [07/Dec/2009:14:00:08 -0500] "GET /robots.txt HTTP/1.1" 404 269 "-" "msnbot/2.0b (+http://search.msn.com/msnbot.htm)"
65.55.106.185 - - [07/Dec/2009:14:00:50 -0500] "GET /email/origins.html HTTP/1.1" 404 277 "-" "msnbot/2.0b (+http://search.msn.com/msnbot.htm)"
89.28.3.241 - - [07/Dec/2009:17:48:42 -0500] "GET /pages.html HTTP/1.0" 200 4692 "http://alex.jeb.ca/pages.html" "Mozilla/4.0 (compatible; MSIE 7.0b; Windows NT 6.0)"
66.249.71.231 - - [08/Dec/2009:03:53:54 -0500] "GET /robots.txt HTTP/1.1" 404 269 "-" "Mozilla/5.0 (compatible; Googlebot/2.1; +http://www.google.com/bot.html)"
66.249.71.231 - - [08/Dec/2009:03:53:54 -0500] "GET /illustrator.html HTTP/1.1" 200 6612 "-" "Mozilla/5.0 (compatible; Googlebot/2.1; +http://www.google.com/bot.html)"
66.249.71.231 - - [08/Dec/2009:06:32:36 -0500] "GET /contact.html HTTP/1.1" 200 6927 "-" "Mozilla/5.0 (compatible; Googlebot/2.1; +http://www.google.com/bot.html)"
66.249.71.231 - - [08/Dec/2009:08:20:34 -0500] "GET /images/get_acrobat.gif HTTP/1.1" 200 1459 "-" "Googlebot-Image/1.0"
67.218.116.130 - - [08/Dec/2009:12:36:04 -0500] "GET /robots.txt HTTP/1.0" 404 269 "-" "Mozilla/5.0 (Twiceler-0.9 http://www.cuil.com/twiceler/robot.html)"
66.249.71.231 - - [09/Dec/2009:06:24:13 -0500] "GET /robots.txt HTTP/1.1" 404 269 "-" "Mozilla/5.0 (compatible; Googlebot/2.1; +http://www.google.com/bot.html)"
66.249.71.231 - - [09/Dec/2009:06:24:13 -0500] "GET / HTTP/1.1" 200 1984 "-" "Mozilla/5.0 (compatible; Googlebot/2.1; +http://www.google.com/bot.html)"
66.249.71.231 - - [09/Dec/2009:10:51:29 -0500] "GET /images/_portfolio/illustrator/pineapples_sm.gif HTTP/1.1" 304 - "-" "Googlebot-Image/1.0"
67.218.116.130 - - [09/Dec/2009:12:29:33 -0500] "GET /robots.txt HTTP/1.0" 404 269 "-" "Mozilla/5.0 (Twiceler-0.9 http://www.cuil.com/twiceler/robot.html)"
66.249.71.231 - - [09/Dec/2009:15:24:04 -0500] "GET /images/_portfolio/illustrator/women_flowers_sm.gif HTTP/1.1" 304 - "-" "Googlebot-Image/1.0"
66.249.71.167 - - [10/Dec/2009:10:21:33 -0500] "GET /robots.txt HTTP/1.1" 404 269 "-" "Googlebot-Image/1.0"
66.249.71.167 - - [10/Dec/2009:10:21:33 -0500] "GET /images/_portfolio/print/cd_booklet.gif HTTP/1.1" 304 - "-" "Googlebot-Image/1.0"
194.8.75.214 - - [10/Dec/2009:10:33:00 -0500] "GET /pages.html HTTP/1.1" 200 4692 "-" "Mozilla/4.0 (compatible; MSIE 6.0; Windows NT 5.1; SV1)"
194.8.75.214 - - [10/Dec/2009:10:33:01 -0500] "GET /index.html HTTP/1.1" 200 1984 "-" "Mozilla/4.0 (compatible; MSIE 6.0; Windows NT 5.1; SV1)"
194.8.75.214 - - [10/Dec/2009:10:33:01 -0500] "GET /illustrator.html HTTP/1.1" 200 6612 "-" "Mozilla/4.0 (compatible; MSIE 6.0; Windows NT 5.1; SV1)"
194.8.75.214 - - [10/Dec/2009:10:33:02 -0500] "GET /flash.html HTTP/1.1" 200 4756 "-" "Mozilla/4.0 (compatible; MSIE 6.0; Windows NT 5.1; SV1)"
194.8.75.214 - - [10/Dec/2009:10:33:02 -0500] "GET /photoshop.html HTTP/1.1" 200 7709 "-" "Mozilla/4.0 (compatible; MSIE 6.0; Windows NT 5.1; SV1)"
194.8.75.214 - - [10/Dec/2009:10:33:02 -0500] "GET /print.html HTTP/1.1" 200 4324 "-" "Mozilla/4.0 (compatible; MSIE 6.0; Windows NT 5.1; SV1)"
194.8.75.214 - - [10/Dec/2009:10:33:03 -0500] "GET /contact.html HTTP/1.1" 200 6927 "-" "Mozilla/4.0 (compatible; MSIE 6.0; Windows NT 5.1; SV1)"
194.8.75.214 - - [10/Dec/2009:10:33:03 -0500] "POST /formmail.php HTTP/1.1" 200 355 "http://alex.jeb.ca/contact.html" "Mozilla/4.0 (compatible; MSIE 6.0; Windows NT 5.1; SV1)"
194.8.75.214 - - [10/Dec/2009:10:33:03 -0500] "GET /formmail.php HTTP/1.1" 200 319 "-" "Mozilla/4.0 (compatible; MSIE 6.0; Windows NT 5.1; SV1)"
194.8.75.214 - - [10/Dec/2009:10:33:04 -0500] "GET /pages.html HTTP/1.1" 200 4692 "-" "Mozilla/4.0 (compatible; MSIE 6.0; Windows NT 5.1; SV1)"
194.8.75.214 - - [10/Dec/2009:10:33:04 -0500] "GET /contact.html HTTP/1.1" 200 6927 "-" "Mozilla/4.0 (compatible; MSIE 6.0; Windows NT 5.1; SV1)"
194.8.75.214 - - [10/Dec/2009:10:33:05 -0500] "GET / HTTP/1.1" 200 1984 "-" "Mozilla/4.0 (compatible; MSIE 6.0; Windows NT 5.1; SV1)"
194.8.75.214 - - [10/Dec/2009:10:33:05 -0500] "GET /index.html HTTP/1.1" 200 1984 "-" "Mozilla/4.0 (compatible; MSIE 6.0; Windows NT 5.1; SV1)"
194.8.75.214 - - [10/Dec/2009:10:33:05 -0500] "GET /illustrator.html HTTP/1.1" 200 6612 "-" "Mozilla/4.0 (compatible; MSIE 6.0; Windows NT 5.1; SV1)"
194.8.75.214 - - [10/Dec/2009:10:33:05 -0500] "GET /flash.html HTTP/1.1" 200 4756 "-" "Mozilla/4.0 (compatible; MSIE 6.0; Windows NT 5.1; SV1)"
194.8.75.214 - - [10/Dec/2009:10:33:06 -0500] "GET /photoshop.html HTTP/1.1" 200 7709 "-" "Mozilla/4.0 (compatible; MSIE 6.0; Windows NT 5.1; SV1)"
194.8.75.214 - - [10/Dec/2009:10:33:06 -0500] "GET /print.html HTTP/1.1" 200 4324 "-" "Mozilla/4.0 (compatible; MSIE 6.0; Windows NT 5.1; SV1)"
67.218.116.130 - - [10/Dec/2009:13:00:18 -0500] "GET /robots.txt HTTP/1.0" 404 269 "-" "Mozilla/5.0 (Twiceler-0.9 http://www.cuil.com/twiceler/robot.html)"
67.218.116.130 - - [11/Dec/2009:13:08:55 -0500] "GET /robots.txt HTTP/1.0" 404 269 "-" "Mozilla/5.0 (Twiceler-0.9 http://www.cuil.com/twiceler/robot.html)"
66.249.71.234 - - [11/Dec/2009:16:42:12 -0500] "GET /robots.txt HTTP/1.1" 404 269 "-" "Mozilla/5.0 (compatible; Googlebot/2.1; +http://www.google.com/bot.html)"
