70.81.96.73 - - [19/Mar/2010:23:48:16 -0400] "GET /images/_portfolio/web_pages/sellance.gif HTTP/1.1" 304 - "http://alex.jeb.ca/pages.html" "Mozilla/4.0 (compatible; MSIE 8.0; Windows NT 6.0; Trident/4.0; GTB0.0; SLCC1; .NET CLR 2.0.50727; Media Center PC 5.0; InfoPath.1; .NET CLR 3.5.30729; OfficeLiveConnector.1.3; OfficeLivePatch.0.0; .NET CLR 3.0.30729)"
70.81.96.73 - - [19/Mar/2010:23:48:16 -0400] "GET /images/_portfolio/web_pages/email.gif HTTP/1.1" 304 - "http://alex.jeb.ca/pages.html" "Mozilla/4.0 (compatible; MSIE 8.0; Windows NT 6.0; Trident/4.0; GTB0.0; SLCC1; .NET CLR 2.0.50727; Media Center PC 5.0; InfoPath.1; .NET CLR 3.5.30729; OfficeLiveConnector.1.3; OfficeLivePatch.0.0; .NET CLR 3.0.30729)"
70.81.96.73 - - [19/Mar/2010:23:48:16 -0400] "GET /images/_portfolio/web_pages/html.gif HTTP/1.1" 304 - "http://alex.jeb.ca/pages.html" "Mozilla/4.0 (compatible; MSIE 8.0; Windows NT 6.0; Trident/4.0; GTB0.0; SLCC1; .NET CLR 2.0.50727; Media Center PC 5.0; InfoPath.1; .NET CLR 3.5.30729; OfficeLiveConnector.1.3; OfficeLivePatch.0.0; .NET CLR 3.0.30729)"
70.81.96.73 - - [19/Mar/2010:23:48:16 -0400] "GET /images/_portfolio/web_pages/havlat_photography.gif HTTP/1.1" 304 - "http://alex.jeb.ca/pages.html" "Mozilla/4.0 (compatible; MSIE 8.0; Windows NT 6.0; Trident/4.0; GTB0.0; SLCC1; .NET CLR 2.0.50727; Media Center PC 5.0; InfoPath.1; .NET CLR 3.5.30729; OfficeLiveConnector.1.3; OfficeLivePatch.0.0; .NET CLR 3.0.30729)"
70.81.96.73 - - [19/Mar/2010:23:48:28 -0400] "GET /illustrator.html HTTP/1.1" 304 - "http://alex.jeb.ca/contact.html" "Mozilla/4.0 (compatible; MSIE 8.0; Windows NT 6.0; Trident/4.0; GTB0.0; SLCC1; .NET CLR 2.0.50727; Media Center PC 5.0; InfoPath.1; .NET CLR 3.5.30729; OfficeLiveConnector.1.3; OfficeLivePatch.0.0; .NET CLR 3.0.30729)"
70.81.96.73 - - [19/Mar/2010:23:48:28 -0400] "GET /images/_portfolio/illustrator/01_graph_sm.gif HTTP/1.1" 304 - "http://alex.jeb.ca/illustrator.html" "Mozilla/4.0 (compatible; MSIE 8.0; Windows NT 6.0; Trident/4.0; GTB0.0; SLCC1; .NET CLR 2.0.50727; Media Center PC 5.0; InfoPath.1; .NET CLR 3.5.30729; OfficeLiveConnector.1.3; OfficeLivePatch.0.0; .NET CLR 3.0.30729)"
70.81.96.73 - - [19/Mar/2010:23:48:28 -0400] "GET /images/_portfolio/illustrator/wine_label_sm.gif HTTP/1.1" 304 - "http://alex.jeb.ca/illustrator.html" "Mozilla/4.0 (compatible; MSIE 8.0; Windows NT 6.0; Trident/4.0; GTB0.0; SLCC1; .NET CLR 2.0.50727; Media Center PC 5.0; InfoPath.1; .NET CLR 3.5.30729; OfficeLiveConnector.1.3; OfficeLivePatch.0.0; .NET CLR 3.0.30729)"
70.81.96.73 - - [19/Mar/2010:23:48:28 -0400] "GET /images/_portfolio/illustrator/venus_butterfly_flyer_sm.gif HTTP/1.1" 304 - "http://alex.jeb.ca/illustrator.html" "Mozilla/4.0 (compatible; MSIE 8.0; Windows NT 6.0; Trident/4.0; GTB0.0; SLCC1; .NET CLR 2.0.50727; Media Center PC 5.0; InfoPath.1; .NET CLR 3.5.30729; OfficeLiveConnector.1.3; OfficeLivePatch.0.0; .NET CLR 3.0.30729)"
70.81.96.73 - - [19/Mar/2010:23:48:28 -0400] "GET /images/_portfolio/illustrator/02_graph_sm.gif HTTP/1.1" 304 - "http://alex.jeb.ca/illustrator.html" "Mozilla/4.0 (compatible; MSIE 8.0; Windows NT 6.0; Trident/4.0; GTB0.0; SLCC1; .NET CLR 2.0.50727; Media Center PC 5.0; InfoPath.1; .NET CLR 3.5.30729; OfficeLiveConnector.1.3; OfficeLivePatch.0.0; .NET CLR 3.0.30729)"
70.81.96.73 - - [19/Mar/2010:23:48:28 -0400] "GET /images/_portfolio/illustrator/fleur_de_lis_sm.gif HTTP/1.1" 304 - "http://alex.jeb.ca/illustrator.html" "Mozilla/4.0 (compatible; MSIE 8.0; Windows NT 6.0; Trident/4.0; GTB0.0; SLCC1; .NET CLR 2.0.50727; Media Center PC 5.0; InfoPath.1; .NET CLR 3.5.30729; OfficeLiveConnector.1.3; OfficeLivePatch.0.0; .NET CLR 3.0.30729)"
70.81.96.73 - - [19/Mar/2010:23:48:28 -0400] "GET /images/_portfolio/illustrator/maple_leaf_sm.gif HTTP/1.1" 304 - "http://alex.jeb.ca/illustrator.html" "Mozilla/4.0 (compatible; MSIE 8.0; Windows NT 6.0; Trident/4.0; GTB0.0; SLCC1; .NET CLR 2.0.50727; Media Center PC 5.0; InfoPath.1; .NET CLR 3.5.30729; OfficeLiveConnector.1.3; OfficeLivePatch.0.0; .NET CLR 3.0.30729)"
70.81.96.73 - - [19/Mar/2010:23:48:28 -0400] "GET /images/_portfolio/illustrator/vine_alphabet_sm.gif HTTP/1.1" 304 - "http://alex.jeb.ca/illustrator.html" "Mozilla/4.0 (compatible; MSIE 8.0; Windows NT 6.0; Trident/4.0; GTB0.0; SLCC1; .NET CLR 2.0.50727; Media Center PC 5.0; InfoPath.1; .NET CLR 3.5.30729; OfficeLiveConnector.1.3; OfficeLivePatch.0.0; .NET CLR 3.0.30729)"
70.81.96.73 - - [19/Mar/2010:23:48:28 -0400] "GET /images/_portfolio/illustrator/pineapples_sm.gif HTTP/1.1" 304 - "http://alex.jeb.ca/illustrator.html" "Mozilla/4.0 (compatible; MSIE 8.0; Windows NT 6.0; Trident/4.0; GTB0.0; SLCC1; .NET CLR 2.0.50727; Media Center PC 5.0; InfoPath.1; .NET CLR 3.5.30729; OfficeLiveConnector.1.3; OfficeLivePatch.0.0; .NET CLR 3.0.30729)"
70.81.96.73 - - [19/Mar/2010:23:48:28 -0400] "GET /images/_portfolio/illustrator/castle_drawing_sm.gif HTTP/1.1" 304 - "http://alex.jeb.ca/illustrator.html" "Mozilla/4.0 (compatible; MSIE 8.0; Windows NT 6.0; Trident/4.0; GTB0.0; SLCC1; .NET CLR 2.0.50727; Media Center PC 5.0; InfoPath.1; .NET CLR 3.5.30729; OfficeLiveConnector.1.3; OfficeLivePatch.0.0; .NET CLR 3.0.30729)"
70.81.96.73 - - [19/Mar/2010:23:48:28 -0400] "GET /images/_portfolio/illustrator/women_flowers_sm.gif HTTP/1.1" 304 - "http://alex.jeb.ca/illustrator.html" "Mozilla/4.0 (compatible; MSIE 8.0; Windows NT 6.0; Trident/4.0; GTB0.0; SLCC1; .NET CLR 2.0.50727; Media Center PC 5.0; InfoPath.1; .NET CLR 3.5.30729; OfficeLiveConnector.1.3; OfficeLivePatch.0.0; .NET CLR 3.0.30729)"
70.81.96.73 - - [19/Mar/2010:23:48:30 -0400] "GET /contact.html HTTP/1.1" 304 - "http://alex.jeb.ca/illustrator.html" "Mozilla/4.0 (compatible; MSIE 8.0; Windows NT 6.0; Trident/4.0; GTB0.0; SLCC1; .NET CLR 2.0.50727; Media Center PC 5.0; InfoPath.1; .NET CLR 3.5.30729; OfficeLiveConnector.1.3; OfficeLivePatch.0.0; .NET CLR 3.0.30729)"
70.81.96.73 - - [19/Mar/2010:23:51:06 -0400] "GET /illustrator.html HTTP/1.1" 304 - "http://alex.jeb.ca/pages.html" "Mozilla/4.0 (compatible; MSIE 8.0; Windows NT 6.0; Trident/4.0; GTB0.0; SLCC1; .NET CLR 2.0.50727; Media Center PC 5.0; InfoPath.1; .NET CLR 3.5.30729; OfficeLiveConnector.1.3; OfficeLivePatch.0.0; .NET CLR 3.0.30729)"
70.81.96.73 - - [19/Mar/2010:23:51:06 -0400] "GET /index.css HTTP/1.1" 304 - "http://alex.jeb.ca/illustrator.html" "Mozilla/4.0 (compatible; MSIE 8.0; Windows NT 6.0; Trident/4.0; GTB0.0; SLCC1; .NET CLR 2.0.50727; Media Center PC 5.0; InfoPath.1; .NET CLR 3.5.30729; OfficeLiveConnector.1.3; OfficeLivePatch.0.0; .NET CLR 3.0.30729)"
70.81.96.73 - - [19/Mar/2010:23:51:06 -0400] "GET /top_nav.css HTTP/1.1" 304 - "http://alex.jeb.ca/illustrator.html" "Mozilla/4.0 (compatible; MSIE 8.0; Windows NT 6.0; Trident/4.0; GTB0.0; SLCC1; .NET CLR 2.0.50727; Media Center PC 5.0; InfoPath.1; .NET CLR 3.5.30729; OfficeLiveConnector.1.3; OfficeLivePatch.0.0; .NET CLR 3.0.30729)"
70.81.96.73 - - [19/Mar/2010:23:51:06 -0400] "GET /main.js HTTP/1.1" 304 - "http://alex.jeb.ca/illustrator.html" "Mozilla/4.0 (compatible; MSIE 8.0; Windows NT 6.0; Trident/4.0; GTB0.0; SLCC1; .NET CLR 2.0.50727; Media Center PC 5.0; InfoPath.1; .NET CLR 3.5.30729; OfficeLiveConnector.1.3; OfficeLivePatch.0.0; .NET CLR 3.0.30729)"
70.81.96.73 - - [19/Mar/2010:23:51:06 -0400] "GET /images/_portfolio/illustrator/wine_label_sm.gif HTTP/1.1" 304 - "http://alex.jeb.ca/illustrator.html" "Mozilla/4.0 (compatible; MSIE 8.0; Windows NT 6.0; Trident/4.0; GTB0.0; SLCC1; .NET CLR 2.0.50727; Media Center PC 5.0; InfoPath.1; .NET CLR 3.5.30729; OfficeLiveConnector.1.3; OfficeLivePatch.0.0; .NET CLR 3.0.30729)"
70.81.96.73 - - [19/Mar/2010:23:51:06 -0400] "GET /images/_portfolio/illustrator/01_graph_sm.gif HTTP/1.1" 304 - "http://alex.jeb.ca/illustrator.html" "Mozilla/4.0 (compatible; MSIE 8.0; Windows NT 6.0; Trident/4.0; GTB0.0; SLCC1; .NET CLR 2.0.50727; Media Center PC 5.0; InfoPath.1; .NET CLR 3.5.30729; OfficeLiveConnector.1.3; OfficeLivePatch.0.0; .NET CLR 3.0.30729)"
70.81.96.73 - - [19/Mar/2010:23:51:06 -0400] "GET /images/_portfolio/illustrator/venus_butterfly_flyer_sm.gif HTTP/1.1" 304 - "http://alex.jeb.ca/illustrator.html" "Mozilla/4.0 (compatible; MSIE 8.0; Windows NT 6.0; Trident/4.0; GTB0.0; SLCC1; .NET CLR 2.0.50727; Media Center PC 5.0; InfoPath.1; .NET CLR 3.5.30729; OfficeLiveConnector.1.3; OfficeLivePatch.0.0; .NET CLR 3.0.30729)"
70.81.96.73 - - [19/Mar/2010:23:51:06 -0400] "GET /images/_portfolio/illustrator/women_flowers_sm.gif HTTP/1.1" 304 - "http://alex.jeb.ca/illustrator.html" "Mozilla/4.0 (compatible; MSIE 8.0; Windows NT 6.0; Trident/4.0; GTB0.0; SLCC1; .NET CLR 2.0.50727; Media Center PC 5.0; InfoPath.1; .NET CLR 3.5.30729; OfficeLiveConnector.1.3; OfficeLivePatch.0.0; .NET CLR 3.0.30729)"
70.81.96.73 - - [19/Mar/2010:23:51:06 -0400] "GET /images/_portfolio/illustrator/02_graph_sm.gif HTTP/1.1" 304 - "http://alex.jeb.ca/illustrator.html" "Mozilla/4.0 (compatible; MSIE 8.0; Windows NT 6.0; Trident/4.0; GTB0.0; SLCC1; .NET CLR 2.0.50727; Media Center PC 5.0; InfoPath.1; .NET CLR 3.5.30729; OfficeLiveConnector.1.3; OfficeLivePatch.0.0; .NET CLR 3.0.30729)"
70.81.96.73 - - [19/Mar/2010:23:51:06 -0400] "GET /images/_portfolio/illustrator/fleur_de_lis_sm.gif HTTP/1.1" 304 - "http://alex.jeb.ca/illustrator.html" "Mozilla/4.0 (compatible; MSIE 8.0; Windows NT 6.0; Trident/4.0; GTB0.0; SLCC1; .NET CLR 2.0.50727; Media Center PC 5.0; InfoPath.1; .NET CLR 3.5.30729; OfficeLiveConnector.1.3; OfficeLivePatch.0.0; .NET CLR 3.0.30729)"
70.81.96.73 - - [19/Mar/2010:23:51:06 -0400] "GET /images/_portfolio/illustrator/castle_drawing_sm.gif HTTP/1.1" 304 - "http://alex.jeb.ca/illustrator.html" "Mozilla/4.0 (compatible; MSIE 8.0; Windows NT 6.0; Trident/4.0; GTB0.0; SLCC1; .NET CLR 2.0.50727; Media Center PC 5.0; InfoPath.1; .NET CLR 3.5.30729; OfficeLiveConnector.1.3; OfficeLivePatch.0.0; .NET CLR 3.0.30729)"
70.81.96.73 - - [19/Mar/2010:23:51:06 -0400] "GET /images/_portfolio/illustrator/vine_alphabet_sm.gif HTTP/1.1" 304 - "http://alex.jeb.ca/illustrator.html" "Mozilla/4.0 (compatible; MSIE 8.0; Windows NT 6.0; Trident/4.0; GTB0.0; SLCC1; .NET CLR 2.0.50727; Media Center PC 5.0; InfoPath.1; .NET CLR 3.5.30729; OfficeLiveConnector.1.3; OfficeLivePatch.0.0; .NET CLR 3.0.30729)"
70.81.96.73 - - [19/Mar/2010:23:51:06 -0400] "GET /images/_portfolio/illustrator/pineapples_sm.gif HTTP/1.1" 304 - "http://alex.jeb.ca/illustrator.html" "Mozilla/4.0 (compatible; MSIE 8.0; Windows NT 6.0; Trident/4.0; GTB0.0; SLCC1; .NET CLR 2.0.50727; Media Center PC 5.0; InfoPath.1; .NET CLR 3.5.30729; OfficeLiveConnector.1.3; OfficeLivePatch.0.0; .NET CLR 3.0.30729)"
70.81.96.73 - - [19/Mar/2010:23:51:06 -0400] "GET /images/bg.gif HTTP/1.1" 304 - "http://alex.jeb.ca/illustrator.html" "Mozilla/4.0 (compatible; MSIE 8.0; Windows NT 6.0; Trident/4.0; GTB0.0; SLCC1; .NET CLR 2.0.50727; Media Center PC 5.0; InfoPath.1; .NET CLR 3.5.30729; OfficeLiveConnector.1.3; OfficeLivePatch.0.0; .NET CLR 3.0.30729)"
70.81.96.73 - - [19/Mar/2010:23:51:06 -0400] "GET /images/left.gif HTTP/1.1" 304 - "http://alex.jeb.ca/illustrator.html" "Mozilla/4.0 (compatible; MSIE 8.0; Windows NT 6.0; Trident/4.0; GTB0.0; SLCC1; .NET CLR 2.0.50727; Media Center PC 5.0; InfoPath.1; .NET CLR 3.5.30729; OfficeLiveConnector.1.3; OfficeLivePatch.0.0; .NET CLR 3.0.30729)"
70.81.96.73 - - [19/Mar/2010:23:51:06 -0400] "GET /images/on_left.gif HTTP/1.1" 304 - "http://alex.jeb.ca/illustrator.html" "Mozilla/4.0 (compatible; MSIE 8.0; Windows NT 6.0; Trident/4.0; GTB0.0; SLCC1; .NET CLR 2.0.50727; Media Center PC 5.0; InfoPath.1; .NET CLR 3.5.30729; OfficeLiveConnector.1.3; OfficeLivePatch.0.0; .NET CLR 3.0.30729)"
70.81.96.73 - - [19/Mar/2010:23:51:06 -0400] "GET /images/right.gif HTTP/1.1" 304 - "http://alex.jeb.ca/illustrator.html" "Mozilla/4.0 (compatible; MSIE 8.0; Windows NT 6.0; Trident/4.0; GTB0.0; SLCC1; .NET CLR 2.0.50727; Media Center PC 5.0; InfoPath.1; .NET CLR 3.5.30729; OfficeLiveConnector.1.3; OfficeLivePatch.0.0; .NET CLR 3.0.30729)"
70.81.96.73 - - [19/Mar/2010:23:51:06 -0400] "GET /images/on_right.gif HTTP/1.1" 304 - "http://alex.jeb.ca/illustrator.html" "Mozilla/4.0 (compatible; MSIE 8.0; Windows NT 6.0; Trident/4.0; GTB0.0; SLCC1; .NET CLR 2.0.50727; Media Center PC 5.0; InfoPath.1; .NET CLR 3.5.30729; OfficeLiveConnector.1.3; OfficeLivePatch.0.0; .NET CLR 3.0.30729)"
70.81.96.73 - - [19/Mar/2010:23:51:06 -0400] "GET /images/_portfolio/illustrator/maple_leaf_sm.gif HTTP/1.1" 304 - "http://alex.jeb.ca/illustrator.html" "Mozilla/4.0 (compatible; MSIE 8.0; Windows NT 6.0; Trident/4.0; GTB0.0; SLCC1; .NET CLR 2.0.50727; Media Center PC 5.0; InfoPath.1; .NET CLR 3.5.30729; OfficeLiveConnector.1.3; OfficeLivePatch.0.0; .NET CLR 3.0.30729)"
70.81.96.73 - - [19/Mar/2010:23:51:07 -0400] "GET /pages.html HTTP/1.1" 304 - "http://alex.jeb.ca/" "Mozilla/4.0 (compatible; MSIE 8.0; Windows NT 6.0; Trident/4.0; GTB0.0; SLCC1; .NET CLR 2.0.50727; Media Center PC 5.0; InfoPath.1; .NET CLR 3.5.30729; OfficeLiveConnector.1.3; OfficeLivePatch.0.0; .NET CLR 3.0.30729)"
70.81.96.73 - - [19/Mar/2010:23:51:07 -0400] "GET /images/_portfolio/web_pages/golf_quiz.gif HTTP/1.1" 304 - "http://alex.jeb.ca/pages.html" "Mozilla/4.0 (compatible; MSIE 8.0; Windows NT 6.0; Trident/4.0; GTB0.0; SLCC1; .NET CLR 2.0.50727; Media Center PC 5.0; InfoPath.1; .NET CLR 3.5.30729; OfficeLiveConnector.1.3; OfficeLivePatch.0.0; .NET CLR 3.0.30729)"
70.81.96.73 - - [19/Mar/2010:23:51:07 -0400] "GET /images/_portfolio/web_pages/raris.gif HTTP/1.1" 304 - "http://alex.jeb.ca/pages.html" "Mozilla/4.0 (compatible; MSIE 8.0; Windows NT 6.0; Trident/4.0; GTB0.0; SLCC1; .NET CLR 2.0.50727; Media Center PC 5.0; InfoPath.1; .NET CLR 3.5.30729; OfficeLiveConnector.1.3; OfficeLivePatch.0.0; .NET CLR 3.0.30729)"
70.81.96.73 - - [19/Mar/2010:23:51:07 -0400] "GET /images/_portfolio/web_pages/impressions.gif HTTP/1.1" 304 - "http://alex.jeb.ca/pages.html" "Mozilla/4.0 (compatible; MSIE 8.0; Windows NT 6.0; Trident/4.0; GTB0.0; SLCC1; .NET CLR 2.0.50727; Media Center PC 5.0; InfoPath.1; .NET CLR 3.5.30729; OfficeLiveConnector.1.3; OfficeLivePatch.0.0; .NET CLR 3.0.30729)"
70.81.96.73 - - [19/Mar/2010:23:51:07 -0400] "GET /images/_portfolio/web_pages/html.gif HTTP/1.1" 304 - "http://alex.jeb.ca/pages.html" "Mozilla/4.0 (compatible; MSIE 8.0; Windows NT 6.0; Trident/4.0; GTB0.0; SLCC1; .NET CLR 2.0.50727; Media Center PC 5.0; InfoPath.1; .NET CLR 3.5.30729; OfficeLiveConnector.1.3; OfficeLivePatch.0.0; .NET CLR 3.0.30729)"
70.81.96.73 - - [19/Mar/2010:23:51:07 -0400] "GET /images/_portfolio/web_pages/sellance.gif HTTP/1.1" 304 - "http://alex.jeb.ca/pages.html" "Mozilla/4.0 (compatible; MSIE 8.0; Windows NT 6.0; Trident/4.0; GTB0.0; SLCC1; .NET CLR 2.0.50727; Media Center PC 5.0; InfoPath.1; .NET CLR 3.5.30729; OfficeLiveConnector.1.3; OfficeLivePatch.0.0; .NET CLR 3.0.30729)"
70.81.96.73 - - [19/Mar/2010:23:51:07 -0400] "GET /images/_portfolio/web_pages/email.gif HTTP/1.1" 304 - "http://alex.jeb.ca/pages.html" "Mozilla/4.0 (compatible; MSIE 8.0; Windows NT 6.0; Trident/4.0; GTB0.0; SLCC1; .NET CLR 2.0.50727; Media Center PC 5.0; InfoPath.1; .NET CLR 3.5.30729; OfficeLiveConnector.1.3; OfficeLivePatch.0.0; .NET CLR 3.0.30729)"
70.81.96.73 - - [19/Mar/2010:23:51:07 -0400] "GET /images/_portfolio/web_pages/havlat_photography.gif HTTP/1.1" 304 - "http://alex.jeb.ca/pages.html" "Mozilla/4.0 (compatible; MSIE 8.0; Windows NT 6.0; Trident/4.0; GTB0.0; SLCC1; .NET CLR 2.0.50727; Media Center PC 5.0; InfoPath.1; .NET CLR 3.5.30729; OfficeLiveConnector.1.3; OfficeLivePatch.0.0; .NET CLR 3.0.30729)"
70.81.96.73 - - [19/Mar/2010:23:51:08 -0400] "GET / HTTP/1.1" 304 - "http://www.google.ca/search?hl=en&rlz=1T4GGLJ_en&ei=rEakS9jQIsKblgeq7aXuCA&sa=X&oi=spell&resnum=1&ct=result&cd=1&ved=0CDYQBSgA&q=ALEX+BOURGEOIS&spell=1" "Mozilla/4.0 (compatible; MSIE 8.0; Windows NT 6.0; Trident/4.0; GTB0.0; SLCC1; .NET CLR 2.0.50727; Media Center PC 5.0; InfoPath.1; .NET CLR 3.5.30729; OfficeLiveConnector.1.3; OfficeLivePatch.0.0; .NET CLR 3.0.30729)"
70.81.96.73 - - [19/Mar/2010:23:51:08 -0400] "GET /home.swf HTTP/1.1" 304 - "http://alex.jeb.ca/" "Mozilla/4.0 (compatible; MSIE 8.0; Windows NT 6.0; Trident/4.0; GTB0.0; SLCC1; .NET CLR 2.0.50727; Media Center PC 5.0; InfoPath.1; .NET CLR 3.5.30729; OfficeLiveConnector.1.3; OfficeLivePatch.0.0; .NET CLR 3.0.30729)"
95.108.128.241 - - [20/Mar/2010:02:14:35 -0400] "GET /robots.txt HTTP/1.1" 404 269 "-" "Yandex/1.01.001 (compatible; Win16; I)"
66.249.65.246 - - [20/Mar/2010:03:11:08 -0400] "GET /images/_portfolio/illustrator/fleur_de_lis_sm.gif HTTP/1.1" 304 - "-" "Googlebot-Image/1.0"
65.55.207.23 - - [20/Mar/2010:10:10:33 -0400] "GET /robots.txt HTTP/1.1" 404 269 "-" "msnbot/2.0b (+http://search.msn.com/msnbot.htm)"
65.55.106.136 - - [20/Mar/2010:10:15:52 -0400] "GET /robots.txt HTTP/1.1" 404 269 "-" "msnbot/2.0b (+http://search.msn.com/msnbot.htm)"
95.108.128.241 - - [20/Mar/2010:10:18:10 -0400] "GET /flash.html HTTP/1.1" 304 - "-" "Yandex/1.01.001 (compatible; Win16; I)"
207.46.199.199 - - [20/Mar/2010:15:15:02 -0400] "GET /robots.txt HTTP/1.1" 404 269 "-" "msnbot/2.0b (+http://search.msn.com/msnbot.htm)"
98.181.37.110 - - [20/Mar/2010:15:37:24 -0400] "GET /illustrator.html HTTP/1.1" 200 6612 "http://www.google.com/search?hl=en&q=designing+fleur+de+lis+in+illustrator&sourceid=navclient-ff&rlz=1B3GGGL_enUS297US298&ie=UTF-8" "Mozilla/5.0 (Windows; U; Windows NT 6.0; en-US; rv:1.9.1.8) Gecko/20100202 Firefox/3.5.8 GTB6 (.NET CLR 3.5.30729)"
98.181.37.110 - - [20/Mar/2010:15:37:25 -0400] "GET /index.css HTTP/1.1" 200 962 "http://alex.jeb.ca/illustrator.html" "Mozilla/5.0 (Windows; U; Windows NT 6.0; en-US; rv:1.9.1.8) Gecko/20100202 Firefox/3.5.8 GTB6 (.NET CLR 3.5.30729)"
98.181.37.110 - - [20/Mar/2010:15:37:25 -0400] "GET /top_nav.css HTTP/1.1" 200 841 "http://alex.jeb.ca/illustrator.html" "Mozilla/5.0 (Windows; U; Windows NT 6.0; en-US; rv:1.9.1.8) Gecko/20100202 Firefox/3.5.8 GTB6 (.NET CLR 3.5.30729)"
98.181.37.110 - - [20/Mar/2010:15:37:25 -0400] "GET /favicon.ico HTTP/1.1" 200 1150 "-" "Mozilla/5.0 (Windows; U; Windows NT 6.0; en-US; rv:1.9.1.8) Gecko/20100202 Firefox/3.5.8 GTB6 (.NET CLR 3.5.30729)"
98.181.37.110 - - [20/Mar/2010:15:37:25 -0400] "GET /main.js HTTP/1.1" 200 5103 "http://alex.jeb.ca/illustrator.html" "Mozilla/5.0 (Windows; U; Windows NT 6.0; en-US; rv:1.9.1.8) Gecko/20100202 Firefox/3.5.8 GTB6 (.NET CLR 3.5.30729)"
98.181.37.110 - - [20/Mar/2010:15:37:25 -0400] "GET /favicon.ico HTTP/1.1" 200 1150 "-" "Mozilla/5.0 (compatible; Google Desktop/5.9.911.3589; http://desktop.google.com/)"
98.181.37.110 - - [20/Mar/2010:15:37:25 -0400] "GET /images/_portfolio/illustrator/wine_label_sm.gif HTTP/1.1" 200 1240 "http://alex.jeb.ca/illustrator.html" "Mozilla/5.0 (Windows; U; Windows NT 6.0; en-US; rv:1.9.1.8) Gecko/20100202 Firefox/3.5.8 GTB6 (.NET CLR 3.5.30729)"
98.181.37.110 - - [20/Mar/2010:15:37:25 -0400] "GET /images/_portfolio/illustrator/01_graph_sm.gif HTTP/1.1" 200 2115 "http://alex.jeb.ca/illustrator.html" "Mozilla/5.0 (Windows; U; Windows NT 6.0; en-US; rv:1.9.1.8) Gecko/20100202 Firefox/3.5.8 GTB6 (.NET CLR 3.5.30729)"
98.181.37.110 - - [20/Mar/2010:15:37:25 -0400] "GET /images/_portfolio/illustrator/02_graph_sm.gif HTTP/1.1" 200 1405 "http://alex.jeb.ca/illustrator.html" "Mozilla/5.0 (Windows; U; Windows NT 6.0; en-US; rv:1.9.1.8) Gecko/20100202 Firefox/3.5.8 GTB6 (.NET CLR 3.5.30729)"
98.181.37.110 - - [20/Mar/2010:15:37:25 -0400] "GET /images/_portfolio/illustrator/venus_butterfly_flyer_sm.gif HTTP/1.1" 200 856 "http://alex.jeb.ca/illustrator.html" "Mozilla/5.0 (Windows; U; Windows NT 6.0; en-US; rv:1.9.1.8) Gecko/20100202 Firefox/3.5.8 GTB6 (.NET CLR 3.5.30729)"
98.181.37.110 - - [20/Mar/2010:15:37:25 -0400] "GET /images/_portfolio/illustrator/vine_alphabet_sm.gif HTTP/1.1" 200 642 "http://alex.jeb.ca/illustrator.html" "Mozilla/5.0 (Windows; U; Windows NT 6.0; en-US; rv:1.9.1.8) Gecko/20100202 Firefox/3.5.8 GTB6 (.NET CLR 3.5.30729)"
98.181.37.110 - - [20/Mar/2010:15:37:25 -0400] "GET /images/_portfolio/illustrator/pineapples_sm.gif HTTP/1.1" 200 1972 "http://alex.jeb.ca/illustrator.html" "Mozilla/5.0 (Windows; U; Windows NT 6.0; en-US; rv:1.9.1.8) Gecko/20100202 Firefox/3.5.8 GTB6 (.NET CLR 3.5.30729)"
98.181.37.110 - - [20/Mar/2010:15:37:25 -0400] "GET /images/_portfolio/illustrator/fleur_de_lis_sm.gif HTTP/1.1" 200 960 "http://alex.jeb.ca/illustrator.html" "Mozilla/5.0 (Windows; U; Windows NT 6.0; en-US; rv:1.9.1.8) Gecko/20100202 Firefox/3.5.8 GTB6 (.NET CLR 3.5.30729)"
98.181.37.110 - - [20/Mar/2010:15:37:25 -0400] "GET /images/_portfolio/illustrator/castle_drawing_sm.gif HTTP/1.1" 200 748 "http://alex.jeb.ca/illustrator.html" "Mozilla/5.0 (Windows; U; Windows NT 6.0; en-US; rv:1.9.1.8) Gecko/20100202 Firefox/3.5.8 GTB6 (.NET CLR 3.5.30729)"
98.181.37.110 - - [20/Mar/2010:15:37:25 -0400] "GET /images/_portfolio/illustrator/maple_leaf_sm.gif HTTP/1.1" 200 897 "http://alex.jeb.ca/illustrator.html" "Mozilla/5.0 (Windows; U; Windows NT 6.0; en-US; rv:1.9.1.8) Gecko/20100202 Firefox/3.5.8 GTB6 (.NET CLR 3.5.30729)"
98.181.37.110 - - [20/Mar/2010:15:37:25 -0400] "GET /images/_portfolio/illustrator/women_flowers_sm.gif HTTP/1.1" 200 2504 "http://alex.jeb.ca/illustrator.html" "Mozilla/5.0 (Windows; U; Windows NT 6.0; en-US; rv:1.9.1.8) Gecko/20100202 Firefox/3.5.8 GTB6 (.NET CLR 3.5.30729)"
98.181.37.110 - - [20/Mar/2010:15:37:25 -0400] "GET /images/bg.gif HTTP/1.1" 200 519 "http://alex.jeb.ca/top_nav.css" "Mozilla/5.0 (Windows; U; Windows NT 6.0; en-US; rv:1.9.1.8) Gecko/20100202 Firefox/3.5.8 GTB6 (.NET CLR 3.5.30729)"
98.181.37.110 - - [20/Mar/2010:15:37:25 -0400] "GET /images/left.gif HTTP/1.1" 200 493 "http://alex.jeb.ca/top_nav.css" "Mozilla/5.0 (Windows; U; Windows NT 6.0; en-US; rv:1.9.1.8) Gecko/20100202 Firefox/3.5.8 GTB6 (.NET CLR 3.5.30729)"
98.181.37.110 - - [20/Mar/2010:15:37:25 -0400] "GET /images/right.gif HTTP/1.1" 200 1986 "http://alex.jeb.ca/top_nav.css" "Mozilla/5.0 (Windows; U; Windows NT 6.0; en-US; rv:1.9.1.8) Gecko/20100202 Firefox/3.5.8 GTB6 (.NET CLR 3.5.30729)"
98.181.37.110 - - [20/Mar/2010:15:37:25 -0400] "GET /images/on_right.gif HTTP/1.1" 200 1971 "http://alex.jeb.ca/top_nav.css" "Mozilla/5.0 (Windows; U; Windows NT 6.0; en-US; rv:1.9.1.8) Gecko/20100202 Firefox/3.5.8 GTB6 (.NET CLR 3.5.30729)"
98.181.37.110 - - [20/Mar/2010:15:37:25 -0400] "GET /images/on_left.gif HTTP/1.1" 200 478 "http://alex.jeb.ca/top_nav.css" "Mozilla/5.0 (Windows; U; Windows NT 6.0; en-US; rv:1.9.1.8) Gecko/20100202 Firefox/3.5.8 GTB6 (.NET CLR 3.5.30729)"
207.46.13.85 - - [20/Mar/2010:19:38:53 -0400] "GET /robots.txt HTTP/1.1" 404 269 "-" "msnbot/2.0b (+http://search.msn.com/msnbot.htm)"
207.46.13.85 - - [20/Mar/2010:19:39:47 -0400] "GET /email/origins.html HTTP/1.1" 404 277 "-" "msnbot/2.0b (+http://search.msn.com/msnbot.htm)"
202.160.42.76 - - [20/Mar/2010:20:23:30 -0400] "GET /images/_portfolio/flash/annimated_butterfly.gif HTTP/1.0" 200 514 "-" "Mozilla/5.0 (SymbianOS/9.3; U; Series60/3.2 NokiaN78-1/10.136; Profile/MIDP-2.1 Configuration/CLDC-1.1 ) AppleWebKit/413 (KHTML, like Gecko) Safari/413"
72.14.199.196 - - [20/Mar/2010:21:08:36 -0400] "GET /robots.txt HTTP/1.1" 404 269 "-" "AdsBot-Google (+http://www.google.com/adsbot.html)"
72.14.199.196 - - [20/Mar/2010:21:08:36 -0400] "GET / HTTP/1.1" 304 - "-" "AdsBot-Google (+http://www.google.com/adsbot.html)"
66.249.65.246 - - [20/Mar/2010:21:29:17 -0400] "GET /images/_portfolio/flash/annimated_butterfly.gif HTTP/1.1" 304 - "-" "Googlebot-Image/1.0"
66.249.65.246 - - [20/Mar/2010:23:02:05 -0400] "GET /images/_portfolio/flash/rotating_circles.gif HTTP/1.1" 304 - "-" "Googlebot-Image/1.0"
66.249.65.246 - - [21/Mar/2010:00:36:11 -0400] "GET /images/_portfolio/photoshop/telegraph_sm.gif HTTP/1.1" 304 - "-" "Googlebot-Image/1.0"
208.115.111.248 - - [21/Mar/2010:08:21:13 -0400] "GET /robots.txt HTTP/1.1" 404 269 "-" "Mozilla/5.0 (compatible; DotBot/1.1; http://www.dotnetdotcom.org/, crawler@dotnetdotcom.org)"
208.115.111.248 - - [21/Mar/2010:12:05:31 -0400] "GET /robots.txt HTTP/1.1" 404 269 "-" "Mozilla/5.0 (compatible; DotBot/1.1; http://www.dotnetdotcom.org/, crawler@dotnetdotcom.org)"
208.115.111.248 - - [21/Mar/2010:12:07:19 -0400] "GET /email/origins.html HTTP/1.1" 404 277 "-" "Mozilla/5.0 (compatible; DotBot/1.1; http://www.dotnetdotcom.org/, crawler@dotnetdotcom.org)"
67.218.116.130 - - [21/Mar/2010:13:45:46 -0400] "GET /robots.txt HTTP/1.1" 404 269 "-" "Mozilla/5.0 (Twiceler-0.9 http://www.cuil.com/twiceler/robot.html)"
208.115.111.248 - - [21/Mar/2010:15:42:33 -0400] "GET /robots.txt HTTP/1.1" 404 269 "-" "Mozilla/5.0 (compatible; DotBot/1.1; http://www.dotnetdotcom.org/, crawler@dotnetdotcom.org)"
208.115.111.248 - - [21/Mar/2010:15:45:16 -0400] "GET / HTTP/1.1" 200 1984 "-" "Mozilla/5.0 (compatible; DotBot/1.1; http://www.dotnetdotcom.org/, crawler@dotnetdotcom.org)"
208.115.111.248 - - [21/Mar/2010:15:45:21 -0400] "GET /flash.html HTTP/1.1" 200 4756 "-" "Mozilla/5.0 (compatible; DotBot/1.1; http://www.dotnetdotcom.org/, crawler@dotnetdotcom.org)"
208.115.111.248 - - [21/Mar/2010:15:45:26 -0400] "GET /illustrator.html HTTP/1.1" 200 6612 "-" "Mozilla/5.0 (compatible; DotBot/1.1; http://www.dotnetdotcom.org/, crawler@dotnetdotcom.org)"
208.115.111.248 - - [21/Mar/2010:15:45:31 -0400] "GET /photoshop.html HTTP/1.1" 200 7709 "-" "Mozilla/5.0 (compatible; DotBot/1.1; http://www.dotnetdotcom.org/, crawler@dotnetdotcom.org)"
208.115.111.248 - - [21/Mar/2010:19:17:44 -0400] "GET /contact.html HTTP/1.1" 200 6927 "-" "Mozilla/5.0 (compatible; DotBot/1.1; http://www.dotnetdotcom.org/, crawler@dotnetdotcom.org)"
208.115.111.248 - - [21/Mar/2010:19:17:49 -0400] "GET /index.html HTTP/1.1" 200 1984 "-" "Mozilla/5.0 (compatible; DotBot/1.1; http://www.dotnetdotcom.org/, crawler@dotnetdotcom.org)"
208.115.111.248 - - [21/Mar/2010:19:17:54 -0400] "GET /pages.html HTTP/1.1" 200 4692 "-" "Mozilla/5.0 (compatible; DotBot/1.1; http://www.dotnetdotcom.org/, crawler@dotnetdotcom.org)"
208.115.111.248 - - [21/Mar/2010:19:17:59 -0400] "GET /print.html HTTP/1.1" 200 4324 "-" "Mozilla/5.0 (compatible; DotBot/1.1; http://www.dotnetdotcom.org/, crawler@dotnetdotcom.org)"
66.249.65.246 - - [21/Mar/2010:20:59:09 -0400] "GET /robots.txt HTTP/1.1" 404 269 "-" "Googlebot-Image/1.0"
66.249.65.246 - - [21/Mar/2010:20:59:09 -0400] "GET /images/_portfolio/illustrator/wine_label_sm.gif HTTP/1.1" 304 - "-" "Googlebot-Image/1.0"
118.136.32.19 - - [21/Mar/2010:22:05:39 -0400] "GET /images/_portfolio/print/egypt_sm.gif HTTP/1.1" 200 1199 "http://images.google.co.id/imglanding?q=egypt%20poster&imgurl=http://img.allposters.com/6/LRG/12/1293/BI3O000Z.jpg&imgrefurl=http://www.allposters.com/-sp/Egypt-Posters_i1257286_.htm&usg=__VcIEIJURG1J1rQYUcFyr_CbgfCk=&h=401&w=400&sz=57&hl=id&itbs=1&tbnid=MX-RdUxYAePssM:&tbnh=124&tbnw=124&prev=/images%3Fq%3Degypt%2Bposter%26hl%3Did%26gbv%3D2%26tbs%3Disch:1&gbv=2&tbs=isch:1&start=11" "Mozilla/5.0 (Macintosh; U; Intel Mac OS X 10_5_8; en-us) AppleWebKit/531.21.8 (KHTML, like Gecko) Version/4.0.4 Safari/531.21.10"
66.249.65.246 - - [21/Mar/2010:23:51:11 -0400] "GET /images/_portfolio/photoshop/dragon_statue_sm.jpg HTTP/1.1" 304 - "-" "Googlebot-Image/1.0"
65.55.207.135 - - [22/Mar/2010:01:39:44 -0400] "GET /robots.txt HTTP/1.1" 404 269 "-" "msnbot/2.0b (+http://search.msn.com/msnbot.htm)"
207.46.13.86 - - [22/Mar/2010:02:11:01 -0400] "GET /robots.txt HTTP/1.1" 404 269 "-" "msnbot/2.0b (+http://search.msn.com/msnbot.htm)"
207.46.13.86 - - [22/Mar/2010:02:11:42 -0400] "GET /email/origins.html HTTP/1.1" 404 277 "-" "msnbot/2.0b (+http://search.msn.com/msnbot.htm)"
72.14.199.196 - - [22/Mar/2010:04:59:09 -0400] "GET / HTTP/1.1" 200 1984 "-" "AdsBot-Google (+http://www.google.com/adsbot.html)"
65.55.207.122 - - [22/Mar/2010:05:10:23 -0400] "GET /robots.txt HTTP/1.1" 404 269 "-" "msnbot/2.0b (+http://search.msn.com/msnbot.htm)"
66.249.65.246 - - [22/Mar/2010:05:46:35 -0400] "GET /images/_portfolio/photoshop/fulfillment_banner_sm.jpg HTTP/1.1" 304 - "-" "Googlebot-Image/1.0"
67.218.116.130 - - [22/Mar/2010:13:48:20 -0400] "GET /robots.txt HTTP/1.1" 404 269 "-" "Mozilla/5.0 (Twiceler-0.9 http://www.cuil.com/twiceler/robot.html)"
65.55.207.134 - - [22/Mar/2010:15:15:10 -0400] "GET /robots.txt HTTP/1.1" 404 269 "-" "msnbot/2.0b (+http://search.msn.com/msnbot.htm)"
95.108.128.241 - - [22/Mar/2010:19:53:25 -0400] "GET /robots.txt HTTP/1.1" 404 269 "-" "Yandex/1.01.001 (compatible; Win16; I)"
95.108.128.241 - - [22/Mar/2010:23:37:02 -0400] "GET / HTTP/1.1" 200 1984 "-" "Yandex/1.01.001 (compatible; Win16; I)"
95.108.128.241 - - [23/Mar/2010:02:02:04 -0400] "GET /index.html HTTP/1.1" 200 1984 "-" "Yandex/1.01.001 (compatible; Win16; I)"
95.108.128.241 - - [23/Mar/2010:03:14:35 -0400] "GET /print.html HTTP/1.1" 304 - "-" "Yandex/1.01.001 (compatible; Win16; I)"
207.46.204.180 - - [23/Mar/2010:03:30:54 -0400] "GET /robots.txt HTTP/1.1" 404 269 "-" "msnbot/2.0b (+http://search.msn.com/msnbot.htm)"
207.46.204.180 - - [23/Mar/2010:03:31:42 -0400] "GET /email/origins.html HTTP/1.1" 404 277 "-" "msnbot/2.0b (+http://search.msn.com/msnbot.htm)"
95.108.128.241 - - [23/Mar/2010:06:52:09 -0400] "GET /pages.html HTTP/1.1" 304 - "-" "Yandex/1.01.001 (compatible; Win16; I)"
207.46.13.86 - - [23/Mar/2010:08:50:57 -0400] "GET /robots.txt HTTP/1.1" 404 269 "-" "msnbot/2.0b (+http://search.msn.com/msnbot.htm)"
207.46.13.86 - - [23/Mar/2010:08:51:39 -0400] "GET /email/origins.html HTTP/1.1" 404 277 "-" "msnbot/2.0b (+http://search.msn.com/msnbot.htm)"
75.101.216.126 - - [23/Mar/2010:09:09:08 -0400] "GET /robots.txt HTTP/1.1" 404 269 "-" "Mozilla/5.0 (compatible; spbot/2.0.2; +http://www.seoprofiler.com/bot/ )"
75.101.216.126 - - [23/Mar/2010:09:09:08 -0400] "GET /illustrator.html HTTP/1.1" 200 6612 "-" "Mozilla/5.0 (compatible; spbot/2.0.2; +http://www.seoprofiler.com/bot/ )"
75.101.216.126 - - [23/Mar/2010:09:14:44 -0400] "GET /robots.txt HTTP/1.1" 404 269 "-" "Mozilla/5.0 (compatible; spbot/2.0.2; +http://www.seoprofiler.com/bot/ )"
75.101.216.126 - - [23/Mar/2010:09:14:44 -0400] "GET /flash.html HTTP/1.1" 200 4756 "-" "Mozilla/5.0 (compatible; spbot/2.0.2; +http://www.seoprofiler.com/bot/ )"
75.101.216.126 - - [23/Mar/2010:09:14:56 -0400] "GET /robots.txt HTTP/1.1" 404 269 "-" "Mozilla/5.0 (compatible; spbot/2.0.2; +http://www.seoprofiler.com/bot/ )"
75.101.216.126 - - [23/Mar/2010:09:14:56 -0400] "GET /print.html HTTP/1.1" 200 4324 "-" "Mozilla/5.0 (compatible; spbot/2.0.2; +http://www.seoprofiler.com/bot/ )"
95.108.128.241 - - [23/Mar/2010:09:17:11 -0400] "GET /contact.html HTTP/1.1" 304 - "-" "Yandex/1.01.001 (compatible; Win16; I)"
95.108.128.241 - - [23/Mar/2010:11:42:12 -0400] "GET /illustrator.html HTTP/1.1" 304 - "-" "Yandex/1.01.001 (compatible; Win16; I)"
72.14.199.196 - - [23/Mar/2010:13:05:42 -0400] "GET /robots.txt HTTP/1.1" 404 269 "-" "AdsBot-Google (+http://www.google.com/adsbot.html)"
72.14.199.196 - - [23/Mar/2010:13:05:42 -0400] "GET / HTTP/1.1" 304 - "-" "AdsBot-Google (+http://www.google.com/adsbot.html)"
67.218.116.130 - - [23/Mar/2010:13:48:02 -0400] "GET /robots.txt HTTP/1.1" 404 269 "-" "Mozilla/5.0 (Twiceler-0.9 http://www.cuil.com/twiceler/robot.html)"
88.224.184.125 - - [23/Mar/2010:17:29:18 -0400] "GET /print.html HTTP/1.1" 200 4324 "http://images.google.com.tr/imgres?imgurl=http://alex.jeb.ca/images/_portfolio/print/egypt_sm.gif&imgrefurl=http://alex.jeb.ca/print.html&usg=__vw0R8JS7pR5nfbfQz3rOe5hbc4k=&h=75&w=75&sz=2&hl=tr&start=26&um=1&itbs=1&tbnid=hmT2F4z4Qg2_hM:&tbnh=71&tbnw=71&prev=/images%3Fq%3DLa%2BBourgeoisie%2Begypte%26start%3D18%26um%3D1%26hl%3Dtr%26sa%3DN%26rlz%3D1T4ADSA_trTR339TR339%26ndsp%3D18%26tbs%3Disch:1" "Mozilla/4.0 (compatible; MSIE 8.0; Windows NT 6.0; Trident/4.0; GTB6.4; SLCC1; .NET CLR 2.0.50727; Media Center PC 5.0; .NET CLR 3.0.30618; .NET CLR 3.5.30729; InfoPath.1)"
88.224.184.125 - - [23/Mar/2010:17:29:20 -0400] "GET /index.css HTTP/1.1" 200 962 "http://alex.jeb.ca/print.html" "Mozilla/4.0 (compatible; MSIE 8.0; Windows NT 6.0; Trident/4.0; GTB6.4; SLCC1; .NET CLR 2.0.50727; Media Center PC 5.0; .NET CLR 3.0.30618; .NET CLR 3.5.30729; InfoPath.1)"
88.224.184.125 - - [23/Mar/2010:17:29:20 -0400] "GET /top_nav.css HTTP/1.1" 200 841 "http://alex.jeb.ca/print.html" "Mozilla/4.0 (compatible; MSIE 8.0; Windows NT 6.0; Trident/4.0; GTB6.4; SLCC1; .NET CLR 2.0.50727; Media Center PC 5.0; .NET CLR 3.0.30618; .NET CLR 3.5.30729; InfoPath.1)"
88.224.184.125 - - [23/Mar/2010:17:29:20 -0400] "GET /main.js HTTP/1.1" 200 5103 "http://alex.jeb.ca/print.html" "Mozilla/4.0 (compatible; MSIE 8.0; Windows NT 6.0; Trident/4.0; GTB6.4; SLCC1; .NET CLR 2.0.50727; Media Center PC 5.0; .NET CLR 3.0.30618; .NET CLR 3.5.30729; InfoPath.1)"
88.224.184.125 - - [23/Mar/2010:17:29:21 -0400] "GET /images/_portfolio/print/cd_booklet.gif HTTP/1.1" 200 1736 "http://alex.jeb.ca/print.html" "Mozilla/4.0 (compatible; MSIE 8.0; Windows NT 6.0; Trident/4.0; GTB6.4; SLCC1; .NET CLR 2.0.50727; Media Center PC 5.0; .NET CLR 3.0.30618; .NET CLR 3.5.30729; InfoPath.1)"
88.224.184.125 - - [23/Mar/2010:17:29:21 -0400] "GET /images/_portfolio/print/cd_spine_back.gif HTTP/1.1" 200 994 "http://alex.jeb.ca/print.html" "Mozilla/4.0 (compatible; MSIE 8.0; Windows NT 6.0; Trident/4.0; GTB6.4; SLCC1; .NET CLR 2.0.50727; Media Center PC 5.0; .NET CLR 3.0.30618; .NET CLR 3.5.30729; InfoPath.1)"
88.224.184.125 - - [23/Mar/2010:17:29:21 -0400] "GET /images/bg.gif HTTP/1.1" 200 519 "http://alex.jeb.ca/print.html" "Mozilla/4.0 (compatible; MSIE 8.0; Windows NT 6.0; Trident/4.0; GTB6.4; SLCC1; .NET CLR 2.0.50727; Media Center PC 5.0; .NET CLR 3.0.30618; .NET CLR 3.5.30729; InfoPath.1)"
88.224.184.125 - - [23/Mar/2010:17:29:21 -0400] "GET /images/_portfolio/print/agence_lb.gif HTTP/1.1" 200 891 "http://alex.jeb.ca/print.html" "Mozilla/4.0 (compatible; MSIE 8.0; Windows NT 6.0; Trident/4.0; GTB6.4; SLCC1; .NET CLR 2.0.50727; Media Center PC 5.0; .NET CLR 3.0.30618; .NET CLR 3.5.30729; InfoPath.1)"
88.224.184.125 - - [23/Mar/2010:17:29:21 -0400] "GET /images/_portfolio/print/egypt_sm.gif HTTP/1.1" 200 1199 "http://alex.jeb.ca/print.html" "Mozilla/4.0 (compatible; MSIE 8.0; Windows NT 6.0; Trident/4.0; GTB6.4; SLCC1; .NET CLR 2.0.50727; Media Center PC 5.0; .NET CLR 3.0.30618; .NET CLR 3.5.30729; InfoPath.1)"
88.224.184.125 - - [23/Mar/2010:17:29:21 -0400] "GET /images/_portfolio/print/cinema_ad_sm.gif HTTP/1.1" 200 1193 "http://alex.jeb.ca/print.html" "Mozilla/4.0 (compatible; MSIE 8.0; Windows NT 6.0; Trident/4.0; GTB6.4; SLCC1; .NET CLR 2.0.50727; Media Center PC 5.0; .NET CLR 3.0.30618; .NET CLR 3.5.30729; InfoPath.1)"
88.224.184.125 - - [23/Mar/2010:17:29:21 -0400] "GET /images/get_acrobat.gif HTTP/1.1" 200 1459 "http://alex.jeb.ca/print.html" "Mozilla/4.0 (compatible; MSIE 8.0; Windows NT 6.0; Trident/4.0; GTB6.4; SLCC1; .NET CLR 2.0.50727; Media Center PC 5.0; .NET CLR 3.0.30618; .NET CLR 3.5.30729; InfoPath.1)"
88.224.184.125 - - [23/Mar/2010:17:29:21 -0400] "GET /images/on_left.gif HTTP/1.1" 200 478 "http://alex.jeb.ca/print.html" "Mozilla/4.0 (compatible; MSIE 8.0; Windows NT 6.0; Trident/4.0; GTB6.4; SLCC1; .NET CLR 2.0.50727; Media Center PC 5.0; .NET CLR 3.0.30618; .NET CLR 3.5.30729; InfoPath.1)"
88.224.184.125 - - [23/Mar/2010:17:29:21 -0400] "GET /images/left.gif HTTP/1.1" 200 493 "http://alex.jeb.ca/print.html" "Mozilla/4.0 (compatible; MSIE 8.0; Windows NT 6.0; Trident/4.0; GTB6.4; SLCC1; .NET CLR 2.0.50727; Media Center PC 5.0; .NET CLR 3.0.30618; .NET CLR 3.5.30729; InfoPath.1)"
88.224.184.125 - - [23/Mar/2010:17:29:21 -0400] "GET /images/right.gif HTTP/1.1" 200 1986 "http://alex.jeb.ca/print.html" "Mozilla/4.0 (compatible; MSIE 8.0; Windows NT 6.0; Trident/4.0; GTB6.4; SLCC1; .NET CLR 2.0.50727; Media Center PC 5.0; .NET CLR 3.0.30618; .NET CLR 3.5.30729; InfoPath.1)"
88.224.184.125 - - [23/Mar/2010:17:29:21 -0400] "GET /images/on_right.gif HTTP/1.1" 200 1971 "http://alex.jeb.ca/print.html" "Mozilla/4.0 (compatible; MSIE 8.0; Windows NT 6.0; Trident/4.0; GTB6.4; SLCC1; .NET CLR 2.0.50727; Media Center PC 5.0; .NET CLR 3.0.30618; .NET CLR 3.5.30729; InfoPath.1)"
65.55.207.134 - - [23/Mar/2010:17:49:08 -0400] "GET /robots.txt HTTP/1.1" 404 269 "-" "msnbot/2.0b (+http://search.msn.com/msnbot.htm)"
66.249.65.246 - - [24/Mar/2010:03:35:59 -0400] "GET /robots.txt HTTP/1.1" 404 269 "-" "Googlebot-Image/1.0"
66.249.65.246 - - [24/Mar/2010:03:35:59 -0400] "GET /images/_portfolio/flash/bending_arrow.gif HTTP/1.1" 304 - "-" "Googlebot-Image/1.0"
67.218.116.130 - - [24/Mar/2010:13:44:31 -0400] "GET /robots.txt HTTP/1.1" 404 269 "-" "Mozilla/5.0 (Twiceler-0.9 http://www.cuil.com/twiceler/robot.html)"
207.46.199.180 - - [24/Mar/2010:15:32:10 -0400] "GET /robots.txt HTTP/1.1" 404 269 "-" "msnbot/2.0b (+http://search.msn.com/msnbot.htm)"
95.108.128.241 - - [25/Mar/2010:01:35:44 -0400] "GET /robots.txt HTTP/1.1" 404 269 "-" "Yandex/1.01.001 (compatible; Win16; I)"
207.46.199.191 - - [25/Mar/2010:07:14:20 -0400] "GET /robots.txt HTTP/1.1" 404 269 "-" "msnbot/2.0b (+http://search.msn.com/msnbot.htm)"
95.108.128.241 - - [25/Mar/2010:07:15:11 -0400] "GET /pages.html HTTP/1.1" 304 - "-" "Yandex/1.01.001 (compatible; Win16; I)"
65.55.207.28 - - [25/Mar/2010:10:00:43 -0400] "GET /robots.txt HTTP/1.1" 404 269 "-" "msnbot/2.0b (+http://search.msn.com/msnbot.htm)"
67.218.116.130 - - [25/Mar/2010:14:10:24 -0400] "GET /robots.txt HTTP/1.1" 404 269 "-" "Mozilla/5.0 (Twiceler-0.9 http://www.cuil.com/twiceler/robot.html)"
66.249.71.167 - - [25/Mar/2010:21:00:48 -0400] "GET /robots.txt HTTP/1.1" 404 269 "-" "Googlebot-Image/1.0"
66.249.71.167 - - [25/Mar/2010:21:00:49 -0400] "GET /images/_portfolio/illustrator/maple_leaf_sm.gif HTTP/1.1" 304 - "-" "Googlebot-Image/1.0"
66.249.71.167 - - [26/Mar/2010:00:09:39 -0400] "GET /robots.txt HTTP/1.1" 404 269 "-" "Googlebot-Image/1.0"
66.249.71.167 - - [26/Mar/2010:00:09:39 -0400] "GET /images/_portfolio/flash/finland.gif HTTP/1.1" 304 - "-" "Googlebot-Image/1.0"
207.46.199.196 - - [26/Mar/2010:05:31:35 -0400] "GET /robots.txt HTTP/1.1" 404 269 "-" "msnbot/2.0b (+http://search.msn.com/msnbot.htm)"
66.249.71.167 - - [26/Mar/2010:09:52:49 -0400] "GET /robots.txt HTTP/1.1" 404 269 "-" "Googlebot-Image/1.0"
66.249.71.167 - - [26/Mar/2010:09:52:49 -0400] "GET /images/_portfolio/illustrator/venus_butterfly_flyer_sm.gif HTTP/1.1" 304 - "-" "Googlebot-Image/1.0"
67.218.116.130 - - [26/Mar/2010:14:16:53 -0400] "GET /robots.txt HTTP/1.1" 404 269 "-" "Mozilla/5.0 (Twiceler-0.9 http://www.cuil.com/twiceler/robot.html)"
66.249.71.242 - - [26/Mar/2010:21:30:30 -0400] "GET /robots.txt HTTP/1.1" 404 269 "-" "Googlebot-Image/1.0"
66.249.71.242 - - [26/Mar/2010:21:30:30 -0400] "GET /images/_portfolio/photoshop/fastco_building_sm.jpg HTTP/1.1" 304 - "-" "Googlebot-Image/1.0"
66.249.71.242 - - [26/Mar/2010:23:05:33 -0400] "GET /images/_portfolio/web_pages/html.gif HTTP/1.1" 304 - "-" "Googlebot-Image/1.0"
95.108.128.241 - - [26/Mar/2010:23:21:30 -0400] "GET /robots.txt HTTP/1.1" 404 269 "-" "Yandex/1.01.001 (compatible; Win16; I)"
65.55.207.28 - - [27/Mar/2010:01:26:10 -0400] "GET /robots.txt HTTP/1.1" 404 269 "-" "msnbot/2.0b (+http://search.msn.com/msnbot.htm)"
95.108.128.241 - - [27/Mar/2010:02:14:47 -0400] "GET / HTTP/1.1" 200 1984 "-" "Yandex/1.01.001 (compatible; Win16; I)"
66.249.71.242 - - [27/Mar/2010:02:16:25 -0400] "GET /images/_portfolio/illustrator/pineapples_sm.gif HTTP/1.1" 304 - "-" "Googlebot-Image/1.0"
66.249.71.242 - - [27/Mar/2010:03:51:20 -0400] "GET /images/_portfolio/print/cinema_ad_sm.gif HTTP/1.1" 304 - "-" "Googlebot-Image/1.0"
66.249.71.242 - - [27/Mar/2010:05:26:48 -0400] "GET /images/_portfolio/illustrator/01_graph_sm.gif HTTP/1.1" 304 - "-" "Googlebot-Image/1.0"
207.46.199.179 - - [27/Mar/2010:06:22:24 -0400] "GET /robots.txt HTTP/1.1" 404 269 "-" "msnbot/2.0b (+http://search.msn.com/msnbot.htm)"
95.108.128.241 - - [27/Mar/2010:06:34:41 -0400] "GET /index.html HTTP/1.1" 200 1984 "-" "Yandex/1.01.001 (compatible; Win16; I)"
95.108.128.241 - - [27/Mar/2010:10:11:15 -0400] "GET /photoshop.html HTTP/1.1" 304 - "-" "Yandex/1.01.001 (compatible; Win16; I)"
67.218.116.130 - - [27/Mar/2010:16:20:41 -0400] "GET /robots.txt HTTP/1.1" 404 269 "-" "Mozilla/5.0 (Twiceler-0.9 http://www.cuil.com/twiceler/robot.html)"
212.198.240.132 - - [27/Mar/2010:16:27:07 -0400] "GET /print.html HTTP/1.1" 200 4324 "-" "Mozilla/5.0 (Macintosh; U; PPC Mac OS X 10_5_8; fr-fr) AppleWebKit/531.22.7 (KHTML, like Gecko) Version/4.0.5 Safari/531.22.7"
212.198.240.132 - - [27/Mar/2010:16:27:08 -0400] "GET /index.css HTTP/1.1" 200 962 "http://alex.jeb.ca/print.html" "Mozilla/5.0 (Macintosh; U; PPC Mac OS X 10_5_8; fr-fr) AppleWebKit/531.22.7 (KHTML, like Gecko) Version/4.0.5 Safari/531.22.7"
212.198.240.132 - - [27/Mar/2010:16:27:08 -0400] "GET /top_nav.css HTTP/1.1" 200 841 "http://alex.jeb.ca/print.html" "Mozilla/5.0 (Macintosh; U; PPC Mac OS X 10_5_8; fr-fr) AppleWebKit/531.22.7 (KHTML, like Gecko) Version/4.0.5 Safari/531.22.7"
212.198.240.132 - - [27/Mar/2010:16:27:08 -0400] "GET /main.js HTTP/1.1" 200 5103 "http://alex.jeb.ca/print.html" "Mozilla/5.0 (Macintosh; U; PPC Mac OS X 10_5_8; fr-fr) AppleWebKit/531.22.7 (KHTML, like Gecko) Version/4.0.5 Safari/531.22.7"
212.198.240.132 - - [27/Mar/2010:16:27:08 -0400] "GET /images/right.gif HTTP/1.1" 200 1986 "http://alex.jeb.ca/print.html" "Mozilla/5.0 (Macintosh; U; PPC Mac OS X 10_5_8; fr-fr) AppleWebKit/531.22.7 (KHTML, like Gecko) Version/4.0.5 Safari/531.22.7"
212.198.240.132 - - [27/Mar/2010:16:27:08 -0400] "GET /images/left.gif HTTP/1.1" 200 493 "http://alex.jeb.ca/print.html" "Mozilla/5.0 (Macintosh; U; PPC Mac OS X 10_5_8; fr-fr) AppleWebKit/531.22.7 (KHTML, like Gecko) Version/4.0.5 Safari/531.22.7"
212.198.240.132 - - [27/Mar/2010:16:27:08 -0400] "GET /images/bg.gif HTTP/1.1" 200 519 "http://alex.jeb.ca/print.html" "Mozilla/5.0 (Macintosh; U; PPC Mac OS X 10_5_8; fr-fr) AppleWebKit/531.22.7 (KHTML, like Gecko) Version/4.0.5 Safari/531.22.7"
212.198.240.132 - - [27/Mar/2010:16:27:08 -0400] "GET /images/on_left.gif HTTP/1.1" 200 478 "http://alex.jeb.ca/print.html" "Mozilla/5.0 (Macintosh; U; PPC Mac OS X 10_5_8; fr-fr) AppleWebKit/531.22.7 (KHTML, like Gecko) Version/4.0.5 Safari/531.22.7"
212.198.240.132 - - [27/Mar/2010:16:27:08 -0400] "GET /images/on_right.gif HTTP/1.1" 200 1971 "http://alex.jeb.ca/print.html" "Mozilla/5.0 (Macintosh; U; PPC Mac OS X 10_5_8; fr-fr) AppleWebKit/531.22.7 (KHTML, like Gecko) Version/4.0.5 Safari/531.22.7"
212.198.240.132 - - [27/Mar/2010:16:27:08 -0400] "GET /images/_portfolio/print/cd_booklet.gif HTTP/1.1" 200 1736 "http://alex.jeb.ca/print.html" "Mozilla/5.0 (Macintosh; U; PPC Mac OS X 10_5_8; fr-fr) AppleWebKit/531.22.7 (KHTML, like Gecko) Version/4.0.5 Safari/531.22.7"
212.198.240.132 - - [27/Mar/2010:16:27:08 -0400] "GET /images/_portfolio/print/cd_spine_back.gif HTTP/1.1" 200 994 "http://alex.jeb.ca/print.html" "Mozilla/5.0 (Macintosh; U; PPC Mac OS X 10_5_8; fr-fr) AppleWebKit/531.22.7 (KHTML, like Gecko) Version/4.0.5 Safari/531.22.7"
212.198.240.132 - - [27/Mar/2010:16:27:08 -0400] "GET /images/_portfolio/print/agence_lb.gif HTTP/1.1" 200 891 "http://alex.jeb.ca/print.html" "Mozilla/5.0 (Macintosh; U; PPC Mac OS X 10_5_8; fr-fr) AppleWebKit/531.22.7 (KHTML, like Gecko) Version/4.0.5 Safari/531.22.7"
212.198.240.132 - - [27/Mar/2010:16:27:08 -0400] "GET /images/_portfolio/print/egypt_sm.gif HTTP/1.1" 200 1199 "http://alex.jeb.ca/print.html" "Mozilla/5.0 (Macintosh; U; PPC Mac OS X 10_5_8; fr-fr) AppleWebKit/531.22.7 (KHTML, like Gecko) Version/4.0.5 Safari/531.22.7"
212.198.240.132 - - [27/Mar/2010:16:27:08 -0400] "GET /images/_portfolio/print/cinema_ad_sm.gif HTTP/1.1" 200 1193 "http://alex.jeb.ca/print.html" "Mozilla/5.0 (Macintosh; U; PPC Mac OS X 10_5_8; fr-fr) AppleWebKit/531.22.7 (KHTML, like Gecko) Version/4.0.5 Safari/531.22.7"
212.198.240.132 - - [27/Mar/2010:16:27:08 -0400] "GET /images/get_acrobat.gif HTTP/1.1" 200 1459 "http://alex.jeb.ca/print.html" "Mozilla/5.0 (Macintosh; U; PPC Mac OS X 10_5_8; fr-fr) AppleWebKit/531.22.7 (KHTML, like Gecko) Version/4.0.5 Safari/531.22.7"
212.198.240.132 - - [27/Mar/2010:16:27:08 -0400] "GET /favicon.ico HTTP/1.1" 200 1150 "http://alex.jeb.ca/print.html" "Mozilla/5.0 (Macintosh; U; PPC Mac OS X 10_5_8; fr-fr) AppleWebKit/531.22.7 (KHTML, like Gecko) Version/4.0.5 Safari/531.22.7"
212.198.240.132 - - [27/Mar/2010:16:27:27 -0400] "GET /illustrator.html HTTP/1.1" 200 6612 "http://alex.jeb.ca/print.html" "Mozilla/5.0 (Macintosh; U; PPC Mac OS X 10_5_8; fr-fr) AppleWebKit/531.22.7 (KHTML, like Gecko) Version/4.0.5 Safari/531.22.7"
212.198.240.132 - - [27/Mar/2010:16:27:27 -0400] "GET /images/_portfolio/illustrator/venus_butterfly_flyer_sm.gif HTTP/1.1" 200 856 "http://alex.jeb.ca/illustrator.html" "Mozilla/5.0 (Macintosh; U; PPC Mac OS X 10_5_8; fr-fr) AppleWebKit/531.22.7 (KHTML, like Gecko) Version/4.0.5 Safari/531.22.7"
212.198.240.132 - - [27/Mar/2010:16:27:27 -0400] "GET /images/_portfolio/illustrator/wine_label_sm.gif HTTP/1.1" 200 1240 "http://alex.jeb.ca/illustrator.html" "Mozilla/5.0 (Macintosh; U; PPC Mac OS X 10_5_8; fr-fr) AppleWebKit/531.22.7 (KHTML, like Gecko) Version/4.0.5 Safari/531.22.7"
212.198.240.132 - - [27/Mar/2010:16:27:27 -0400] "GET /images/_portfolio/illustrator/01_graph_sm.gif HTTP/1.1" 200 2115 "http://alex.jeb.ca/illustrator.html" "Mozilla/5.0 (Macintosh; U; PPC Mac OS X 10_5_8; fr-fr) AppleWebKit/531.22.7 (KHTML, like Gecko) Version/4.0.5 Safari/531.22.7"
212.198.240.132 - - [27/Mar/2010:16:27:27 -0400] "GET /images/_portfolio/illustrator/02_graph_sm.gif HTTP/1.1" 200 1405 "http://alex.jeb.ca/illustrator.html" "Mozilla/5.0 (Macintosh; U; PPC Mac OS X 10_5_8; fr-fr) AppleWebKit/531.22.7 (KHTML, like Gecko) Version/4.0.5 Safari/531.22.7"
212.198.240.132 - - [27/Mar/2010:16:27:27 -0400] "GET /images/_portfolio/illustrator/fleur_de_lis_sm.gif HTTP/1.1" 200 960 "http://alex.jeb.ca/illustrator.html" "Mozilla/5.0 (Macintosh; U; PPC Mac OS X 10_5_8; fr-fr) AppleWebKit/531.22.7 (KHTML, like Gecko) Version/4.0.5 Safari/531.22.7"
212.198.240.132 - - [27/Mar/2010:16:27:28 -0400] "GET /images/_portfolio/illustrator/maple_leaf_sm.gif HTTP/1.1" 200 897 "http://alex.jeb.ca/illustrator.html" "Mozilla/5.0 (Macintosh; U; PPC Mac OS X 10_5_8; fr-fr) AppleWebKit/531.22.7 (KHTML, like Gecko) Version/4.0.5 Safari/531.22.7"
212.198.240.132 - - [27/Mar/2010:16:27:28 -0400] "GET /images/_portfolio/illustrator/pineapples_sm.gif HTTP/1.1" 200 1972 "http://alex.jeb.ca/illustrator.html" "Mozilla/5.0 (Macintosh; U; PPC Mac OS X 10_5_8; fr-fr) AppleWebKit/531.22.7 (KHTML, like Gecko) Version/4.0.5 Safari/531.22.7"
212.198.240.132 - - [27/Mar/2010:16:27:28 -0400] "GET /images/_portfolio/illustrator/vine_alphabet_sm.gif HTTP/1.1" 200 642 "http://alex.jeb.ca/illustrator.html" "Mozilla/5.0 (Macintosh; U; PPC Mac OS X 10_5_8; fr-fr) AppleWebKit/531.22.7 (KHTML, like Gecko) Version/4.0.5 Safari/531.22.7"
212.198.240.132 - - [27/Mar/2010:16:27:28 -0400] "GET /images/_portfolio/illustrator/castle_drawing_sm.gif HTTP/1.1" 200 748 "http://alex.jeb.ca/illustrator.html" "Mozilla/5.0 (Macintosh; U; PPC Mac OS X 10_5_8; fr-fr) AppleWebKit/531.22.7 (KHTML, like Gecko) Version/4.0.5 Safari/531.22.7"
212.198.240.132 - - [27/Mar/2010:16:27:28 -0400] "GET /images/_portfolio/illustrator/women_flowers_sm.gif HTTP/1.1" 200 2504 "http://alex.jeb.ca/illustrator.html" "Mozilla/5.0 (Macintosh; U; PPC Mac OS X 10_5_8; fr-fr) AppleWebKit/531.22.7 (KHTML, like Gecko) Version/4.0.5 Safari/531.22.7"
212.198.240.132 - - [27/Mar/2010:16:27:31 -0400] "GET /images/_portfolio/illustrator/01_graph.jpg HTTP/1.1" 200 21335 "-" "Mozilla/5.0 (Macintosh; U; PPC Mac OS X 10_5_8; fr-fr) AppleWebKit/531.22.7 (KHTML, like Gecko) Version/4.0.5 Safari/531.22.7"
212.198.240.132 - - [27/Mar/2010:16:27:38 -0400] "GET /index.html HTTP/1.1" 200 1984 "http://alex.jeb.ca/illustrator.html" "Mozilla/5.0 (Macintosh; U; PPC Mac OS X 10_5_8; fr-fr) AppleWebKit/531.22.7 (KHTML, like Gecko) Version/4.0.5 Safari/531.22.7"
212.198.240.132 - - [27/Mar/2010:16:27:38 -0400] "GET /home.swf HTTP/1.1" 200 17352 "http://alex.jeb.ca/index.html" "Mozilla/5.0 (Macintosh; U; PPC Mac OS X 10_5_8; fr-fr) AppleWebKit/531.22.7 (KHTML, like Gecko) Version/4.0.5 Safari/531.22.7"
212.198.240.132 - - [27/Mar/2010:16:27:57 -0400] "GET /robots.txt HTTP/1.1" 404 269 "-" "SiteSucker/2.1.4"
212.198.240.132 - - [27/Mar/2010:16:27:57 -0400] "GET / HTTP/1.1" 200 1984 "-" "SiteSucker/2.1.4"
212.198.240.132 - - [27/Mar/2010:16:27:57 -0400] "GET /index.css HTTP/1.1" 200 962 "http://alex.jeb.ca/" "SiteSucker/2.1.4"
212.198.240.132 - - [27/Mar/2010:16:27:58 -0400] "GET /index.html HTTP/1.1" 200 1984 "http://alex.jeb.ca/" "SiteSucker/2.1.4"
212.198.240.132 - - [27/Mar/2010:16:27:58 -0400] "GET /top_nav.css HTTP/1.1" 200 841 "http://alex.jeb.ca/" "SiteSucker/2.1.4"
212.198.240.132 - - [27/Mar/2010:16:27:58 -0400] "GET /favicon.ico HTTP/1.1" 200 1150 "http://alex.jeb.ca/" "SiteSucker/2.1.4"
212.198.240.132 - - [27/Mar/2010:16:27:58 -0400] "GET /main.js HTTP/1.1" 200 5103 "http://alex.jeb.ca/" "SiteSucker/2.1.4"
212.198.240.132 - - [27/Mar/2010:16:27:58 -0400] "GET /pages.html HTTP/1.1" 200 4692 "http://alex.jeb.ca/" "SiteSucker/2.1.4"
212.198.240.132 - - [27/Mar/2010:16:27:58 -0400] "GET /flash.html HTTP/1.1" 200 4756 "http://alex.jeb.ca/" "SiteSucker/2.1.4"
212.198.240.132 - - [27/Mar/2010:16:27:58 -0400] "GET /illustrator.html HTTP/1.1" 200 6612 "http://alex.jeb.ca/" "SiteSucker/2.1.4"
212.198.240.132 - - [27/Mar/2010:16:27:58 -0400] "GET /print.html HTTP/1.1" 200 4324 "http://alex.jeb.ca/" "SiteSucker/2.1.4"
212.198.240.132 - - [27/Mar/2010:16:27:58 -0400] "GET /photoshop.html HTTP/1.1" 200 7709 "http://alex.jeb.ca/" "SiteSucker/2.1.4"
212.198.240.132 - - [27/Mar/2010:16:27:58 -0400] "GET /contact.html HTTP/1.1" 200 6927 "http://alex.jeb.ca/" "SiteSucker/2.1.4"
212.198.240.132 - - [27/Mar/2010:16:27:58 -0400] "GET /images/bg.gif HTTP/1.1" 200 519 "http://alex.jeb.ca/top_nav.css" "SiteSucker/2.1.4"
212.198.240.132 - - [27/Mar/2010:16:27:58 -0400] "GET /home.swf HTTP/1.1" 200 17352 "http://alex.jeb.ca/" "SiteSucker/2.1.4"
