123.143.98.5 - - [02/Feb/2010:21:52:57 -0500] "GET /photoshop.html/?page=http://www.tripezimoveis.com/phplive/1.txt??? HTTP/1.1" 404 274 "-" "Mozilla/5.0"
123.143.98.5 - - [02/Feb/2010:22:28:36 -0500] "GET /photoshop.html/?page=http://www.tripezimoveis.com/phplive/1.txt??? HTTP/1.1" 404 274 "-" "Mozilla/5.0"
123.143.98.5 - - [02/Feb/2010:22:28:37 -0500] "GET /?page=http://www.tripezimoveis.com/phplive/1.txt??? HTTP/1.1" 200 1984 "-" "Mozilla/5.0"
123.143.98.5 - - [02/Feb/2010:23:06:30 -0500] "GET /?page=http://www.tripezimoveis.com/phplive/1.txt??? HTTP/1.1" 200 1984 "-" "Mozilla/5.0"
123.143.98.5 - - [02/Feb/2010:23:06:30 -0500] "GET /photoshop.html/?page=http://www.tripezimoveis.com/phplive/1.txt??? HTTP/1.1" 404 274 "-" "Mozilla/5.0"
123.143.98.5 - - [02/Feb/2010:23:45:36 -0500] "GET /?page=http://www.tripezimoveis.com/phplive/1.txt??? HTTP/1.1" 200 1984 "-" "Mozilla/5.0"
123.143.98.5 - - [02/Feb/2010:23:45:37 -0500] "GET /photoshop.html/?page=http://www.tripezimoveis.com/phplive/1.txt??? HTTP/1.1" 404 274 "-" "Mozilla/5.0"
123.143.98.5 - - [03/Feb/2010:01:00:27 -0500] "GET /photoshop.html/?page=http://www.tripezimoveis.com/phplive/1.txt??? HTTP/1.1" 404 274 "-" "Mozilla/5.0"
123.143.98.5 - - [03/Feb/2010:01:00:28 -0500] "GET /?page=http://www.tripezimoveis.com/phplive/1.txt??? HTTP/1.1" 200 1984 "-" "Mozilla/5.0"
123.143.98.5 - - [03/Feb/2010:01:56:21 -0500] "GET /?page=http://www.tripezimoveis.com/phplive/1.txt??? HTTP/1.1" 200 1984 "-" "Mozilla/5.0"
123.143.98.5 - - [03/Feb/2010:01:56:22 -0500] "GET /photoshop.html/?page=http://www.tripezimoveis.com/phplive/1.txt??? HTTP/1.1" 404 274 "-" "Mozilla/5.0"
123.143.98.5 - - [03/Feb/2010:02:58:45 -0500] "GET /photoshop.html/?page=http://www.tripezimoveis.com/phplive/1.txt??? HTTP/1.1" 404 274 "-" "Mozilla/5.0"
123.143.98.5 - - [03/Feb/2010:02:58:45 -0500] "GET /?page=http://www.tripezimoveis.com/phplive/1.txt??? HTTP/1.1" 200 1984 "-" "Mozilla/5.0"
123.143.98.5 - - [03/Feb/2010:04:02:44 -0500] "GET /?page=http://www.tripezimoveis.com/phplive/1.txt??? HTTP/1.1" 200 1984 "-" "Mozilla/5.0"
123.143.98.5 - - [03/Feb/2010:04:02:44 -0500] "GET /photoshop.html/?page=http://www.tripezimoveis.com/phplive/1.txt??? HTTP/1.1" 404 274 "-" "Mozilla/5.0"
123.143.98.5 - - [03/Feb/2010:05:02:04 -0500] "GET /?page=http://www.tripezimoveis.com/phplive/1.txt??? HTTP/1.1" 200 1984 "-" "Mozilla/5.0"
123.143.98.5 - - [03/Feb/2010:05:02:04 -0500] "GET /photoshop.html/?page=http://www.tripezimoveis.com/phplive/1.txt??? HTTP/1.1" 404 274 "-" "Mozilla/5.0"
38.103.152.154 - - [03/Feb/2010:12:19:55 -0500] "GET /test/ HTTP/1.1" 200 1613 "-" "Mozilla/5.0 (Windows; U; Windows NT 5.1; en-US; rv:1.9.1.7) Gecko/20091221 Firefox/3.5.7 (.NET CLR 3.5.30729)"
38.103.152.154 - - [03/Feb/2010:12:19:55 -0500] "GET /test/top_nav.css HTTP/1.1" 200 4071 "http://alex.jeb.ca/test/" "Mozilla/5.0 (Windows; U; Windows NT 5.1; en-US; rv:1.9.1.7) Gecko/20091221 Firefox/3.5.7 (.NET CLR 3.5.30729)"
38.103.152.154 - - [03/Feb/2010:12:19:55 -0500] "GET /test/images/bg_blue_top.gif HTTP/1.1" 200 814 "http://alex.jeb.ca/test/top_nav.css" "Mozilla/5.0 (Windows; U; Windows NT 5.1; en-US; rv:1.9.1.7) Gecko/20091221 Firefox/3.5.7 (.NET CLR 3.5.30729)"
38.103.152.154 - - [03/Feb/2010:12:19:55 -0500] "GET /test/images/gray_on_left_top.gif HTTP/1.1" 403 295 "http://alex.jeb.ca/test/top_nav.css" "Mozilla/5.0 (Windows; U; Windows NT 5.1; en-US; rv:1.9.1.7) Gecko/20091221 Firefox/3.5.7 (.NET CLR 3.5.30729)"
38.103.152.154 - - [03/Feb/2010:12:19:55 -0500] "GET /test/images/gray_on_right_top.gif HTTP/1.1" 403 296 "http://alex.jeb.ca/test/top_nav.css" "Mozilla/5.0 (Windows; U; Windows NT 5.1; en-US; rv:1.9.1.7) Gecko/20091221 Firefox/3.5.7 (.NET CLR 3.5.30729)"
38.103.152.154 - - [03/Feb/2010:12:19:55 -0500] "GET /test/images/brown_left.gif HTTP/1.1" 200 371 "http://alex.jeb.ca/test/top_nav.css" "Mozilla/5.0 (Windows; U; Windows NT 5.1; en-US; rv:1.9.1.7) Gecko/20091221 Firefox/3.5.7 (.NET CLR 3.5.30729)"
38.103.152.154 - - [03/Feb/2010:12:19:55 -0500] "GET /test/images/blue_left_top.gif HTTP/1.1" 200 722 "http://alex.jeb.ca/test/top_nav.css" "Mozilla/5.0 (Windows; U; Windows NT 5.1; en-US; rv:1.9.1.7) Gecko/20091221 Firefox/3.5.7 (.NET CLR 3.5.30729)"
38.103.152.154 - - [03/Feb/2010:12:19:55 -0500] "GET /test/images/blue_right_top.gif HTTP/1.1" 200 2311 "http://alex.jeb.ca/test/top_nav.css" "Mozilla/5.0 (Windows; U; Windows NT 5.1; en-US; rv:1.9.1.7) Gecko/20091221 Firefox/3.5.7 (.NET CLR 3.5.30729)"
38.103.152.154 - - [03/Feb/2010:12:19:55 -0500] "GET /test/images/bg_blue_base.gif HTTP/1.1" 200 813 "http://alex.jeb.ca/test/top_nav.css" "Mozilla/5.0 (Windows; U; Windows NT 5.1; en-US; rv:1.9.1.7) Gecko/20091221 Firefox/3.5.7 (.NET CLR 3.5.30729)"
38.103.152.154 - - [03/Feb/2010:12:19:55 -0500] "GET /test/images/brown_right.gif HTTP/1.1" 200 1563 "http://alex.jeb.ca/test/top_nav.css" "Mozilla/5.0 (Windows; U; Windows NT 5.1; en-US; rv:1.9.1.7) Gecko/20091221 Firefox/3.5.7 (.NET CLR 3.5.30729)"
38.103.152.154 - - [03/Feb/2010:12:19:55 -0500] "GET /test/images/brown_on_left.gif HTTP/1.1" 200 350 "http://alex.jeb.ca/test/top_nav.css" "Mozilla/5.0 (Windows; U; Windows NT 5.1; en-US; rv:1.9.1.7) Gecko/20091221 Firefox/3.5.7 (.NET CLR 3.5.30729)"
38.103.152.154 - - [03/Feb/2010:12:19:55 -0500] "GET /test/images/brown_on_right.gif HTTP/1.1" 200 1401 "http://alex.jeb.ca/test/top_nav.css" "Mozilla/5.0 (Windows; U; Windows NT 5.1; en-US; rv:1.9.1.7) Gecko/20091221 Firefox/3.5.7 (.NET CLR 3.5.30729)"
38.103.152.154 - - [03/Feb/2010:12:19:56 -0500] "GET /favicon.ico HTTP/1.1" 200 1150 "-" "Mozilla/5.0 (Windows; U; Windows NT 5.1; en-US; rv:1.9.1.7) Gecko/20091221 Firefox/3.5.7 (.NET CLR 3.5.30729)"
38.103.152.154 - - [03/Feb/2010:12:19:57 -0500] "GET /test/foo.html HTTP/1.1" 200 9953 "http://alex.jeb.ca/test/" "Mozilla/5.0 (Windows; U; Windows NT 5.1; en-US; rv:1.9.1.7) Gecko/20091221 Firefox/3.5.7 (.NET CLR 3.5.30729)"
38.103.152.154 - - [03/Feb/2010:12:19:58 -0500] "GET /test/images/gray_on_left_top.gif HTTP/1.1" 403 295 "http://alex.jeb.ca/test/top_nav.css" "Mozilla/5.0 (Windows; U; Windows NT 5.1; en-US; rv:1.9.1.7) Gecko/20091221 Firefox/3.5.7 (.NET CLR 3.5.30729)"
38.103.152.154 - - [03/Feb/2010:12:19:58 -0500] "GET /test/images/gray_on_right_top.gif HTTP/1.1" 403 296 "http://alex.jeb.ca/test/top_nav.css" "Mozilla/5.0 (Windows; U; Windows NT 5.1; en-US; rv:1.9.1.7) Gecko/20091221 Firefox/3.5.7 (.NET CLR 3.5.30729)"
38.103.152.154 - - [03/Feb/2010:12:20:00 -0500] "GET /test/bar.html HTTP/1.1" 200 5493 "http://alex.jeb.ca/test/foo.html" "Mozilla/5.0 (Windows; U; Windows NT 5.1; en-US; rv:1.9.1.7) Gecko/20091221 Firefox/3.5.7 (.NET CLR 3.5.30729)"
38.103.152.154 - - [03/Feb/2010:12:20:00 -0500] "GET /test/images/gray_on_left_top.gif HTTP/1.1" 403 295 "http://alex.jeb.ca/test/top_nav.css" "Mozilla/5.0 (Windows; U; Windows NT 5.1; en-US; rv:1.9.1.7) Gecko/20091221 Firefox/3.5.7 (.NET CLR 3.5.30729)"
38.103.152.154 - - [03/Feb/2010:12:20:00 -0500] "GET /test/images/gray_on_right_top.gif HTTP/1.1" 403 296 "http://alex.jeb.ca/test/top_nav.css" "Mozilla/5.0 (Windows; U; Windows NT 5.1; en-US; rv:1.9.1.7) Gecko/20091221 Firefox/3.5.7 (.NET CLR 3.5.30729)"
38.103.152.154 - - [03/Feb/2010:12:20:00 -0500] "GET /test/images/info_box.gif HTTP/1.1" 200 83 "http://alex.jeb.ca/test/bar.html" "Mozilla/5.0 (Windows; U; Windows NT 5.1; en-US; rv:1.9.1.7) Gecko/20091221 Firefox/3.5.7 (.NET CLR 3.5.30729)"
38.103.152.154 - - [03/Feb/2010:12:20:00 -0500] "GET /test/images/ivr/key.gif HTTP/1.1" 200 305 "http://alex.jeb.ca/test/bar.html" "Mozilla/5.0 (Windows; U; Windows NT 5.1; en-US; rv:1.9.1.7) Gecko/20091221 Firefox/3.5.7 (.NET CLR 3.5.30729)"
38.103.152.154 - - [03/Feb/2010:12:20:00 -0500] "GET /test/images/ivr/yield.gif HTTP/1.1" 200 245 "http://alex.jeb.ca/test/bar.html" "Mozilla/5.0 (Windows; U; Windows NT 5.1; en-US; rv:1.9.1.7) Gecko/20091221 Firefox/3.5.7 (.NET CLR 3.5.30729)"
38.103.152.154 - - [03/Feb/2010:12:20:00 -0500] "GET /test/images/ivr/padlock.gif HTTP/1.1" 200 211 "http://alex.jeb.ca/test/bar.html" "Mozilla/5.0 (Windows; U; Windows NT 5.1; en-US; rv:1.9.1.7) Gecko/20091221 Firefox/3.5.7 (.NET CLR 3.5.30729)"
64.233.173.18 - - [03/Feb/2010:16:20:16 -0500] "GET /favicon.ico HTTP/1.1" 200 1150 "-" "-"
67.218.116.130 - - [03/Feb/2010:19:12:44 -0500] "GET /robots.txt HTTP/1.0" 404 269 "-" "Mozilla/5.0 (Twiceler-0.9 http://www.cuil.com/twiceler/robot.html)"
95.108.128.241 - - [04/Feb/2010:01:43:53 -0500] "GET /robots.txt HTTP/1.1" 404 269 "-" "Yandex/1.01.001 (compatible; Win16; I)"
95.108.128.241 - - [04/Feb/2010:04:40:02 -0500] "GET /index.html HTTP/1.1" 200 1984 "-" "Yandex/1.01.001 (compatible; Win16; I)"
95.108.128.241 - - [04/Feb/2010:07:36:11 -0500] "GET /print.html HTTP/1.1" 304 - "-" "Yandex/1.01.001 (compatible; Win16; I)"
95.108.128.241 - - [04/Feb/2010:10:32:20 -0500] "GET /flash.html HTTP/1.1" 304 - "-" "Yandex/1.01.001 (compatible; Win16; I)"
95.108.128.241 - - [04/Feb/2010:13:28:31 -0500] "GET /contact.html HTTP/1.1" 304 - "-" "Yandex/1.01.001 (compatible; Win16; I)"
67.218.116.130 - - [04/Feb/2010:18:47:34 -0500] "GET /robots.txt HTTP/1.0" 404 269 "-" "Mozilla/5.0 (Twiceler-0.9 http://www.cuil.com/twiceler/robot.html)"
65.55.106.206 - - [04/Feb/2010:22:04:44 -0500] "GET /robots.txt HTTP/1.1" 404 269 "-" "msnbot/2.0b (+http://search.msn.com/msnbot.htm)"
65.55.106.206 - - [04/Feb/2010:22:05:25 -0500] "GET /email/origins.html HTTP/1.1" 404 277 "-" "msnbot/2.0b (+http://search.msn.com/msnbot.htm)"
65.55.106.234 - - [04/Feb/2010:22:45:26 -0500] "GET /email/origins.html HTTP/1.1" 404 277 "-" "msnbot/2.0b (+http://search.msn.com/msnbot.htm)"
65.55.207.70 - - [05/Feb/2010:08:25:45 -0500] "GET /robots.txt HTTP/1.1" 404 269 "-" "msnbot/2.0b (+http://search.msn.com/msnbot.htm)"
65.55.207.70 - - [05/Feb/2010:08:26:24 -0500] "GET /email/origins.html HTTP/1.1" 404 277 "-" "msnbot/2.0b (+http://search.msn.com/msnbot.htm)"
95.108.128.241 - - [05/Feb/2010:16:37:23 -0500] "GET /robots.txt HTTP/1.1" 404 269 "-" "Yandex/1.01.001 (compatible; Win16; I)"
78.140.138.39 - - [05/Feb/2010:22:06:00 -0500] "GET / HTTP/1.1" 200 1984 "-" "Mozilla/5.0 (Windows; U; Windows NT 5.1; en-US; rv:1.9.0.5) Gecko/2008120122 Firefox/3.0.5"
95.108.128.241 - - [05/Feb/2010:22:31:39 -0500] "GET / HTTP/1.1" 200 1984 "-" "Yandex/1.01.001 (compatible; Win16; I)"
66.249.68.187 - - [06/Feb/2010:01:49:14 -0500] "GET /robots.txt HTTP/1.1" 404 269 "-" "Googlebot-Image/1.0"
66.249.68.187 - - [06/Feb/2010:01:49:14 -0500] "GET /images/_portfolio/photoshop/printing_banner_sm.jpg HTTP/1.1" 200 911 "-" "Googlebot-Image/1.0"
95.108.128.241 - - [06/Feb/2010:03:53:42 -0500] "GET /photoshop.html HTTP/1.1" 304 - "-" "Yandex/1.01.001 (compatible; Win16; I)"
66.249.68.187 - - [06/Feb/2010:05:09:16 -0500] "GET /images/_portfolio/illustrator/pineapples_sm.gif HTTP/1.1" 304 - "-" "Googlebot-Image/1.0"
95.108.128.241 - - [06/Feb/2010:09:15:45 -0500] "GET /email/origins.html HTTP/1.1" 404 277 "-" "Yandex/1.01.001 (compatible; Win16; I)"
66.249.68.187 - - [06/Feb/2010:11:57:02 -0500] "GET /images/_portfolio/illustrator/women_flowers_sm.gif HTTP/1.1" 304 - "-" "Googlebot-Image/1.0"
66.249.68.187 - - [06/Feb/2010:19:04:03 -0500] "GET /robots.txt HTTP/1.1" 404 269 "-" "Mozilla/5.0 (compatible; Googlebot/2.1; +http://www.google.com/bot.html)"
66.249.68.187 - - [06/Feb/2010:19:04:03 -0500] "GET / HTTP/1.1" 200 1984 "-" "Mozilla/5.0 (compatible; Googlebot/2.1; +http://www.google.com/bot.html)"
66.249.68.187 - - [07/Feb/2010:01:19:46 -0500] "GET /images/_portfolio/web_pages/email.gif HTTP/1.1" 304 - "-" "Googlebot-Image/1.0"
208.115.111.248 - - [07/Feb/2010:04:43:12 -0500] "GET /robots.txt HTTP/1.1" 404 269 "-" "Mozilla/5.0 (compatible; DotBot/1.1; http://www.dotnetdotcom.org/, crawler@dotnetdotcom.org)"
66.249.68.187 - - [07/Feb/2010:06:27:28 -0500] "GET /images/_portfolio/print/cd_booklet.gif HTTP/1.1" 304 - "-" "Googlebot-Image/1.0"
208.115.111.248 - - [07/Feb/2010:08:38:33 -0500] "GET /robots.txt HTTP/1.1" 404 269 "-" "Mozilla/5.0 (compatible; DotBot/1.1; http://www.dotnetdotcom.org/, crawler@dotnetdotcom.org)"
208.115.111.248 - - [07/Feb/2010:08:41:00 -0500] "GET /email/origins.html HTTP/1.1" 404 277 "-" "Mozilla/5.0 (compatible; DotBot/1.1; http://www.dotnetdotcom.org/, crawler@dotnetdotcom.org)"
67.218.116.130 - - [07/Feb/2010:10:30:06 -0500] "GET /robots.txt HTTP/1.0" 404 269 "-" "Mozilla/5.0 (Twiceler-0.9 http://www.cuil.com/twiceler/robot.html)"
208.115.111.248 - - [07/Feb/2010:12:35:46 -0500] "GET / HTTP/1.1" 200 1984 "-" "Mozilla/5.0 (compatible; DotBot/1.1; http://www.dotnetdotcom.org/, crawler@dotnetdotcom.org)"
208.115.111.248 - - [07/Feb/2010:12:35:50 -0500] "GET /contact.html HTTP/1.1" 200 6927 "-" "Mozilla/5.0 (compatible; DotBot/1.1; http://www.dotnetdotcom.org/, crawler@dotnetdotcom.org)"
208.115.111.248 - - [07/Feb/2010:12:35:55 -0500] "GET /flash.html HTTP/1.1" 200 4756 "-" "Mozilla/5.0 (compatible; DotBot/1.1; http://www.dotnetdotcom.org/, crawler@dotnetdotcom.org)"
208.115.111.248 - - [07/Feb/2010:12:36:00 -0500] "GET /illustrator.html HTTP/1.1" 200 6612 "-" "Mozilla/5.0 (compatible; DotBot/1.1; http://www.dotnetdotcom.org/, crawler@dotnetdotcom.org)"
208.115.111.248 - - [07/Feb/2010:12:36:05 -0500] "GET /index.html HTTP/1.1" 200 1984 "-" "Mozilla/5.0 (compatible; DotBot/1.1; http://www.dotnetdotcom.org/, crawler@dotnetdotcom.org)"
208.115.111.248 - - [07/Feb/2010:12:36:10 -0500] "GET /pages.html HTTP/1.1" 200 4692 "-" "Mozilla/5.0 (compatible; DotBot/1.1; http://www.dotnetdotcom.org/, crawler@dotnetdotcom.org)"
208.115.111.248 - - [07/Feb/2010:12:36:15 -0500] "GET /photoshop.html HTTP/1.1" 200 7709 "-" "Mozilla/5.0 (compatible; DotBot/1.1; http://www.dotnetdotcom.org/, crawler@dotnetdotcom.org)"
208.115.111.248 - - [07/Feb/2010:12:36:20 -0500] "GET /print.html HTTP/1.1" 200 4324 "-" "Mozilla/5.0 (compatible; DotBot/1.1; http://www.dotnetdotcom.org/, crawler@dotnetdotcom.org)"
82.44.192.150 - - [07/Feb/2010:12:59:22 -0500] "GET /illustrator.html HTTP/1.1" 200 6612 "http://www.picsearch.co.uk/info.cgi?q=drawing%20of%20a%20castle&id=IR3auMVgCBVEsz7kh_QR6vhzmab2avEoFX2xlTLL11c&start=961" "Mozilla/4.0 (compatible; MSIE 8.0; Windows NT 5.1; Trident/4.0; GTB6; InfoPath.1; .NET CLR 2.0.50727; .NET CLR 3.0.4506.2152; .NET CLR 3.5.30729)"
82.44.192.150 - - [07/Feb/2010:12:59:23 -0500] "GET /top_nav.css HTTP/1.1" 200 841 "http://alex.jeb.ca/illustrator.html" "Mozilla/4.0 (compatible; MSIE 8.0; Windows NT 5.1; Trident/4.0; GTB6; InfoPath.1; .NET CLR 2.0.50727; .NET CLR 3.0.4506.2152; .NET CLR 3.5.30729)"
82.44.192.150 - - [07/Feb/2010:12:59:23 -0500] "GET /index.css HTTP/1.1" 200 962 "http://alex.jeb.ca/illustrator.html" "Mozilla/4.0 (compatible; MSIE 8.0; Windows NT 5.1; Trident/4.0; GTB6; InfoPath.1; .NET CLR 2.0.50727; .NET CLR 3.0.4506.2152; .NET CLR 3.5.30729)"
82.44.192.150 - - [07/Feb/2010:12:59:23 -0500] "GET /main.js HTTP/1.1" 200 5103 "http://alex.jeb.ca/illustrator.html" "Mozilla/4.0 (compatible; MSIE 8.0; Windows NT 5.1; Trident/4.0; GTB6; InfoPath.1; .NET CLR 2.0.50727; .NET CLR 3.0.4506.2152; .NET CLR 3.5.30729)"
82.44.192.150 - - [07/Feb/2010:12:59:23 -0500] "GET /images/_portfolio/illustrator/01_graph_sm.gif HTTP/1.1" 200 2115 "http://alex.jeb.ca/illustrator.html" "Mozilla/4.0 (compatible; MSIE 8.0; Windows NT 5.1; Trident/4.0; GTB6; InfoPath.1; .NET CLR 2.0.50727; .NET CLR 3.0.4506.2152; .NET CLR 3.5.30729)"
82.44.192.150 - - [07/Feb/2010:12:59:23 -0500] "GET /images/_portfolio/illustrator/wine_label_sm.gif HTTP/1.1" 200 1240 "http://alex.jeb.ca/illustrator.html" "Mozilla/4.0 (compatible; MSIE 8.0; Windows NT 5.1; Trident/4.0; GTB6; InfoPath.1; .NET CLR 2.0.50727; .NET CLR 3.0.4506.2152; .NET CLR 3.5.30729)"
82.44.192.150 - - [07/Feb/2010:12:59:23 -0500] "GET /images/_portfolio/illustrator/02_graph_sm.gif HTTP/1.1" 200 1405 "http://alex.jeb.ca/illustrator.html" "Mozilla/4.0 (compatible; MSIE 8.0; Windows NT 5.1; Trident/4.0; GTB6; InfoPath.1; .NET CLR 2.0.50727; .NET CLR 3.0.4506.2152; .NET CLR 3.5.30729)"
82.44.192.150 - - [07/Feb/2010:12:59:23 -0500] "GET /images/_portfolio/illustrator/pineapples_sm.gif HTTP/1.1" 200 1972 "http://alex.jeb.ca/illustrator.html" "Mozilla/4.0 (compatible; MSIE 8.0; Windows NT 5.1; Trident/4.0; GTB6; InfoPath.1; .NET CLR 2.0.50727; .NET CLR 3.0.4506.2152; .NET CLR 3.5.30729)"
82.44.192.150 - - [07/Feb/2010:12:59:23 -0500] "GET /images/bg.gif HTTP/1.1" 200 519 "http://alex.jeb.ca/illustrator.html" "Mozilla/4.0 (compatible; MSIE 8.0; Windows NT 5.1; Trident/4.0; GTB6; InfoPath.1; .NET CLR 2.0.50727; .NET CLR 3.0.4506.2152; .NET CLR 3.5.30729)"
82.44.192.150 - - [07/Feb/2010:12:59:23 -0500] "GET /images/_portfolio/illustrator/fleur_de_lis_sm.gif HTTP/1.1" 200 960 "http://alex.jeb.ca/illustrator.html" "Mozilla/4.0 (compatible; MSIE 8.0; Windows NT 5.1; Trident/4.0; GTB6; InfoPath.1; .NET CLR 2.0.50727; .NET CLR 3.0.4506.2152; .NET CLR 3.5.30729)"
82.44.192.150 - - [07/Feb/2010:12:59:23 -0500] "GET /images/_portfolio/illustrator/maple_leaf_sm.gif HTTP/1.1" 200 897 "http://alex.jeb.ca/illustrator.html" "Mozilla/4.0 (compatible; MSIE 8.0; Windows NT 5.1; Trident/4.0; GTB6; InfoPath.1; .NET CLR 2.0.50727; .NET CLR 3.0.4506.2152; .NET CLR 3.5.30729)"
82.44.192.150 - - [07/Feb/2010:12:59:23 -0500] "GET /images/_portfolio/illustrator/venus_butterfly_flyer_sm.gif HTTP/1.1" 200 856 "http://alex.jeb.ca/illustrator.html" "Mozilla/4.0 (compatible; MSIE 8.0; Windows NT 5.1; Trident/4.0; GTB6; InfoPath.1; .NET CLR 2.0.50727; .NET CLR 3.0.4506.2152; .NET CLR 3.5.30729)"
82.44.192.150 - - [07/Feb/2010:12:59:24 -0500] "GET /images/_portfolio/illustrator/vine_alphabet_sm.gif HTTP/1.1" 200 642 "http://alex.jeb.ca/illustrator.html" "Mozilla/4.0 (compatible; MSIE 8.0; Windows NT 5.1; Trident/4.0; GTB6; InfoPath.1; .NET CLR 2.0.50727; .NET CLR 3.0.4506.2152; .NET CLR 3.5.30729)"
82.44.192.150 - - [07/Feb/2010:12:59:24 -0500] "GET /images/left.gif HTTP/1.1" 200 493 "http://alex.jeb.ca/illustrator.html" "Mozilla/4.0 (compatible; MSIE 8.0; Windows NT 5.1; Trident/4.0; GTB6; InfoPath.1; .NET CLR 2.0.50727; .NET CLR 3.0.4506.2152; .NET CLR 3.5.30729)"
82.44.192.150 - - [07/Feb/2010:12:59:24 -0500] "GET /images/_portfolio/illustrator/castle_drawing_sm.gif HTTP/1.1" 200 748 "http://alex.jeb.ca/illustrator.html" "Mozilla/4.0 (compatible; MSIE 8.0; Windows NT 5.1; Trident/4.0; GTB6; InfoPath.1; .NET CLR 2.0.50727; .NET CLR 3.0.4506.2152; .NET CLR 3.5.30729)"
82.44.192.150 - - [07/Feb/2010:12:59:24 -0500] "GET /images/on_left.gif HTTP/1.1" 200 478 "http://alex.jeb.ca/illustrator.html" "Mozilla/4.0 (compatible; MSIE 8.0; Windows NT 5.1; Trident/4.0; GTB6; InfoPath.1; .NET CLR 2.0.50727; .NET CLR 3.0.4506.2152; .NET CLR 3.5.30729)"
82.44.192.150 - - [07/Feb/2010:12:59:24 -0500] "GET /images/_portfolio/illustrator/women_flowers_sm.gif HTTP/1.1" 200 2504 "http://alex.jeb.ca/illustrator.html" "Mozilla/4.0 (compatible; MSIE 8.0; Windows NT 5.1; Trident/4.0; GTB6; InfoPath.1; .NET CLR 2.0.50727; .NET CLR 3.0.4506.2152; .NET CLR 3.5.30729)"
82.44.192.150 - - [07/Feb/2010:12:59:24 -0500] "GET /images/right.gif HTTP/1.1" 200 1986 "http://alex.jeb.ca/illustrator.html" "Mozilla/4.0 (compatible; MSIE 8.0; Windows NT 5.1; Trident/4.0; GTB6; InfoPath.1; .NET CLR 2.0.50727; .NET CLR 3.0.4506.2152; .NET CLR 3.5.30729)"
82.44.192.150 - - [07/Feb/2010:12:59:24 -0500] "GET /images/on_right.gif HTTP/1.1" 200 1971 "http://alex.jeb.ca/illustrator.html" "Mozilla/4.0 (compatible; MSIE 8.0; Windows NT 5.1; Trident/4.0; GTB6; InfoPath.1; .NET CLR 2.0.50727; .NET CLR 3.0.4506.2152; .NET CLR 3.5.30729)"
82.44.192.150 - - [07/Feb/2010:12:59:29 -0500] "GET /images/_portfolio/illustrator/castle_drawing.gif HTTP/1.1" 200 12117 "http://alex.jeb.ca/illustrator.html" "Mozilla/4.0 (compatible; MSIE 8.0; Windows NT 5.1; Trident/4.0; GTB6; InfoPath.1; .NET CLR 2.0.50727; .NET CLR 3.0.4506.2152; .NET CLR 3.5.30729)"
95.108.128.241 - - [07/Feb/2010:19:59:16 -0500] "GET /robots.txt HTTP/1.1" 404 269 "-" "Yandex/1.01.001 (compatible; Win16; I)"
95.108.128.241 - - [07/Feb/2010:23:28:38 -0500] "GET /flash.html HTTP/1.1" 304 - "-" "Yandex/1.01.001 (compatible; Win16; I)"
66.249.68.187 - - [08/Feb/2010:02:51:42 -0500] "GET /robots.txt HTTP/1.1" 404 269 "-" "Googlebot-Image/1.0"
66.249.68.187 - - [08/Feb/2010:02:51:42 -0500] "GET /images/_portfolio/photoshop/fiber_optics_sm.gif HTTP/1.1" 304 - "-" "Googlebot-Image/1.0"
95.108.128.241 - - [08/Feb/2010:07:37:07 -0500] "GET /print.html HTTP/1.1" 304 - "-" "Yandex/1.01.001 (compatible; Win16; I)"
66.249.68.187 - - [08/Feb/2010:08:06:29 -0500] "GET /images/_portfolio/illustrator/venus_butterfly_flyer_sm.gif HTTP/1.1" 200 856 "-" "Googlebot-Image/1.0"
95.108.142.138 - - [08/Feb/2010:09:44:55 -0500] "GET /robots.txt HTTP/1.1" 404 269 "-" "Yandex/1.01.001 (compatible; Win16; H)"
95.108.142.138 - - [08/Feb/2010:09:44:59 -0500] "GET / HTTP/1.1" 200 1984 "-" "Yandex/1.01.001 (compatible; Win16; H)"
95.108.142.138 - - [08/Feb/2010:09:45:01 -0500] "GET / HTTP/1.1" 200 1984 "-" "Yandex/1.01.001 (compatible; Win16; H)"
67.218.116.130 - - [08/Feb/2010:10:31:20 -0500] "GET /robots.txt HTTP/1.0" 404 269 "-" "Mozilla/5.0 (Twiceler-0.9 http://www.cuil.com/twiceler/robot.html)"
66.249.68.187 - - [08/Feb/2010:15:14:06 -0500] "GET /robots.txt HTTP/1.1" 404 269 "-" "Mozilla/5.0 (compatible; Googlebot/2.1; +http://www.google.com/bot.html)"
66.249.68.187 - - [08/Feb/2010:15:14:06 -0500] "GET / HTTP/1.1" 304 - "-" "Mozilla/5.0 (compatible; Googlebot/2.1; +http://www.google.com/bot.html)"
65.55.106.114 - - [08/Feb/2010:17:37:29 -0500] "GET /robots.txt HTTP/1.1" 404 269 "-" "msnbot/2.0b (+http://search.msn.com/msnbot.htm)"
65.55.106.114 - - [08/Feb/2010:17:38:13 -0500] "GET /email/origins.html HTTP/1.1" 404 277 "-" "msnbot/2.0b (+http://search.msn.com/msnbot.htm)"
66.249.68.187 - - [08/Feb/2010:22:15:07 -0500] "GET / HTTP/1.1" 304 - "-" "Mozilla/5.0 (compatible; Googlebot/2.1; +http://www.google.com/bot.html)"
38.107.191.85 - - [08/Feb/2010:23:26:23 -0500] "GET /robots.txt HTTP/1.1" 404 269 "-" "CCBot/1.0 (+http://www.commoncrawl.org/bot.html)"
38.107.191.86 - - [08/Feb/2010:23:26:27 -0500] "GET /email/origins.html HTTP/1.1" 404 277 "-" "CCBot/1.0 (+http://www.commoncrawl.org/bot.html)"
66.249.68.187 - - [09/Feb/2010:01:37:41 -0500] "GET /images/_portfolio/web_pages/impressions.gif HTTP/1.1" 200 1095 "-" "Googlebot-Image/1.0"
65.55.207.25 - - [09/Feb/2010:03:43:38 -0500] "GET /robots.txt HTTP/1.1" 404 269 "-" "msnbot/2.0b (+http://search.msn.com/msnbot.htm)"
65.55.207.25 - - [09/Feb/2010:03:44:37 -0500] "GET /email/origins.html HTTP/1.1" 404 277 "-" "msnbot/2.0b (+http://search.msn.com/msnbot.htm)"
66.249.68.187 - - [09/Feb/2010:03:59:17 -0500] "GET /robots.txt HTTP/1.1" 404 269 "-" "Googlebot-Image/1.0"
66.249.68.187 - - [09/Feb/2010:03:59:17 -0500] "GET /images/_portfolio/illustrator/castle_drawing_sm.gif HTTP/1.1" 304 - "-" "Googlebot-Image/1.0"
95.108.128.241 - - [09/Feb/2010:04:39:51 -0500] "GET /robots.txt HTTP/1.1" 404 269 "-" "Yandex/1.01.001 (compatible; Win16; I)"
66.249.68.187 - - [09/Feb/2010:06:20:55 -0500] "GET /images/_portfolio/print/cinema_ad_sm.gif HTTP/1.1" 200 1193 "-" "Googlebot-Image/1.0"
66.249.68.187 - - [09/Feb/2010:08:42:19 -0500] "GET /images/_portfolio/print/cd_booklet.gif HTTP/1.1" 304 - "-" "Googlebot-Image/1.0"
95.108.128.241 - - [09/Feb/2010:08:52:06 -0500] "GET /index.html HTTP/1.1" 200 1984 "-" "Yandex/1.01.001 (compatible; Win16; I)"
67.218.116.130 - - [09/Feb/2010:10:32:06 -0500] "GET /robots.txt HTTP/1.0" 404 269 "-" "Mozilla/5.0 (Twiceler-0.9 http://www.cuil.com/twiceler/robot.html)"
95.108.128.241 - - [10/Feb/2010:05:48:50 -0500] "GET /robots.txt HTTP/1.1" 404 269 "-" "Yandex/1.01.001 (compatible; Win16; I)"
66.249.68.187 - - [10/Feb/2010:06:44:04 -0500] "GET /robots.txt HTTP/1.1" 404 269 "-" "Mozilla/5.0 (compatible; Googlebot/2.1; +http://www.google.com/bot.html)"
66.249.68.187 - - [10/Feb/2010:06:44:05 -0500] "GET /home.swf HTTP/1.1" 200 17352 "-" "Mozilla/5.0 (compatible; Googlebot/2.1; +http://www.google.com/bot.html)"
65.55.216.9 - - [10/Feb/2010:09:27:14 -0500] "GET /robots.txt HTTP/1.1" 404 269 "-" "msnbot/2.0b (+http://search.msn.com/msnbot.htm)"
65.55.216.9 - - [10/Feb/2010:09:28:01 -0500] "GET /email/origins.html HTTP/1.1" 404 277 "-" "msnbot/2.0b (+http://search.msn.com/msnbot.htm)"
67.218.116.130 - - [10/Feb/2010:10:35:34 -0500] "GET /robots.txt HTTP/1.0" 404 269 "-" "Mozilla/5.0 (Twiceler-0.9 http://www.cuil.com/twiceler/robot.html)"
95.108.128.241 - - [10/Feb/2010:23:57:25 -0500] "GET /robots.txt HTTP/1.1" 404 269 "-" "Yandex/1.01.001 (compatible; Win16; I)"
95.108.142.138 - - [11/Feb/2010:01:54:55 -0500] "GET /robots.txt HTTP/1.1" 404 269 "-" "Yandex/1.01.001 (compatible; Win16; H)"
95.108.142.138 - - [11/Feb/2010:01:54:57 -0500] "GET / HTTP/1.1" 200 1984 "-" "Yandex/1.01.001 (compatible; Win16; H)"
95.108.142.138 - - [11/Feb/2010:01:54:58 -0500] "GET / HTTP/1.1" 200 1984 "-" "Yandex/1.01.001 (compatible; Win16; H)"
95.108.128.241 - - [11/Feb/2010:05:01:57 -0500] "GET /illustrator.html HTTP/1.1" 304 - "-" "Yandex/1.01.001 (compatible; Win16; I)"
67.218.116.130 - - [11/Feb/2010:10:35:06 -0500] "GET /robots.txt HTTP/1.1" 404 269 "-" "Mozilla/5.0 (Twiceler-0.9 http://www.cuil.com/twiceler/robot.html)"
95.108.128.241 - - [12/Feb/2010:00:48:16 -0500] "GET /robots.txt HTTP/1.1" 404 269 "-" "Yandex/1.01.001 (compatible; Win16; I)"
94.142.134.131 - - [12/Feb/2010:03:29:48 -0500] "GET /contact.html HTTP/1.0" 200 6927 "http://alex.jeb.ca/contact.html" "Opera/9.0 (Windows NT 5.1; U; en)"
94.142.134.131 - - [12/Feb/2010:03:29:48 -0500] "POST /formmail.php HTTP/1.0" 200 361 "http://alex.jeb.ca/contact.html" "Opera/9.0 (Windows NT 5.1; U; en)"
95.108.128.241 - - [12/Feb/2010:04:27:34 -0500] "GET / HTTP/1.1" 200 1984 "-" "Yandex/1.01.001 (compatible; Win16; I)"
95.108.142.138 - - [12/Feb/2010:05:02:31 -0500] "GET /robots.txt HTTP/1.1" 404 269 "-" "Yandex/1.01.001 (compatible; Win16; H)"
95.108.142.138 - - [12/Feb/2010:05:02:35 -0500] "GET / HTTP/1.1" 200 1984 "-" "Yandex/1.01.001 (compatible; Win16; H)"
95.108.142.138 - - [12/Feb/2010:05:02:37 -0500] "GET / HTTP/1.1" 200 1984 "-" "Yandex/1.01.001 (compatible; Win16; H)"
95.108.128.241 - - [12/Feb/2010:08:06:51 -0500] "GET /pages.html HTTP/1.1" 304 - "-" "Yandex/1.01.001 (compatible; Win16; I)"
67.218.116.130 - - [12/Feb/2010:11:21:25 -0500] "GET /robots.txt HTTP/1.1" 404 269 "-" "Mozilla/5.0 (Twiceler-0.9 http://www.cuil.com/twiceler/robot.html)"
95.108.128.241 - - [12/Feb/2010:15:59:41 -0500] "GET /contact.html HTTP/1.1" 304 - "-" "Yandex/1.01.001 (compatible; Win16; I)"
94.142.134.131 - - [12/Feb/2010:16:26:41 -0500] "GET /contact.html HTTP/1.0" 200 6927 "http://alex.jeb.ca/contact.html" "Mozilla/4.0 (compatible; MSIE 6.0; Windows 98; Win 9x 4.90)"
66.249.68.149 - - [12/Feb/2010:16:42:19 -0500] "GET /robots.txt HTTP/1.1" 404 269 "-" "Googlebot-Image/1.0"
66.249.68.149 - - [12/Feb/2010:16:42:19 -0500] "GET /images/_portfolio/photoshop/telephone_wires_sm.jpg HTTP/1.1" 304 - "-" "Googlebot-Image/1.0"
207.46.199.48 - - [12/Feb/2010:18:29:22 -0500] "GET /robots.txt HTTP/1.1" 404 269 "-" "msnbot/2.0b (+http://search.msn.com/msnbot.htm)"
207.46.204.195 - - [12/Feb/2010:20:51:33 -0500] "GET /robots.txt HTTP/1.1" 404 269 "-" "msnbot/2.0b (+http://search.msn.com/msnbot.htm)"
207.46.199.55 - - [13/Feb/2010:07:45:16 -0500] "GET /robots.txt HTTP/1.1" 404 269 "-" "msnbot/2.0b (+http://search.msn.com/msnbot.htm)"
95.108.128.241 - - [13/Feb/2010:10:33:20 -0500] "GET /robots.txt HTTP/1.1" 404 269 "-" "Yandex/1.01.001 (compatible; Win16; I)"
95.108.128.241 - - [13/Feb/2010:11:14:53 -0500] "GET /photoshop.html HTTP/1.1" 304 - "-" "Yandex/1.01.001 (compatible; Win16; I)"
207.46.204.227 - - [13/Feb/2010:11:37:31 -0500] "GET /robots.txt HTTP/1.1" 404 269 "-" "msnbot/2.0b (+http://search.msn.com/msnbot.htm)"
66.249.68.149 - - [13/Feb/2010:11:49:56 -0500] "GET /robots.txt HTTP/1.1" 404 269 "-" "Googlebot-Image/1.0"
66.249.68.149 - - [13/Feb/2010:11:49:56 -0500] "GET /images/_portfolio/illustrator/fleur_de_lis_sm.gif HTTP/1.1" 304 - "-" "Googlebot-Image/1.0"
65.55.106.228 - - [13/Feb/2010:12:05:45 -0500] "GET /robots.txt HTTP/1.1" 404 269 "-" "msnbot/2.0b (+http://search.msn.com/msnbot.htm)"
65.55.106.228 - - [13/Feb/2010:12:06:22 -0500] "GET /email/origins.html HTTP/1.1" 404 277 "-" "msnbot/2.0b (+http://search.msn.com/msnbot.htm)"
67.218.116.130 - - [13/Feb/2010:13:24:58 -0500] "GET /robots.txt HTTP/1.1" 404 269 "-" "Mozilla/5.0 (Twiceler-0.9 http://www.cuil.com/twiceler/robot.html)"
65.55.106.231 - - [13/Feb/2010:17:10:27 -0500] "GET /robots.txt HTTP/1.1" 404 269 "-" "msnbot/2.0b (+http://search.msn.com/msnbot.htm)"
65.55.106.231 - - [13/Feb/2010:17:11:20 -0500] "GET /email/origins.html HTTP/1.1" 404 277 "-" "msnbot/2.0b (+http://search.msn.com/msnbot.htm)"
207.46.204.185 - - [13/Feb/2010:23:04:32 -0500] "GET /robots.txt HTTP/1.1" 404 269 "-" "msnbot/2.0b (+http://search.msn.com/msnbot.htm)"
95.108.128.241 - - [13/Feb/2010:23:27:52 -0500] "GET /index.html HTTP/1.1" 200 1984 "-" "Yandex/1.01.001 (compatible; Win16; I)"
65.55.106.108 - - [14/Feb/2010:01:33:39 -0500] "GET /robots.txt HTTP/1.1" 404 269 "-" "msnbot/2.0b (+http://search.msn.com/msnbot.htm)"
65.55.106.108 - - [14/Feb/2010:01:34:18 -0500] "GET /email/origins.html HTTP/1.1" 404 277 "-" "msnbot/2.0b (+http://search.msn.com/msnbot.htm)"
207.46.204.238 - - [14/Feb/2010:02:54:13 -0500] "GET /robots.txt HTTP/1.1" 404 269 "-" "msnbot/2.0b (+http://search.msn.com/msnbot.htm)"
67.218.116.130 - - [14/Feb/2010:11:02:50 -0500] "GET /robots.txt HTTP/1.1" 404 269 "-" "Mozilla/5.0 (Twiceler-0.9 http://www.cuil.com/twiceler/robot.html)"
66.249.68.149 - - [14/Feb/2010:12:21:05 -0500] "GET /robots.txt HTTP/1.1" 404 269 "-" "Googlebot-Image/1.0"
66.249.68.149 - - [14/Feb/2010:12:21:05 -0500] "GET /images/_portfolio/photoshop/telephone_wires_sm.jpg HTTP/1.1" 304 - "-" "Googlebot-Image/1.0"
207.46.195.238 - - [14/Feb/2010:14:24:00 -0500] "GET /robots.txt HTTP/1.1" 404 269 "-" "msnbot/2.0b (+http://search.msn.com/msnbot.htm)"
95.108.128.241 - - [14/Feb/2010:18:32:15 -0500] "GET /robots.txt HTTP/1.1" 404 269 "-" "Yandex/1.01.001 (compatible; Win16; I)"
207.46.199.40 - - [14/Feb/2010:18:35:05 -0500] "GET /robots.txt HTTP/1.1" 404 269 "-" "msnbot/2.0b (+http://search.msn.com/msnbot.htm)"
66.249.68.149 - - [14/Feb/2010:22:30:16 -0500] "GET /images/_portfolio/flash/bending_arrow.gif HTTP/1.1" 304 - "-" "Googlebot-Image/1.0"
65.55.106.136 - - [14/Feb/2010:23:25:13 -0500] "GET /robots.txt HTTP/1.1" 404 269 "-" "msnbot/2.0b (+http://search.msn.com/msnbot.htm)"
65.55.106.136 - - [14/Feb/2010:23:26:20 -0500] "GET /email/origins.html HTTP/1.1" 404 277 "-" "msnbot/2.0b (+http://search.msn.com/msnbot.htm)"
207.46.204.185 - - [15/Feb/2010:06:22:46 -0500] "GET /robots.txt HTTP/1.1" 404 269 "-" "msnbot/2.0b (+http://search.msn.com/msnbot.htm)"
66.249.68.149 - - [15/Feb/2010:07:15:06 -0500] "GET /robots.txt HTTP/1.1" 404 269 "-" "Mozilla/5.0 (compatible; Googlebot/2.1; +http://www.google.com/bot.html)"
66.249.68.149 - - [15/Feb/2010:07:15:06 -0500] "GET / HTTP/1.1" 200 1984 "-" "Mozilla/5.0 (compatible; Googlebot/2.1; +http://www.google.com/bot.html)"
95.108.128.241 - - [15/Feb/2010:09:10:07 -0500] "GET /flash.html HTTP/1.1" 304 - "-" "Yandex/1.01.001 (compatible; Win16; I)"
207.46.199.43 - - [15/Feb/2010:10:52:56 -0500] "GET /robots.txt HTTP/1.1" 404 269 "-" "msnbot/2.0b (+http://search.msn.com/msnbot.htm)"
65.55.218.158 - - [15/Feb/2010:11:15:34 -0500] "GET /robots.txt HTTP/1.1" 404 269 "-" "msnbot/2.0b (+http://search.msn.com/msnbot.htm)"
65.55.218.158 - - [15/Feb/2010:11:16:15 -0500] "GET /email/origins.html HTTP/1.1" 404 277 "-" "msnbot/2.0b (+http://search.msn.com/msnbot.htm)"
67.218.116.130 - - [15/Feb/2010:11:25:04 -0500] "GET /robots.txt HTTP/1.1" 404 269 "-" "Mozilla/5.0 (Twiceler-0.9 http://www.cuil.com/twiceler/robot.html)"
99.228.49.56 - - [15/Feb/2010:11:30:11 -0500] "GET /images/_portfolio/illustrator/maple_leaf_sm.gif HTTP/1.1" 200 897 "http://images.google.ca/imgres?imgurl=http://alex.jeb.ca/images/_portfolio/illustrator/maple_leaf_sm.gif&imgrefurl=http://alex.jeb.ca/illustrator.html&usg=__gRApBJcLW3Z9s5BvIrNP_sT-40k=&h=75&w=75&sz=1&hl=en&start=5&itbs=1&tbnid=8RLaiASvEaA_lM:&tbnh=71&tbnw=71&prev=/images%3Fq%3Dmaple%2Bleaf%2Bimagesize:75x75%26imgtbs%3Dz%26gbv%3D2%26hl%3Den%26tbo%3D1" "Mozilla/4.0 (compatible; MSIE 8.0; Windows NT 5.1; Trident/4.0; GTB6.4; .NET CLR 1.0.3705; Media Center PC 4.0; InfoPath.2; .NET CLR 1.1.4322)"
99.228.49.56 - - [15/Feb/2010:11:30:11 -0500] "GET /favicon.ico HTTP/1.1" 200 1150 "-" "Mozilla/4.0 (compatible; MSIE 8.0; Windows NT 5.1; Trident/4.0; GTB6.4; .NET CLR 1.0.3705; Media Center PC 4.0; InfoPath.2; .NET CLR 1.1.4322)"
99.228.49.56 - - [15/Feb/2010:11:30:13 -0500] "GET /illustrator.html HTTP/1.1" 200 6612 "http://images.google.ca/imgres?imgurl=http://alex.jeb.ca/images/_portfolio/illustrator/maple_leaf_sm.gif&imgrefurl=http://alex.jeb.ca/illustrator.html&usg=__gRApBJcLW3Z9s5BvIrNP_sT-40k=&h=75&w=75&sz=1&hl=en&start=5&itbs=1&tbnid=8RLaiASvEaA_lM:&tbnh=71&tbnw=71&prev=/images%3Fq%3Dmaple%2Bleaf%2Bimagesize:75x75%26imgtbs%3Dz%26gbv%3D2%26hl%3Den%26tbo%3D1" "Mozilla/4.0 (compatible; MSIE 8.0; Windows NT 5.1; Trident/4.0; GTB6.4; .NET CLR 1.0.3705; Media Center PC 4.0; InfoPath.2; .NET CLR 1.1.4322)"
99.228.49.56 - - [15/Feb/2010:11:30:13 -0500] "GET /top_nav.css HTTP/1.1" 200 841 "http://alex.jeb.ca/illustrator.html" "Mozilla/4.0 (compatible; MSIE 8.0; Windows NT 5.1; Trident/4.0; GTB6.4; .NET CLR 1.0.3705; Media Center PC 4.0; InfoPath.2; .NET CLR 1.1.4322)"
99.228.49.56 - - [15/Feb/2010:11:30:13 -0500] "GET /index.css HTTP/1.1" 200 962 "http://alex.jeb.ca/illustrator.html" "Mozilla/4.0 (compatible; MSIE 8.0; Windows NT 5.1; Trident/4.0; GTB6.4; .NET CLR 1.0.3705; Media Center PC 4.0; InfoPath.2; .NET CLR 1.1.4322)"
99.228.49.56 - - [15/Feb/2010:11:30:13 -0500] "GET /main.js HTTP/1.1" 200 5103 "http://alex.jeb.ca/illustrator.html" "Mozilla/4.0 (compatible; MSIE 8.0; Windows NT 5.1; Trident/4.0; GTB6.4; .NET CLR 1.0.3705; Media Center PC 4.0; InfoPath.2; .NET CLR 1.1.4322)"
99.228.49.56 - - [15/Feb/2010:11:30:13 -0500] "GET /images/_portfolio/illustrator/wine_label_sm.gif HTTP/1.1" 200 1240 "http://alex.jeb.ca/illustrator.html" "Mozilla/4.0 (compatible; MSIE 8.0; Windows NT 5.1; Trident/4.0; GTB6.4; .NET CLR 1.0.3705; Media Center PC 4.0; InfoPath.2; .NET CLR 1.1.4322)"
99.228.49.56 - - [15/Feb/2010:11:30:13 -0500] "GET /images/_portfolio/illustrator/01_graph_sm.gif HTTP/1.1" 200 2115 "http://alex.jeb.ca/illustrator.html" "Mozilla/4.0 (compatible; MSIE 8.0; Windows NT 5.1; Trident/4.0; GTB6.4; .NET CLR 1.0.3705; Media Center PC 4.0; InfoPath.2; .NET CLR 1.1.4322)"
99.228.49.56 - - [15/Feb/2010:11:30:13 -0500] "GET /images/_portfolio/illustrator/02_graph_sm.gif HTTP/1.1" 200 1405 "http://alex.jeb.ca/illustrator.html" "Mozilla/4.0 (compatible; MSIE 8.0; Windows NT 5.1; Trident/4.0; GTB6.4; .NET CLR 1.0.3705; Media Center PC 4.0; InfoPath.2; .NET CLR 1.1.4322)"
99.228.49.56 - - [15/Feb/2010:11:30:13 -0500] "GET /images/bg.gif HTTP/1.1" 200 519 "http://alex.jeb.ca/illustrator.html" "Mozilla/4.0 (compatible; MSIE 8.0; Windows NT 5.1; Trident/4.0; GTB6.4; .NET CLR 1.0.3705; Media Center PC 4.0; InfoPath.2; .NET CLR 1.1.4322)"
99.228.49.56 - - [15/Feb/2010:11:30:13 -0500] "GET /images/_portfolio/illustrator/pineapples_sm.gif HTTP/1.1" 200 1972 "http://alex.jeb.ca/illustrator.html" "Mozilla/4.0 (compatible; MSIE 8.0; Windows NT 5.1; Trident/4.0; GTB6.4; .NET CLR 1.0.3705; Media Center PC 4.0; InfoPath.2; .NET CLR 1.1.4322)"
99.228.49.56 - - [15/Feb/2010:11:30:13 -0500] "GET /images/_portfolio/illustrator/venus_butterfly_flyer_sm.gif HTTP/1.1" 200 856 "http://alex.jeb.ca/illustrator.html" "Mozilla/4.0 (compatible; MSIE 8.0; Windows NT 5.1; Trident/4.0; GTB6.4; .NET CLR 1.0.3705; Media Center PC 4.0; InfoPath.2; .NET CLR 1.1.4322)"
99.228.49.56 - - [15/Feb/2010:11:30:13 -0500] "GET /images/_portfolio/illustrator/fleur_de_lis_sm.gif HTTP/1.1" 200 960 "http://alex.jeb.ca/illustrator.html" "Mozilla/4.0 (compatible; MSIE 8.0; Windows NT 5.1; Trident/4.0; GTB6.4; .NET CLR 1.0.3705; Media Center PC 4.0; InfoPath.2; .NET CLR 1.1.4322)"
99.228.49.56 - - [15/Feb/2010:11:30:13 -0500] "GET /images/_portfolio/illustrator/vine_alphabet_sm.gif HTTP/1.1" 200 642 "http://alex.jeb.ca/illustrator.html" "Mozilla/4.0 (compatible; MSIE 8.0; Windows NT 5.1; Trident/4.0; GTB6.4; .NET CLR 1.0.3705; Media Center PC 4.0; InfoPath.2; .NET CLR 1.1.4322)"
99.228.49.56 - - [15/Feb/2010:11:30:13 -0500] "GET /images/left.gif HTTP/1.1" 200 493 "http://alex.jeb.ca/illustrator.html" "Mozilla/4.0 (compatible; MSIE 8.0; Windows NT 5.1; Trident/4.0; GTB6.4; .NET CLR 1.0.3705; Media Center PC 4.0; InfoPath.2; .NET CLR 1.1.4322)"
99.228.49.56 - - [15/Feb/2010:11:30:13 -0500] "GET /images/_portfolio/illustrator/castle_drawing_sm.gif HTTP/1.1" 200 748 "http://alex.jeb.ca/illustrator.html" "Mozilla/4.0 (compatible; MSIE 8.0; Windows NT 5.1; Trident/4.0; GTB6.4; .NET CLR 1.0.3705; Media Center PC 4.0; InfoPath.2; .NET CLR 1.1.4322)"
99.228.49.56 - - [15/Feb/2010:11:30:13 -0500] "GET /images/_portfolio/illustrator/women_flowers_sm.gif HTTP/1.1" 200 2504 "http://alex.jeb.ca/illustrator.html" "Mozilla/4.0 (compatible; MSIE 8.0; Windows NT 5.1; Trident/4.0; GTB6.4; .NET CLR 1.0.3705; Media Center PC 4.0; InfoPath.2; .NET CLR 1.1.4322)"
99.228.49.56 - - [15/Feb/2010:11:30:13 -0500] "GET /images/on_left.gif HTTP/1.1" 200 478 "http://alex.jeb.ca/illustrator.html" "Mozilla/4.0 (compatible; MSIE 8.0; Windows NT 5.1; Trident/4.0; GTB6.4; .NET CLR 1.0.3705; Media Center PC 4.0; InfoPath.2; .NET CLR 1.1.4322)"
99.228.49.56 - - [15/Feb/2010:11:30:13 -0500] "GET /images/right.gif HTTP/1.1" 200 1986 "http://alex.jeb.ca/illustrator.html" "Mozilla/4.0 (compatible; MSIE 8.0; Windows NT 5.1; Trident/4.0; GTB6.4; .NET CLR 1.0.3705; Media Center PC 4.0; InfoPath.2; .NET CLR 1.1.4322)"
99.228.49.56 - - [15/Feb/2010:11:30:13 -0500] "GET /images/on_right.gif HTTP/1.1" 200 1971 "http://alex.jeb.ca/illustrator.html" "Mozilla/4.0 (compatible; MSIE 8.0; Windows NT 5.1; Trident/4.0; GTB6.4; .NET CLR 1.0.3705; Media Center PC 4.0; InfoPath.2; .NET CLR 1.1.4322)"
207.46.195.232 - - [15/Feb/2010:18:14:10 -0500] "GET /robots.txt HTTP/1.1" 404 269 "-" "msnbot/2.0b (+http://search.msn.com/msnbot.htm)"
95.108.128.241 - - [15/Feb/2010:23:50:32 -0500] "GET /robots.txt HTTP/1.1" 404 269 "-" "Yandex/1.01.001 (compatible; Win16; I)"
207.46.204.190 - - [16/Feb/2010:01:04:41 -0500] "GET /robots.txt HTTP/1.1" 404 269 "-" "msnbot/2.0b (+http://search.msn.com/msnbot.htm)"
95.108.128.241 - - [16/Feb/2010:02:39:41 -0500] "GET / HTTP/1.1" 200 1984 "-" "Yandex/1.01.001 (compatible; Win16; I)"
66.249.68.149 - - [16/Feb/2010:04:18:12 -0500] "GET /robots.txt HTTP/1.1" 404 269 "-" "Googlebot-Image/1.0"
66.249.68.149 - - [16/Feb/2010:04:18:12 -0500] "GET /images/_portfolio/photoshop/satelite_sm.gif HTTP/1.1" 200 1440 "-" "Googlebot-Image/1.0"
65.55.106.210 - - [16/Feb/2010:06:06:51 -0500] "GET /robots.txt HTTP/1.1" 404 269 "-" "msnbot/2.0b (+http://search.msn.com/msnbot.htm)"
65.55.106.210 - - [16/Feb/2010:06:07:43 -0500] "GET /email/origins.html HTTP/1.1" 404 277 "-" "msnbot/2.0b (+http://search.msn.com/msnbot.htm)"
95.108.128.241 - - [16/Feb/2010:08:18:00 -0500] "GET /print.html HTTP/1.1" 304 - "-" "Yandex/1.01.001 (compatible; Win16; I)"
207.46.195.225 - - [16/Feb/2010:09:46:37 -0500] "GET /robots.txt HTTP/1.1" 404 269 "-" "msnbot/2.0b (+http://search.msn.com/msnbot.htm)"
66.249.68.149 - - [16/Feb/2010:10:07:43 -0500] "GET /images/_portfolio/print/cd_spine_back.gif HTTP/1.1" 304 - "-" "Googlebot-Image/1.0"
67.218.116.130 - - [16/Feb/2010:10:44:00 -0500] "GET /robots.txt HTTP/1.1" 404 269 "-" "Mozilla/5.0 (Twiceler-0.9 http://www.cuil.com/twiceler/robot.html)"
95.108.128.241 - - [16/Feb/2010:11:07:09 -0500] "GET /email/origins.html HTTP/1.1" 404 277 "-" "Yandex/1.01.001 (compatible; Win16; I)"
207.46.204.237 - - [16/Feb/2010:13:49:36 -0500] "GET /robots.txt HTTP/1.1" 404 269 "-" "msnbot/2.0b (+http://search.msn.com/msnbot.htm)"
66.249.68.155 - - [16/Feb/2010:15:59:40 -0500] "GET /images/_portfolio/illustrator/01_graph_sm.gif HTTP/1.1" 200 2115 "-" "Googlebot-Image/1.0"
207.46.195.233 - - [16/Feb/2010:17:28:29 -0500] "GET /robots.txt HTTP/1.1" 404 269 "-" "msnbot/2.0b (+http://search.msn.com/msnbot.htm)"
207.46.204.232 - - [16/Feb/2010:23:08:15 -0500] "GET /robots.txt HTTP/1.1" 404 269 "-" "msnbot/2.0b (+http://search.msn.com/msnbot.htm)"
207.46.199.51 - - [17/Feb/2010:02:37:10 -0500] "GET /robots.txt HTTP/1.1" 404 269 "-" "msnbot/2.0b (+http://search.msn.com/msnbot.htm)"
207.46.204.192 - - [17/Feb/2010:05:44:25 -0500] "GET /robots.txt HTTP/1.1" 404 269 "-" "msnbot/2.0b (+http://search.msn.com/msnbot.htm)"
67.218.116.130 - - [17/Feb/2010:10:56:05 -0500] "GET /robots.txt HTTP/1.1" 404 269 "-" "Mozilla/5.0 (Twiceler-0.9 http://www.cuil.com/twiceler/robot.html)"
65.55.207.99 - - [17/Feb/2010:12:11:22 -0500] "GET /robots.txt HTTP/1.1" 404 269 "-" "msnbot/2.0b (+http://search.msn.com/msnbot.htm)"
65.55.207.99 - - [17/Feb/2010:12:12:14 -0500] "GET /email/origins.html HTTP/1.1" 404 277 "-" "msnbot/2.0b (+http://search.msn.com/msnbot.htm)"
65.55.106.203 - - [17/Feb/2010:13:17:48 -0500] "GET /robots.txt HTTP/1.1" 404 269 "-" "msnbot/2.0b (+http://search.msn.com/msnbot.htm)"
65.55.106.203 - - [17/Feb/2010:13:18:38 -0500] "GET /email/origins.html HTTP/1.1" 404 277 "-" "msnbot/2.0b (+http://search.msn.com/msnbot.htm)"
95.108.128.241 - - [17/Feb/2010:18:31:01 -0500] "GET /robots.txt HTTP/1.1" 404 269 "-" "Yandex/1.01.001 (compatible; Win16; I)"
66.249.68.184 - - [17/Feb/2010:18:31:32 -0500] "GET /robots.txt HTTP/1.1" 404 269 "-" "Mozilla/5.0 (compatible; Googlebot/2.1; +http://www.google.com/bot.html)"
66.249.68.184 - - [17/Feb/2010:18:31:32 -0500] "GET /index.css HTTP/1.1" 200 962 "-" "Mozilla/5.0 (compatible; Googlebot/2.1; +http://www.google.com/bot.html)"
66.249.68.184 - - [17/Feb/2010:19:02:27 -0500] "GET /top_nav.css HTTP/1.1" 200 841 "-" "Mozilla/5.0 (compatible; Googlebot/2.1; +http://www.google.com/bot.html)"
66.249.68.184 - - [17/Feb/2010:19:02:31 -0500] "GET /main.js HTTP/1.1" 200 5103 "-" "Mozilla/5.0 (compatible; Googlebot/2.1; +http://www.google.com/bot.html)"
207.46.195.239 - - [17/Feb/2010:20:39:50 -0500] "GET /robots.txt HTTP/1.1" 404 269 "-" "msnbot/2.0b (+http://search.msn.com/msnbot.htm)"
95.108.128.241 - - [17/Feb/2010:22:57:19 -0500] "GET /index.html HTTP/1.1" 200 1984 "-" "Yandex/1.01.001 (compatible; Win16; I)"
207.46.199.48 - - [17/Feb/2010:23:52:05 -0500] "GET /robots.txt HTTP/1.1" 404 269 "-" "msnbot/2.0b (+http://search.msn.com/msnbot.htm)"
75.152.31.23 - - [18/Feb/2010:00:35:20 -0500] "GET /illustrator.html HTTP/1.1" 200 6612 "http://images.google.ca/imgres?imgurl=http://alex.jeb.ca/images/_portfolio/illustrator/maple_leaf_sm.gif&imgrefurl=http://alex.jeb.ca/illustrator.html&usg=__gRApBJcLW3Z9s5BvIrNP_sT-40k=&h=75&w=75&sz=1&hl=fr&start=860&um=1&itbs=1&tbnid=8RLaiASvEaA_lM:&tbnh=71&tbnw=71&prev=/images%3Fq%3Dmaple%2Bleaf%2B3d%26ndsp%3D18%26hl%3Dfr%26rlz%3D1T4GGLL_frCA367CA367%26sa%3DN%26start%3D846%26um%3D1" "Mozilla/4.0 (compatible; MSIE 7.0; Windows NT 6.0; GTB6.4; SLCC1; .NET CLR 2.0.50727; Media Center PC 5.0; .NET CLR 3.0.04506)"
75.152.31.23 - - [18/Feb/2010:00:35:20 -0500] "GET /index.css HTTP/1.1" 200 962 "http://alex.jeb.ca/illustrator.html" "Mozilla/4.0 (compatible; MSIE 7.0; Windows NT 6.0; GTB6.4; SLCC1; .NET CLR 2.0.50727; Media Center PC 5.0; .NET CLR 3.0.04506)"
75.152.31.23 - - [18/Feb/2010:00:35:20 -0500] "GET /top_nav.css HTTP/1.1" 200 841 "http://alex.jeb.ca/illustrator.html" "Mozilla/4.0 (compatible; MSIE 7.0; Windows NT 6.0; GTB6.4; SLCC1; .NET CLR 2.0.50727; Media Center PC 5.0; .NET CLR 3.0.04506)"
75.152.31.23 - - [18/Feb/2010:00:35:20 -0500] "GET /main.js HTTP/1.1" 200 5103 "http://alex.jeb.ca/illustrator.html" "Mozilla/4.0 (compatible; MSIE 7.0; Windows NT 6.0; GTB6.4; SLCC1; .NET CLR 2.0.50727; Media Center PC 5.0; .NET CLR 3.0.04506)"
75.152.31.23 - - [18/Feb/2010:00:35:21 -0500] "GET /images/_portfolio/illustrator/wine_label_sm.gif HTTP/1.1" 200 1240 "http://alex.jeb.ca/illustrator.html" "Mozilla/4.0 (compatible; MSIE 7.0; Windows NT 6.0; GTB6.4; SLCC1; .NET CLR 2.0.50727; Media Center PC 5.0; .NET CLR 3.0.04506)"
75.152.31.23 - - [18/Feb/2010:00:35:21 -0500] "GET /images/_portfolio/illustrator/01_graph_sm.gif HTTP/1.1" 200 2115 "http://alex.jeb.ca/illustrator.html" "Mozilla/4.0 (compatible; MSIE 7.0; Windows NT 6.0; GTB6.4; SLCC1; .NET CLR 2.0.50727; Media Center PC 5.0; .NET CLR 3.0.04506)"
75.152.31.23 - - [18/Feb/2010:00:35:21 -0500] "GET /images/_portfolio/illustrator/02_graph_sm.gif HTTP/1.1" 200 1405 "http://alex.jeb.ca/illustrator.html" "Mozilla/4.0 (compatible; MSIE 7.0; Windows NT 6.0; GTB6.4; SLCC1; .NET CLR 2.0.50727; Media Center PC 5.0; .NET CLR 3.0.04506)"
75.152.31.23 - - [18/Feb/2010:00:35:21 -0500] "GET /images/_portfolio/illustrator/venus_butterfly_flyer_sm.gif HTTP/1.1" 200 856 "http://alex.jeb.ca/illustrator.html" "Mozilla/4.0 (compatible; MSIE 7.0; Windows NT 6.0; GTB6.4; SLCC1; .NET CLR 2.0.50727; Media Center PC 5.0; .NET CLR 3.0.04506)"
75.152.31.23 - - [18/Feb/2010:00:35:21 -0500] "GET /images/_portfolio/illustrator/fleur_de_lis_sm.gif HTTP/1.1" 200 960 "http://alex.jeb.ca/illustrator.html" "Mozilla/4.0 (compatible; MSIE 7.0; Windows NT 6.0; GTB6.4; SLCC1; .NET CLR 2.0.50727; Media Center PC 5.0; .NET CLR 3.0.04506)"
75.152.31.23 - - [18/Feb/2010:00:35:21 -0500] "GET /images/_portfolio/illustrator/maple_leaf_sm.gif HTTP/1.1" 200 897 "http://alex.jeb.ca/illustrator.html" "Mozilla/4.0 (compatible; MSIE 7.0; Windows NT 6.0; GTB6.4; SLCC1; .NET CLR 2.0.50727; Media Center PC 5.0; .NET CLR 3.0.04506)"
75.152.31.23 - - [18/Feb/2010:00:35:21 -0500] "GET /images/_portfolio/illustrator/vine_alphabet_sm.gif HTTP/1.1" 200 642 "http://alex.jeb.ca/illustrator.html" "Mozilla/4.0 (compatible; MSIE 7.0; Windows NT 6.0; GTB6.4; SLCC1; .NET CLR 2.0.50727; Media Center PC 5.0; .NET CLR 3.0.04506)"
75.152.31.23 - - [18/Feb/2010:00:35:21 -0500] "GET /images/_portfolio/illustrator/pineapples_sm.gif HTTP/1.1" 200 1972 "http://alex.jeb.ca/illustrator.html" "Mozilla/4.0 (compatible; MSIE 7.0; Windows NT 6.0; GTB6.4; SLCC1; .NET CLR 2.0.50727; Media Center PC 5.0; .NET CLR 3.0.04506)"
75.152.31.23 - - [18/Feb/2010:00:35:21 -0500] "GET /images/_portfolio/illustrator/castle_drawing_sm.gif HTTP/1.1" 200 748 "http://alex.jeb.ca/illustrator.html" "Mozilla/4.0 (compatible; MSIE 7.0; Windows NT 6.0; GTB6.4; SLCC1; .NET CLR 2.0.50727; Media Center PC 5.0; .NET CLR 3.0.04506)"
75.152.31.23 - - [18/Feb/2010:00:35:21 -0500] "GET /images/_portfolio/illustrator/women_flowers_sm.gif HTTP/1.1" 200 2504 "http://alex.jeb.ca/illustrator.html" "Mozilla/4.0 (compatible; MSIE 7.0; Windows NT 6.0; GTB6.4; SLCC1; .NET CLR 2.0.50727; Media Center PC 5.0; .NET CLR 3.0.04506)"
75.152.31.23 - - [18/Feb/2010:00:35:21 -0500] "GET /images/bg.gif HTTP/1.1" 200 519 "http://alex.jeb.ca/illustrator.html" "Mozilla/4.0 (compatible; MSIE 7.0; Windows NT 6.0; GTB6.4; SLCC1; .NET CLR 2.0.50727; Media Center PC 5.0; .NET CLR 3.0.04506)"
75.152.31.23 - - [18/Feb/2010:00:35:21 -0500] "GET /images/left.gif HTTP/1.1" 200 493 "http://alex.jeb.ca/illustrator.html" "Mozilla/4.0 (compatible; MSIE 7.0; Windows NT 6.0; GTB6.4; SLCC1; .NET CLR 2.0.50727; Media Center PC 5.0; .NET CLR 3.0.04506)"
75.152.31.23 - - [18/Feb/2010:00:35:21 -0500] "GET /images/on_left.gif HTTP/1.1" 200 478 "http://alex.jeb.ca/illustrator.html" "Mozilla/4.0 (compatible; MSIE 7.0; Windows NT 6.0; GTB6.4; SLCC1; .NET CLR 2.0.50727; Media Center PC 5.0; .NET CLR 3.0.04506)"
75.152.31.23 - - [18/Feb/2010:00:35:21 -0500] "GET /images/right.gif HTTP/1.1" 200 1986 "http://alex.jeb.ca/illustrator.html" "Mozilla/4.0 (compatible; MSIE 7.0; Windows NT 6.0; GTB6.4; SLCC1; .NET CLR 2.0.50727; Media Center PC 5.0; .NET CLR 3.0.04506)"
75.152.31.23 - - [18/Feb/2010:00:35:21 -0500] "GET /images/on_right.gif HTTP/1.1" 200 1971 "http://alex.jeb.ca/illustrator.html" "Mozilla/4.0 (compatible; MSIE 7.0; Windows NT 6.0; GTB6.4; SLCC1; .NET CLR 2.0.50727; Media Center PC 5.0; .NET CLR 3.0.04506)"
75.152.31.23 - - [18/Feb/2010:00:36:54 -0500] "GET /images/_portfolio/illustrator/maple_leaf.gif HTTP/1.1" 200 15825 "http://alex.jeb.ca/illustrator.html" "Mozilla/4.0 (compatible; MSIE 7.0; Windows NT 6.0; GTB6.4; SLCC1; .NET CLR 2.0.50727; Media Center PC 5.0; .NET CLR 3.0.04506)"
75.152.31.23 - - [18/Feb/2010:00:37:13 -0500] "GET /images/_portfolio/illustrator/maple_leaf.gif HTTP/1.1" 304 - "http://alex.jeb.ca/illustrator.html" "Mozilla/4.0 (compatible; MSIE 7.0; Windows NT 6.0; GTB6.4; SLCC1; .NET CLR 2.0.50727; Media Center PC 5.0; .NET CLR 3.0.04506)"
75.152.31.23 - - [18/Feb/2010:00:37:19 -0500] "GET /images/_portfolio/illustrator/maple_leaf_sm.gif HTTP/1.1" 304 - "http://images.google.ca/imgres?imgurl=http://alex.jeb.ca/images/_portfolio/illustrator/maple_leaf_sm.gif&imgrefurl=http://alex.jeb.ca/illustrator.html&usg=__gRApBJcLW3Z9s5BvIrNP_sT-40k=&h=75&w=75&sz=1&hl=fr&start=860&um=1&itbs=1&tbnid=8RLaiASvEaA_lM:&tbnh=71&tbnw=71&prev=/images%3Fq%3Dmaple%2Bleaf%2B3d%26ndsp%3D18%26hl%3Dfr%26rlz%3D1T4GGLL_frCA367CA367%26sa%3DN%26start%3D846%26um%3D1" "Mozilla/4.0 (compatible; MSIE 7.0; Windows NT 6.0; GTB6.4; SLCC1; .NET CLR 2.0.50727; Media Center PC 5.0; .NET CLR 3.0.04506)"
75.152.31.23 - - [18/Feb/2010:00:37:19 -0500] "GET /favicon.ico HTTP/1.1" 200 1150 "-" "Mozilla/4.0 (compatible; MSIE 7.0; Windows NT 6.0; GTB6.4; SLCC1; .NET CLR 2.0.50727; Media Center PC 5.0; .NET CLR 3.0.04506)"
