38.103.152.154 - - [25/Feb/2010:14:42:39 -0500] "GET /test/images/ivr/hangup_phone.gif HTTP/1.1" 200 1185 "http://alex.jeb.ca/test/baz.html" "Mozilla/5.0 (Windows; U; Windows NT 5.1; en-US; rv:1.9.1.8) Gecko/20100202 Firefox/3.5.8 (.NET CLR 3.5.30729)"
38.103.152.154 - - [25/Feb/2010:14:42:39 -0500] "GET /test/images/ivr/hour_glass.gif HTTP/1.1" 200 301 "http://alex.jeb.ca/test/baz.html" "Mozilla/5.0 (Windows; U; Windows NT 5.1; en-US; rv:1.9.1.8) Gecko/20100202 Firefox/3.5.8 (.NET CLR 3.5.30729)"
38.103.152.154 - - [25/Feb/2010:14:42:39 -0500] "GET /test/images/ivr/treble_clef.gif HTTP/1.1" 200 104 "http://alex.jeb.ca/test/baz.html" "Mozilla/5.0 (Windows; U; Windows NT 5.1; en-US; rv:1.9.1.8) Gecko/20100202 Firefox/3.5.8 (.NET CLR 3.5.30729)"
38.103.152.154 - - [25/Feb/2010:14:42:39 -0500] "GET /test/images/ivr/speaker.gif HTTP/1.1" 200 168 "http://alex.jeb.ca/test/baz.html" "Mozilla/5.0 (Windows; U; Windows NT 5.1; en-US; rv:1.9.1.8) Gecko/20100202 Firefox/3.5.8 (.NET CLR 3.5.30729)"
38.103.152.154 - - [25/Feb/2010:14:42:39 -0500] "GET /test/images/ivr/time_check.gif HTTP/1.1" 200 178 "http://alex.jeb.ca/test/baz.html" "Mozilla/5.0 (Windows; U; Windows NT 5.1; en-US; rv:1.9.1.8) Gecko/20100202 Firefox/3.5.8 (.NET CLR 3.5.30729)"
38.103.152.154 - - [25/Feb/2010:14:42:39 -0500] "GET /test/images/ivr/clock.gif HTTP/1.1" 200 174 "http://alex.jeb.ca/test/baz.html" "Mozilla/5.0 (Windows; U; Windows NT 5.1; en-US; rv:1.9.1.8) Gecko/20100202 Firefox/3.5.8 (.NET CLR 3.5.30729)"
38.103.152.154 - - [25/Feb/2010:14:42:39 -0500] "GET /test/images/ivr/dial_extension.gif HTTP/1.1" 200 173 "http://alex.jeb.ca/test/baz.html" "Mozilla/5.0 (Windows; U; Windows NT 5.1; en-US; rv:1.9.1.8) Gecko/20100202 Firefox/3.5.8 (.NET CLR 3.5.30729)"
38.103.152.154 - - [25/Feb/2010:14:42:39 -0500] "GET /test/images/ivr/phone_speaking.gif HTTP/1.1" 200 145 "http://alex.jeb.ca/test/baz.html" "Mozilla/5.0 (Windows; U; Windows NT 5.1; en-US; rv:1.9.1.8) Gecko/20100202 Firefox/3.5.8 (.NET CLR 3.5.30729)"
95.108.128.241 - - [25/Feb/2010:15:10:33 -0500] "GET /robots.txt HTTP/1.1" 404 269 "-" "Yandex/1.01.001 (compatible; Win16; I)"
208.115.111.248 - - [25/Feb/2010:16:39:31 -0500] "GET /robots.txt HTTP/1.1" 404 269 "-" "Mozilla/5.0 (compatible; DotBot/1.1; http://www.dotnetdotcom.org/, crawler@dotnetdotcom.org)"
95.108.128.241 - - [25/Feb/2010:17:04:44 -0500] "GET / HTTP/1.1" 200 1984 "-" "Yandex/1.01.001 (compatible; Win16; I)"
67.218.116.130 - - [25/Feb/2010:18:22:18 -0500] "GET /robots.txt HTTP/1.1" 404 269 "-" "Mozilla/5.0 (Twiceler-0.9 http://www.cuil.com/twiceler/robot.html)"
95.108.128.241 - - [25/Feb/2010:20:06:31 -0500] "GET /index.html HTTP/1.1" 200 1984 "-" "Yandex/1.01.001 (compatible; Win16; I)"
208.115.111.248 - - [25/Feb/2010:20:31:13 -0500] "GET /robots.txt HTTP/1.1" 404 269 "-" "Mozilla/5.0 (compatible; DotBot/1.1; http://www.dotnetdotcom.org/, crawler@dotnetdotcom.org)"
208.115.111.248 - - [25/Feb/2010:20:33:50 -0500] "GET /email/origins.html HTTP/1.1" 404 277 "-" "Mozilla/5.0 (compatible; DotBot/1.1; http://www.dotnetdotcom.org/, crawler@dotnetdotcom.org)"
95.108.128.241 - - [25/Feb/2010:22:07:42 -0500] "GET /pages.html HTTP/1.1" 304 - "-" "Yandex/1.01.001 (compatible; Win16; I)"
208.115.111.248 - - [26/Feb/2010:00:24:35 -0500] "GET /robots.txt HTTP/1.1" 404 269 "-" "Mozilla/5.0 (compatible; DotBot/1.1; http://www.dotnetdotcom.org/, crawler@dotnetdotcom.org)"
208.115.111.248 - - [26/Feb/2010:00:28:40 -0500] "GET / HTTP/1.1" 200 1984 "-" "Mozilla/5.0 (compatible; DotBot/1.1; http://www.dotnetdotcom.org/, crawler@dotnetdotcom.org)"
208.115.111.248 - - [26/Feb/2010:00:28:45 -0500] "GET /flash.html HTTP/1.1" 200 4756 "-" "Mozilla/5.0 (compatible; DotBot/1.1; http://www.dotnetdotcom.org/, crawler@dotnetdotcom.org)"
208.115.111.248 - - [26/Feb/2010:00:28:50 -0500] "GET /illustrator.html HTTP/1.1" 200 6612 "-" "Mozilla/5.0 (compatible; DotBot/1.1; http://www.dotnetdotcom.org/, crawler@dotnetdotcom.org)"
208.115.111.248 - - [26/Feb/2010:00:29:10 -0500] "GET /photoshop.html HTTP/1.1" 200 7709 "-" "Mozilla/5.0 (compatible; DotBot/1.1; http://www.dotnetdotcom.org/, crawler@dotnetdotcom.org)"
95.108.128.241 - - [26/Feb/2010:01:09:28 -0500] "GET /flash.html HTTP/1.1" 304 - "-" "Yandex/1.01.001 (compatible; Win16; I)"
95.108.128.241 - - [26/Feb/2010:04:11:14 -0500] "GET /contact.html HTTP/1.1" 304 - "-" "Yandex/1.01.001 (compatible; Win16; I)"
208.115.111.248 - - [26/Feb/2010:04:34:49 -0500] "GET /contact.html HTTP/1.1" 200 6927 "-" "Mozilla/5.0 (compatible; DotBot/1.1; http://www.dotnetdotcom.org/, crawler@dotnetdotcom.org)"
208.115.111.248 - - [26/Feb/2010:04:34:54 -0500] "GET /index.html HTTP/1.1" 200 1984 "-" "Mozilla/5.0 (compatible; DotBot/1.1; http://www.dotnetdotcom.org/, crawler@dotnetdotcom.org)"
208.115.111.248 - - [26/Feb/2010:04:34:59 -0500] "GET /pages.html HTTP/1.1" 200 4692 "-" "Mozilla/5.0 (compatible; DotBot/1.1; http://www.dotnetdotcom.org/, crawler@dotnetdotcom.org)"
208.115.111.248 - - [26/Feb/2010:04:35:04 -0500] "GET /print.html HTTP/1.1" 200 4324 "-" "Mozilla/5.0 (compatible; DotBot/1.1; http://www.dotnetdotcom.org/, crawler@dotnetdotcom.org)"
95.108.128.241 - - [26/Feb/2010:06:12:24 -0500] "GET /print.html HTTP/1.1" 304 - "-" "Yandex/1.01.001 (compatible; Win16; I)"
207.46.199.49 - - [26/Feb/2010:08:49:05 -0500] "GET /robots.txt HTTP/1.1" 404 269 "-" "msnbot/2.0b (+http://search.msn.com/msnbot.htm)"
207.46.199.49 - - [26/Feb/2010:08:50:06 -0500] "GET /email/origins.html HTTP/1.1" 404 277 "-" "msnbot/2.0b (+http://search.msn.com/msnbot.htm)"
95.108.128.241 - - [26/Feb/2010:09:14:08 -0500] "GET /photoshop.html HTTP/1.1" 304 - "-" "Yandex/1.01.001 (compatible; Win16; I)"
95.108.128.241 - - [26/Feb/2010:11:45:35 -0500] "GET /illustrator.html HTTP/1.1" 304 - "-" "Yandex/1.01.001 (compatible; Win16; I)"
67.218.116.130 - - [26/Feb/2010:16:49:31 -0500] "GET /robots.txt HTTP/1.1" 404 269 "-" "Mozilla/5.0 (Twiceler-0.9 http://www.cuil.com/twiceler/robot.html)"
66.249.71.132 - - [27/Feb/2010:09:23:15 -0500] "GET /robots.txt HTTP/1.1" 404 269 "-" "Mozilla/5.0 (compatible; Googlebot/2.1; +http://www.google.com/bot.html)"
66.249.71.132 - - [27/Feb/2010:09:23:15 -0500] "GET / HTTP/1.1" 200 1984 "-" "Mozilla/5.0 (compatible; Googlebot/2.1; +http://www.google.com/bot.html)"
66.249.71.132 - - [27/Feb/2010:10:31:47 -0500] "GET /print.html HTTP/1.1" 304 - "-" "Mozilla/5.0 (compatible; Googlebot/2.1; +http://www.google.com/bot.html)"
207.46.199.42 - - [27/Feb/2010:11:12:33 -0500] "GET /robots.txt HTTP/1.1" 404 269 "-" "msnbot/2.0b (+http://search.msn.com/msnbot.htm)"
207.46.199.42 - - [27/Feb/2010:11:13:38 -0500] "GET /email/origins.html HTTP/1.1" 404 277 "-" "msnbot/2.0b (+http://search.msn.com/msnbot.htm)"
66.249.71.132 - - [27/Feb/2010:13:42:02 -0500] "GET /photoshop.html HTTP/1.1" 304 - "-" "Mozilla/5.0 (compatible; Googlebot/2.1; +http://www.google.com/bot.html)"
66.249.71.132 - - [27/Feb/2010:14:30:09 -0500] "GET /images/_portfolio/illustrator/02_graph_sm.gif HTTP/1.1" 304 - "-" "Googlebot-Image/1.0"
207.46.199.44 - - [27/Feb/2010:15:12:56 -0500] "GET /robots.txt HTTP/1.1" 404 269 "-" "msnbot/2.0b (+http://search.msn.com/msnbot.htm)"
207.46.199.44 - - [27/Feb/2010:15:13:38 -0500] "GET /email/origins.html HTTP/1.1" 404 277 "-" "msnbot/2.0b (+http://search.msn.com/msnbot.htm)"
67.218.116.130 - - [27/Feb/2010:15:40:07 -0500] "GET /robots.txt HTTP/1.1" 404 269 "-" "Mozilla/5.0 (Twiceler-0.9 http://www.cuil.com/twiceler/robot.html)"
66.249.71.132 - - [27/Feb/2010:16:51:51 -0500] "GET /pages.html HTTP/1.1" 304 - "-" "Mozilla/5.0 (compatible; Googlebot/2.1; +http://www.google.com/bot.html)"
204.236.235.245 - - [27/Feb/2010:20:20:43 -0500] "GET /robots.txt HTTP/1.0" 404 269 "-" "ia_archiver (+http://www.alexa.com/site/help/webmasters; crawler@alexa.com)"
204.236.235.245 - - [27/Feb/2010:20:20:44 -0500] "GET / HTTP/1.0" 200 1984 "-" "ia_archiver (+http://www.alexa.com/site/help/webmasters; crawler@alexa.com)"
66.249.71.132 - - [28/Feb/2010:06:44:40 -0500] "GET /robots.txt HTTP/1.1" 404 269 "-" "Mozilla/5.0 (compatible; Googlebot/2.1; +http://www.google.com/bot.html)"
66.249.71.132 - - [28/Feb/2010:06:44:40 -0500] "GET /email/origins.html HTTP/1.1" 404 277 "-" "Mozilla/5.0 (compatible; Googlebot/2.1; +http://www.google.com/bot.html)"
67.218.116.130 - - [28/Feb/2010:15:38:38 -0500] "GET /robots.txt HTTP/1.1" 404 269 "-" "Mozilla/5.0 (Twiceler-0.9 http://www.cuil.com/twiceler/robot.html)"
66.249.71.132 - - [28/Feb/2010:16:35:50 -0500] "GET /images/_portfolio/web_pages/havlat_photography.gif HTTP/1.1" 304 - "-" "Googlebot-Image/1.0"
66.249.71.132 - - [28/Feb/2010:20:33:05 -0500] "GET /robots.txt HTTP/1.1" 404 269 "-" "Googlebot-Image/1.0"
66.249.71.132 - - [28/Feb/2010:20:33:05 -0500] "GET /images/_portfolio/photoshop/dragon_statue_sm.jpg HTTP/1.1" 304 - "-" "Googlebot-Image/1.0"
207.46.199.40 - - [28/Feb/2010:21:38:32 -0500] "GET /robots.txt HTTP/1.1" 404 269 "-" "msnbot/2.0b (+http://search.msn.com/msnbot.htm)"
207.46.199.40 - - [28/Feb/2010:21:39:33 -0500] "GET /email/origins.html HTTP/1.1" 404 277 "-" "msnbot/2.0b (+http://search.msn.com/msnbot.htm)"
66.249.71.132 - - [28/Feb/2010:22:21:25 -0500] "GET /flash.html HTTP/1.1" 304 - "-" "Mozilla/5.0 (compatible; Googlebot/2.1; +http://www.google.com/bot.html)"
72.55.153.250 - - [01/Mar/2010:00:06:24 -0500] "GET /images/_portfolio/illustrator/venus_butterfly_flyer_sm.gif HTTP/1.1" 200 856 "-" "-"
72.55.153.250 - - [01/Mar/2010:00:06:28 -0500] "GET /images/_portfolio/flash/venus.gif HTTP/1.1" 200 1148 "-" "-"
66.249.71.132 - - [01/Mar/2010:04:26:30 -0500] "GET /images/_portfolio/photoshop/violin_sunset_sm.jpg HTTP/1.1" 200 1025 "-" "Googlebot-Image/1.0"
174.129.80.215 - - [01/Mar/2010:10:59:53 -0500] "GET /robots.txt HTTP/1.1" 404 269 "-" "Mozilla/5.0 (compatible; spbot/2.0; +http://www.seoprofiler.com/bot/ )"
174.129.80.215 - - [01/Mar/2010:10:59:53 -0500] "GET /contact.html HTTP/1.1" 200 6927 "-" "Mozilla/5.0 (compatible; spbot/2.0; +http://www.seoprofiler.com/bot/ )"
174.129.80.215 - - [01/Mar/2010:11:00:25 -0500] "GET /robots.txt HTTP/1.1" 404 269 "-" "Mozilla/5.0 (compatible; spbot/2.0; +http://www.seoprofiler.com/bot/ )"
174.129.80.215 - - [01/Mar/2010:11:00:27 -0500] "GET /index.html HTTP/1.1" 200 1984 "-" "Mozilla/5.0 (compatible; spbot/2.0; +http://www.seoprofiler.com/bot/ )"
174.129.80.215 - - [01/Mar/2010:11:00:27 -0500] "GET /robots.txt HTTP/1.1" 404 269 "-" "Mozilla/5.0 (compatible; spbot/2.0; +http://www.seoprofiler.com/bot/ )"
174.129.80.215 - - [01/Mar/2010:11:00:27 -0500] "GET /print.html HTTP/1.1" 200 4324 "-" "Mozilla/5.0 (compatible; spbot/2.0; +http://www.seoprofiler.com/bot/ )"
174.129.80.215 - - [01/Mar/2010:11:00:49 -0500] "GET /robots.txt HTTP/1.1" 404 269 "-" "Mozilla/5.0 (compatible; spbot/2.0; +http://www.seoprofiler.com/bot/ )"
174.129.80.215 - - [01/Mar/2010:11:00:49 -0500] "GET /pages.html HTTP/1.1" 200 4692 "-" "Mozilla/5.0 (compatible; spbot/2.0; +http://www.seoprofiler.com/bot/ )"
174.129.80.215 - - [01/Mar/2010:11:00:55 -0500] "GET /robots.txt HTTP/1.1" 404 269 "-" "Mozilla/5.0 (compatible; spbot/2.0; +http://www.seoprofiler.com/bot/ )"
174.129.80.215 - - [01/Mar/2010:11:00:56 -0500] "GET /flash.html HTTP/1.1" 200 4756 "-" "Mozilla/5.0 (compatible; spbot/2.0; +http://www.seoprofiler.com/bot/ )"
174.129.171.75 - - [01/Mar/2010:15:18:30 -0500] "GET /robots.txt HTTP/1.1" 404 269 "-" "Mozilla/5.0 (compatible; spbot/2.0; +http://www.seoprofiler.com/bot/ )"
174.129.171.75 - - [01/Mar/2010:15:18:31 -0500] "GET /photoshop.html HTTP/1.1" 200 7709 "-" "Mozilla/5.0 (compatible; spbot/2.0; +http://www.seoprofiler.com/bot/ )"
174.129.171.75 - - [01/Mar/2010:15:18:49 -0500] "GET /robots.txt HTTP/1.1" 404 269 "-" "Mozilla/5.0 (compatible; spbot/2.0; +http://www.seoprofiler.com/bot/ )"
174.129.171.75 - - [01/Mar/2010:15:18:50 -0500] "GET /illustrator.html HTTP/1.1" 200 6612 "-" "Mozilla/5.0 (compatible; spbot/2.0; +http://www.seoprofiler.com/bot/ )"
207.46.204.227 - - [02/Mar/2010:04:05:51 -0500] "GET /robots.txt HTTP/1.1" 404 269 "-" "msnbot/2.0b (+http://search.msn.com/msnbot.htm)"
207.46.204.227 - - [02/Mar/2010:04:06:30 -0500] "GET /email/origins.html HTTP/1.1" 404 277 "-" "msnbot/2.0b (+http://search.msn.com/msnbot.htm)"
66.249.71.144 - - [02/Mar/2010:10:41:32 -0500] "GET /robots.txt HTTP/1.1" 404 269 "-" "Mozilla/5.0 (compatible; Googlebot/2.1; +http://www.google.com/bot.html)"
66.249.71.144 - - [02/Mar/2010:10:41:32 -0500] "GET /illustrator.html HTTP/1.1" 304 - "-" "Mozilla/5.0 (compatible; Googlebot/2.1; +http://www.google.com/bot.html)"
66.249.71.144 - - [02/Mar/2010:11:40:16 -0500] "GET /images/_portfolio/web_pages/havlat_photography.gif HTTP/1.1" 304 - "-" "Googlebot-Image/1.0"
207.46.195.229 - - [02/Mar/2010:13:08:15 -0500] "GET /robots.txt HTTP/1.1" 404 269 "-" "msnbot/2.0b (+http://search.msn.com/msnbot.htm)"
207.46.195.229 - - [02/Mar/2010:13:08:59 -0500] "GET /email/origins.html HTTP/1.1" 404 277 "-" "msnbot/2.0b (+http://search.msn.com/msnbot.htm)"
67.218.116.130 - - [02/Mar/2010:13:38:34 -0500] "GET /robots.txt HTTP/1.1" 404 269 "-" "Mozilla/5.0 (Twiceler-0.9 http://www.cuil.com/twiceler/robot.html)"
66.249.71.144 - - [02/Mar/2010:14:36:58 -0500] "GET /robots.txt HTTP/1.1" 404 269 "-" "Googlebot-Image/1.0"
66.249.71.144 - - [02/Mar/2010:14:36:58 -0500] "GET /images/_portfolio/flash/venn_diagram.gif HTTP/1.1" 304 - "-" "Googlebot-Image/1.0"
66.249.71.144 - - [02/Mar/2010:14:42:26 -0500] "GET /contact.html HTTP/1.1" 304 - "-" "Mozilla/5.0 (compatible; Googlebot/2.1; +http://www.google.com/bot.html)"
66.249.71.153 - - [02/Mar/2010:17:33:55 -0500] "GET /images/_portfolio/illustrator/wine_label_sm.gif HTTP/1.1" 304 - "-" "Googlebot-Image/1.0"
95.108.128.241 - - [02/Mar/2010:21:38:08 -0500] "GET /robots.txt HTTP/1.1" 404 269 "-" "Yandex/1.01.001 (compatible; Win16; I)"
95.108.128.241 - - [03/Mar/2010:07:26:54 -0500] "GET / HTTP/1.1" 200 1984 "-" "Yandex/1.01.001 (compatible; Win16; I)"
207.46.199.53 - - [03/Mar/2010:10:41:09 -0500] "GET /robots.txt HTTP/1.1" 404 269 "-" "msnbot/2.0b (+http://search.msn.com/msnbot.htm)"
207.46.199.53 - - [03/Mar/2010:10:42:15 -0500] "GET /email/origins.html HTTP/1.1" 404 277 "-" "msnbot/2.0b (+http://search.msn.com/msnbot.htm)"
66.249.71.164 - - [03/Mar/2010:10:54:57 -0500] "GET /robots.txt HTTP/1.1" 404 269 "-" "Googlebot-Image/1.0"
66.249.71.164 - - [03/Mar/2010:10:54:57 -0500] "GET /images/_portfolio/photoshop/graphics_banner_sm.jpg HTTP/1.1" 304 - "-" "Googlebot-Image/1.0"
67.218.116.130 - - [03/Mar/2010:13:49:54 -0500] "GET /robots.txt HTTP/1.1" 404 269 "-" "Mozilla/5.0 (Twiceler-0.9 http://www.cuil.com/twiceler/robot.html)"
66.249.71.164 - - [03/Mar/2010:16:07:48 -0500] "GET /images/_portfolio/flash/rotating_circles.gif HTTP/1.1" 304 - "-" "Googlebot-Image/1.0"
207.46.199.201 - - [04/Mar/2010:06:59:17 -0500] "GET /robots.txt HTTP/1.1" 404 269 "-" "msnbot/2.0b (+http://search.msn.com/msnbot.htm)"
207.46.204.239 - - [04/Mar/2010:10:53:07 -0500] "GET /robots.txt HTTP/1.1" 404 269 "-" "msnbot/2.0b (+http://search.msn.com/msnbot.htm)"
207.46.204.239 - - [04/Mar/2010:10:54:14 -0500] "GET /email/origins.html HTTP/1.1" 404 277 "-" "msnbot/2.0b (+http://search.msn.com/msnbot.htm)"
67.218.116.130 - - [04/Mar/2010:13:51:24 -0500] "GET /robots.txt HTTP/1.1" 404 269 "-" "Mozilla/5.0 (Twiceler-0.9 http://www.cuil.com/twiceler/robot.html)"
95.108.128.241 - - [04/Mar/2010:15:42:49 -0500] "GET /robots.txt HTTP/1.1" 404 269 "-" "Yandex/1.01.001 (compatible; Win16; I)"
207.46.199.49 - - [04/Mar/2010:17:07:16 -0500] "GET /robots.txt HTTP/1.1" 404 269 "-" "msnbot/2.0b (+http://search.msn.com/msnbot.htm)"
207.46.199.49 - - [04/Mar/2010:17:08:41 -0500] "GET /email/origins.html HTTP/1.1" 404 277 "-" "msnbot/2.0b (+http://search.msn.com/msnbot.htm)"
95.108.128.241 - - [04/Mar/2010:21:20:06 -0500] "GET /index.html HTTP/1.1" 200 1984 "-" "Yandex/1.01.001 (compatible; Win16; I)"
95.108.128.241 - - [05/Mar/2010:02:43:53 -0500] "GET /flash.html HTTP/1.1" 304 - "-" "Yandex/1.01.001 (compatible; Win16; I)"
95.108.128.241 - - [05/Mar/2010:08:07:38 -0500] "GET /pages.html HTTP/1.1" 304 - "-" "Yandex/1.01.001 (compatible; Win16; I)"
207.46.199.190 - - [05/Mar/2010:11:02:07 -0500] "GET /robots.txt HTTP/1.1" 404 269 "-" "msnbot/2.0b (+http://search.msn.com/msnbot.htm)"
67.218.116.130 - - [05/Mar/2010:13:59:47 -0500] "GET /robots.txt HTTP/1.1" 404 269 "-" "Mozilla/5.0 (Twiceler-0.9 http://www.cuil.com/twiceler/robot.html)"
95.108.128.241 - - [05/Mar/2010:16:46:01 -0500] "GET /robots.txt HTTP/1.1" 404 269 "-" "Yandex/1.01.001 (compatible; Win16; I)"
95.108.128.241 - - [05/Mar/2010:21:03:24 -0500] "GET /print.html HTTP/1.1" 304 - "-" "Yandex/1.01.001 (compatible; Win16; I)"
95.108.128.241 - - [06/Mar/2010:01:20:47 -0500] "GET /contact.html HTTP/1.1" 304 - "-" "Yandex/1.01.001 (compatible; Win16; I)"
95.108.128.241 - - [06/Mar/2010:05:38:09 -0500] "GET /photoshop.html HTTP/1.1" 304 - "-" "Yandex/1.01.001 (compatible; Win16; I)"
95.108.128.241 - - [06/Mar/2010:09:12:36 -0500] "GET /illustrator.html HTTP/1.1" 304 - "-" "Yandex/1.01.001 (compatible; Win16; I)"
195.229.242.54 - - [06/Mar/2010:09:53:53 -0500] "GET /flash.html HTTP/1.1" 200 4756 "http://images.google.com/imgres?imgurl=http://alex.jeb.ca/images/_portfolio/flash/annimated_butterfly.gif&imgrefurl=http://alex.jeb.ca/flash.html&usg=__tNaqVupFHVpi2fP0IaPPNBcTjVM=&h=75&w=75&sz=1&hl=en&start=309&itbs=1&tbnid=q9i2dvIuXdOzUM:&tbnh=71&tbnw=71&prev=/images%3Fq%3Danimated%2Bbutterfly%26start%3D300%26hl%3Den%26sa%3DN%26gbv%3D2%26ndsp%3D20%26tbs%3Disch:1" "Mozilla/5.0 (Windows; U; Windows NT 5.1; en-US; rv:1.9.1.8) Gecko/20100202 Firefox/3.5.8 GTB6"
195.229.242.54 - - [06/Mar/2010:09:53:53 -0500] "GET /index.css HTTP/1.1" 200 962 "http://alex.jeb.ca/flash.html" "Mozilla/5.0 (Windows; U; Windows NT 5.1; en-US; rv:1.9.1.8) Gecko/20100202 Firefox/3.5.8 GTB6"
195.229.242.54 - - [06/Mar/2010:09:53:53 -0500] "GET /top_nav.css HTTP/1.1" 200 841 "http://alex.jeb.ca/flash.html" "Mozilla/5.0 (Windows; U; Windows NT 5.1; en-US; rv:1.9.1.8) Gecko/20100202 Firefox/3.5.8 GTB6"
195.229.242.54 - - [06/Mar/2010:09:53:53 -0500] "GET /main.js HTTP/1.1" 200 5103 "http://alex.jeb.ca/flash.html" "Mozilla/5.0 (Windows; U; Windows NT 5.1; en-US; rv:1.9.1.8) Gecko/20100202 Firefox/3.5.8 GTB6"
195.229.242.54 - - [06/Mar/2010:09:53:54 -0500] "GET /images/_portfolio/flash/annimated_butterfly.gif HTTP/1.1" 200 514 "http://images.google.com/imgres?imgurl=http://alex.jeb.ca/images/_portfolio/flash/annimated_butterfly.gif&imgrefurl=http://alex.jeb.ca/flash.html&usg=__tNaqVupFHVpi2fP0IaPPNBcTjVM=&h=75&w=75&sz=1&hl=en&start=309&itbs=1&tbnid=q9i2dvIuXdOzUM:&tbnh=71&tbnw=71&prev=/images%3Fq%3Danimated%2Bbutterfly%26start%3D300%26hl%3Den%26sa%3DN%26gbv%3D2%26ndsp%3D20%26tbs%3Disch:1" "Mozilla/5.0 (Windows; U; Windows NT 5.1; en-US; rv:1.9.1.8) Gecko/20100202 Firefox/3.5.8 GTB6"
195.229.236.219 - - [06/Mar/2010:09:53:58 -0500] "GET /main.js HTTP/1.1" 200 5103 "http://alex.jeb.ca/flash.html" "Mozilla/5.0 (Windows; U; Windows NT 5.1; en-US; rv:1.9.1.8) Gecko/20100202 Firefox/3.5.8 GTB6"
66.249.71.129 - - [06/Mar/2010:12:18:57 -0500] "GET /robots.txt HTTP/1.1" 404 269 "-" "Googlebot-Image/1.0"
66.249.71.129 - - [06/Mar/2010:12:18:57 -0500] "GET /images/_portfolio/illustrator/wine_label_sm.gif HTTP/1.1" 304 - "-" "Googlebot-Image/1.0"
67.218.116.130 - - [06/Mar/2010:15:59:40 -0500] "GET /robots.txt HTTP/1.1" 404 269 "-" "Mozilla/5.0 (Twiceler-0.9 http://www.cuil.com/twiceler/robot.html)"
66.249.71.129 - - [06/Mar/2010:22:00:57 -0500] "GET / HTTP/1.1" 200 1984 "-" "Mozilla/5.0 (compatible; Googlebot/2.1; +http://www.google.com/bot.html)"
66.249.71.129 - - [06/Mar/2010:22:16:44 -0500] "GET /print.html HTTP/1.1" 304 - "-" "Mozilla/5.0 (compatible; Googlebot/2.1; +http://www.google.com/bot.html)"
66.249.71.129 - - [07/Mar/2010:00:18:45 -0500] "GET /photoshop.html HTTP/1.1" 304 - "-" "Mozilla/5.0 (compatible; Googlebot/2.1; +http://www.google.com/bot.html)"
66.249.71.129 - - [07/Mar/2010:02:20:00 -0500] "GET /robots.txt HTTP/1.1" 404 269 "-" "Mozilla/5.0 (compatible; Googlebot/2.1; +http://www.google.com/bot.html)"
66.249.71.129 - - [07/Mar/2010:02:20:01 -0500] "GET /pages.html HTTP/1.1" 304 - "-" "Mozilla/5.0 (compatible; Googlebot/2.1; +http://www.google.com/bot.html)"
174.133.177.66 - - [07/Mar/2010:13:01:12 -0500] "GET /robots.txt HTTP/1.1" 404 269 "-" "Mozilla/5.0 (Windows; U; Windows NT 5.0; ru; rv:1.8.0.10) Gecko/20070216 Firefox/1.5.0.10"
174.133.177.66 - - [07/Mar/2010:13:07:08 -0500] "GET / HTTP/1.1" 200 1984 "-" "Mozilla/5.0 (compatible; Purebot/1.1; +http://www.puritysearch.net/)"
174.133.177.66 - - [07/Mar/2010:13:07:11 -0500] "GET /index.html HTTP/1.1" 200 1984 "-" "Mozilla/5.0 (compatible; Purebot/1.1; +http://www.puritysearch.net/)"
174.133.177.66 - - [07/Mar/2010:13:07:11 -0500] "GET /pages.html HTTP/1.1" 200 4692 "-" "Mozilla/5.0 (compatible; Purebot/1.1; +http://www.puritysearch.net/)"
174.133.177.66 - - [07/Mar/2010:13:07:11 -0500] "GET /illustrator.html HTTP/1.1" 200 6612 "-" "Mozilla/5.0 (compatible; Purebot/1.1; +http://www.puritysearch.net/)"
174.133.177.66 - - [07/Mar/2010:13:07:12 -0500] "GET /flash.html HTTP/1.1" 200 4756 "-" "Mozilla/5.0 (compatible; Purebot/1.1; +http://www.puritysearch.net/)"
174.133.177.66 - - [07/Mar/2010:13:07:14 -0500] "GET /photoshop.html HTTP/1.1" 200 7709 "-" "Mozilla/5.0 (compatible; Purebot/1.1; +http://www.puritysearch.net/)"
174.133.177.66 - - [07/Mar/2010:13:07:14 -0500] "GET /print.html HTTP/1.1" 200 4324 "-" "Mozilla/5.0 (compatible; Purebot/1.1; +http://www.puritysearch.net/)"
174.133.177.66 - - [07/Mar/2010:13:07:14 -0500] "GET /contact.html HTTP/1.1" 200 6927 "-" "Mozilla/5.0 (compatible; Purebot/1.1; +http://www.puritysearch.net/)"
207.46.199.55 - - [07/Mar/2010:14:08:12 -0500] "GET /robots.txt HTTP/1.1" 404 269 "-" "msnbot/2.0b (+http://search.msn.com/msnbot.htm)"
207.46.199.55 - - [07/Mar/2010:14:09:07 -0500] "GET /email/origins.html HTTP/1.1" 404 277 "-" "msnbot/2.0b (+http://search.msn.com/msnbot.htm)"
207.46.199.196 - - [07/Mar/2010:16:03:13 -0500] "GET /robots.txt HTTP/1.1" 404 269 "-" "msnbot/2.0b (+http://search.msn.com/msnbot.htm)"
67.218.116.130 - - [07/Mar/2010:16:27:07 -0500] "GET /robots.txt HTTP/1.1" 404 269 "-" "Mozilla/5.0 (Twiceler-0.9 http://www.cuil.com/twiceler/robot.html)"
95.108.128.241 - - [07/Mar/2010:17:38:51 -0500] "GET /robots.txt HTTP/1.1" 404 269 "-" "Yandex/1.01.001 (compatible; Win16; I)"
95.108.128.241 - - [07/Mar/2010:23:30:25 -0500] "GET / HTTP/1.1" 200 1984 "-" "Yandex/1.01.001 (compatible; Win16; I)"
95.108.128.241 - - [08/Mar/2010:02:06:40 -0500] "GET /illustrator.html HTTP/1.1" 304 - "-" "Yandex/1.01.001 (compatible; Win16; I)"
95.108.128.241 - - [08/Mar/2010:04:42:55 -0500] "GET /photoshop.html HTTP/1.1" 304 - "-" "Yandex/1.01.001 (compatible; Win16; I)"
95.108.128.241 - - [08/Mar/2010:07:19:10 -0500] "GET /email/origins.html HTTP/1.1" 404 277 "-" "Yandex/1.01.001 (compatible; Win16; I)"
207.46.199.188 - - [08/Mar/2010:07:37:53 -0500] "GET /robots.txt HTTP/1.1" 404 269 "-" "msnbot/2.0b (+http://search.msn.com/msnbot.htm)"
66.249.71.129 - - [08/Mar/2010:10:14:33 -0500] "GET /robots.txt HTTP/1.1" 404 269 "-" "Mozilla/5.0 (compatible; Googlebot/2.1; +http://www.google.com/bot.html)"
66.249.71.129 - - [08/Mar/2010:10:14:33 -0500] "GET /flash.html HTTP/1.1" 200 4756 "-" "Mozilla/5.0 (compatible; Googlebot/2.1; +http://www.google.com/bot.html)"
66.249.71.129 - - [08/Mar/2010:11:42:13 -0500] "GET /finland HTTP/1.1" 404 266 "-" "Mozilla/5.0 (compatible; Googlebot/2.1; +http://www.google.com/bot.html)"
67.218.116.130 - - [08/Mar/2010:15:52:15 -0500] "GET /robots.txt HTTP/1.1" 404 269 "-" "Mozilla/5.0 (Twiceler-0.9 http://www.cuil.com/twiceler/robot.html)"
95.108.128.241 - - [08/Mar/2010:23:44:06 -0500] "GET /robots.txt HTTP/1.1" 404 269 "-" "Yandex/1.01.001 (compatible; Win16; I)"
207.46.204.235 - - [09/Mar/2010:02:26:43 -0500] "GET /robots.txt HTTP/1.1" 404 269 "-" "msnbot/2.0b (+http://search.msn.com/msnbot.htm)"
207.46.204.235 - - [09/Mar/2010:02:28:00 -0500] "GET /email/origins.html HTTP/1.1" 404 277 "-" "msnbot/2.0b (+http://search.msn.com/msnbot.htm)"
95.108.128.241 - - [09/Mar/2010:04:49:43 -0500] "GET /index.html HTTP/1.1" 200 1984 "-" "Yandex/1.01.001 (compatible; Win16; I)"
66.249.71.129 - - [09/Mar/2010:11:48:38 -0500] "GET /robots.txt HTTP/1.1" 404 269 "-" "Googlebot-Image/1.0"
66.249.71.129 - - [09/Mar/2010:11:48:38 -0500] "GET /images/_portfolio/print/egypt_sm.gif HTTP/1.1" 304 - "-" "Googlebot-Image/1.0"
66.249.71.129 - - [09/Mar/2010:18:42:05 -0500] "GET /robots.txt HTTP/1.1" 404 269 "-" "Googlebot-Image/1.0"
66.249.71.129 - - [09/Mar/2010:18:42:05 -0500] "GET /images/_portfolio/flash/rotating_circles.gif HTTP/1.1" 304 - "-" "Googlebot-Image/1.0"
207.46.199.201 - - [10/Mar/2010:02:39:38 -0500] "GET /robots.txt HTTP/1.1" 404 269 "-" "msnbot/2.0b (+http://search.msn.com/msnbot.htm)"
66.249.71.129 - - [10/Mar/2010:09:43:10 -0500] "GET /robots.txt HTTP/1.1" 404 269 "-" "Mozilla/5.0 (compatible; Googlebot/2.1; +http://www.google.com/bot.html)"
66.249.71.129 - - [10/Mar/2010:09:43:10 -0500] "GET /illustrator.html HTTP/1.1" 200 6612 "-" "Mozilla/5.0 (compatible; Googlebot/2.1; +http://www.google.com/bot.html)"
72.14.192.66 - - [10/Mar/2010:10:26:32 -0500] "GET / HTTP/1.1" 200 1984 "-" "Mozilla/5.0 (compatible; Google Keyword Generator; +http://www.google.com/bot.html)"
72.14.199.196 - - [10/Mar/2010:10:34:36 -0500] "GET / HTTP/1.1" 200 1984 "-" "AdsBot-Google (+http://www.google.com/adsbot.html)"
74.125.75.17 - - [10/Mar/2010:11:01:48 -0500] "GET / HTTP/1.1" 200 1984 "-" "Mozilla/4.0 (compatible; MSIE 6.0; Windows NT 5.1; SV1)"
64.233.172.18 - - [10/Mar/2010:11:01:53 -0500] "GET /top_nav.css HTTP/1.1" 200 841 "http://alex.jeb.ca/" "Mozilla/4.0 (compatible; MSIE 6.0; Windows NT 5.1; SV1)"
64.233.172.18 - - [10/Mar/2010:11:01:53 -0500] "GET /index.css HTTP/1.1" 200 962 "http://alex.jeb.ca/" "Mozilla/4.0 (compatible; MSIE 6.0; Windows NT 5.1; SV1)"
64.233.172.18 - - [10/Mar/2010:11:01:53 -0500] "GET /main.js HTTP/1.1" 200 5103 "http://alex.jeb.ca/" "Mozilla/4.0 (compatible; MSIE 6.0; Windows NT 5.1; SV1)"
74.125.75.17 - - [10/Mar/2010:11:01:54 -0500] "GET /home.swf HTTP/1.1" 200 17352 "http://alex.jeb.ca/" "Mozilla/4.0 (compatible; MSIE 6.0; Windows NT 5.1; SV1)"
66.249.71.129 - - [10/Mar/2010:12:32:36 -0500] "GET /contact.html HTTP/1.1" 200 6927 "-" "Mozilla/5.0 (compatible; Googlebot/2.1; +http://www.google.com/bot.html)"
70.28.94.53 - - [10/Mar/2010:13:12:30 -0500] "GET /contact.html HTTP/1.1" 200 6927 "http://www.google.ca/url?sa=t&source=web&ct=res&cd=8&ved=0CCwQFjAH&url=http%3A%2F%2Falex.jeb.ca%2Fcontact.html&rct=j&q=DESIGNER+BOURGEOIS&ei=xeKXS9KAPc2XtgepsYHlAQ&usg=AFQjCNGbaZmsE4y1DEc3QIyx-w51Z74AKw" "Mozilla/4.0 (compatible; MSIE 8.0; Windows NT 6.0; Trident/4.0; SLCC1; .NET CLR 2.0.50727; .NET CLR 3.5.30729; .NET CLR 3.0.30618)"
70.28.94.53 - - [10/Mar/2010:13:12:30 -0500] "GET /top_nav.css HTTP/1.1" 200 841 "http://alex.jeb.ca/contact.html" "Mozilla/4.0 (compatible; MSIE 8.0; Windows NT 6.0; Trident/4.0; SLCC1; .NET CLR 2.0.50727; .NET CLR 3.5.30729; .NET CLR 3.0.30618)"
70.28.94.53 - - [10/Mar/2010:13:12:30 -0500] "GET /index.css HTTP/1.1" 200 962 "http://alex.jeb.ca/contact.html" "Mozilla/4.0 (compatible; MSIE 8.0; Windows NT 6.0; Trident/4.0; SLCC1; .NET CLR 2.0.50727; .NET CLR 3.5.30729; .NET CLR 3.0.30618)"
70.28.94.53 - - [10/Mar/2010:13:12:30 -0500] "GET /main.js HTTP/1.1" 200 5103 "http://alex.jeb.ca/contact.html" "Mozilla/4.0 (compatible; MSIE 8.0; Windows NT 6.0; Trident/4.0; SLCC1; .NET CLR 2.0.50727; .NET CLR 3.5.30729; .NET CLR 3.0.30618)"
70.28.94.53 - - [10/Mar/2010:13:12:30 -0500] "GET /images/get_acrobat.gif HTTP/1.1" 200 1459 "http://alex.jeb.ca/contact.html" "Mozilla/4.0 (compatible; MSIE 8.0; Windows NT 6.0; Trident/4.0; SLCC1; .NET CLR 2.0.50727; .NET CLR 3.5.30729; .NET CLR 3.0.30618)"
70.28.94.53 - - [10/Mar/2010:13:12:30 -0500] "GET /images/bg.gif HTTP/1.1" 200 519 "http://alex.jeb.ca/contact.html" "Mozilla/4.0 (compatible; MSIE 8.0; Windows NT 6.0; Trident/4.0; SLCC1; .NET CLR 2.0.50727; .NET CLR 3.5.30729; .NET CLR 3.0.30618)"
70.28.94.53 - - [10/Mar/2010:13:12:30 -0500] "GET /images/left.gif HTTP/1.1" 200 493 "http://alex.jeb.ca/contact.html" "Mozilla/4.0 (compatible; MSIE 8.0; Windows NT 6.0; Trident/4.0; SLCC1; .NET CLR 2.0.50727; .NET CLR 3.5.30729; .NET CLR 3.0.30618)"
70.28.94.53 - - [10/Mar/2010:13:12:31 -0500] "GET /images/on_left.gif HTTP/1.1" 200 478 "http://alex.jeb.ca/contact.html" "Mozilla/4.0 (compatible; MSIE 8.0; Windows NT 6.0; Trident/4.0; SLCC1; .NET CLR 2.0.50727; .NET CLR 3.5.30729; .NET CLR 3.0.30618)"
70.28.94.53 - - [10/Mar/2010:13:12:31 -0500] "GET /images/on_right.gif HTTP/1.1" 200 1971 "http://alex.jeb.ca/contact.html" "Mozilla/4.0 (compatible; MSIE 8.0; Windows NT 6.0; Trident/4.0; SLCC1; .NET CLR 2.0.50727; .NET CLR 3.5.30729; .NET CLR 3.0.30618)"
70.28.94.53 - - [10/Mar/2010:13:12:31 -0500] "GET /images/right.gif HTTP/1.1" 200 1986 "http://alex.jeb.ca/contact.html" "Mozilla/4.0 (compatible; MSIE 8.0; Windows NT 6.0; Trident/4.0; SLCC1; .NET CLR 2.0.50727; .NET CLR 3.5.30729; .NET CLR 3.0.30618)"
70.28.94.53 - - [10/Mar/2010:13:12:31 -0500] "GET /favicon.ico HTTP/1.1" 200 1150 "-" "Mozilla/4.0 (compatible; MSIE 8.0; Windows NT 6.0; Trident/4.0; SLCC1; .NET CLR 2.0.50727; .NET CLR 3.5.30729; .NET CLR 3.0.30618)"
38.103.152.154 - - [10/Mar/2010:13:30:16 -0500] "GET /test/ HTTP/1.1" 200 1613 "-" "Mozilla/5.0 (Windows; U; Windows NT 5.1; en-US; rv:1.9.1.8) Gecko/20100202 Firefox/3.5.8 (.NET CLR 3.5.30729)"
38.103.152.154 - - [10/Mar/2010:13:30:16 -0500] "GET /test/top_nav.css HTTP/1.1" 200 4071 "http://alex.jeb.ca/test/" "Mozilla/5.0 (Windows; U; Windows NT 5.1; en-US; rv:1.9.1.8) Gecko/20100202 Firefox/3.5.8 (.NET CLR 3.5.30729)"
38.103.152.154 - - [10/Mar/2010:13:30:16 -0500] "GET /test/images/bg_blue_top.gif HTTP/1.1" 200 814 "http://alex.jeb.ca/test/top_nav.css" "Mozilla/5.0 (Windows; U; Windows NT 5.1; en-US; rv:1.9.1.8) Gecko/20100202 Firefox/3.5.8 (.NET CLR 3.5.30729)"
38.103.152.154 - - [10/Mar/2010:13:30:16 -0500] "GET /test/images/gray_on_left_top.gif HTTP/1.1" 403 295 "http://alex.jeb.ca/test/top_nav.css" "Mozilla/5.0 (Windows; U; Windows NT 5.1; en-US; rv:1.9.1.8) Gecko/20100202 Firefox/3.5.8 (.NET CLR 3.5.30729)"
38.103.152.154 - - [10/Mar/2010:13:30:16 -0500] "GET /test/images/gray_on_right_top.gif HTTP/1.1" 403 296 "http://alex.jeb.ca/test/top_nav.css" "Mozilla/5.0 (Windows; U; Windows NT 5.1; en-US; rv:1.9.1.8) Gecko/20100202 Firefox/3.5.8 (.NET CLR 3.5.30729)"
38.103.152.154 - - [10/Mar/2010:13:30:16 -0500] "GET /test/images/blue_left_top.gif HTTP/1.1" 200 722 "http://alex.jeb.ca/test/top_nav.css" "Mozilla/5.0 (Windows; U; Windows NT 5.1; en-US; rv:1.9.1.8) Gecko/20100202 Firefox/3.5.8 (.NET CLR 3.5.30729)"
38.103.152.154 - - [10/Mar/2010:13:30:16 -0500] "GET /test/images/brown_left.gif HTTP/1.1" 200 371 "http://alex.jeb.ca/test/top_nav.css" "Mozilla/5.0 (Windows; U; Windows NT 5.1; en-US; rv:1.9.1.8) Gecko/20100202 Firefox/3.5.8 (.NET CLR 3.5.30729)"
38.103.152.154 - - [10/Mar/2010:13:30:16 -0500] "GET /test/images/blue_right_top.gif HTTP/1.1" 200 2311 "http://alex.jeb.ca/test/top_nav.css" "Mozilla/5.0 (Windows; U; Windows NT 5.1; en-US; rv:1.9.1.8) Gecko/20100202 Firefox/3.5.8 (.NET CLR 3.5.30729)"
38.103.152.154 - - [10/Mar/2010:13:30:16 -0500] "GET /test/images/bg_blue_base.gif HTTP/1.1" 200 813 "http://alex.jeb.ca/test/top_nav.css" "Mozilla/5.0 (Windows; U; Windows NT 5.1; en-US; rv:1.9.1.8) Gecko/20100202 Firefox/3.5.8 (.NET CLR 3.5.30729)"
38.103.152.154 - - [10/Mar/2010:13:30:16 -0500] "GET /test/images/brown_right.gif HTTP/1.1" 200 1563 "http://alex.jeb.ca/test/top_nav.css" "Mozilla/5.0 (Windows; U; Windows NT 5.1; en-US; rv:1.9.1.8) Gecko/20100202 Firefox/3.5.8 (.NET CLR 3.5.30729)"
38.103.152.154 - - [10/Mar/2010:13:30:16 -0500] "GET /test/images/brown_on_left.gif HTTP/1.1" 200 350 "http://alex.jeb.ca/test/top_nav.css" "Mozilla/5.0 (Windows; U; Windows NT 5.1; en-US; rv:1.9.1.8) Gecko/20100202 Firefox/3.5.8 (.NET CLR 3.5.30729)"
38.103.152.154 - - [10/Mar/2010:13:30:16 -0500] "GET /test/images/brown_on_right.gif HTTP/1.1" 200 1401 "http://alex.jeb.ca/test/top_nav.css" "Mozilla/5.0 (Windows; U; Windows NT 5.1; en-US; rv:1.9.1.8) Gecko/20100202 Firefox/3.5.8 (.NET CLR 3.5.30729)"
38.103.152.154 - - [10/Mar/2010:13:30:16 -0500] "GET /favicon.ico HTTP/1.1" 200 1150 "-" "Mozilla/5.0 (Windows; U; Windows NT 5.1; en-US; rv:1.9.1.8) Gecko/20100202 Firefox/3.5.8 (.NET CLR 3.5.30729)"
38.103.152.154 - - [10/Mar/2010:13:30:19 -0500] "GET /test/foo.html HTTP/1.1" 200 9953 "http://alex.jeb.ca/test/" "Mozilla/5.0 (Windows; U; Windows NT 5.1; en-US; rv:1.9.1.8) Gecko/20100202 Firefox/3.5.8 (.NET CLR 3.5.30729)"
38.103.152.154 - - [10/Mar/2010:13:30:19 -0500] "GET /test/images/gray_on_left_top.gif HTTP/1.1" 403 295 "http://alex.jeb.ca/test/top_nav.css" "Mozilla/5.0 (Windows; U; Windows NT 5.1; en-US; rv:1.9.1.8) Gecko/20100202 Firefox/3.5.8 (.NET CLR 3.5.30729)"
38.103.152.154 - - [10/Mar/2010:13:30:19 -0500] "GET /test/images/gray_on_right_top.gif HTTP/1.1" 403 296 "http://alex.jeb.ca/test/top_nav.css" "Mozilla/5.0 (Windows; U; Windows NT 5.1; en-US; rv:1.9.1.8) Gecko/20100202 Firefox/3.5.8 (.NET CLR 3.5.30729)"
38.103.152.154 - - [10/Mar/2010:13:30:23 -0500] "GET /test/bar.html HTTP/1.1" 200 5493 "http://alex.jeb.ca/test/foo.html" "Mozilla/5.0 (Windows; U; Windows NT 5.1; en-US; rv:1.9.1.8) Gecko/20100202 Firefox/3.5.8 (.NET CLR 3.5.30729)"
38.103.152.154 - - [10/Mar/2010:13:30:23 -0500] "GET /test/images/gray_on_left_top.gif HTTP/1.1" 403 295 "http://alex.jeb.ca/test/top_nav.css" "Mozilla/5.0 (Windows; U; Windows NT 5.1; en-US; rv:1.9.1.8) Gecko/20100202 Firefox/3.5.8 (.NET CLR 3.5.30729)"
38.103.152.154 - - [10/Mar/2010:13:30:23 -0500] "GET /test/images/gray_on_right_top.gif HTTP/1.1" 403 296 "http://alex.jeb.ca/test/top_nav.css" "Mozilla/5.0 (Windows; U; Windows NT 5.1; en-US; rv:1.9.1.8) Gecko/20100202 Firefox/3.5.8 (.NET CLR 3.5.30729)"
38.103.152.154 - - [10/Mar/2010:13:30:23 -0500] "GET /test/images/info_box.gif HTTP/1.1" 200 83 "http://alex.jeb.ca/test/bar.html" "Mozilla/5.0 (Windows; U; Windows NT 5.1; en-US; rv:1.9.1.8) Gecko/20100202 Firefox/3.5.8 (.NET CLR 3.5.30729)"
38.103.152.154 - - [10/Mar/2010:13:30:23 -0500] "GET /test/images/ivr/yield.gif HTTP/1.1" 200 245 "http://alex.jeb.ca/test/bar.html" "Mozilla/5.0 (Windows; U; Windows NT 5.1; en-US; rv:1.9.1.8) Gecko/20100202 Firefox/3.5.8 (.NET CLR 3.5.30729)"
38.103.152.154 - - [10/Mar/2010:13:30:23 -0500] "GET /test/images/ivr/padlock.gif HTTP/1.1" 200 211 "http://alex.jeb.ca/test/bar.html" "Mozilla/5.0 (Windows; U; Windows NT 5.1; en-US; rv:1.9.1.8) Gecko/20100202 Firefox/3.5.8 (.NET CLR 3.5.30729)"
38.103.152.154 - - [10/Mar/2010:13:30:23 -0500] "GET /test/images/ivr/key.gif HTTP/1.1" 200 305 "http://alex.jeb.ca/test/bar.html" "Mozilla/5.0 (Windows; U; Windows NT 5.1; en-US; rv:1.9.1.8) Gecko/20100202 Firefox/3.5.8 (.NET CLR 3.5.30729)"
38.103.152.154 - - [10/Mar/2010:13:44:58 -0500] "GET /test/baz.html HTTP/1.1" 200 6457 "http://alex.jeb.ca/test/bar.html" "Mozilla/5.0 (Windows; U; Windows NT 5.1; en-US; rv:1.9.1.8) Gecko/20100202 Firefox/3.5.8 (.NET CLR 3.5.30729)"
38.103.152.154 - - [10/Mar/2010:13:44:58 -0500] "GET /test/images/gray_on_left_top.gif HTTP/1.1" 403 295 "http://alex.jeb.ca/test/top_nav.css" "Mozilla/5.0 (Windows; U; Windows NT 5.1; en-US; rv:1.9.1.8) Gecko/20100202 Firefox/3.5.8 (.NET CLR 3.5.30729)"
38.103.152.154 - - [10/Mar/2010:13:44:58 -0500] "GET /test/images/gray_on_right_top.gif HTTP/1.1" 403 296 "http://alex.jeb.ca/test/top_nav.css" "Mozilla/5.0 (Windows; U; Windows NT 5.1; en-US; rv:1.9.1.8) Gecko/20100202 Firefox/3.5.8 (.NET CLR 3.5.30729)"
38.103.152.154 - - [10/Mar/2010:13:44:58 -0500] "GET /test/images/ivr/notes.gif HTTP/1.1" 200 143 "http://alex.jeb.ca/test/baz.html" "Mozilla/5.0 (Windows; U; Windows NT 5.1; en-US; rv:1.9.1.8) Gecko/20100202 Firefox/3.5.8 (.NET CLR 3.5.30729)"
38.103.152.154 - - [10/Mar/2010:13:44:58 -0500] "GET /test/images/ivr/pickup_phone.gif HTTP/1.1" 200 403 "http://alex.jeb.ca/test/baz.html" "Mozilla/5.0 (Windows; U; Windows NT 5.1; en-US; rv:1.9.1.8) Gecko/20100202 Firefox/3.5.8 (.NET CLR 3.5.30729)"
38.103.152.154 - - [10/Mar/2010:13:44:58 -0500] "GET /test/images/ivr/hangup_phone.gif HTTP/1.1" 200 1185 "http://alex.jeb.ca/test/baz.html" "Mozilla/5.0 (Windows; U; Windows NT 5.1; en-US; rv:1.9.1.8) Gecko/20100202 Firefox/3.5.8 (.NET CLR 3.5.30729)"
38.103.152.154 - - [10/Mar/2010:13:44:58 -0500] "GET /test/images/ivr/hour_glass.gif HTTP/1.1" 200 301 "http://alex.jeb.ca/test/baz.html" "Mozilla/5.0 (Windows; U; Windows NT 5.1; en-US; rv:1.9.1.8) Gecko/20100202 Firefox/3.5.8 (.NET CLR 3.5.30729)"
38.103.152.154 - - [10/Mar/2010:13:44:58 -0500] "GET /test/images/ivr/magnify_world.gif HTTP/1.1" 200 258 "http://alex.jeb.ca/test/baz.html" "Mozilla/5.0 (Windows; U; Windows NT 5.1; en-US; rv:1.9.1.8) Gecko/20100202 Firefox/3.5.8 (.NET CLR 3.5.30729)"
38.103.152.154 - - [10/Mar/2010:13:44:58 -0500] "GET /test/images/ivr/treble_clef.gif HTTP/1.1" 200 104 "http://alex.jeb.ca/test/baz.html" "Mozilla/5.0 (Windows; U; Windows NT 5.1; en-US; rv:1.9.1.8) Gecko/20100202 Firefox/3.5.8 (.NET CLR 3.5.30729)"
38.103.152.154 - - [10/Mar/2010:13:44:58 -0500] "GET /test/images/ivr/clock.gif HTTP/1.1" 200 174 "http://alex.jeb.ca/test/baz.html" "Mozilla/5.0 (Windows; U; Windows NT 5.1; en-US; rv:1.9.1.8) Gecko/20100202 Firefox/3.5.8 (.NET CLR 3.5.30729)"
38.103.152.154 - - [10/Mar/2010:13:44:58 -0500] "GET /test/images/ivr/speaker.gif HTTP/1.1" 200 168 "http://alex.jeb.ca/test/baz.html" "Mozilla/5.0 (Windows; U; Windows NT 5.1; en-US; rv:1.9.1.8) Gecko/20100202 Firefox/3.5.8 (.NET CLR 3.5.30729)"
38.103.152.154 - - [10/Mar/2010:13:44:58 -0500] "GET /test/images/ivr/time_check.gif HTTP/1.1" 200 178 "http://alex.jeb.ca/test/baz.html" "Mozilla/5.0 (Windows; U; Windows NT 5.1; en-US; rv:1.9.1.8) Gecko/20100202 Firefox/3.5.8 (.NET CLR 3.5.30729)"
38.103.152.154 - - [10/Mar/2010:13:44:58 -0500] "GET /test/images/ivr/phone_speaking.gif HTTP/1.1" 200 145 "http://alex.jeb.ca/test/baz.html" "Mozilla/5.0 (Windows; U; Windows NT 5.1; en-US; rv:1.9.1.8) Gecko/20100202 Firefox/3.5.8 (.NET CLR 3.5.30729)"
38.103.152.154 - - [10/Mar/2010:13:44:58 -0500] "GET /test/images/ivr/dial_extension.gif HTTP/1.1" 200 173 "http://alex.jeb.ca/test/baz.html" "Mozilla/5.0 (Windows; U; Windows NT 5.1; en-US; rv:1.9.1.8) Gecko/20100202 Firefox/3.5.8 (.NET CLR 3.5.30729)"
67.218.116.130 - - [10/Mar/2010:15:46:18 -0500] "GET /robots.txt HTTP/1.1" 404 269 "-" "Mozilla/5.0 (Twiceler-0.9 http://www.cuil.com/twiceler/robot.html)"
66.249.71.129 - - [10/Mar/2010:21:04:58 -0500] "GET / HTTP/1.1" 304 - "-" "Mozilla/5.0 (compatible; Googlebot/2.1; +http://www.google.com/bot.html)"
66.249.71.129 - - [11/Mar/2010:11:56:00 -0500] "GET /robots.txt HTTP/1.1" 404 269 "-" "Googlebot-Image/1.0"
66.249.71.129 - - [11/Mar/2010:11:56:00 -0500] "GET /images/_portfolio/photoshop/dragon_statue_sm.jpg HTTP/1.1" 304 - "-" "Googlebot-Image/1.0"
66.249.71.129 - - [11/Mar/2010:13:03:07 -0500] "GET /images/_portfolio/illustrator/wine_label_sm.gif HTTP/1.1" 304 - "-" "Googlebot-Image/1.0"
174.57.165.25 - - [11/Mar/2010:15:45:53 -0500] "GET /illustrator.html HTTP/1.1" 200 6612 "http://images.google.com/imgres?imgurl=http://alex.jeb.ca/images/_portfolio/illustrator/vine_alphabet_sm.gif&imgrefurl=http://alex.jeb.ca/illustrator.html&usg=__ruwXb2h9tDVhSmRkul972rEIfrk=&h=75&w=75&sz=1&hl=en&start=11&itbs=1&tbnid=wIytvYj8Km7OoM:&tbnh=71&tbnw=71&prev=/images%3Fq%3Dvine%2Balphabet%26hl%3Den%26safe%3Doff%26client%3Dfirefox-a%26rls%3Dorg.mozilla:en-US:official%26gbv%3D2%26tbs%3Disch:1" "Mozilla/5.0 (Windows; U; Windows NT 5.1; en-US; rv:1.9.1.8) Gecko/20100202 Firefox/3.5.8 (.NET CLR 3.5.30729)"
174.57.165.25 - - [11/Mar/2010:15:45:54 -0500] "GET /index.css HTTP/1.1" 200 962 "http://alex.jeb.ca/illustrator.html" "Mozilla/5.0 (Windows; U; Windows NT 5.1; en-US; rv:1.9.1.8) Gecko/20100202 Firefox/3.5.8 (.NET CLR 3.5.30729)"
174.57.165.25 - - [11/Mar/2010:15:45:54 -0500] "GET /main.js HTTP/1.1" 200 5103 "http://alex.jeb.ca/illustrator.html" "Mozilla/5.0 (Windows; U; Windows NT 5.1; en-US; rv:1.9.1.8) Gecko/20100202 Firefox/3.5.8 (.NET CLR 3.5.30729)"
174.57.165.25 - - [11/Mar/2010:15:45:54 -0500] "GET /top_nav.css HTTP/1.1" 200 841 "http://alex.jeb.ca/illustrator.html" "Mozilla/5.0 (Windows; U; Windows NT 5.1; en-US; rv:1.9.1.8) Gecko/20100202 Firefox/3.5.8 (.NET CLR 3.5.30729)"
174.57.165.25 - - [11/Mar/2010:15:45:54 -0500] "GET /images/_portfolio/illustrator/01_graph_sm.gif HTTP/1.1" 200 2115 "http://alex.jeb.ca/illustrator.html" "Mozilla/5.0 (Windows; U; Windows NT 5.1; en-US; rv:1.9.1.8) Gecko/20100202 Firefox/3.5.8 (.NET CLR 3.5.30729)"
174.57.165.25 - - [11/Mar/2010:15:45:54 -0500] "GET /images/_portfolio/illustrator/wine_label_sm.gif HTTP/1.1" 200 1240 "http://alex.jeb.ca/illustrator.html" "Mozilla/5.0 (Windows; U; Windows NT 5.1; en-US; rv:1.9.1.8) Gecko/20100202 Firefox/3.5.8 (.NET CLR 3.5.30729)"
174.57.165.25 - - [11/Mar/2010:15:45:54 -0500] "GET /images/_portfolio/illustrator/venus_butterfly_flyer_sm.gif HTTP/1.1" 200 856 "http://alex.jeb.ca/illustrator.html" "Mozilla/5.0 (Windows; U; Windows NT 5.1; en-US; rv:1.9.1.8) Gecko/20100202 Firefox/3.5.8 (.NET CLR 3.5.30729)"
174.57.165.25 - - [11/Mar/2010:15:45:54 -0500] "GET /images/_portfolio/illustrator/02_graph_sm.gif HTTP/1.1" 200 1405 "http://alex.jeb.ca/illustrator.html" "Mozilla/5.0 (Windows; U; Windows NT 5.1; en-US; rv:1.9.1.8) Gecko/20100202 Firefox/3.5.8 (.NET CLR 3.5.30729)"
174.57.165.25 - - [11/Mar/2010:15:45:54 -0500] "GET /images/_portfolio/illustrator/maple_leaf_sm.gif HTTP/1.1" 200 897 "http://alex.jeb.ca/illustrator.html" "Mozilla/5.0 (Windows; U; Windows NT 5.1; en-US; rv:1.9.1.8) Gecko/20100202 Firefox/3.5.8 (.NET CLR 3.5.30729)"
174.57.165.25 - - [11/Mar/2010:15:45:54 -0500] "GET /images/_portfolio/illustrator/vine_alphabet_sm.gif HTTP/1.1" 200 642 "http://alex.jeb.ca/illustrator.html" "Mozilla/5.0 (Windows; U; Windows NT 5.1; en-US; rv:1.9.1.8) Gecko/20100202 Firefox/3.5.8 (.NET CLR 3.5.30729)"
174.57.165.25 - - [11/Mar/2010:15:45:54 -0500] "GET /images/_portfolio/illustrator/pineapples_sm.gif HTTP/1.1" 200 1972 "http://alex.jeb.ca/illustrator.html" "Mozilla/5.0 (Windows; U; Windows NT 5.1; en-US; rv:1.9.1.8) Gecko/20100202 Firefox/3.5.8 (.NET CLR 3.5.30729)"
174.57.165.25 - - [11/Mar/2010:15:45:54 -0500] "GET /images/_portfolio/illustrator/castle_drawing_sm.gif HTTP/1.1" 200 748 "http://alex.jeb.ca/illustrator.html" "Mozilla/5.0 (Windows; U; Windows NT 5.1; en-US; rv:1.9.1.8) Gecko/20100202 Firefox/3.5.8 (.NET CLR 3.5.30729)"
174.57.165.25 - - [11/Mar/2010:15:45:54 -0500] "GET /images/_portfolio/illustrator/women_flowers_sm.gif HTTP/1.1" 200 2504 "http://alex.jeb.ca/illustrator.html" "Mozilla/5.0 (Windows; U; Windows NT 5.1; en-US; rv:1.9.1.8) Gecko/20100202 Firefox/3.5.8 (.NET CLR 3.5.30729)"
174.57.165.25 - - [11/Mar/2010:15:45:54 -0500] "GET /images/_portfolio/illustrator/fleur_de_lis_sm.gif HTTP/1.1" 200 960 "http://alex.jeb.ca/illustrator.html" "Mozilla/5.0 (Windows; U; Windows NT 5.1; en-US; rv:1.9.1.8) Gecko/20100202 Firefox/3.5.8 (.NET CLR 3.5.30729)"
174.57.165.25 - - [11/Mar/2010:15:45:54 -0500] "GET /images/bg.gif HTTP/1.1" 200 519 "http://alex.jeb.ca/top_nav.css" "Mozilla/5.0 (Windows; U; Windows NT 5.1; en-US; rv:1.9.1.8) Gecko/20100202 Firefox/3.5.8 (.NET CLR 3.5.30729)"
174.57.165.25 - - [11/Mar/2010:15:45:54 -0500] "GET /images/left.gif HTTP/1.1" 200 493 "http://alex.jeb.ca/top_nav.css" "Mozilla/5.0 (Windows; U; Windows NT 5.1; en-US; rv:1.9.1.8) Gecko/20100202 Firefox/3.5.8 (.NET CLR 3.5.30729)"
174.57.165.25 - - [11/Mar/2010:15:45:54 -0500] "GET /images/right.gif HTTP/1.1" 200 1986 "http://alex.jeb.ca/top_nav.css" "Mozilla/5.0 (Windows; U; Windows NT 5.1; en-US; rv:1.9.1.8) Gecko/20100202 Firefox/3.5.8 (.NET CLR 3.5.30729)"
174.57.165.25 - - [11/Mar/2010:15:45:54 -0500] "GET /images/on_left.gif HTTP/1.1" 200 478 "http://alex.jeb.ca/top_nav.css" "Mozilla/5.0 (Windows; U; Windows NT 5.1; en-US; rv:1.9.1.8) Gecko/20100202 Firefox/3.5.8 (.NET CLR 3.5.30729)"
174.57.165.25 - - [11/Mar/2010:15:45:54 -0500] "GET /images/on_right.gif HTTP/1.1" 200 1971 "http://alex.jeb.ca/top_nav.css" "Mozilla/5.0 (Windows; U; Windows NT 5.1; en-US; rv:1.9.1.8) Gecko/20100202 Firefox/3.5.8 (.NET CLR 3.5.30729)"
72.14.199.196 - - [11/Mar/2010:16:03:49 -0500] "GET / HTTP/1.1" 304 - "-" "AdsBot-Google (+http://www.google.com/adsbot.html)"
67.218.116.130 - - [11/Mar/2010:16:23:01 -0500] "GET /robots.txt HTTP/1.1" 404 269 "-" "Mozilla/5.0 (Twiceler-0.9 http://www.cuil.com/twiceler/robot.html)"
207.46.199.198 - - [11/Mar/2010:17:09:24 -0500] "GET /robots.txt HTTP/1.1" 404 269 "-" "msnbot/2.0b (+http://search.msn.com/msnbot.htm)"
95.108.128.241 - - [11/Mar/2010:22:30:36 -0500] "GET /robots.txt HTTP/1.1" 404 269 "-" "Yandex/1.01.001 (compatible; Win16; I)"
95.108.128.241 - - [12/Mar/2010:04:02:19 -0500] "GET / HTTP/1.1" 200 1984 "-" "Yandex/1.01.001 (compatible; Win16; I)"
66.249.71.167 - - [12/Mar/2010:06:19:27 -0500] "GET /robots.txt HTTP/1.1" 404 269 "-" "Googlebot-Image/1.0"
66.249.71.167 - - [12/Mar/2010:06:19:27 -0500] "GET /images/_portfolio/photoshop/printing_banner_sm.jpg HTTP/1.1" 304 - "-" "Googlebot-Image/1.0"
95.108.128.241 - - [12/Mar/2010:09:22:10 -0500] "GET /flash.html HTTP/1.1" 304 - "-" "Yandex/1.01.001 (compatible; Win16; I)"
66.249.71.167 - - [12/Mar/2010:12:58:55 -0500] "GET /images/_portfolio/print/agence_lb.gif HTTP/1.1" 304 - "-" "Googlebot-Image/1.0"
207.46.204.233 - - [12/Mar/2010:14:54:05 -0500] "GET /robots.txt HTTP/1.1" 404 269 "-" "msnbot/2.0b (+http://search.msn.com/msnbot.htm)"
207.46.204.233 - - [12/Mar/2010:14:54:49 -0500] "GET /email/origins.html HTTP/1.1" 404 277 "-" "msnbot/2.0b (+http://search.msn.com/msnbot.htm)"
67.218.116.130 - - [12/Mar/2010:15:32:16 -0500] "GET /robots.txt HTTP/1.1" 404 269 "-" "Mozilla/5.0 (Twiceler-0.9 http://www.cuil.com/twiceler/robot.html)"
207.46.199.184 - - [12/Mar/2010:19:21:32 -0500] "GET /robots.txt HTTP/1.1" 404 269 "-" "msnbot/2.0b (+http://search.msn.com/msnbot.htm)"
207.46.199.184 - - [12/Mar/2010:19:45:03 -0500] "GET /robots.txt HTTP/1.1" 404 269 "-" "msnbot/2.0b (+http://search.msn.com/msnbot.htm)"
95.108.128.241 - - [12/Mar/2010:21:42:40 -0500] "GET /robots.txt HTTP/1.1" 404 269 "-" "Yandex/1.01.001 (compatible; Win16; I)"
72.14.199.196 - - [12/Mar/2010:23:56:29 -0500] "GET /robots.txt HTTP/1.1" 404 269 "-" "AdsBot-Google (+http://www.google.com/adsbot.html)"
72.14.199.196 - - [12/Mar/2010:23:56:29 -0500] "GET / HTTP/1.1" 304 - "-" "AdsBot-Google (+http://www.google.com/adsbot.html)"
95.108.128.241 - - [13/Mar/2010:02:58:09 -0500] "GET /index.html HTTP/1.1" 200 1984 "-" "Yandex/1.01.001 (compatible; Win16; I)"
95.108.128.241 - - [13/Mar/2010:07:44:58 -0500] "GET /print.html HTTP/1.1" 304 - "-" "Yandex/1.01.001 (compatible; Win16; I)"
95.108.128.241 - - [13/Mar/2010:13:43:28 -0500] "GET /contact.html HTTP/1.1" 304 - "-" "Yandex/1.01.001 (compatible; Win16; I)"
67.218.116.130 - - [13/Mar/2010:15:49:02 -0500] "GET /robots.txt HTTP/1.1" 404 269 "-" "Mozilla/5.0 (Twiceler-0.9 http://www.cuil.com/twiceler/robot.html)"
72.14.199.196 - - [14/Mar/2010:05:02:01 -0400] "GET /robots.txt HTTP/1.1" 404 269 "-" "AdsBot-Google (+http://www.google.com/adsbot.html)"
72.14.199.196 - - [14/Mar/2010:05:02:01 -0400] "GET / HTTP/1.1" 200 1984 "-" "AdsBot-Google (+http://www.google.com/adsbot.html)"
66.249.71.167 - - [14/Mar/2010:06:51:18 -0400] "GET /images/_portfolio/print/egypt_sm.gif HTTP/1.1" 304 - "-" "Googlebot-Image/1.0"
67.218.116.130 - - [14/Mar/2010:17:09:51 -0400] "GET /robots.txt HTTP/1.1" 404 269 "-" "Mozilla/5.0 (Twiceler-0.9 http://www.cuil.com/twiceler/robot.html)"
66.249.71.167 - - [14/Mar/2010:17:21:08 -0400] "GET /robots.txt HTTP/1.1" 404 269 "-" "Mozilla/5.0 (compatible; Googlebot/2.1; +http://www.google.com/bot.html)"
66.249.71.167 - - [14/Mar/2010:17:21:08 -0400] "GET /print.html HTTP/1.1" 200 4324 "-" "Mozilla/5.0 (compatible; Googlebot/2.1; +http://www.google.com/bot.html)"
207.46.199.43 - - [14/Mar/2010:17:30:13 -0400] "GET /robots.txt HTTP/1.1" 404 269 "-" "msnbot/2.0b (+http://search.msn.com/msnbot.htm)"
207.46.199.43 - - [14/Mar/2010:17:30:57 -0400] "GET /email/origins.html HTTP/1.1" 404 277 "-" "msnbot/2.0b (+http://search.msn.com/msnbot.htm)"
66.249.71.167 - - [14/Mar/2010:20:10:49 -0400] "GET /photoshop.html HTTP/1.1" 200 7709 "-" "Mozilla/5.0 (compatible; Googlebot/2.1; +http://www.google.com/bot.html)"
207.46.195.235 - - [14/Mar/2010:21:46:56 -0400] "GET /robots.txt HTTP/1.1" 404 269 "-" "msnbot/2.0b (+http://search.msn.com/msnbot.htm)"
207.46.195.235 - - [14/Mar/2010:21:48:01 -0400] "GET /email/origins.html HTTP/1.1" 404 277 "-" "msnbot/2.0b (+http://search.msn.com/msnbot.htm)"
66.249.71.167 - - [14/Mar/2010:23:00:38 -0400] "GET /pages.html HTTP/1.1" 200 4692 "-" "Mozilla/5.0 (compatible; Googlebot/2.1; +http://www.google.com/bot.html)"
66.249.71.167 - - [15/Mar/2010:01:16:08 -0400] "GET /email HTTP/1.1" 404 264 "-" "Mozilla/5.0 (compatible; Googlebot/2.1; +http://www.google.com/bot.html)"
66.249.71.167 - - [15/Mar/2010:01:20:41 -0400] "GET /html HTTP/1.1" 404 263 "-" "Mozilla/5.0 (compatible; Googlebot/2.1; +http://www.google.com/bot.html)"
66.249.71.167 - - [15/Mar/2010:01:27:22 -0400] "GET /golf_quiz HTTP/1.1" 404 268 "-" "Mozilla/5.0 (compatible; Googlebot/2.1; +http://www.google.com/bot.html)"
66.249.71.167 - - [15/Mar/2010:01:33:40 -0400] "GET /impressions/ HTTP/1.1" 404 271 "-" "Mozilla/5.0 (compatible; Googlebot/2.1; +http://www.google.com/bot.html)"
66.249.71.167 - - [15/Mar/2010:01:40:26 -0400] "GET /havlat_photography/ HTTP/1.1" 404 278 "-" "Mozilla/5.0 (compatible; Googlebot/2.1; +http://www.google.com/bot.html)"
65.55.216.32 - - [15/Mar/2010:04:18:57 -0400] "GET /robots.txt HTTP/1.1" 404 269 "-" "msnbot/2.0b (+http://search.msn.com/msnbot.htm)"
