76.70.33.47 - - [14/Apr/2010:10:58:44 -0400] "GET /icons/image2.gif HTTP/1.1" 304 - "http://alex.jeb.ca/" "Mozilla/5.0 (Windows; U; Windows NT 6.1; en-US; rv:1.9.2.3) Gecko/20100401 Firefox/3.6.3 (.NET CLR 3.5.30729)"
76.70.33.47 - - [14/Apr/2010:10:58:44 -0400] "GET / HTTP/1.1" 200 3145 "-" "Mozilla/5.0 (Windows; U; Windows NT 6.1; en-US; rv:1.9.2.3) Gecko/20100401 Firefox/3.6.3 (.NET CLR 3.5.30729)"
76.70.33.47 - - [14/Apr/2010:10:58:44 -0400] "GET /icons/blank.gif HTTP/1.1" 304 - "http://alex.jeb.ca/" "Mozilla/5.0 (Windows; U; Windows NT 6.1; en-US; rv:1.9.2.3) Gecko/20100401 Firefox/3.6.3 (.NET CLR 3.5.30729)"
76.70.33.47 - - [14/Apr/2010:10:58:44 -0400] "GET /icons/folder.gif HTTP/1.1" 304 - "http://alex.jeb.ca/" "Mozilla/5.0 (Windows; U; Windows NT 6.1; en-US; rv:1.9.2.3) Gecko/20100401 Firefox/3.6.3 (.NET CLR 3.5.30729)"
76.70.33.47 - - [14/Apr/2010:10:58:44 -0400] "GET /icons/unknown.gif HTTP/1.1" 304 - "http://alex.jeb.ca/" "Mozilla/5.0 (Windows; U; Windows NT 6.1; en-US; rv:1.9.2.3) Gecko/20100401 Firefox/3.6.3 (.NET CLR 3.5.30729)"
76.70.33.47 - - [14/Apr/2010:10:58:44 -0400] "GET /icons/text.gif HTTP/1.1" 304 - "http://alex.jeb.ca/" "Mozilla/5.0 (Windows; U; Windows NT 6.1; en-US; rv:1.9.2.3) Gecko/20100401 Firefox/3.6.3 (.NET CLR 3.5.30729)"
76.70.33.47 - - [14/Apr/2010:10:58:44 -0400] "GET /icons/image2.gif HTTP/1.1" 304 - "http://alex.jeb.ca/" "Mozilla/5.0 (Windows; U; Windows NT 6.1; en-US; rv:1.9.2.3) Gecko/20100401 Firefox/3.6.3 (.NET CLR 3.5.30729)"
76.70.33.47 - - [14/Apr/2010:10:58:46 -0400] "GET / HTTP/1.1" 200 3145 "-" "Mozilla/5.0 (Windows; U; Windows NT 6.1; en-US; rv:1.9.2.3) Gecko/20100401 Firefox/3.6.3 (.NET CLR 3.5.30729)"
76.70.33.47 - - [14/Apr/2010:10:58:48 -0400] "GET /home.swf HTTP/1.1" 403 271 "http://alex.jeb.ca/" "Mozilla/5.0 (Windows; U; Windows NT 6.1; en-US; rv:1.9.2.3) Gecko/20100401 Firefox/3.6.3 (.NET CLR 3.5.30729)"
76.70.33.47 - - [14/Apr/2010:10:58:51 -0400] "GET /Harris_House/ HTTP/1.1" 403 286 "http://alex.jeb.ca/" "Mozilla/5.0 (Windows; U; Windows NT 6.1; en-US; rv:1.9.2.3) Gecko/20100401 Firefox/3.6.3 (.NET CLR 3.5.30729)"
76.70.33.47 - - [14/Apr/2010:10:58:59 -0400] "GET /Harris_House/index.html HTTP/1.1" 403 286 "-" "Mozilla/5.0 (Windows; U; Windows NT 6.1; en-US; rv:1.9.2.3) Gecko/20100401 Firefox/3.6.3 (.NET CLR 3.5.30729)"
76.70.33.47 - - [14/Apr/2010:10:59:01 -0400] "GET /Harris_House/index.html HTTP/1.1" 403 286 "-" "Mozilla/5.0 (Windows; U; Windows NT 6.1; en-US; rv:1.9.2.3) Gecko/20100401 Firefox/3.6.3 (.NET CLR 3.5.30729)"
76.70.33.47 - - [14/Apr/2010:10:59:01 -0400] "GET /Harris_House/index.html HTTP/1.1" 403 286 "-" "Mozilla/5.0 (Windows; U; Windows NT 6.1; en-US; rv:1.9.2.3) Gecko/20100401 Firefox/3.6.3 (.NET CLR 3.5.30729)"
76.70.33.47 - - [14/Apr/2010:10:59:20 -0400] "GET /Harris_House/index.html HTTP/1.1" 200 4623 "-" "Mozilla/5.0 (Windows; U; Windows NT 6.1; en-US; rv:1.9.2.3) Gecko/20100401 Firefox/3.6.3 (.NET CLR 3.5.30729)"
76.70.33.47 - - [14/Apr/2010:10:59:20 -0400] "GET /Harris_House/index.css HTTP/1.1" 200 2186 "http://alex.jeb.ca/Harris_House/index.html" "Mozilla/5.0 (Windows; U; Windows NT 6.1; en-US; rv:1.9.2.3) Gecko/20100401 Firefox/3.6.3 (.NET CLR 3.5.30729)"
76.70.33.47 - - [14/Apr/2010:10:59:20 -0400] "GET /Harris_House/images/curve_tl.gif HTTP/1.1" 200 330 "http://alex.jeb.ca/Harris_House/index.css" "Mozilla/5.0 (Windows; U; Windows NT 6.1; en-US; rv:1.9.2.3) Gecko/20100401 Firefox/3.6.3 (.NET CLR 3.5.30729)"
76.70.33.47 - - [14/Apr/2010:10:59:20 -0400] "GET /Harris_House/images/back_yard_sm.jpg HTTP/1.1" 200 6946 "http://alex.jeb.ca/Harris_House/index.html" "Mozilla/5.0 (Windows; U; Windows NT 6.1; en-US; rv:1.9.2.3) Gecko/20100401 Firefox/3.6.3 (.NET CLR 3.5.30729)"
76.70.33.47 - - [14/Apr/2010:10:59:20 -0400] "GET /Harris_House/images/logo.gif HTTP/1.1" 200 1148 "http://alex.jeb.ca/Harris_House/index.html" "Mozilla/5.0 (Windows; U; Windows NT 6.1; en-US; rv:1.9.2.3) Gecko/20100401 Firefox/3.6.3 (.NET CLR 3.5.30729)"
76.70.33.47 - - [14/Apr/2010:10:59:20 -0400] "GET /Harris_House/images/frontal_outdoor_view_sm.jpg HTTP/1.1" 200 7663 "http://alex.jeb.ca/Harris_House/index.html" "Mozilla/5.0 (Windows; U; Windows NT 6.1; en-US; rv:1.9.2.3) Gecko/20100401 Firefox/3.6.3 (.NET CLR 3.5.30729)"
76.70.33.47 - - [14/Apr/2010:10:59:20 -0400] "GET /Harris_House/images/frontal_outdoor_view02_sm.jpg HTTP/1.1" 200 7461 "http://alex.jeb.ca/Harris_House/index.html" "Mozilla/5.0 (Windows; U; Windows NT 6.1; en-US; rv:1.9.2.3) Gecko/20100401 Firefox/3.6.3 (.NET CLR 3.5.30729)"
76.70.33.47 - - [14/Apr/2010:10:59:20 -0400] "GET /Harris_House/images/curve_tr.gif HTTP/1.1" 200 331 "http://alex.jeb.ca/Harris_House/index.css" "Mozilla/5.0 (Windows; U; Windows NT 6.1; en-US; rv:1.9.2.3) Gecko/20100401 Firefox/3.6.3 (.NET CLR 3.5.30729)"
76.70.33.47 - - [14/Apr/2010:10:59:20 -0400] "GET /Harris_House/images/curve_bl.gif HTTP/1.1" 200 329 "http://alex.jeb.ca/Harris_House/index.css" "Mozilla/5.0 (Windows; U; Windows NT 6.1; en-US; rv:1.9.2.3) Gecko/20100401 Firefox/3.6.3 (.NET CLR 3.5.30729)"
76.70.33.47 - - [14/Apr/2010:10:59:20 -0400] "GET /Harris_House/images/curve_br.gif HTTP/1.1" 200 330 "http://alex.jeb.ca/Harris_House/index.css" "Mozilla/5.0 (Windows; U; Windows NT 6.1; en-US; rv:1.9.2.3) Gecko/20100401 Firefox/3.6.3 (.NET CLR 3.5.30729)"
76.70.33.47 - - [14/Apr/2010:10:59:20 -0400] "GET /Harris_House/images/frontal_outdoor_view.jpg HTTP/1.1" 200 49263 "http://alex.jeb.ca/Harris_House/index.html" "Mozilla/5.0 (Windows; U; Windows NT 6.1; en-US; rv:1.9.2.3) Gecko/20100401 Firefox/3.6.3 (.NET CLR 3.5.30729)"
38.103.152.154 - - [14/Apr/2010:11:00:55 -0400] "GET /Harris_House/ HTTP/1.1" 200 4623 "-" "Mozilla/5.0 (Windows; U; Windows NT 5.1; en-US; rv:1.9.2.3) Gecko/20100401 Firefox/3.6.3 (.NET CLR 3.5.30729)"
38.103.152.154 - - [14/Apr/2010:11:00:56 -0400] "GET /Harris_House/images/logo.gif HTTP/1.1" 200 1148 "http://alex.jeb.ca/Harris_House/" "Mozilla/5.0 (Windows; U; Windows NT 5.1; en-US; rv:1.9.2.3) Gecko/20100401 Firefox/3.6.3 (.NET CLR 3.5.30729)"
38.103.152.154 - - [14/Apr/2010:11:00:56 -0400] "GET /Harris_House/index.css HTTP/1.1" 200 2186 "http://alex.jeb.ca/Harris_House/" "Mozilla/5.0 (Windows; U; Windows NT 5.1; en-US; rv:1.9.2.3) Gecko/20100401 Firefox/3.6.3 (.NET CLR 3.5.30729)"
38.103.152.154 - - [14/Apr/2010:11:00:56 -0400] "GET /Harris_House/images/back_yard_sm.jpg HTTP/1.1" 200 6946 "http://alex.jeb.ca/Harris_House/" "Mozilla/5.0 (Windows; U; Windows NT 5.1; en-US; rv:1.9.2.3) Gecko/20100401 Firefox/3.6.3 (.NET CLR 3.5.30729)"
38.103.152.154 - - [14/Apr/2010:11:00:56 -0400] "GET /Harris_House/images/frontal_outdoor_view02_sm.jpg HTTP/1.1" 200 7461 "http://alex.jeb.ca/Harris_House/" "Mozilla/5.0 (Windows; U; Windows NT 5.1; en-US; rv:1.9.2.3) Gecko/20100401 Firefox/3.6.3 (.NET CLR 3.5.30729)"
38.103.152.154 - - [14/Apr/2010:11:00:56 -0400] "GET /Harris_House/images/frontal_outdoor_view_sm.jpg HTTP/1.1" 200 7663 "http://alex.jeb.ca/Harris_House/" "Mozilla/5.0 (Windows; U; Windows NT 5.1; en-US; rv:1.9.2.3) Gecko/20100401 Firefox/3.6.3 (.NET CLR 3.5.30729)"
38.103.152.154 - - [14/Apr/2010:11:00:56 -0400] "GET /Harris_House/images/curve_tl.gif HTTP/1.1" 200 330 "http://alex.jeb.ca/Harris_House/index.css" "Mozilla/5.0 (Windows; U; Windows NT 5.1; en-US; rv:1.9.2.3) Gecko/20100401 Firefox/3.6.3 (.NET CLR 3.5.30729)"
38.103.152.154 - - [14/Apr/2010:11:00:56 -0400] "GET /Harris_House/images/curve_tr.gif HTTP/1.1" 200 331 "http://alex.jeb.ca/Harris_House/index.css" "Mozilla/5.0 (Windows; U; Windows NT 5.1; en-US; rv:1.9.2.3) Gecko/20100401 Firefox/3.6.3 (.NET CLR 3.5.30729)"
38.103.152.154 - - [14/Apr/2010:11:00:56 -0400] "GET /Harris_House/images/curve_bl.gif HTTP/1.1" 200 329 "http://alex.jeb.ca/Harris_House/index.css" "Mozilla/5.0 (Windows; U; Windows NT 5.1; en-US; rv:1.9.2.3) Gecko/20100401 Firefox/3.6.3 (.NET CLR 3.5.30729)"
38.103.152.154 - - [14/Apr/2010:11:00:56 -0400] "GET /Harris_House/images/curve_br.gif HTTP/1.1" 200 330 "http://alex.jeb.ca/Harris_House/index.css" "Mozilla/5.0 (Windows; U; Windows NT 5.1; en-US; rv:1.9.2.3) Gecko/20100401 Firefox/3.6.3 (.NET CLR 3.5.30729)"
38.103.152.154 - - [14/Apr/2010:11:00:56 -0400] "GET /Harris_House/images/frontal_outdoor_view.jpg HTTP/1.1" 200 49263 "http://alex.jeb.ca/Harris_House/" "Mozilla/5.0 (Windows; U; Windows NT 5.1; en-US; rv:1.9.2.3) Gecko/20100401 Firefox/3.6.3 (.NET CLR 3.5.30729)"
207.46.204.236 - - [14/Apr/2010:11:50:22 -0400] "GET /robots.txt HTTP/1.1" 404 269 "-" "msnbot/2.0b (+http://search.msn.com/msnbot.htm)"
207.46.204.236 - - [14/Apr/2010:11:51:02 -0400] "GET /email/origins.html HTTP/1.1" 404 277 "-" "msnbot/2.0b (+http://search.msn.com/msnbot.htm)"
65.55.106.211 - - [14/Apr/2010:15:16:44 -0400] "GET /robots.txt HTTP/1.1" 404 269 "-" "msnbot/2.0b (+http://search.msn.com/msnbot.htm)"
68.42.44.60 - - [14/Apr/2010:21:41:41 -0400] "GET /illustrator.html HTTP/1.1" 403 279 "http://images.google.com/imgres?imgurl=http://alex.jeb.ca/images/_portfolio/illustrator/vine_alphabet_sm.gif&imgrefurl=http://alex.jeb.ca/illustrator.html&usg=__ruwXb2h9tDVhSmRkul972rEIfrk=&h=75&w=75&sz=1&hl=en&start=9&um=1&itbs=1&tbnid=wIytvYj8Km7OoM:&tbnh=71&tbnw=71&prev=/images%3Fq%3Dvine%2Balphabet%26um%3D1%26hl%3Den%26tbs%3Disch:1" "Mozilla/4.0 (compatible; MSIE 7.0; Windows NT 6.0; WOW64; Trident/4.0; SLCC1; .NET CLR 2.0.50727; Media Center PC 5.0; InfoPath.2; .NET CLR 1.1.4322; .NET CLR 3.5.30729; .NET CLR 3.0.30729)"
68.42.44.60 - - [14/Apr/2010:21:42:01 -0400] "GET /images/_portfolio/illustrator/vine_alphabet_sm.gif HTTP/1.1" 403 313 "http://images.google.com/imgres?imgurl=http://alex.jeb.ca/images/_portfolio/illustrator/vine_alphabet_sm.gif&imgrefurl=http://alex.jeb.ca/illustrator.html&usg=__ruwXb2h9tDVhSmRkul972rEIfrk=&h=75&w=75&sz=1&hl=en&start=9&um=1&itbs=1&tbnid=wIytvYj8Km7OoM:&tbnh=71&tbnw=71&prev=/images%3Fq%3Dvine%2Balphabet%26um%3D1%26hl%3Den%26tbs%3Disch:1" "Mozilla/4.0 (compatible; MSIE 8.0; Windows NT 6.0; WOW64; Trident/4.0; SLCC1; .NET CLR 2.0.50727; Media Center PC 5.0; InfoPath.2; .NET CLR 1.1.4322; .NET CLR 3.5.30729; .NET CLR 3.0.30729)"
66.249.71.149 - - [15/Apr/2010:00:40:38 -0400] "GET /robots.txt HTTP/1.1" 404 269 "-" "Googlebot-Image/1.0"
66.249.71.149 - - [15/Apr/2010:00:40:38 -0400] "GET /images/_portfolio/photoshop/pie_chart_sm.jpg HTTP/1.1" 403 307 "-" "Googlebot-Image/1.0"
67.218.116.130 - - [15/Apr/2010:01:38:03 -0400] "GET /robots.txt HTTP/1.1" 404 269 "-" "Mozilla/5.0 (Twiceler-0.9 http://www.cuil.com/twiceler/robot.html)"
65.55.207.47 - - [15/Apr/2010:02:26:34 -0400] "GET /robots.txt HTTP/1.1" 404 269 "-" "msnbot/2.0b (+http://search.msn.com/msnbot.htm)"
65.55.106.205 - - [15/Apr/2010:03:28:02 -0400] "GET /robots.txt HTTP/1.1" 404 269 "-" "msnbot/2.0b (+http://search.msn.com/msnbot.htm)"
65.55.106.184 - - [15/Apr/2010:05:49:28 -0400] "GET /robots.txt HTTP/1.1" 404 269 "-" "msnbot/2.0b (+http://search.msn.com/msnbot.htm)"
65.55.106.229 - - [15/Apr/2010:07:48:48 -0400] "GET /robots.txt HTTP/1.1" 404 269 "-" "msnbot/2.0b (+http://search.msn.com/msnbot.htm)"
65.55.218.160 - - [15/Apr/2010:09:51:17 -0400] "GET /robots.txt HTTP/1.1" 404 269 "-" "msnbot/2.0b (+http://search.msn.com/msnbot.htm)"
65.55.207.123 - - [15/Apr/2010:13:30:18 -0400] "GET /robots.txt HTTP/1.1" 404 269 "-" "msnbot/2.0b (+http://search.msn.com/msnbot.htm)"
207.46.199.188 - - [15/Apr/2010:16:10:11 -0400] "GET /robots.txt HTTP/1.1" 404 269 "-" "msnbot/2.0b (+http://search.msn.com/msnbot.htm)"
65.55.207.21 - - [15/Apr/2010:19:05:08 -0400] "GET /robots.txt HTTP/1.1" 404 269 "-" "msnbot/2.0b (+http://search.msn.com/msnbot.htm)"
207.46.199.199 - - [15/Apr/2010:20:38:55 -0400] "GET /robots.txt HTTP/1.1" 404 269 "-" "msnbot/2.0b (+http://search.msn.com/msnbot.htm)"
134.7.248.130 - - [16/Apr/2010:00:06:26 -0400] "GET /illustrator.html HTTP/1.1" 403 279 "http://www.google.com.au/imgres?imgurl=http://alex.jeb.ca/images/_portfolio/illustrator/vine_alphabet_sm.gif&imgrefurl=http://alex.jeb.ca/illustrator.html&usg=__ruwXb2h9tDVhSmRkul972rEIfrk=&h=75&w=75&sz=1&hl=en&start=9&itbs=1&tbnid=wIytvYj8Km7OoM:&tbnh=71&tbnw=71&prev=/images%3Fq%3Dvine%2Balphabet%26hl%3Den%26gbv%3D2%26tbs%3Disch:1" "Mozilla/4.0 (compatible; MSIE 8.0; Windows NT 5.1; Trident/4.0; Curtin University Public Library; .NET CLR 2.0.50727; InfoPath.2; .NET CLR 3.0.04506.30; Curtin University Public Library; .NET CLR 3.0.4506.2152; .NET CLR 3.5.30729; OfficeLiveConnector.1.3; OfficeLivePatch.0.0; Curtin University Public Library)"
134.7.248.130 - - [16/Apr/2010:00:06:26 -0400] "GET /images/_portfolio/illustrator/vine_alphabet_sm.gif HTTP/1.1" 403 313 "http://www.google.com.au/imgres?imgurl=http://alex.jeb.ca/images/_portfolio/illustrator/vine_alphabet_sm.gif&imgrefurl=http://alex.jeb.ca/illustrator.html&usg=__ruwXb2h9tDVhSmRkul972rEIfrk=&h=75&w=75&sz=1&hl=en&start=9&itbs=1&tbnid=wIytvYj8Km7OoM:&tbnh=71&tbnw=71&prev=/images%3Fq%3Dvine%2Balphabet%26hl%3Den%26gbv%3D2%26tbs%3Disch:1" "Mozilla/4.0 (compatible; MSIE 8.0; Windows NT 5.1; Trident/4.0; Curtin University Public Library; .NET CLR 2.0.50727; InfoPath.2; .NET CLR 3.0.04506.30; Curtin University Public Library; .NET CLR 3.0.4506.2152; .NET CLR 3.5.30729; OfficeLiveConnector.1.3; OfficeLivePatch.0.0; Curtin University Public Library)"
134.7.248.130 - - [16/Apr/2010:00:06:28 -0400] "GET /illustrator.html HTTP/1.1" 403 279 "http://www.google.com.au/imgres?imgurl=http://alex.jeb.ca/images/_portfolio/illustrator/vine_alphabet_sm.gif&imgrefurl=http://alex.jeb.ca/illustrator.html&usg=__ruwXb2h9tDVhSmRkul972rEIfrk=&h=75&w=75&sz=1&hl=en&start=9&itbs=1&tbnid=wIytvYj8Km7OoM:&tbnh=71&tbnw=71&prev=/images%3Fq%3Dvine%2Balphabet%26hl%3Den%26gbv%3D2%26tbs%3Disch:1" "Mozilla/4.0 (compatible; MSIE 8.0; Windows NT 5.1; Trident/4.0; Curtin University Public Library; .NET CLR 2.0.50727; InfoPath.2; .NET CLR 3.0.04506.30; Curtin University Public Library; .NET CLR 3.0.4506.2152; .NET CLR 3.5.30729; OfficeLiveConnector.1.3; OfficeLivePatch.0.0; Curtin University Public Library)"
90.178.105.214 - - [16/Apr/2010:08:42:36 -0400] "GET /illustrator.html HTTP/1.1" 403 279 "http://www.google.cz/search?hl=cs&client=firefox-a&rls=org.mozilla%3Acs%3Aofficial&channel=s&q=alexander+bourgeois+venus+mars+vulcan&lr=&aq=f&aqi=&aql=&oq=&gs_rfai=" "Mozilla/5.0 (Windows; U; Windows NT 6.0; cs; rv:1.9.1.9) Gecko/20100315 Firefox/3.5.9 (.NET CLR 3.5.30729)"
90.178.105.214 - - [16/Apr/2010:08:42:36 -0400] "GET /favicon.ico HTTP/1.1" 403 274 "-" "Mozilla/5.0 (Windows; U; Windows NT 6.0; cs; rv:1.9.1.9) Gecko/20100315 Firefox/3.5.9 (.NET CLR 3.5.30729)"
90.178.105.214 - - [16/Apr/2010:08:42:38 -0400] "GET /illustrator.html HTTP/1.1" 403 279 "http://www.google.cz/search?hl=cs&client=firefox-a&rls=org.mozilla%3Acs%3Aofficial&channel=s&q=alexander+bourgeois+venus+mars+vulcan&lr=&aq=f&aqi=&aql=&oq=&gs_rfai=" "Mozilla/5.0 (Windows; U; Windows NT 6.0; cs; rv:1.9.1.9) Gecko/20100315 Firefox/3.5.9 (.NET CLR 3.5.30729)"
90.178.105.214 - - [16/Apr/2010:08:42:39 -0400] "GET /favicon.ico HTTP/1.1" 403 274 "-" "Mozilla/5.0 (Windows; U; Windows NT 6.0; cs; rv:1.9.1.9) Gecko/20100315 Firefox/3.5.9 (.NET CLR 3.5.30729)"
90.178.105.214 - - [16/Apr/2010:08:42:39 -0400] "GET /favicon.ico HTTP/1.1" 403 274 "-" "Mozilla/5.0 (Windows; U; Windows NT 6.0; cs; rv:1.9.1.9) Gecko/20100315 Firefox/3.5.9 (.NET CLR 3.5.30729)"
90.178.105.214 - - [16/Apr/2010:08:42:39 -0400] "GET /illustrator.html HTTP/1.1" 403 279 "http://www.google.cz/search?hl=cs&client=firefox-a&rls=org.mozilla%3Acs%3Aofficial&channel=s&q=alexander+bourgeois+venus+mars+vulcan&lr=&aq=f&aqi=&aql=&oq=&gs_rfai=" "Mozilla/5.0 (Windows; U; Windows NT 6.0; cs; rv:1.9.1.9) Gecko/20100315 Firefox/3.5.9 (.NET CLR 3.5.30729)"
90.178.105.214 - - [16/Apr/2010:08:42:40 -0400] "GET /illustrator.html HTTP/1.1" 403 279 "http://www.google.cz/search?hl=cs&client=firefox-a&rls=org.mozilla%3Acs%3Aofficial&channel=s&q=alexander+bourgeois+venus+mars+vulcan&lr=&aq=f&aqi=&aql=&oq=&gs_rfai=" "Mozilla/5.0 (Windows; U; Windows NT 6.0; cs; rv:1.9.1.9) Gecko/20100315 Firefox/3.5.9 (.NET CLR 3.5.30729)"
65.55.107.180 - - [16/Apr/2010:11:35:28 -0400] "GET /robots.txt HTTP/1.1" 404 269 "-" "msnbot/2.0b (+http://search.msn.com/msnbot.htm)"
207.46.199.179 - - [16/Apr/2010:13:04:38 -0400] "GET /robots.txt HTTP/1.1" 404 269 "-" "msnbot/2.0b (+http://search.msn.com/msnbot.htm)"
67.218.116.130 - - [16/Apr/2010:19:52:54 -0400] "GET /robots.txt HTTP/1.1" 404 269 "-" "Mozilla/5.0 (Twiceler-0.9 http://www.cuil.com/twiceler/robot.html)"
67.195.114.29 - - [17/Apr/2010:04:06:42 -0400] "GET /robots.txt HTTP/1.0" 404 269 "-" "Mozilla/5.0 (compatible; Yahoo! Slurp; http://help.yahoo.com/help/us/ysearch/slurp)"
67.195.114.29 - - [17/Apr/2010:04:06:42 -0400] "GET /pages.html HTTP/1.0" 403 273 "-" "Mozilla/5.0 (compatible; Yahoo! Slurp/3.0; http://help.yahoo.com/help/us/ysearch/slurp)"
184.73.20.235 - - [17/Apr/2010:12:26:23 -0400] "GET /robots.txt HTTP/1.1" 404 269 "-" "Mozilla/5.0 (compatible; spbot/2.0.2; +http://www.seoprofiler.com/bot/ )"
184.73.20.235 - - [17/Apr/2010:12:26:23 -0400] "GET /contact.html HTTP/1.1" 403 275 "-" "Mozilla/5.0 (compatible; spbot/2.0.2; +http://www.seoprofiler.com/bot/ )"
207.46.199.195 - - [17/Apr/2010:12:47:47 -0400] "GET /robots.txt HTTP/1.1" 404 269 "-" "msnbot/2.0b (+http://search.msn.com/msnbot.htm)"
207.46.195.224 - - [17/Apr/2010:14:44:22 -0400] "GET /robots.txt HTTP/1.1" 404 269 "-" "msnbot/2.0b (+http://search.msn.com/msnbot.htm)"
207.46.195.224 - - [17/Apr/2010:14:45:18 -0400] "GET /email/origins.html HTTP/1.1" 404 277 "-" "msnbot/2.0b (+http://search.msn.com/msnbot.htm)"
207.46.204.186 - - [17/Apr/2010:16:13:22 -0400] "GET /email/origins.html HTTP/1.1" 404 277 "-" "msnbot/2.0b (+http://search.msn.com/msnbot.htm)"
67.218.116.130 - - [17/Apr/2010:19:15:33 -0400] "GET /robots.txt HTTP/1.1" 404 269 "-" "Mozilla/5.0 (Twiceler-0.9 http://www.cuil.com/twiceler/robot.html)"
95.108.128.241 - - [17/Apr/2010:19:29:42 -0400] "GET /robots.txt HTTP/1.1" 404 269 "-" "Yandex/1.01.001 (compatible; Win16; I)"
65.55.218.160 - - [17/Apr/2010:23:30:52 -0400] "GET /robots.txt HTTP/1.1" 404 269 "-" "msnbot/2.0b (+http://search.msn.com/msnbot.htm)"
95.108.128.241 - - [18/Apr/2010:00:15:27 -0400] "GET / HTTP/1.1" 200 3145 "-" "Yandex/1.01.001 (compatible; Win16; I)"
95.108.128.241 - - [18/Apr/2010:03:57:04 -0400] "GET /index.html HTTP/1.1" 404 269 "-" "Yandex/1.01.001 (compatible; Win16; I)"
184.73.70.81 - - [18/Apr/2010:06:21:50 -0400] "GET /robots.txt HTTP/1.1" 404 269 "-" "Mozilla/5.0 (compatible; spbot/2.0.2; +http://www.seoprofiler.com/bot/ )"
184.73.70.81 - - [18/Apr/2010:06:21:51 -0400] "GET /pages.html HTTP/1.1" 403 273 "-" "Mozilla/5.0 (compatible; spbot/2.0.2; +http://www.seoprofiler.com/bot/ )"
95.108.128.241 - - [18/Apr/2010:08:02:40 -0400] "GET /flash.html HTTP/1.1" 403 273 "-" "Yandex/1.01.001 (compatible; Win16; I)"
67.218.116.130 - - [18/Apr/2010:16:16:18 -0400] "GET /robots.txt HTTP/1.1" 404 269 "-" "Mozilla/5.0 (Twiceler-0.9 http://www.cuil.com/twiceler/robot.html)"
66.249.65.58 - - [18/Apr/2010:16:44:38 -0400] "GET /robots.txt HTTP/1.1" 404 269 "-" "Mozilla/5.0 (compatible; Googlebot/2.1; +http://www.google.com/bot.html)"
66.249.65.58 - - [18/Apr/2010:16:44:38 -0400] "GET / HTTP/1.1" 200 3145 "-" "Mozilla/5.0 (compatible; Googlebot/2.1; +http://www.google.com/bot.html)"
95.108.128.241 - - [18/Apr/2010:21:59:59 -0400] "GET /robots.txt HTTP/1.1" 404 269 "-" "Yandex/1.01.001 (compatible; Win16; I)"
207.46.195.232 - - [18/Apr/2010:22:51:21 -0400] "GET /robots.txt HTTP/1.1" 404 269 "-" "msnbot/2.0b (+http://search.msn.com/msnbot.htm)"
207.46.195.232 - - [18/Apr/2010:22:52:12 -0400] "GET /email/origins.html HTTP/1.1" 404 277 "-" "msnbot/2.0b (+http://search.msn.com/msnbot.htm)"
65.55.207.134 - - [19/Apr/2010:01:29:20 -0400] "GET /robots.txt HTTP/1.1" 404 269 "-" "msnbot/2.0b (+http://search.msn.com/msnbot.htm)"
95.108.128.241 - - [19/Apr/2010:02:19:59 -0400] "GET /photoshop.html HTTP/1.1" 403 277 "-" "Yandex/1.01.001 (compatible; Win16; I)"
213.118.79.177 - - [19/Apr/2010:07:03:03 -0400] "GET / HTTP/1.1" 200 3145 "http://www.google.be/search?hl=nl&q=alexander+bourgeois+webdesign&meta=&aq=f&aqi=&aql=&oq=&gs_rfai=" "Mozilla/5.0 (Macintosh; U; Intel Mac OS X 10_5_8; nl-nl) AppleWebKit/530.19.2 (KHTML, like Gecko) Version/4.0.2 Safari/530.19"
213.118.79.177 - - [19/Apr/2010:07:03:03 -0400] "GET /icons/blank.gif HTTP/1.1" 200 148 "http://alex.jeb.ca/" "Mozilla/5.0 (Macintosh; U; Intel Mac OS X 10_5_8; nl-nl) AppleWebKit/530.19.2 (KHTML, like Gecko) Version/4.0.2 Safari/530.19"
213.118.79.177 - - [19/Apr/2010:07:03:03 -0400] "GET /icons/unknown.gif HTTP/1.1" 200 245 "http://alex.jeb.ca/" "Mozilla/5.0 (Macintosh; U; Intel Mac OS X 10_5_8; nl-nl) AppleWebKit/530.19.2 (KHTML, like Gecko) Version/4.0.2 Safari/530.19"
213.118.79.177 - - [19/Apr/2010:07:03:03 -0400] "GET /icons/text.gif HTTP/1.1" 200 229 "http://alex.jeb.ca/" "Mozilla/5.0 (Macintosh; U; Intel Mac OS X 10_5_8; nl-nl) AppleWebKit/530.19.2 (KHTML, like Gecko) Version/4.0.2 Safari/530.19"
213.118.79.177 - - [19/Apr/2010:07:03:03 -0400] "GET /icons/folder.gif HTTP/1.1" 200 225 "http://alex.jeb.ca/" "Mozilla/5.0 (Macintosh; U; Intel Mac OS X 10_5_8; nl-nl) AppleWebKit/530.19.2 (KHTML, like Gecko) Version/4.0.2 Safari/530.19"
213.118.79.177 - - [19/Apr/2010:07:03:03 -0400] "GET /icons/image2.gif HTTP/1.1" 200 309 "http://alex.jeb.ca/" "Mozilla/5.0 (Macintosh; U; Intel Mac OS X 10_5_8; nl-nl) AppleWebKit/530.19.2 (KHTML, like Gecko) Version/4.0.2 Safari/530.19"
213.118.79.177 - - [19/Apr/2010:07:03:04 -0400] "GET /favicon.ico HTTP/1.1" 403 274 "http://alex.jeb.ca/" "Mozilla/5.0 (Macintosh; U; Intel Mac OS X 10_5_8; nl-nl) AppleWebKit/530.19.2 (KHTML, like Gecko) Version/4.0.2 Safari/530.19"
95.108.128.241 - - [19/Apr/2010:08:06:39 -0400] "GET /email/origins.html HTTP/1.1" 404 277 "-" "Yandex/1.01.001 (compatible; Win16; I)"
67.218.116.130 - - [19/Apr/2010:16:33:09 -0400] "GET /robots.txt HTTP/1.1" 404 269 "-" "Mozilla/5.0 (Twiceler-0.9 http://www.cuil.com/twiceler/robot.html)"
204.236.254.130 - - [19/Apr/2010:19:02:18 -0400] "GET /robots.txt HTTP/1.1" 404 269 "-" "Mozilla/5.0 (compatible; spbot/2.0.2; +http://www.seoprofiler.com/bot/ )"
204.236.254.130 - - [19/Apr/2010:19:02:19 -0400] "GET / HTTP/1.1" 200 3145 "-" "Mozilla/5.0 (compatible; spbot/2.0.2; +http://www.seoprofiler.com/bot/ )"
204.236.254.130 - - [19/Apr/2010:19:02:37 -0400] "GET /robots.txt HTTP/1.1" 404 269 "-" "Mozilla/5.0 (compatible; spbot/2.0.2; +http://www.seoprofiler.com/bot/ )"
204.236.254.130 - - [19/Apr/2010:19:02:37 -0400] "GET /pages.html HTTP/1.1" 403 273 "-" "Mozilla/5.0 (compatible; spbot/2.0.2; +http://www.seoprofiler.com/bot/ )"
204.236.254.130 - - [19/Apr/2010:19:02:40 -0400] "GET /robots.txt HTTP/1.1" 404 269 "-" "Mozilla/5.0 (compatible; spbot/2.0.2; +http://www.seoprofiler.com/bot/ )"
204.236.254.130 - - [19/Apr/2010:19:02:41 -0400] "GET /?C=M;O=A HTTP/1.1" 200 3145 "-" "Mozilla/5.0 (compatible; spbot/2.0.2; +http://www.seoprofiler.com/bot/ )"
204.236.254.130 - - [19/Apr/2010:19:02:42 -0400] "GET /robots.txt HTTP/1.1" 404 269 "-" "Mozilla/5.0 (compatible; spbot/2.0.2; +http://www.seoprofiler.com/bot/ )"
204.236.254.130 - - [19/Apr/2010:19:02:43 -0400] "GET /jeb_signature.txt HTTP/1.1" 403 280 "-" "Mozilla/5.0 (compatible; spbot/2.0.2; +http://www.seoprofiler.com/bot/ )"
204.236.254.130 - - [19/Apr/2010:19:03:03 -0400] "GET /robots.txt HTTP/1.1" 404 269 "-" "Mozilla/5.0 (compatible; spbot/2.0.2; +http://www.seoprofiler.com/bot/ )"
204.236.254.130 - - [19/Apr/2010:19:03:03 -0400] "GET /formmail.php HTTP/1.1" 200 311 "-" "Mozilla/5.0 (compatible; spbot/2.0.2; +http://www.seoprofiler.com/bot/ )"
95.108.128.241 - - [19/Apr/2010:19:52:26 -0400] "GET /robots.txt HTTP/1.1" 404 269 "-" "Yandex/1.01.001 (compatible; Win16; I)"
66.249.71.149 - - [19/Apr/2010:21:51:25 -0400] "GET /robots.txt HTTP/1.1" 404 269 "-" "Mozilla/5.0 (compatible; Googlebot/2.1; +http://www.google.com/bot.html)"
66.249.71.149 - - [19/Apr/2010:21:51:25 -0400] "GET /main.js HTTP/1.1" 403 270 "-" "Mozilla/5.0 (compatible; Googlebot/2.1; +http://www.google.com/bot.html)"
66.249.71.149 - - [19/Apr/2010:21:59:22 -0400] "GET /index.css HTTP/1.1" 403 272 "-" "Mozilla/5.0 (compatible; Googlebot/2.1; +http://www.google.com/bot.html)"
66.249.71.149 - - [19/Apr/2010:21:59:23 -0400] "GET /top_nav.css HTTP/1.1" 403 274 "-" "Mozilla/5.0 (compatible; Googlebot/2.1; +http://www.google.com/bot.html)"
66.249.71.149 - - [19/Apr/2010:22:44:54 -0400] "GET /email/origins.html HTTP/1.1" 404 277 "-" "Mozilla/5.0 (compatible; Googlebot/2.1; +http://www.google.com/bot.html)"
67.202.24.236 - - [19/Apr/2010:23:01:37 -0400] "GET /robots.txt HTTP/1.1" 404 269 "-" "Mozilla/5.0 (compatible; spbot/2.0.2; +http://www.seoprofiler.com/bot/ )"
67.202.24.236 - - [19/Apr/2010:23:01:38 -0400] "GET /contact.html HTTP/1.1" 403 275 "-" "Mozilla/5.0 (compatible; spbot/2.0.2; +http://www.seoprofiler.com/bot/ )"
95.108.128.241 - - [20/Apr/2010:02:40:59 -0400] "GET /index.html HTTP/1.1" 404 269 "-" "Yandex/1.01.001 (compatible; Win16; I)"
207.46.199.188 - - [20/Apr/2010:03:05:51 -0400] "GET /robots.txt HTTP/1.1" 404 269 "-" "msnbot/2.0b (+http://search.msn.com/msnbot.htm)"
95.108.128.241 - - [20/Apr/2010:06:25:28 -0400] "GET /pages.html HTTP/1.1" 403 273 "-" "Yandex/1.01.001 (compatible; Win16; I)"
207.46.204.179 - - [20/Apr/2010:08:28:05 -0400] "GET /robots.txt HTTP/1.1" 404 269 "-" "msnbot/2.0b (+http://search.msn.com/msnbot.htm)"
207.46.204.179 - - [20/Apr/2010:09:01:43 -0400] "GET /email/origins.html HTTP/1.1" 404 277 "-" "msnbot/2.0b (+http://search.msn.com/msnbot.htm)"
95.108.128.241 - - [20/Apr/2010:11:06:04 -0400] "GET /flash.html HTTP/1.1" 403 273 "-" "Yandex/1.01.001 (compatible; Win16; I)"
67.218.116.130 - - [20/Apr/2010:17:34:26 -0400] "GET /robots.txt HTTP/1.1" 404 269 "-" "Mozilla/5.0 (Twiceler-0.9 http://www.cuil.com/twiceler/robot.html)"
65.55.207.118 - - [20/Apr/2010:21:25:52 -0400] "GET /robots.txt HTTP/1.1" 404 269 "-" "msnbot/2.0b (+http://search.msn.com/msnbot.htm)"
95.108.128.241 - - [20/Apr/2010:22:16:20 -0400] "GET /robots.txt HTTP/1.1" 404 269 "-" "Yandex/1.01.001 (compatible; Win16; I)"
65.55.216.33 - - [20/Apr/2010:23:11:51 -0400] "GET /robots.txt HTTP/1.1" 404 269 "-" "msnbot/2.0b (+http://search.msn.com/msnbot.htm)"
95.108.128.241 - - [21/Apr/2010:03:25:07 -0400] "GET / HTTP/1.1" 200 3145 "-" "Yandex/1.01.001 (compatible; Win16; I)"
95.108.128.241 - - [21/Apr/2010:07:49:47 -0400] "GET /email/origins.html HTTP/1.1" 404 277 "-" "Yandex/1.01.001 (compatible; Win16; I)"
65.55.207.51 - - [21/Apr/2010:14:13:56 -0400] "GET /robots.txt HTTP/1.1" 404 269 "-" "msnbot/2.0b (+http://search.msn.com/msnbot.htm)"
207.46.13.92 - - [21/Apr/2010:15:35:50 -0400] "GET /robots.txt HTTP/1.1" 404 269 "-" "msnbot/2.0b (+http://search.msn.com/msnbot.htm)"
207.46.13.92 - - [21/Apr/2010:15:47:40 -0400] "GET /email/origins.html HTTP/1.1" 404 277 "-" "msnbot/2.0b (+http://search.msn.com/msnbot.htm)"
174.129.80.215 - - [21/Apr/2010:16:07:08 -0400] "GET /robots.txt HTTP/1.1" 404 269 "-" "Mozilla/5.0 (compatible; spbot/2.0.2; +http://www.seoprofiler.com/bot/ )"
174.129.80.215 - - [21/Apr/2010:16:07:08 -0400] "GET /print.html HTTP/1.1" 403 273 "-" "Mozilla/5.0 (compatible; spbot/2.0.2; +http://www.seoprofiler.com/bot/ )"
207.46.199.195 - - [21/Apr/2010:19:43:59 -0400] "GET /robots.txt HTTP/1.1" 404 269 "-" "msnbot/2.0b (+http://search.msn.com/msnbot.htm)"
66.249.71.149 - - [22/Apr/2010:00:34:53 -0400] "GET /robots.txt HTTP/1.1" 404 269 "-" "Mozilla/5.0 (compatible; Googlebot/2.1; +http://www.google.com/bot.html)"
66.249.71.149 - - [22/Apr/2010:00:34:53 -0400] "GET / HTTP/1.1" 200 3145 "-" "Mozilla/5.0 (compatible; Googlebot/2.1; +http://www.google.com/bot.html)"
65.55.107.179 - - [22/Apr/2010:10:14:13 -0400] "GET /robots.txt HTTP/1.1" 404 269 "-" "msnbot/2.0b (+http://search.msn.com/msnbot.htm)"
66.249.71.149 - - [22/Apr/2010:10:36:35 -0400] "GET /raris_signature.gif HTTP/1.1" 403 282 "-" "Mozilla/5.0 (compatible; Googlebot/2.1; +http://www.google.com/bot.html)"
65.55.216.55 - - [22/Apr/2010:14:43:32 -0400] "GET /robots.txt HTTP/1.1" 404 269 "-" "msnbot/2.0b (+http://search.msn.com/msnbot.htm)"
66.249.71.149 - - [22/Apr/2010:16:46:29 -0400] "GET /robots.txt HTTP/1.1" 404 269 "-" "Mozilla/5.0 (compatible; Googlebot/2.1; +http://www.google.com/bot.html)"
66.249.71.149 - - [22/Apr/2010:16:46:29 -0400] "GET /home.swf HTTP/1.1" 403 271 "-" "Mozilla/5.0 (compatible; Googlebot/2.1; +http://www.google.com/bot.html)"
66.249.71.149 - - [22/Apr/2010:16:48:20 -0400] "GET /movie.swf HTTP/1.1" 403 272 "-" "Mozilla/5.0 (compatible; Googlebot/2.1; +http://www.google.com/bot.html)"
66.249.71.149 - - [22/Apr/2010:16:50:19 -0400] "GET /Thumbs.db HTTP/1.1" 403 272 "-" "Mozilla/5.0 (compatible; Googlebot/2.1; +http://www.google.com/bot.html)"
66.249.71.149 - - [22/Apr/2010:16:52:18 -0400] "GET /pages.html HTTP/1.1" 403 273 "-" "Mozilla/5.0 (compatible; Googlebot/2.1; +http://www.google.com/bot.html)"
66.249.71.149 - - [22/Apr/2010:16:54:17 -0400] "GET /flash.html HTTP/1.1" 403 273 "-" "Mozilla/5.0 (compatible; Googlebot/2.1; +http://www.google.com/bot.html)"
66.249.71.149 - - [22/Apr/2010:16:56:16 -0400] "GET /print.html HTTP/1.1" 403 273 "-" "Mozilla/5.0 (compatible; Googlebot/2.1; +http://www.google.com/bot.html)"
66.249.71.149 - - [22/Apr/2010:16:58:15 -0400] "GET /favicon.ico HTTP/1.1" 403 274 "-" "Mozilla/5.0 (compatible; Googlebot/2.1; +http://www.google.com/bot.html)"
66.249.71.149 - - [22/Apr/2010:17:00:14 -0400] "GET /contact.html HTTP/1.1" 403 275 "-" "Mozilla/5.0 (compatible; Googlebot/2.1; +http://www.google.com/bot.html)"
66.249.71.149 - - [22/Apr/2010:17:02:13 -0400] "GET /formmail.php HTTP/1.1" 200 311 "-" "Mozilla/5.0 (compatible; Googlebot/2.1; +http://www.google.com/bot.html)"
66.249.71.149 - - [22/Apr/2010:17:04:12 -0400] "GET /logs/ HTTP/1.1" 200 769 "-" "Mozilla/5.0 (compatible; Googlebot/2.1; +http://www.google.com/bot.html)"
66.249.71.149 - - [22/Apr/2010:17:06:11 -0400] "GET /photoshop.html HTTP/1.1" 403 277 "-" "Mozilla/5.0 (compatible; Googlebot/2.1; +http://www.google.com/bot.html)"
66.249.71.149 - - [22/Apr/2010:17:08:10 -0400] "GET /text_design.swf HTTP/1.1" 403 278 "-" "Mozilla/5.0 (compatible; Googlebot/2.1; +http://www.google.com/bot.html)"
66.249.71.149 - - [22/Apr/2010:17:10:09 -0400] "GET /text_service.swf HTTP/1.1" 403 279 "-" "Mozilla/5.0 (compatible; Googlebot/2.1; +http://www.google.com/bot.html)"
66.249.71.149 - - [22/Apr/2010:17:12:08 -0400] "GET /text_install.swf HTTP/1.1" 403 279 "-" "Mozilla/5.0 (compatible; Googlebot/2.1; +http://www.google.com/bot.html)"
66.249.71.149 - - [22/Apr/2010:17:14:07 -0400] "GET /circle_final.swf HTTP/1.1" 403 279 "-" "Mozilla/5.0 (compatible; Googlebot/2.1; +http://www.google.com/bot.html)"
66.249.71.149 - - [22/Apr/2010:17:16:06 -0400] "GET /illustrator.html HTTP/1.1" 403 279 "-" "Mozilla/5.0 (compatible; Googlebot/2.1; +http://www.google.com/bot.html)"
66.249.71.149 - - [22/Apr/2010:17:18:05 -0400] "GET /jeb_signature.txt HTTP/1.1" 403 280 "-" "Mozilla/5.0 (compatible; Googlebot/2.1; +http://www.google.com/bot.html)"
66.249.71.149 - - [22/Apr/2010:17:20:04 -0400] "GET /Harris_House/ HTTP/1.1" 200 4623 "-" "Mozilla/5.0 (compatible; Googlebot/2.1; +http://www.google.com/bot.html)"
67.218.116.130 - - [22/Apr/2010:17:24:44 -0400] "GET /robots.txt HTTP/1.1" 404 269 "-" "Mozilla/5.0 (Twiceler-0.9 http://www.cuil.com/twiceler/robot.html)"
207.46.199.48 - - [22/Apr/2010:22:01:50 -0400] "GET /robots.txt HTTP/1.1" 404 269 "-" "msnbot/2.0b (+http://search.msn.com/msnbot.htm)"
207.46.199.48 - - [22/Apr/2010:22:02:32 -0400] "GET /email/origins.html HTTP/1.1" 404 277 "-" "msnbot/2.0b (+http://search.msn.com/msnbot.htm)"
66.249.71.149 - - [23/Apr/2010:05:14:22 -0400] "GET /robots.txt HTTP/1.1" 404 269 "-" "Mozilla/5.0 (compatible; Googlebot/2.1; +http://www.google.com/bot.html)"
66.249.71.149 - - [23/Apr/2010:05:14:22 -0400] "GET /logs/error_log HTTP/1.1" 200 261655 "-" "Mozilla/5.0 (compatible; Googlebot/2.1; +http://www.google.com/bot.html)"
66.249.71.149 - - [23/Apr/2010:05:17:10 -0400] "GET /logs/access_log HTTP/1.1" 200 1528439 "-" "Mozilla/5.0 (compatible; Googlebot/2.1; +http://www.google.com/bot.html)"
66.249.71.149 - - [23/Apr/2010:05:20:50 -0400] "GET /Harris_House/index.html HTTP/1.1" 200 4623 "-" "Mozilla/5.0 (compatible; Googlebot/2.1; +http://www.google.com/bot.html)"
66.249.71.149 - - [23/Apr/2010:05:24:30 -0400] "GET /Harris_House/photo_tour.html HTTP/1.1" 200 3578 "-" "Mozilla/5.0 (compatible; Googlebot/2.1; +http://www.google.com/bot.html)"
66.249.71.149 - - [23/Apr/2010:05:28:10 -0400] "GET /Harris_House/property_details.html HTTP/1.1" 200 13937 "-" "Mozilla/5.0 (compatible; Googlebot/2.1; +http://www.google.com/bot.html)"
66.249.71.149 - - [23/Apr/2010:05:31:54 -0400] "GET /Harris_House/commercial_details.html HTTP/1.1" 200 4464 "-" "Mozilla/5.0 (compatible; Googlebot/2.1; +http://www.google.com/bot.html)"
65.55.106.133 - - [23/Apr/2010:06:11:03 -0400] "GET /robots.txt HTTP/1.1" 404 269 "-" "msnbot/2.0b (+http://search.msn.com/msnbot.htm)"
66.249.71.149 - - [23/Apr/2010:06:46:47 -0400] "GET /Harris_House/contact.html HTTP/1.1" 200 5366 "-" "Mozilla/5.0 (compatible; Googlebot/2.1; +http://www.google.com/bot.html)"
67.218.116.130 - - [23/Apr/2010:14:28:20 -0400] "GET /robots.txt HTTP/1.1" 404 269 "-" "Mozilla/5.0 (Twiceler-0.9 http://www.cuil.com/twiceler/robot.html)"
66.249.71.149 - - [23/Apr/2010:16:20:22 -0400] "GET /Harris_House/rent.html HTTP/1.1" 200 4666 "-" "Mozilla/5.0 (compatible; Googlebot/2.1; +http://www.google.com/bot.html)"
66.249.71.149 - - [23/Apr/2010:16:42:13 -0400] "GET /Harris_House/rent-to-own.html HTTP/1.1" 200 4688 "-" "Mozilla/5.0 (compatible; Googlebot/2.1; +http://www.google.com/bot.html)"
207.46.199.179 - - [23/Apr/2010:23:43:09 -0400] "GET /robots.txt HTTP/1.1" 404 269 "-" "msnbot/2.0b (+http://search.msn.com/msnbot.htm)"
208.115.111.248 - - [24/Apr/2010:03:50:32 -0400] "GET /robots.txt HTTP/1.1" 404 269 "-" "Mozilla/5.0 (compatible; DotBot/1.1; http://www.dotnetdotcom.org/, crawler@dotnetdotcom.org)"
207.46.204.182 - - [24/Apr/2010:04:29:39 -0400] "GET /robots.txt HTTP/1.1" 404 269 "-" "msnbot/2.0b (+http://search.msn.com/msnbot.htm)"
207.46.204.182 - - [24/Apr/2010:04:30:28 -0400] "GET /email/origins.html HTTP/1.1" 404 277 "-" "msnbot/2.0b (+http://search.msn.com/msnbot.htm)"
208.115.111.248 - - [24/Apr/2010:07:19:40 -0400] "GET /robots.txt HTTP/1.1" 404 269 "-" "Mozilla/5.0 (compatible; DotBot/1.1; http://www.dotnetdotcom.org/, crawler@dotnetdotcom.org)"
208.115.111.248 - - [24/Apr/2010:07:23:13 -0400] "GET / HTTP/1.1" 200 3145 "-" "Mozilla/5.0 (compatible; DotBot/1.1; http://www.dotnetdotcom.org/, crawler@dotnetdotcom.org)"
208.115.111.248 - - [24/Apr/2010:07:23:18 -0400] "GET /email/origins.html HTTP/1.1" 404 277 "-" "Mozilla/5.0 (compatible; DotBot/1.1; http://www.dotnetdotcom.org/, crawler@dotnetdotcom.org)"
208.115.111.248 - - [24/Apr/2010:07:23:23 -0400] "GET /illustrator.html HTTP/1.1" 403 279 "-" "Mozilla/5.0 (compatible; DotBot/1.1; http://www.dotnetdotcom.org/, crawler@dotnetdotcom.org)"
208.115.111.248 - - [24/Apr/2010:07:23:28 -0400] "GET /photoshop.html HTTP/1.1" 403 277 "-" "Mozilla/5.0 (compatible; DotBot/1.1; http://www.dotnetdotcom.org/, crawler@dotnetdotcom.org)"
71.114.226.89 - - [24/Apr/2010:10:12:52 -0400] "GET /illustrator.html HTTP/1.1" 403 279 "http://images.google.com/imgres?imgurl=http://alex.jeb.ca/images/_portfolio/illustrator/vine_alphabet_sm.gif&imgrefurl=http://alex.jeb.ca/illustrator.html&usg=__ruwXb2h9tDVhSmRkul972rEIfrk=&h=75&w=75&sz=1&hl=en&start=9&um=1&itbs=1&tbnid=wIytvYj8Km7OoM:&tbnh=71&tbnw=71&prev=/images%3Fq%3Dvine%2Balphabet%26um%3D1%26hl%3Den%26tbs%3Disch:1" "Mozilla/4.0 (compatible; MSIE 7.0; Windows NT 6.0; Trident/4.0; SLCC1; .NET CLR 2.0.50727; Media Center PC 5.0; .NET CLR 3.5.30729; .NET CLR 3.0.30618; msn OptimizedIE8;ENUS)"
71.114.226.89 - - [24/Apr/2010:10:12:55 -0400] "GET /images/_portfolio/illustrator/vine_alphabet_sm.gif HTTP/1.1" 403 313 "http://images.google.com/imgres?imgurl=http://alex.jeb.ca/images/_portfolio/illustrator/vine_alphabet_sm.gif&imgrefurl=http://alex.jeb.ca/illustrator.html&usg=__ruwXb2h9tDVhSmRkul972rEIfrk=&h=75&w=75&sz=1&hl=en&start=9&um=1&itbs=1&tbnid=wIytvYj8Km7OoM:&tbnh=71&tbnw=71&prev=/images%3Fq%3Dvine%2Balphabet%26um%3D1%26hl%3Den%26tbs%3Disch:1" "Mozilla/4.0 (compatible; MSIE 8.0; Windows NT 6.0; Trident/4.0; SLCC1; .NET CLR 2.0.50727; Media Center PC 5.0; .NET CLR 3.5.30729; .NET CLR 3.0.30618; msn OptimizedIE8;ENUS)"
71.114.226.89 - - [24/Apr/2010:10:12:57 -0400] "GET /illustrator.html HTTP/1.1" 403 279 "http://images.google.com/imgres?imgurl=http://alex.jeb.ca/images/_portfolio/illustrator/vine_alphabet_sm.gif&imgrefurl=http://alex.jeb.ca/illustrator.html&usg=__ruwXb2h9tDVhSmRkul972rEIfrk=&h=75&w=75&sz=1&hl=en&start=9&um=1&itbs=1&tbnid=wIytvYj8Km7OoM:&tbnh=71&tbnw=71&prev=/images%3Fq%3Dvine%2Balphabet%26um%3D1%26hl%3Den%26tbs%3Disch:1" "Mozilla/4.0 (compatible; MSIE 8.0; Windows NT 6.0; Trident/4.0; SLCC1; .NET CLR 2.0.50727; Media Center PC 5.0; .NET CLR 3.5.30729; .NET CLR 3.0.30618; msn OptimizedIE8;ENUS)"
208.115.111.248 - - [24/Apr/2010:10:52:42 -0400] "GET /contact.html HTTP/1.1" 403 275 "-" "Mozilla/5.0 (compatible; DotBot/1.1; http://www.dotnetdotcom.org/, crawler@dotnetdotcom.org)"
208.115.111.248 - - [24/Apr/2010:10:52:47 -0400] "GET /flash.html HTTP/1.1" 403 273 "-" "Mozilla/5.0 (compatible; DotBot/1.1; http://www.dotnetdotcom.org/, crawler@dotnetdotcom.org)"
208.115.111.248 - - [24/Apr/2010:10:52:52 -0400] "GET /index.html HTTP/1.1" 404 269 "-" "Mozilla/5.0 (compatible; DotBot/1.1; http://www.dotnetdotcom.org/, crawler@dotnetdotcom.org)"
208.115.111.248 - - [24/Apr/2010:10:52:57 -0400] "GET /pages.html HTTP/1.1" 403 273 "-" "Mozilla/5.0 (compatible; DotBot/1.1; http://www.dotnetdotcom.org/, crawler@dotnetdotcom.org)"
208.115.111.248 - - [24/Apr/2010:10:53:02 -0400] "GET /print.html HTTP/1.1" 403 273 "-" "Mozilla/5.0 (compatible; DotBot/1.1; http://www.dotnetdotcom.org/, crawler@dotnetdotcom.org)"
174.129.111.79 - - [24/Apr/2010:11:03:09 -0400] "GET /robots.txt HTTP/1.1" 404 269 "-" "Mozilla/5.0 (compatible; spbot/2.0.2; +http://www.seoprofiler.com/bot/ )"
174.129.111.79 - - [24/Apr/2010:11:03:10 -0400] "GET /illustrator.html HTTP/1.1" 403 279 "-" "Mozilla/5.0 (compatible; spbot/2.0.2; +http://www.seoprofiler.com/bot/ )"
67.218.116.130 - - [24/Apr/2010:15:00:41 -0400] "GET /robots.txt HTTP/1.1" 404 269 "-" "Mozilla/5.0 (Twiceler-0.9 http://www.cuil.com/twiceler/robot.html)"
207.46.199.195 - - [24/Apr/2010:18:43:34 -0400] "GET /robots.txt HTTP/1.1" 404 269 "-" "msnbot/2.0b (+http://search.msn.com/msnbot.htm)"
95.108.128.241 - - [24/Apr/2010:19:57:56 -0400] "GET /robots.txt HTTP/1.1" 404 269 "-" "Yandex/1.01.001 (compatible; Win16; I)"
95.108.128.241 - - [24/Apr/2010:21:22:24 -0400] "GET / HTTP/1.1" 200 3145 "-" "Yandex/1.01.001 (compatible; Win16; I)"
95.108.128.241 - - [24/Apr/2010:22:40:05 -0400] "GET /text_service.swf HTTP/1.1" 403 279 "-" "Yandex/1.01.001 (compatible; Win16; I)"
95.108.128.241 - - [25/Apr/2010:00:04:28 -0400] "GET /Thumbs.db HTTP/1.1" 403 272 "-" "Yandex/1.01.001 (compatible; Win16; I)"
95.108.128.241 - - [25/Apr/2010:00:47:20 -0400] "GET /Harris_House/ HTTP/1.1" 200 4623 "-" "Yandex/1.01.001 (compatible; Win16; I)"
95.108.128.241 - - [25/Apr/2010:03:09:29 -0400] "GET /home.swf HTTP/1.1" 403 271 "-" "Yandex/1.01.001 (compatible; Win16; I)"
95.108.128.241 - - [25/Apr/2010:04:45:47 -0400] "GET /?C=M;O=A HTTP/1.1" 200 3145 "-" "Yandex/1.01.001 (compatible; Win16; I)"
95.108.128.241 - - [25/Apr/2010:05:33:56 -0400] "GET /email/origins.html HTTP/1.1" 404 277 "-" "Yandex/1.01.001 (compatible; Win16; I)"
95.108.128.241 - - [25/Apr/2010:07:10:14 -0400] "GET /logs/ HTTP/1.1" 200 769 "-" "Yandex/1.01.001 (compatible; Win16; I)"
95.108.128.241 - - [25/Apr/2010:08:46:31 -0400] "GET /circle_final.swf HTTP/1.1" 403 279 "-" "Yandex/1.01.001 (compatible; Win16; I)"
95.108.128.241 - - [25/Apr/2010:10:22:49 -0400] "GET /text_install.swf HTTP/1.1" 403 279 "-" "Yandex/1.01.001 (compatible; Win16; I)"
95.108.128.241 - - [25/Apr/2010:11:10:57 -0400] "GET /jeb_signature.txt HTTP/1.1" 403 280 "-" "Yandex/1.01.001 (compatible; Win16; I)"
95.108.128.241 - - [25/Apr/2010:13:35:24 -0400] "GET /?C=N;O=D HTTP/1.1" 200 3145 "-" "Yandex/1.01.001 (compatible; Win16; I)"
174.129.169.188 - - [25/Apr/2010:14:21:46 -0400] "GET /robots.txt HTTP/1.1" 404 269 "-" "Mozilla/5.0 (compatible; spbot/2.0.2; +http://www.seoprofiler.com/bot/ )"
174.129.169.188 - - [25/Apr/2010:14:21:47 -0400] "GET /photoshop.html HTTP/1.1" 403 277 "-" "Mozilla/5.0 (compatible; spbot/2.0.2; +http://www.seoprofiler.com/bot/ )"
89.139.35.93 - - [25/Apr/2010:15:02:15 -0400] "GET / HTTP/1.1" 200 3145 "-" "Mozilla/5.0 (Windows; U; Windows NT 5.1; en-US; rv:1.9.2.3) Gecko/20100401 Firefox/3.6.3"
89.139.35.93 - - [25/Apr/2010:15:02:16 -0400] "GET /icons/blank.gif HTTP/1.1" 200 148 "-" "Mozilla/5.0 (Windows; U; Windows NT 5.1; en-US; rv:1.9.2.3) Gecko/20100401 Firefox/3.6.3"
89.139.35.93 - - [25/Apr/2010:15:02:16 -0400] "GET /icons/unknown.gif HTTP/1.1" 200 245 "-" "Mozilla/5.0 (Windows; U; Windows NT 5.1; en-US; rv:1.9.2.3) Gecko/20100401 Firefox/3.6.3"
89.139.35.93 - - [25/Apr/2010:15:02:17 -0400] "GET /icons/text.gif HTTP/1.1" 200 229 "-" "Mozilla/5.0 (Windows; U; Windows NT 5.1; en-US; rv:1.9.2.3) Gecko/20100401 Firefox/3.6.3"
89.139.35.93 - - [25/Apr/2010:15:02:17 -0400] "GET /icons/image2.gif HTTP/1.1" 200 309 "-" "Mozilla/5.0 (Windows; U; Windows NT 5.1; en-US; rv:1.9.2.3) Gecko/20100401 Firefox/3.6.3"
89.139.35.93 - - [25/Apr/2010:15:02:19 -0400] "GET /icons/folder.gif HTTP/1.1" 200 225 "-" "Mozilla/5.0 (Windows; U; Windows NT 5.1; en-US; rv:1.9.2.3) Gecko/20100401 Firefox/3.6.3"
65.55.207.25 - - [25/Apr/2010:17:04:21 -0400] "GET /robots.txt HTTP/1.1" 404 269 "-" "msnbot/2.0b (+http://search.msn.com/msnbot.htm)"
95.108.128.241 - - [25/Apr/2010:17:18:58 -0400] "GET /?C=S;O=A HTTP/1.1" 200 3145 "-" "Yandex/1.01.001 (compatible; Win16; I)"
67.218.116.130 - - [25/Apr/2010:21:51:10 -0400] "GET /robots.txt HTTP/1.1" 404 269 "-" "Mozilla/5.0 (Twiceler-0.9 http://www.cuil.com/twiceler/robot.html)"
95.108.128.241 - - [25/Apr/2010:23:03:38 -0400] "GET /robots.txt HTTP/1.1" 404 269 "-" "Yandex/1.01.001 (compatible; Win16; I)"
95.108.128.241 - - [25/Apr/2010:23:58:14 -0400] "GET /jeb_signature.txt HTTP/1.1" 403 280 "-" "Yandex/1.01.001 (compatible; Win16; I)"
95.108.128.241 - - [26/Apr/2010:00:56:39 -0400] "GET /Thumbs.db HTTP/1.1" 403 272 "-" "Yandex/1.01.001 (compatible; Win16; I)"
66.249.71.82 - - [26/Apr/2010:02:39:10 -0400] "GET /robots.txt HTTP/1.1" 404 269 "-" "Googlebot-Image/1.0"
66.249.71.82 - - [26/Apr/2010:02:39:10 -0400] "GET /images/_portfolio/illustrator/fleur_de_lis_sm.gif HTTP/1.1" 403 312 "-" "Googlebot-Image/1.0"
95.108.128.241 - - [26/Apr/2010:03:01:36 -0400] "GET /?C=D;O=A HTTP/1.1" 200 3145 "-" "Yandex/1.01.001 (compatible; Win16; I)"
95.108.128.241 - - [26/Apr/2010:04:05:07 -0400] "GET /circle_final.swf HTTP/1.1" 403 279 "-" "Yandex/1.01.001 (compatible; Win16; I)"
95.108.128.241 - - [26/Apr/2010:05:08:39 -0400] "GET /?C=S;O=A HTTP/1.1" 200 3145 "-" "Yandex/1.01.001 (compatible; Win16; I)"
95.108.128.241 - - [26/Apr/2010:06:12:10 -0400] "GET /main.js HTTP/1.1" 403 270 "-" "Yandex/1.01.001 (compatible; Win16; I)"
95.108.128.241 - - [26/Apr/2010:08:19:13 -0400] "GET /movie.swf HTTP/1.1" 403 272 "-" "Yandex/1.01.001 (compatible; Win16; I)"
95.108.128.241 - - [26/Apr/2010:09:22:44 -0400] "GET /index.html HTTP/1.1" 404 269 "-" "Yandex/1.01.001 (compatible; Win16; I)"
95.108.128.241 - - [26/Apr/2010:10:26:14 -0400] "GET /formmail.php HTTP/1.1" 200 311 "-" "Yandex/1.01.001 (compatible; Win16; I)"
95.108.128.241 - - [26/Apr/2010:11:29:45 -0400] "GET /home.swf HTTP/1.1" 403 271 "-" "Yandex/1.01.001 (compatible; Win16; I)"
95.108.128.241 - - [26/Apr/2010:13:36:48 -0400] "GET /text_service.swf HTTP/1.1" 403 279 "-" "Yandex/1.01.001 (compatible; Win16; I)"
67.218.116.130 - - [26/Apr/2010:16:46:24 -0400] "GET /robots.txt HTTP/1.1" 404 269 "-" "Mozilla/5.0 (Twiceler-0.9 http://www.cuil.com/twiceler/robot.html)"
207.46.199.180 - - [26/Apr/2010:17:48:03 -0400] "GET /robots.txt HTTP/1.1" 404 269 "-" "msnbot/2.0b (+http://search.msn.com/msnbot.htm)"
95.108.128.241 - - [26/Apr/2010:19:09:24 -0400] "GET /text_design.swf HTTP/1.1" 403 278 "-" "Yandex/1.01.001 (compatible; Win16; I)"
184.73.53.191 - - [27/Apr/2010:10:06:26 -0400] "GET /robots.txt HTTP/1.1" 404 269 "-" "Mozilla/5.0 (compatible; spbot/2.0.2; +http://www.seoprofiler.com/bot/ )"
184.73.53.191 - - [27/Apr/2010:10:06:26 -0400] "GET /illustrator.html HTTP/1.1" 403 279 "-" "Mozilla/5.0 (compatible; spbot/2.0.2; +http://www.seoprofiler.com/bot/ )"
67.218.116.130 - - [27/Apr/2010:14:28:39 -0400] "GET /robots.txt HTTP/1.1" 404 269 "-" "Mozilla/5.0 (Twiceler-0.9 http://www.cuil.com/twiceler/robot.html)"
207.46.199.193 - - [27/Apr/2010:17:53:41 -0400] "GET /robots.txt HTTP/1.1" 404 269 "-" "msnbot/2.0b (+http://search.msn.com/msnbot.htm)"
207.46.13.41 - - [27/Apr/2010:18:24:58 -0400] "GET /robots.txt HTTP/1.1" 404 269 "-" "msnbot/2.0b (+http://search.msn.com/msnbot.htm)"
207.46.13.41 - - [27/Apr/2010:18:25:46 -0400] "GET /email/origins.html HTTP/1.1" 404 277 "-" "msnbot/2.0b (+http://search.msn.com/msnbot.htm)"
65.55.207.70 - - [27/Apr/2010:20:10:14 -0400] "GET /robots.txt HTTP/1.1" 404 269 "-" "msnbot/2.0b (+http://search.msn.com/msnbot.htm)"
38.99.97.175 - - [28/Apr/2010:01:31:06 -0400] "GET /robots.txt HTTP/1.1" 404 269 "-" "Mozilla/5.0 (compatible; ScoutJet; +http://www.scoutjet.com/)"
38.99.97.175 - - [28/Apr/2010:01:31:18 -0400] "GET / HTTP/1.1" 200 3145 "-" "Mozilla/5.0 (compatible; ScoutJet; +http://www.scoutjet.com/)"
38.99.97.175 - - [28/Apr/2010:01:31:33 -0400] "GET /favicon.ico HTTP/1.1" 403 274 "-" "Mozilla/5.0 (compatible; ScoutJet; +http://www.scoutjet.com/)"
38.99.97.175 - - [28/Apr/2010:01:31:44 -0400] "GET /email/origins.html HTTP/1.1" 404 277 "-" "Mozilla/5.0 (compatible; ScoutJet; +http://www.scoutjet.com/)"
67.218.116.130 - - [28/Apr/2010:14:19:12 -0400] "GET /robots.txt HTTP/1.1" 404 269 "-" "Mozilla/5.0 (Twiceler-0.9 http://www.cuil.com/twiceler/robot.html)"
95.108.128.241 - - [28/Apr/2010:17:29:54 -0400] "GET /robots.txt HTTP/1.1" 404 269 "-" "Yandex/1.01.001 (compatible; Win16; I)"
207.46.199.193 - - [28/Apr/2010:18:01:50 -0400] "GET /robots.txt HTTP/1.1" 404 269 "-" "msnbot/2.0b (+http://search.msn.com/msnbot.htm)"
95.108.128.241 - - [28/Apr/2010:20:25:29 -0400] "GET / HTTP/1.1" 200 3145 "-" "Yandex/1.01.001 (compatible; Win16; I)"
95.108.128.241 - - [28/Apr/2010:23:21:04 -0400] "GET /logs/ HTTP/1.1" 200 769 "-" "Yandex/1.01.001 (compatible; Win16; I)"
184.73.73.48 - - [29/Apr/2010:00:51:49 -0400] "GET /robots.txt HTTP/1.1" 404 269 "-" "Mozilla/5.0 (compatible; spbot/2.0.2; +http://www.seoprofiler.com/bot/ )"
184.73.73.48 - - [29/Apr/2010:00:51:49 -0400] "GET /contact.html HTTP/1.1" 403 275 "-" "Mozilla/5.0 (compatible; spbot/2.0.2; +http://www.seoprofiler.com/bot/ )"
95.108.128.241 - - [29/Apr/2010:03:36:38 -0400] "GET /?C=N;O=D HTTP/1.1" 200 3145 "-" "Yandex/1.01.001 (compatible; Win16; I)"
95.108.128.241 - - [29/Apr/2010:08:18:40 -0400] "GET /?C=M;O=A HTTP/1.1" 200 3145 "-" "Yandex/1.01.001 (compatible; Win16; I)"
184.73.9.35 - - [29/Apr/2010:12:59:45 -0400] "GET /robots.txt HTTP/1.1" 404 269 "-" "Mozilla/5.0 (compatible; spbot/2.0.2; +http://www.seoprofiler.com/bot/ )"
184.73.9.35 - - [29/Apr/2010:12:59:45 -0400] "GET / HTTP/1.1" 200 3145 "-" "Mozilla/5.0 (compatible; spbot/2.0.2; +http://www.seoprofiler.com/bot/ )"
184.73.9.35 - - [29/Apr/2010:13:00:14 -0400] "GET /robots.txt HTTP/1.1" 404 269 "-" "Mozilla/5.0 (compatible; spbot/2.0.2; +http://www.seoprofiler.com/bot/ )"
184.73.9.35 - - [29/Apr/2010:13:00:14 -0400] "GET /Harris_House/ HTTP/1.1" 200 4623 "-" "Mozilla/5.0 (compatible; spbot/2.0.2; +http://www.seoprofiler.com/bot/ )"
184.73.9.35 - - [29/Apr/2010:13:00:14 -0400] "GET /robots.txt HTTP/1.1" 404 269 "-" "Mozilla/5.0 (compatible; spbot/2.0.2; +http://www.seoprofiler.com/bot/ )"
184.73.9.35 - - [29/Apr/2010:13:00:15 -0400] "GET /?C=N;O=D HTTP/1.1" 200 3145 "-" "Mozilla/5.0 (compatible; spbot/2.0.2; +http://www.seoprofiler.com/bot/ )"
184.73.9.35 - - [29/Apr/2010:13:01:52 -0400] "GET /robots.txt HTTP/1.1" 404 269 "-" "Mozilla/5.0 (compatible; spbot/2.0.2; +http://www.seoprofiler.com/bot/ )"
184.73.9.35 - - [29/Apr/2010:13:01:53 -0400] "GET /Harris_House/commercial_details.html HTTP/1.1" 200 4464 "-" "Mozilla/5.0 (compatible; spbot/2.0.2; +http://www.seoprofiler.com/bot/ )"
184.73.9.35 - - [29/Apr/2010:13:08:28 -0400] "GET /robots.txt HTTP/1.1" 404 269 "-" "Mozilla/5.0 (compatible; spbot/2.0.2; +http://www.seoprofiler.com/bot/ )"
184.73.9.35 - - [29/Apr/2010:13:08:29 -0400] "GET /logs/ HTTP/1.1" 200 769 "-" "Mozilla/5.0 (compatible; spbot/2.0.2; +http://www.seoprofiler.com/bot/ )"
184.73.9.35 - - [29/Apr/2010:13:08:32 -0400] "GET /robots.txt HTTP/1.1" 404 269 "-" "Mozilla/5.0 (compatible; spbot/2.0.2; +http://www.seoprofiler.com/bot/ )"
184.73.9.35 - - [29/Apr/2010:13:08:32 -0400] "GET /Harris_House/property_details.html HTTP/1.1" 200 13937 "-" "Mozilla/5.0 (compatible; spbot/2.0.2; +http://www.seoprofiler.com/bot/ )"
184.73.9.35 - - [29/Apr/2010:13:08:33 -0400] "GET /robots.txt HTTP/1.1" 404 269 "-" "Mozilla/5.0 (compatible; spbot/2.0.2; +http://www.seoprofiler.com/bot/ )"
184.73.9.35 - - [29/Apr/2010:13:08:33 -0400] "GET /Harris_House/photo_tour.html HTTP/1.1" 200 3578 "-" "Mozilla/5.0 (compatible; spbot/2.0.2; +http://www.seoprofiler.com/bot/ )"
184.73.9.35 - - [29/Apr/2010:13:09:11 -0400] "GET /robots.txt HTTP/1.1" 404 269 "-" "Mozilla/5.0 (compatible; spbot/2.0.2; +http://www.seoprofiler.com/bot/ )"
184.73.9.35 - - [29/Apr/2010:13:09:12 -0400] "GET /logs/error_log HTTP/1.1" 200 287231 "-" "Mozilla/5.0 (compatible; spbot/2.0.2; +http://www.seoprofiler.com/bot/ )"
184.73.9.35 - - [29/Apr/2010:13:09:54 -0400] "GET /robots.txt HTTP/1.1" 404 269 "-" "Mozilla/5.0 (compatible; spbot/2.0.2; +http://www.seoprofiler.com/bot/ )"
