184.73.9.35 - - [29/Apr/2010:13:09:54 -0400] "GET /logs/?C=D;O=A HTTP/1.1" 200 769 "-" "Mozilla/5.0 (compatible; spbot/2.0.2; +http://www.seoprofiler.com/bot/ )"
184.73.9.35 - - [29/Apr/2010:13:16:28 -0400] "GET /robots.txt HTTP/1.1" 404 269 "-" "Mozilla/5.0 (compatible; spbot/2.0.2; +http://www.seoprofiler.com/bot/ )"
184.73.9.35 - - [29/Apr/2010:13:16:28 -0400] "GET /logs/?C=N;O=D HTTP/1.1" 200 769 "-" "Mozilla/5.0 (compatible; spbot/2.0.2; +http://www.seoprofiler.com/bot/ )"
184.73.9.35 - - [29/Apr/2010:13:17:01 -0400] "GET /robots.txt HTTP/1.1" 404 269 "-" "Mozilla/5.0 (compatible; spbot/2.0.2; +http://www.seoprofiler.com/bot/ )"
184.73.9.35 - - [29/Apr/2010:13:17:02 -0400] "GET /logs/?C=N;O=A HTTP/1.1" 200 769 "-" "Mozilla/5.0 (compatible; spbot/2.0.2; +http://www.seoprofiler.com/bot/ )"
184.73.9.35 - - [29/Apr/2010:13:17:47 -0400] "GET /robots.txt HTTP/1.1" 404 269 "-" "Mozilla/5.0 (compatible; spbot/2.0.2; +http://www.seoprofiler.com/bot/ )"
184.73.9.35 - - [29/Apr/2010:13:17:47 -0400] "GET /logs/?C=M;O=A HTTP/1.1" 200 769 "-" "Mozilla/5.0 (compatible; spbot/2.0.2; +http://www.seoprofiler.com/bot/ )"
184.73.9.35 - - [29/Apr/2010:13:18:07 -0400] "GET /robots.txt HTTP/1.1" 404 269 "-" "Mozilla/5.0 (compatible; spbot/2.0.2; +http://www.seoprofiler.com/bot/ )"
184.73.9.35 - - [29/Apr/2010:13:18:07 -0400] "GET /robots.txt HTTP/1.1" 404 269 "-" "Mozilla/5.0 (compatible; spbot/2.0.2; +http://www.seoprofiler.com/bot/ )"
184.73.9.35 - - [29/Apr/2010:13:18:07 -0400] "GET /logs/?C=S;O=A HTTP/1.1" 200 769 "-" "Mozilla/5.0 (compatible; spbot/2.0.2; +http://www.seoprofiler.com/bot/ )"
184.73.9.35 - - [29/Apr/2010:13:18:07 -0400] "GET /logs/access_log HTTP/1.1" 200 1548055 "-" "Mozilla/5.0 (compatible; spbot/2.0.2; +http://www.seoprofiler.com/bot/ )"
184.73.9.35 - - [29/Apr/2010:13:18:25 -0400] "GET /robots.txt HTTP/1.1" 404 269 "-" "Mozilla/5.0 (compatible; spbot/2.0.2; +http://www.seoprofiler.com/bot/ )"
184.73.9.35 - - [29/Apr/2010:13:18:25 -0400] "GET /logs/?C=S;O=D HTTP/1.1" 200 769 "-" "Mozilla/5.0 (compatible; spbot/2.0.2; +http://www.seoprofiler.com/bot/ )"
67.218.116.130 - - [29/Apr/2010:14:18:42 -0400] "GET /robots.txt HTTP/1.1" 404 269 "-" "Mozilla/5.0 (Twiceler-0.9 http://www.cuil.com/twiceler/robot.html)"
95.108.128.241 - - [29/Apr/2010:16:36:56 -0400] "GET /robots.txt HTTP/1.1" 404 269 "-" "Yandex/1.01.001 (compatible; Win16; I)"
95.108.128.241 - - [29/Apr/2010:21:20:53 -0400] "GET /?C=D;O=A HTTP/1.1" 200 3145 "-" "Yandex/1.01.001 (compatible; Win16; I)"
95.108.128.241 - - [29/Apr/2010:22:45:46 -0400] "GET /pages.html HTTP/1.1" 403 273 "-" "Yandex/1.01.001 (compatible; Win16; I)"
95.108.128.241 - - [30/Apr/2010:00:10:38 -0400] "GET /index.html HTTP/1.1" 404 269 "-" "Yandex/1.01.001 (compatible; Win16; I)"
67.195.37.190 - - [30/Apr/2010:00:11:24 -0400] "GET /robots.txt HTTP/1.0" 404 269 "-" "Mozilla/5.0 (compatible; Yahoo! Slurp; http://help.yahoo.com/help/us/ysearch/slurp)"
67.195.37.190 - - [30/Apr/2010:00:11:25 -0400] "GET / HTTP/1.0" 200 3145 "-" "Mozilla/5.0 (compatible; Yahoo! Slurp/3.0; http://help.yahoo.com/help/us/ysearch/slurp)"
95.108.128.241 - - [30/Apr/2010:01:35:30 -0400] "GET /flash.html HTTP/1.1" 403 273 "-" "Yandex/1.01.001 (compatible; Win16; I)"
65.55.218.159 - - [30/Apr/2010:02:11:34 -0400] "GET /robots.txt HTTP/1.1" 404 269 "-" "msnbot/2.0b (+http://search.msn.com/msnbot.htm)"
95.108.128.241 - - [30/Apr/2010:04:25:15 -0400] "GET /formmail.php HTTP/1.1" 200 311 "-" "Yandex/1.01.001 (compatible; Win16; I)"
95.108.128.241 - - [30/Apr/2010:05:50:07 -0400] "GET /Thumbs.db HTTP/1.1" 403 272 "-" "Yandex/1.01.001 (compatible; Win16; I)"
207.46.199.188 - - [30/Apr/2010:06:31:45 -0400] "GET /robots.txt HTTP/1.1" 404 269 "-" "msnbot/2.0b (+http://search.msn.com/msnbot.htm)"
95.108.128.241 - - [30/Apr/2010:07:14:59 -0400] "GET /?C=S;O=A HTTP/1.1" 200 3145 "-" "Yandex/1.01.001 (compatible; Win16; I)"
67.218.116.130 - - [30/Apr/2010:14:10:02 -0400] "GET /robots.txt HTTP/1.1" 404 269 "-" "Mozilla/5.0 (Twiceler-0.9 http://www.cuil.com/twiceler/robot.html)"
66.249.65.81 - - [30/Apr/2010:14:26:53 -0400] "GET /robots.txt HTTP/1.1" 404 269 "-" "Googlebot-Image/1.0"
66.249.65.81 - - [30/Apr/2010:14:26:53 -0400] "GET /images/_portfolio/flash/bending_arrow.gif HTTP/1.1" 403 304 "-" "Googlebot-Image/1.0"
95.108.128.241 - - [30/Apr/2010:18:50:08 -0400] "GET /robots.txt HTTP/1.1" 404 269 "-" "Yandex/1.01.001 (compatible; Win16; I)"
95.108.151.244 - - [30/Apr/2010:19:39:55 -0400] "GET /robots.txt HTTP/1.1" 404 269 "-" "Yandex/1.01.001 (compatible; Win16; H)"
95.108.151.244 - - [30/Apr/2010:19:39:57 -0400] "GET / HTTP/1.1" 200 3145 "-" "Yandex/1.01.001 (compatible; Win16; H)"
95.108.151.244 - - [30/Apr/2010:19:39:58 -0400] "GET / HTTP/1.1" 200 3145 "-" "Yandex/1.01.001 (compatible; Win16; H)"
95.108.128.241 - - [01/May/2010:01:50:50 -0400] "GET /Harris_House/ HTTP/1.1" 304 - "-" "Yandex/1.01.001 (compatible; Win16; I)"
66.249.65.149 - - [01/May/2010:02:54:16 -0400] "GET /robots.txt HTTP/1.1" 404 269 "-" "Mozilla/5.0 (compatible; Googlebot/2.1; +http://www.google.com/bot.html)"
66.249.65.149 - - [01/May/2010:02:54:16 -0400] "GET /home.swf HTTP/1.1" 403 271 "-" "Mozilla/5.0 (compatible; Googlebot/2.1; +http://www.google.com/bot.html)"
207.46.199.200 - - [01/May/2010:07:11:37 -0400] "GET /robots.txt HTTP/1.1" 404 269 "-" "msnbot/2.0b (+http://search.msn.com/msnbot.htm)"
67.218.116.130 - - [01/May/2010:14:49:36 -0400] "GET /robots.txt HTTP/1.1" 404 269 "-" "Mozilla/5.0 (Twiceler-0.9 http://www.cuil.com/twiceler/robot.html)"
66.249.71.82 - - [01/May/2010:16:15:47 -0400] "GET /robots.txt HTTP/1.1" 404 269 "-" "Mozilla/5.0 (compatible; Googlebot/2.1; +http://www.google.com/bot.html)"
66.249.71.82 - - [01/May/2010:16:15:47 -0400] "GET / HTTP/1.1" 200 3145 "-" "Mozilla/5.0 (compatible; Googlebot/2.1; +http://www.google.com/bot.html)"
95.108.128.241 - - [01/May/2010:21:51:58 -0400] "GET /robots.txt HTTP/1.1" 404 269 "-" "Yandex/1.01.001 (compatible; Win16; I)"
174.133.177.66 - - [01/May/2010:22:19:26 -0400] "GET / HTTP/1.1" 200 3145 "-" "Mozilla/5.0 (compatible; Purebot/1.1; +http://www.puritysearch.net/)"
174.133.177.66 - - [01/May/2010:22:19:27 -0400] "GET /?C=N;O=D HTTP/1.1" 200 3145 "-" "Mozilla/5.0 (compatible; Purebot/1.1; +http://www.puritysearch.net/)"
174.133.177.66 - - [01/May/2010:22:19:27 -0400] "GET /?C=M;O=A HTTP/1.1" 200 3145 "-" "Mozilla/5.0 (compatible; Purebot/1.1; +http://www.puritysearch.net/)"
174.133.177.66 - - [01/May/2010:22:19:27 -0400] "GET /?C=S;O=A HTTP/1.1" 200 3145 "-" "Mozilla/5.0 (compatible; Purebot/1.1; +http://www.puritysearch.net/)"
174.133.177.66 - - [01/May/2010:22:19:27 -0400] "GET /?C=D;O=A HTTP/1.1" 200 3145 "-" "Mozilla/5.0 (compatible; Purebot/1.1; +http://www.puritysearch.net/)"
174.133.177.66 - - [01/May/2010:22:19:27 -0400] "GET /Harris_House/ HTTP/1.1" 200 4623 "-" "Mozilla/5.0 (compatible; Purebot/1.1; +http://www.puritysearch.net/)"
174.133.177.66 - - [01/May/2010:22:19:27 -0400] "GET /contact.html HTTP/1.1" 403 275 "-" "Mozilla/5.0 (compatible; Purebot/1.1; +http://www.puritysearch.net/)"
174.133.177.66 - - [01/May/2010:22:19:28 -0400] "GET /flash.html HTTP/1.1" 403 273 "-" "Mozilla/5.0 (compatible; Purebot/1.1; +http://www.puritysearch.net/)"
174.133.177.66 - - [01/May/2010:22:19:28 -0400] "GET /formmail.php HTTP/1.1" 200 311 "-" "Mozilla/5.0 (compatible; Purebot/1.1; +http://www.puritysearch.net/)"
174.133.177.66 - - [01/May/2010:22:19:28 -0400] "GET /illustrator.html HTTP/1.1" 403 279 "-" "Mozilla/5.0 (compatible; Purebot/1.1; +http://www.puritysearch.net/)"
174.133.177.66 - - [01/May/2010:22:19:28 -0400] "GET /logs/ HTTP/1.1" 200 769 "-" "Mozilla/5.0 (compatible; Purebot/1.1; +http://www.puritysearch.net/)"
174.133.177.66 - - [01/May/2010:22:19:28 -0400] "GET /pages.html HTTP/1.1" 403 273 "-" "Mozilla/5.0 (compatible; Purebot/1.1; +http://www.puritysearch.net/)"
174.133.177.66 - - [01/May/2010:22:19:29 -0400] "GET /photoshop.html HTTP/1.1" 403 277 "-" "Mozilla/5.0 (compatible; Purebot/1.1; +http://www.puritysearch.net/)"
174.133.177.66 - - [01/May/2010:22:19:29 -0400] "GET /print.html HTTP/1.1" 403 273 "-" "Mozilla/5.0 (compatible; Purebot/1.1; +http://www.puritysearch.net/)"
174.133.177.66 - - [01/May/2010:22:19:29 -0400] "GET /?C=N;O=A HTTP/1.1" 200 3145 "-" "Mozilla/5.0 (compatible; Purebot/1.1; +http://www.puritysearch.net/)"
174.133.177.66 - - [01/May/2010:22:19:29 -0400] "GET /?C=M;O=D HTTP/1.1" 200 3145 "-" "Mozilla/5.0 (compatible; Purebot/1.1; +http://www.puritysearch.net/)"
174.133.177.66 - - [01/May/2010:22:19:29 -0400] "GET /Harris_House/photo_tour.html HTTP/1.1" 200 3578 "-" "Mozilla/5.0 (compatible; Purebot/1.1; +http://www.puritysearch.net/)"
174.133.177.66 - - [01/May/2010:22:19:29 -0400] "GET /logs/error_log HTTP/1.1" 200 305432 "-" "Mozilla/5.0 (compatible; Purebot/1.1; +http://www.puritysearch.net/)"
174.133.177.66 - - [01/May/2010:22:19:30 -0400] "GET /?C=D;O=D HTTP/1.1" 200 3145 "-" "Mozilla/5.0 (compatible; Purebot/1.1; +http://www.puritysearch.net/)"
174.133.177.66 - - [01/May/2010:22:19:30 -0400] "GET /Harris_House/property_details.html HTTP/1.1" 200 13937 "-" "Mozilla/5.0 (compatible; Purebot/1.1; +http://www.puritysearch.net/)"
174.133.177.66 - - [01/May/2010:22:19:31 -0400] "GET /Harris_House/index.html HTTP/1.1" 200 4623 "-" "Mozilla/5.0 (compatible; Purebot/1.1; +http://www.puritysearch.net/)"
174.133.177.66 - - [01/May/2010:22:19:31 -0400] "GET /?C=S;O=D HTTP/1.1" 200 3145 "-" "Mozilla/5.0 (compatible; Purebot/1.1; +http://www.puritysearch.net/)"
174.133.177.66 - - [01/May/2010:22:19:31 -0400] "GET /logs/?C=S;O=A HTTP/1.1" 200 769 "-" "Mozilla/5.0 (compatible; Purebot/1.1; +http://www.puritysearch.net/)"
174.133.177.66 - - [01/May/2010:22:19:32 -0400] "GET /Harris_House/contact.html HTTP/1.1" 200 5366 "-" "Mozilla/5.0 (compatible; Purebot/1.1; +http://www.puritysearch.net/)"
174.133.177.66 - - [01/May/2010:22:19:32 -0400] "GET /logs/?C=N;O=A HTTP/1.1" 200 769 "-" "Mozilla/5.0 (compatible; Purebot/1.1; +http://www.puritysearch.net/)"
174.133.177.66 - - [01/May/2010:22:19:32 -0400] "GET /Harris_House/commercial_details.html HTTP/1.1" 200 4464 "-" "Mozilla/5.0 (compatible; Purebot/1.1; +http://www.puritysearch.net/)"
174.133.177.66 - - [01/May/2010:22:19:32 -0400] "GET /logs/?C=N;O=D HTTP/1.1" 200 769 "-" "Mozilla/5.0 (compatible; Purebot/1.1; +http://www.puritysearch.net/)"
174.133.177.66 - - [01/May/2010:22:19:32 -0400] "GET /logs/access_log HTTP/1.1" 200 1556791 "-" "Mozilla/5.0 (compatible; Purebot/1.1; +http://www.puritysearch.net/)"
174.133.177.66 - - [01/May/2010:22:19:33 -0400] "GET /logs/?C=D;O=A HTTP/1.1" 200 769 "-" "Mozilla/5.0 (compatible; Purebot/1.1; +http://www.puritysearch.net/)"
174.133.177.66 - - [01/May/2010:22:19:34 -0400] "GET /Harris_House/rent.html HTTP/1.1" 200 4666 "-" "Mozilla/5.0 (compatible; Purebot/1.1; +http://www.puritysearch.net/)"
174.133.177.66 - - [01/May/2010:22:19:34 -0400] "GET /logs/?C=S;O=D HTTP/1.1" 200 769 "-" "Mozilla/5.0 (compatible; Purebot/1.1; +http://www.puritysearch.net/)"
174.133.177.66 - - [01/May/2010:22:19:34 -0400] "GET /logs/?C=M;O=A HTTP/1.1" 200 769 "-" "Mozilla/5.0 (compatible; Purebot/1.1; +http://www.puritysearch.net/)"
174.133.177.66 - - [01/May/2010:22:19:34 -0400] "GET /logs/?C=D;O=D HTTP/1.1" 200 769 "-" "Mozilla/5.0 (compatible; Purebot/1.1; +http://www.puritysearch.net/)"
174.133.177.66 - - [01/May/2010:22:19:34 -0400] "GET /logs/?C=M;O=D HTTP/1.1" 200 769 "-" "Mozilla/5.0 (compatible; Purebot/1.1; +http://www.puritysearch.net/)"
95.108.128.241 - - [02/May/2010:02:55:17 -0400] "GET /?C=N;O=D HTTP/1.1" 200 3145 "-" "Yandex/1.01.001 (compatible; Win16; I)"
67.202.2.164 - - [02/May/2010:04:03:41 -0400] "GET /robots.txt HTTP/1.1" 404 269 "-" "Mozilla/5.0 (compatible; spbot/2.0.2; +http://www.seoprofiler.com/bot/ )"
67.202.2.164 - - [02/May/2010:04:03:41 -0400] "GET /pages.html HTTP/1.1" 403 273 "-" "Mozilla/5.0 (compatible; spbot/2.0.2; +http://www.seoprofiler.com/bot/ )"
66.249.71.82 - - [02/May/2010:05:08:32 -0400] "GET /robots.txt HTTP/1.1" 404 269 "-" "Mozilla/5.0 (compatible; Googlebot/2.1; +http://www.google.com/bot.html)"
95.108.128.241 - - [02/May/2010:10:43:01 -0400] "GET /logs/ HTTP/1.1" 200 769 "-" "Yandex/1.01.001 (compatible; Win16; I)"
95.108.128.241 - - [02/May/2010:14:19:13 -0400] "GET / HTTP/1.1" 200 3145 "-" "Yandex/1.01.001 (compatible; Win16; I)"
67.218.116.130 - - [02/May/2010:14:53:15 -0400] "GET /robots.txt HTTP/1.1" 404 269 "-" "Mozilla/5.0 (Twiceler-0.9 http://www.cuil.com/twiceler/robot.html)"
95.108.128.241 - - [02/May/2010:18:06:25 -0400] "GET /robots.txt HTTP/1.1" 404 269 "-" "Yandex/1.01.001 (compatible; Win16; I)"
207.46.204.182 - - [02/May/2010:19:25:04 -0400] "GET /robots.txt HTTP/1.1" 404 269 "-" "msnbot/2.0b (+http://search.msn.com/msnbot.htm)"
207.46.204.182 - - [02/May/2010:19:26:03 -0400] "GET /email/origins.html HTTP/1.1" 404 277 "-" "msnbot/2.0b (+http://search.msn.com/msnbot.htm)"
174.129.52.153 - - [02/May/2010:19:35:42 -0400] "GET /robots.txt HTTP/1.1" 404 269 "-" "Mozilla/5.0 (compatible; spbot/2.0.2; +http://www.seoprofiler.com/bot/ )"
174.129.52.153 - - [02/May/2010:19:35:42 -0400] "GET /flash.html HTTP/1.1" 403 273 "-" "Mozilla/5.0 (compatible; spbot/2.0.2; +http://www.seoprofiler.com/bot/ )"
95.108.128.241 - - [02/May/2010:21:21:59 -0400] "GET /?C=D;O=A HTTP/1.1" 200 3145 "-" "Yandex/1.01.001 (compatible; Win16; I)"
95.108.128.241 - - [02/May/2010:23:29:05 -0400] "GET /index.html HTTP/1.1" 404 269 "-" "Yandex/1.01.001 (compatible; Win16; I)"
95.108.128.241 - - [03/May/2010:01:36:12 -0400] "GET /photoshop.html HTTP/1.1" 403 277 "-" "Yandex/1.01.001 (compatible; Win16; I)"
66.249.71.82 - - [03/May/2010:03:36:37 -0400] "GET /robots.txt HTTP/1.1" 404 269 "-" "Googlebot-Image/1.0"
66.249.71.82 - - [03/May/2010:03:36:41 -0400] "GET /images/_portfolio/photoshop/fastco_building_sm.jpg HTTP/1.1" 403 313 "-" "Googlebot-Image/1.0"
66.249.71.82 - - [03/May/2010:08:32:16 -0400] "GET / HTTP/1.1" 200 3145 "-" "Mozilla/5.0 (compatible; Googlebot/2.1; +http://www.google.com/bot.html)"
95.108.128.241 - - [03/May/2010:09:24:21 -0400] "GET /?C=M;O=A HTTP/1.1" 200 3145 "-" "Yandex/1.01.001 (compatible; Win16; I)"
67.218.116.130 - - [03/May/2010:15:12:13 -0400] "GET /robots.txt HTTP/1.1" 404 269 "-" "Mozilla/5.0 (Twiceler-0.9 http://www.cuil.com/twiceler/robot.html)"
95.108.128.241 - - [03/May/2010:20:00:41 -0400] "GET /robots.txt HTTP/1.1" 404 269 "-" "Yandex/1.01.001 (compatible; Win16; I)"
95.108.128.241 - - [03/May/2010:22:57:48 -0400] "GET /pages.html HTTP/1.1" 403 273 "-" "Yandex/1.01.001 (compatible; Win16; I)"
207.46.199.178 - - [03/May/2010:23:10:41 -0400] "GET /robots.txt HTTP/1.1" 404 269 "-" "msnbot/2.0b (+http://search.msn.com/msnbot.htm)"
207.46.13.100 - - [04/May/2010:03:50:59 -0400] "GET /robots.txt HTTP/1.1" 404 269 "-" "msnbot/2.0b (+http://search.msn.com/msnbot.htm)"
207.46.13.100 - - [04/May/2010:03:51:59 -0400] "GET /email/origins.html HTTP/1.1" 404 277 "-" "msnbot/2.0b (+http://search.msn.com/msnbot.htm)"
95.108.128.241 - - [04/May/2010:08:31:10 -0400] "GET /formmail.php HTTP/1.1" 200 311 "-" "Yandex/1.01.001 (compatible; Win16; I)"
41.207.192.146 - - [04/May/2010:09:59:01 -0400] "GET / HTTP/1.1" 200 3145 "-" "Mozilla/4.0 (compatible; MSIE 6.0; Windows 98) XX"
207.46.204.227 - - [04/May/2010:10:11:22 -0400] "GET /robots.txt HTTP/1.1" 404 269 "-" "msnbot/2.0b (+http://search.msn.com/msnbot.htm)"
207.46.204.227 - - [04/May/2010:10:11:59 -0400] "GET /email/origins.html HTTP/1.1" 404 277 "-" "msnbot/2.0b (+http://search.msn.com/msnbot.htm)"
66.249.71.149 - - [04/May/2010:11:09:42 -0400] "GET /robots.txt HTTP/1.1" 404 269 "-" "Mozilla/5.0 (compatible; Googlebot/2.1; +http://www.google.com/bot.html)"
66.249.71.149 - - [04/May/2010:11:09:43 -0400] "GET / HTTP/1.1" 200 3145 "-" "Mozilla/5.0 (compatible; Googlebot/2.1; +http://www.google.com/bot.html)"
67.218.116.130 - - [04/May/2010:15:29:09 -0400] "GET /robots.txt HTTP/1.1" 404 269 "-" "Mozilla/5.0 (Twiceler-0.9 http://www.cuil.com/twiceler/robot.html)"
38.103.152.154 - - [04/May/2010:16:03:59 -0400] "GET / HTTP/1.1" 200 3145 "http://www.google.ca/search?q=jeb.ca&rls=com.microsoft:en-us&ie=UTF-8&oe=UTF-8&startIndex=&startPage=1&rlz=&redir_esc=&ei=bH3gS6-yBoGBlAfxkMTPCA" "Mozilla/4.0 (compatible; MSIE 7.0; Windows NT 5.1; GTB6; .NET CLR 2.0.50727; .NET CLR 1.1.4322; .NET CLR 3.0.04506.30; .NET CLR 3.0.04506.648; MS-RTC LM 8; .NET CLR 3.0.4506.2152; .NET CLR 3.5.30729)"
38.103.152.154 - - [04/May/2010:16:03:59 -0400] "GET /icons/folder.gif HTTP/1.1" 200 225 "http://alex.jeb.ca/" "Mozilla/4.0 (compatible; MSIE 7.0; Windows NT 5.1; GTB6; .NET CLR 2.0.50727; .NET CLR 1.1.4322; .NET CLR 3.0.04506.30; .NET CLR 3.0.04506.648; MS-RTC LM 8; .NET CLR 3.0.4506.2152; .NET CLR 3.5.30729)"
38.103.152.154 - - [04/May/2010:16:03:59 -0400] "GET /icons/unknown.gif HTTP/1.1" 200 245 "http://alex.jeb.ca/" "Mozilla/4.0 (compatible; MSIE 7.0; Windows NT 5.1; GTB6; .NET CLR 2.0.50727; .NET CLR 1.1.4322; .NET CLR 3.0.04506.30; .NET CLR 3.0.04506.648; MS-RTC LM 8; .NET CLR 3.0.4506.2152; .NET CLR 3.5.30729)"
38.103.152.154 - - [04/May/2010:16:03:59 -0400] "GET /icons/text.gif HTTP/1.1" 200 229 "http://alex.jeb.ca/" "Mozilla/4.0 (compatible; MSIE 7.0; Windows NT 5.1; GTB6; .NET CLR 2.0.50727; .NET CLR 1.1.4322; .NET CLR 3.0.04506.30; .NET CLR 3.0.04506.648; MS-RTC LM 8; .NET CLR 3.0.4506.2152; .NET CLR 3.5.30729)"
38.103.152.154 - - [04/May/2010:16:03:59 -0400] "GET /icons/image2.gif HTTP/1.1" 200 309 "http://alex.jeb.ca/" "Mozilla/4.0 (compatible; MSIE 7.0; Windows NT 5.1; GTB6; .NET CLR 2.0.50727; .NET CLR 1.1.4322; .NET CLR 3.0.04506.30; .NET CLR 3.0.04506.648; MS-RTC LM 8; .NET CLR 3.0.4506.2152; .NET CLR 3.5.30729)"
38.103.152.154 - - [04/May/2010:16:04:03 -0400] "GET /favicon.ico HTTP/1.1" 403 274 "http://alex.jeb.ca/" "Mozilla/4.0 (compatible; MSIE 7.0; Windows NT 5.1; GTB6; .NET CLR 2.0.50727; .NET CLR 1.1.4322; .NET CLR 3.0.04506.30; .NET CLR 3.0.04506.648; MS-RTC LM 8; .NET CLR 3.0.4506.2152; .NET CLR 3.5.30729)"
38.103.152.154 - - [04/May/2010:16:04:05 -0400] "GET /icons/blank.gif HTTP/1.1" 200 148 "http://alex.jeb.ca/" "Mozilla/4.0 (compatible; MSIE 7.0; Windows NT 5.1; GTB6; .NET CLR 2.0.50727; .NET CLR 1.1.4322; .NET CLR 3.0.04506.30; .NET CLR 3.0.04506.648; MS-RTC LM 8; .NET CLR 3.0.4506.2152; .NET CLR 3.5.30729)"
38.103.152.154 - - [04/May/2010:16:04:06 -0400] "GET /favicon.ico HTTP/1.1" 403 274 "-" "Mozilla/4.0 (compatible; MSIE 7.0; Windows NT 5.1; GTB6; .NET CLR 2.0.50727; .NET CLR 1.1.4322; .NET CLR 3.0.04506.30; .NET CLR 3.0.04506.648; MS-RTC LM 8; .NET CLR 3.0.4506.2152; .NET CLR 3.5.30729)"
38.103.152.154 - - [04/May/2010:16:04:07 -0400] "GET /contact.html HTTP/1.1" 403 275 "http://alex.jeb.ca/" "Mozilla/4.0 (compatible; MSIE 7.0; Windows NT 5.1; GTB6; .NET CLR 2.0.50727; .NET CLR 1.1.4322; .NET CLR 3.0.04506.30; .NET CLR 3.0.04506.648; MS-RTC LM 8; .NET CLR 3.0.4506.2152; .NET CLR 3.5.30729)"
38.103.152.154 - - [04/May/2010:16:04:09 -0400] "GET /flash.html HTTP/1.1" 403 273 "http://alex.jeb.ca/" "Mozilla/4.0 (compatible; MSIE 7.0; Windows NT 5.1; GTB6; .NET CLR 2.0.50727; .NET CLR 1.1.4322; .NET CLR 3.0.04506.30; .NET CLR 3.0.04506.648; MS-RTC LM 8; .NET CLR 3.0.4506.2152; .NET CLR 3.5.30729)"
38.103.152.154 - - [04/May/2010:16:04:11 -0400] "GET /home.swf HTTP/1.1" 403 271 "http://alex.jeb.ca/" "Mozilla/4.0 (compatible; MSIE 7.0; Windows NT 5.1; GTB6; .NET CLR 2.0.50727; .NET CLR 1.1.4322; .NET CLR 3.0.04506.30; .NET CLR 3.0.04506.648; MS-RTC LM 8; .NET CLR 3.0.4506.2152; .NET CLR 3.5.30729)"
38.103.152.154 - - [04/May/2010:16:04:14 -0400] "GET /logs/ HTTP/1.1" 200 769 "http://alex.jeb.ca/" "Mozilla/4.0 (compatible; MSIE 7.0; Windows NT 5.1; GTB6; .NET CLR 2.0.50727; .NET CLR 1.1.4322; .NET CLR 3.0.04506.30; .NET CLR 3.0.04506.648; MS-RTC LM 8; .NET CLR 3.0.4506.2152; .NET CLR 3.5.30729)"
38.103.152.154 - - [04/May/2010:16:04:14 -0400] "GET /icons/blank.gif HTTP/1.1" 304 - "http://alex.jeb.ca/logs/" "Mozilla/4.0 (compatible; MSIE 7.0; Windows NT 5.1; GTB6; .NET CLR 2.0.50727; .NET CLR 1.1.4322; .NET CLR 3.0.04506.30; .NET CLR 3.0.04506.648; MS-RTC LM 8; .NET CLR 3.0.4506.2152; .NET CLR 3.5.30729)"
38.103.152.154 - - [04/May/2010:16:04:14 -0400] "GET /icons/back.gif HTTP/1.1" 200 216 "http://alex.jeb.ca/logs/" "Mozilla/4.0 (compatible; MSIE 7.0; Windows NT 5.1; GTB6; .NET CLR 2.0.50727; .NET CLR 1.1.4322; .NET CLR 3.0.04506.30; .NET CLR 3.0.04506.648; MS-RTC LM 8; .NET CLR 3.0.4506.2152; .NET CLR 3.5.30729)"
38.103.152.154 - - [04/May/2010:16:04:14 -0400] "GET /icons/unknown.gif HTTP/1.1" 304 - "http://alex.jeb.ca/logs/" "Mozilla/4.0 (compatible; MSIE 7.0; Windows NT 5.1; GTB6; .NET CLR 2.0.50727; .NET CLR 1.1.4322; .NET CLR 3.0.04506.30; .NET CLR 3.0.04506.648; MS-RTC LM 8; .NET CLR 3.0.4506.2152; .NET CLR 3.5.30729)"
38.103.152.154 - - [04/May/2010:16:04:20 -0400] "GET /Harris_House/ HTTP/1.1" 200 4623 "http://alex.jeb.ca/" "Mozilla/4.0 (compatible; MSIE 7.0; Windows NT 5.1; GTB6; .NET CLR 2.0.50727; .NET CLR 1.1.4322; .NET CLR 3.0.04506.30; .NET CLR 3.0.04506.648; MS-RTC LM 8; .NET CLR 3.0.4506.2152; .NET CLR 3.5.30729)"
38.103.152.154 - - [04/May/2010:16:04:20 -0400] "GET /Harris_House/index.css HTTP/1.1" 200 2186 "http://alex.jeb.ca/Harris_House/" "Mozilla/4.0 (compatible; MSIE 7.0; Windows NT 5.1; GTB6; .NET CLR 2.0.50727; .NET CLR 1.1.4322; .NET CLR 3.0.04506.30; .NET CLR 3.0.04506.648; MS-RTC LM 8; .NET CLR 3.0.4506.2152; .NET CLR 3.5.30729)"
38.103.152.154 - - [04/May/2010:16:04:21 -0400] "GET /Harris_House/images/logo.gif HTTP/1.1" 200 1148 "http://alex.jeb.ca/Harris_House/" "Mozilla/4.0 (compatible; MSIE 7.0; Windows NT 5.1; GTB6; .NET CLR 2.0.50727; .NET CLR 1.1.4322; .NET CLR 3.0.04506.30; .NET CLR 3.0.04506.648; MS-RTC LM 8; .NET CLR 3.0.4506.2152; .NET CLR 3.5.30729)"
38.103.152.154 - - [04/May/2010:16:04:21 -0400] "GET /Harris_House/images/back_yard_sm.jpg HTTP/1.1" 200 6946 "http://alex.jeb.ca/Harris_House/" "Mozilla/4.0 (compatible; MSIE 7.0; Windows NT 5.1; GTB6; .NET CLR 2.0.50727; .NET CLR 1.1.4322; .NET CLR 3.0.04506.30; .NET CLR 3.0.04506.648; MS-RTC LM 8; .NET CLR 3.0.4506.2152; .NET CLR 3.5.30729)"
38.103.152.154 - - [04/May/2010:16:04:21 -0400] "GET /Harris_House/images/frontal_outdoor_view.jpg HTTP/1.1" 200 49263 "http://alex.jeb.ca/Harris_House/" "Mozilla/4.0 (compatible; MSIE 7.0; Windows NT 5.1; GTB6; .NET CLR 2.0.50727; .NET CLR 1.1.4322; .NET CLR 3.0.04506.30; .NET CLR 3.0.04506.648; MS-RTC LM 8; .NET CLR 3.0.4506.2152; .NET CLR 3.5.30729)"
38.103.152.154 - - [04/May/2010:16:04:21 -0400] "GET /Harris_House/images/frontal_outdoor_view_sm.jpg HTTP/1.1" 200 7663 "http://alex.jeb.ca/Harris_House/" "Mozilla/4.0 (compatible; MSIE 7.0; Windows NT 5.1; GTB6; .NET CLR 2.0.50727; .NET CLR 1.1.4322; .NET CLR 3.0.04506.30; .NET CLR 3.0.04506.648; MS-RTC LM 8; .NET CLR 3.0.4506.2152; .NET CLR 3.5.30729)"
38.103.152.154 - - [04/May/2010:16:04:21 -0400] "GET /Harris_House/images/curve_tl.gif HTTP/1.1" 200 330 "http://alex.jeb.ca/Harris_House/" "Mozilla/4.0 (compatible; MSIE 7.0; Windows NT 5.1; GTB6; .NET CLR 2.0.50727; .NET CLR 1.1.4322; .NET CLR 3.0.04506.30; .NET CLR 3.0.04506.648; MS-RTC LM 8; .NET CLR 3.0.4506.2152; .NET CLR 3.5.30729)"
38.103.152.154 - - [04/May/2010:16:04:21 -0400] "GET /Harris_House/images/curve_tr.gif HTTP/1.1" 200 331 "http://alex.jeb.ca/Harris_House/" "Mozilla/4.0 (compatible; MSIE 7.0; Windows NT 5.1; GTB6; .NET CLR 2.0.50727; .NET CLR 1.1.4322; .NET CLR 3.0.04506.30; .NET CLR 3.0.04506.648; MS-RTC LM 8; .NET CLR 3.0.4506.2152; .NET CLR 3.5.30729)"
38.103.152.154 - - [04/May/2010:16:04:21 -0400] "GET /Harris_House/images/curve_bl.gif HTTP/1.1" 200 329 "http://alex.jeb.ca/Harris_House/" "Mozilla/4.0 (compatible; MSIE 7.0; Windows NT 5.1; GTB6; .NET CLR 2.0.50727; .NET CLR 1.1.4322; .NET CLR 3.0.04506.30; .NET CLR 3.0.04506.648; MS-RTC LM 8; .NET CLR 3.0.4506.2152; .NET CLR 3.5.30729)"
38.103.152.154 - - [04/May/2010:16:04:21 -0400] "GET /Harris_House/images/curve_br.gif HTTP/1.1" 200 330 "http://alex.jeb.ca/Harris_House/" "Mozilla/4.0 (compatible; MSIE 7.0; Windows NT 5.1; GTB6; .NET CLR 2.0.50727; .NET CLR 1.1.4322; .NET CLR 3.0.04506.30; .NET CLR 3.0.04506.648; MS-RTC LM 8; .NET CLR 3.0.4506.2152; .NET CLR 3.5.30729)"
38.103.152.154 - - [04/May/2010:16:04:22 -0400] "GET /Harris_House/images/frontal_outdoor_view02_sm.jpg HTTP/1.1" 200 7461 "http://alex.jeb.ca/Harris_House/" "Mozilla/4.0 (compatible; MSIE 7.0; Windows NT 5.1; GTB6; .NET CLR 2.0.50727; .NET CLR 1.1.4322; .NET CLR 3.0.04506.30; .NET CLR 3.0.04506.648; MS-RTC LM 8; .NET CLR 3.0.4506.2152; .NET CLR 3.5.30729)"
38.103.152.154 - - [04/May/2010:16:04:32 -0400] "GET /raris_signature.gif HTTP/1.1" 403 282 "http://alex.jeb.ca/" "Mozilla/4.0 (compatible; MSIE 7.0; Windows NT 5.1; GTB6; .NET CLR 2.0.50727; .NET CLR 1.1.4322; .NET CLR 3.0.04506.30; .NET CLR 3.0.04506.648; MS-RTC LM 8; .NET CLR 3.0.4506.2152; .NET CLR 3.5.30729)"
38.103.152.154 - - [04/May/2010:16:04:36 -0400] "GET /pages.html HTTP/1.1" 403 273 "http://alex.jeb.ca/" "Mozilla/4.0 (compatible; MSIE 7.0; Windows NT 5.1; GTB6; .NET CLR 2.0.50727; .NET CLR 1.1.4322; .NET CLR 3.0.04506.30; .NET CLR 3.0.04506.648; MS-RTC LM 8; .NET CLR 3.0.4506.2152; .NET CLR 3.5.30729)"
38.103.152.154 - - [04/May/2010:16:04:38 -0400] "GET /top_nav.css HTTP/1.1" 403 274 "http://alex.jeb.ca/" "Mozilla/4.0 (compatible; MSIE 7.0; Windows NT 5.1; GTB6; .NET CLR 2.0.50727; .NET CLR 1.1.4322; .NET CLR 3.0.04506.30; .NET CLR 3.0.04506.648; MS-RTC LM 8; .NET CLR 3.0.4506.2152; .NET CLR 3.5.30729)"
66.249.71.149 - - [04/May/2010:16:36:51 -0400] "GET /icons/unknown.gif HTTP/1.1" 200 245 "-" "Googlebot-Image/1.0"
66.249.71.149 - - [04/May/2010:16:36:51 -0400] "GET /raris_signature.gif HTTP/1.1" 403 282 "-" "Googlebot-Image/1.0"
66.249.71.149 - - [04/May/2010:16:36:52 -0400] "GET /icons/text.gif HTTP/1.1" 200 229 "-" "Googlebot-Image/1.0"
66.249.71.149 - - [04/May/2010:16:41:44 -0400] "GET /Harris_House/ HTTP/1.1" 200 4623 "-" "Mozilla/5.0 (compatible; Googlebot/2.1; +http://www.google.com/bot.html)"
66.249.71.149 - - [04/May/2010:16:41:45 -0400] "GET /text_install.swf HTTP/1.1" 403 279 "-" "Mozilla/5.0 (compatible; Googlebot/2.1; +http://www.google.com/bot.html)"
66.249.71.149 - - [04/May/2010:16:41:45 -0400] "GET /Thumbs.db HTTP/1.1" 403 272 "-" "Mozilla/5.0 (compatible; Googlebot/2.1; +http://www.google.com/bot.html)"
66.249.71.149 - - [04/May/2010:16:41:46 -0400] "GET /text_design.swf HTTP/1.1" 403 278 "-" "Mozilla/5.0 (compatible; Googlebot/2.1; +http://www.google.com/bot.html)"
66.249.71.149 - - [04/May/2010:16:41:46 -0400] "GET /formmail.php HTTP/1.1" 200 311 "-" "Mozilla/5.0 (compatible; Googlebot/2.1; +http://www.google.com/bot.html)"
66.249.71.149 - - [04/May/2010:16:41:47 -0400] "GET /movie.swf HTTP/1.1" 403 272 "-" "Mozilla/5.0 (compatible; Googlebot/2.1; +http://www.google.com/bot.html)"
66.249.71.149 - - [04/May/2010:16:41:47 -0400] "GET /logs/ HTTP/1.1" 200 769 "-" "Mozilla/5.0 (compatible; Googlebot/2.1; +http://www.google.com/bot.html)"
66.249.71.149 - - [04/May/2010:16:44:20 -0400] "GET /icons/blank.gif HTTP/1.1" 200 148 "-" "Googlebot-Image/1.0"
66.249.71.149 - - [04/May/2010:16:46:16 -0400] "GET /favicon.ico HTTP/1.1" 403 274 "-" "Mozilla/5.0 (compatible; Googlebot/2.1; +http://www.google.com/bot.html)"
66.249.71.149 - - [04/May/2010:16:52:16 -0400] "GET /icons/image2.gif HTTP/1.1" 200 309 "-" "Googlebot-Image/1.0"
66.249.71.149 - - [04/May/2010:16:52:56 -0400] "GET /text_service.swf HTTP/1.1" 403 279 "-" "Mozilla/5.0 (compatible; Googlebot/2.1; +http://www.google.com/bot.html)"
66.249.71.149 - - [04/May/2010:16:59:15 -0400] "GET /circle_final.swf HTTP/1.1" 403 279 "-" "Mozilla/5.0 (compatible; Googlebot/2.1; +http://www.google.com/bot.html)"
66.249.71.149 - - [04/May/2010:17:00:22 -0400] "GET /icons/folder.gif HTTP/1.1" 200 225 "-" "Googlebot-Image/1.0"
66.249.71.149 - - [04/May/2010:17:06:01 -0400] "GET /jeb_signature.txt HTTP/1.1" 403 280 "-" "Mozilla/5.0 (compatible; Googlebot/2.1; +http://www.google.com/bot.html)"
66.249.71.149 - - [04/May/2010:18:12:40 -0400] "GET /Harris_House/contact.html HTTP/1.1" 200 5366 "-" "Mozilla/5.0 (compatible; Googlebot/2.1; +http://www.google.com/bot.html)"
66.249.71.149 - - [04/May/2010:18:12:41 -0400] "GET /Harris_House/property_details.html HTTP/1.1" 200 13937 "-" "Mozilla/5.0 (compatible; Googlebot/2.1; +http://www.google.com/bot.html)"
66.249.71.149 - - [04/May/2010:18:12:42 -0400] "GET /Harris_House/index.html HTTP/1.1" 200 4623 "-" "Mozilla/5.0 (compatible; Googlebot/2.1; +http://www.google.com/bot.html)"
66.249.71.149 - - [04/May/2010:18:12:42 -0400] "GET /Harris_House/commercial_details.html HTTP/1.1" 200 4464 "-" "Mozilla/5.0 (compatible; Googlebot/2.1; +http://www.google.com/bot.html)"
66.249.71.149 - - [04/May/2010:18:12:43 -0400] "GET /logs/error_log HTTP/1.1" 200 322980 "-" "Mozilla/5.0 (compatible; Googlebot/2.1; +http://www.google.com/bot.html)"
66.249.71.149 - - [04/May/2010:18:12:43 -0400] "GET /Harris_House/photo_tour.html HTTP/1.1" 200 3578 "-" "Mozilla/5.0 (compatible; Googlebot/2.1; +http://www.google.com/bot.html)"
66.249.71.149 - - [04/May/2010:18:12:44 -0400] "GET /logs/access_log HTTP/1.1" 200 1575451 "-" "Mozilla/5.0 (compatible; Googlebot/2.1; +http://www.google.com/bot.html)"
66.249.71.149 - - [04/May/2010:18:45:10 -0400] "GET /top_nav.css HTTP/1.1" 403 274 "-" "Mozilla/5.0 (compatible; Googlebot/2.1; +http://www.google.com/bot.html)"
66.249.71.149 - - [04/May/2010:18:45:11 -0400] "GET /main.js HTTP/1.1" 403 270 "-" "Mozilla/5.0 (compatible; Googlebot/2.1; +http://www.google.com/bot.html)"
66.249.71.149 - - [04/May/2010:18:45:11 -0400] "GET /images/right.gif HTTP/1.1" 403 279 "-" "Mozilla/5.0 (compatible; Googlebot/2.1; +http://www.google.com/bot.html)"
66.249.71.149 - - [04/May/2010:18:45:12 -0400] "GET /images/on_right.gif HTTP/1.1" 403 282 "-" "Mozilla/5.0 (compatible; Googlebot/2.1; +http://www.google.com/bot.html)"
66.249.71.149 - - [04/May/2010:18:45:12 -0400] "GET /images/left.gif HTTP/1.1" 403 278 "-" "Mozilla/5.0 (compatible; Googlebot/2.1; +http://www.google.com/bot.html)"
66.249.71.149 - - [04/May/2010:18:45:13 -0400] "GET /index.css HTTP/1.1" 403 272 "-" "Mozilla/5.0 (compatible; Googlebot/2.1; +http://www.google.com/bot.html)"
66.249.71.149 - - [04/May/2010:18:45:13 -0400] "GET /images/bg.gif HTTP/1.1" 403 276 "-" "Mozilla/5.0 (compatible; Googlebot/2.1; +http://www.google.com/bot.html)"
66.249.71.149 - - [04/May/2010:18:45:14 -0400] "GET /images/on_left.gif HTTP/1.1" 403 281 "-" "Mozilla/5.0 (compatible; Googlebot/2.1; +http://www.google.com/bot.html)"
66.249.71.149 - - [04/May/2010:18:45:15 -0400] "GET /icons/blank.gif HTTP/1.1" 200 148 "-" "Mozilla/5.0 (compatible; Googlebot/2.1; +http://www.google.com/bot.html)"
95.108.128.241 - - [04/May/2010:18:58:51 -0400] "GET /robots.txt HTTP/1.1" 404 269 "-" "Yandex/1.01.001 (compatible; Win16; I)"
66.249.71.149 - - [04/May/2010:19:42:18 -0400] "GET /Harris_House/rent.html HTTP/1.1" 200 4666 "-" "Mozilla/5.0 (compatible; Googlebot/2.1; +http://www.google.com/bot.html)"
66.249.71.149 - - [04/May/2010:19:42:19 -0400] "GET /Harris_House/rent-to-own.html HTTP/1.1" 200 4688 "-" "Mozilla/5.0 (compatible; Googlebot/2.1; +http://www.google.com/bot.html)"
95.108.128.241 - - [04/May/2010:23:57:47 -0400] "GET /Harris_House/ HTTP/1.1" 304 - "-" "Yandex/1.01.001 (compatible; Win16; I)"
207.46.199.185 - - [05/May/2010:01:28:37 -0400] "GET /robots.txt HTTP/1.1" 404 269 "-" "msnbot/2.0b (+http://search.msn.com/msnbot.htm)"
95.108.128.241 - - [05/May/2010:06:45:48 -0400] "GET /photoshop.html HTTP/1.1" 403 277 "-" "Yandex/1.01.001 (compatible; Win16; I)"
207.46.204.241 - - [05/May/2010:10:20:21 -0400] "GET /robots.txt HTTP/1.1" 404 269 "-" "msnbot/2.0b (+http://search.msn.com/msnbot.htm)"
207.46.204.241 - - [05/May/2010:10:20:56 -0400] "GET /email/origins.html HTTP/1.1" 404 277 "-" "msnbot/2.0b (+http://search.msn.com/msnbot.htm)"
66.249.71.149 - - [05/May/2010:11:12:07 -0400] "GET /robots.txt HTTP/1.1" 404 269 "-" "Mozilla/5.0 (compatible; Googlebot/2.1; +http://www.google.com/bot.html)"
66.249.71.149 - - [05/May/2010:11:12:07 -0400] "GET / HTTP/1.1" 200 3145 "-" "Mozilla/5.0 (compatible; Googlebot/2.1; +http://www.google.com/bot.html)"
66.249.71.149 - - [05/May/2010:13:04:11 -0400] "GET /images/_portfolio/web_pages/havlat_photography.gif HTTP/1.1" 403 313 "-" "Googlebot-Image/1.0"
66.249.71.149 - - [05/May/2010:14:37:25 -0400] "GET /images/_portfolio/print/cinema_ad_sm.gif HTTP/1.1" 403 303 "-" "Googlebot-Image/1.0"
67.218.116.130 - - [05/May/2010:15:24:46 -0400] "GET /robots.txt HTTP/1.1" 404 269 "-" "Mozilla/5.0 (Twiceler-0.9 http://www.cuil.com/twiceler/robot.html)"
95.108.128.241 - - [05/May/2010:23:13:17 -0400] "GET /robots.txt HTTP/1.1" 404 269 "-" "Yandex/1.01.001 (compatible; Win16; I)"
95.108.128.241 - - [06/May/2010:05:55:39 -0400] "GET /Thumbs.db HTTP/1.1" 403 272 "-" "Yandex/1.01.001 (compatible; Win16; I)"
207.46.13.84 - - [06/May/2010:06:43:32 -0400] "GET /robots.txt HTTP/1.1" 404 269 "-" "msnbot/2.0b (+http://search.msn.com/msnbot.htm)"
207.46.13.84 - - [06/May/2010:06:44:24 -0400] "GET /email/origins.html HTTP/1.1" 404 277 "-" "msnbot/2.0b (+http://search.msn.com/msnbot.htm)"
67.218.116.130 - - [06/May/2010:15:39:59 -0400] "GET /robots.txt HTTP/1.1" 404 269 "-" "Mozilla/5.0 (Twiceler-0.9 http://www.cuil.com/twiceler/robot.html)"
38.99.97.16 - - [06/May/2010:16:56:21 -0400] "GET /robots.txt HTTP/1.1" 404 269 "-" "Mozilla/5.0 (compatible; ScoutJet; +http://www.scoutjet.com/)"
38.99.97.16 - - [06/May/2010:16:56:22 -0400] "GET /email/origins.html HTTP/1.1" 404 277 "-" "Mozilla/5.0 (compatible; ScoutJet; +http://www.scoutjet.com/)"
38.99.97.16 - - [06/May/2010:16:56:22 -0400] "GET /favicon.ico HTTP/1.1" 403 274 "-" "Mozilla/5.0 (compatible; ScoutJet; +http://www.scoutjet.com/)"
95.108.128.241 - - [06/May/2010:17:48:38 -0400] "GET / HTTP/1.1" 200 3145 "-" "Yandex/1.01.001 (compatible; Win16; I)"
207.46.204.238 - - [06/May/2010:18:38:41 -0400] "GET /robots.txt HTTP/1.1" 404 269 "-" "msnbot/2.0b (+http://search.msn.com/msnbot.htm)"
207.46.204.238 - - [06/May/2010:18:39:26 -0400] "GET /email/origins.html HTTP/1.1" 404 277 "-" "msnbot/2.0b (+http://search.msn.com/msnbot.htm)"
95.108.128.241 - - [06/May/2010:22:39:07 -0400] "GET /robots.txt HTTP/1.1" 404 269 "-" "Yandex/1.01.001 (compatible; Win16; I)"
66.249.71.149 - - [07/May/2010:04:08:53 -0400] "GET /robots.txt HTTP/1.1" 404 269 "-" "Googlebot-Image/1.0"
66.249.71.149 - - [07/May/2010:04:08:53 -0400] "GET /images/_portfolio/illustrator/vine_alphabet_sm.gif HTTP/1.1" 403 313 "-" "Googlebot-Image/1.0"
95.108.128.241 - - [07/May/2010:04:26:00 -0400] "GET /?C=D;O=A HTTP/1.1" 200 3145 "-" "Yandex/1.01.001 (compatible; Win16; I)"
92.244.32.67 - - [07/May/2010:05:32:28 -0400] "GET /flash.html HTTP/1.1" 403 273 "http://www.google.pl/imgres?imgurl=http://alex.jeb.ca/images/_portfolio/flash/annimated_butterfly.gif&imgrefurl=http://alex.jeb.ca/flash.html&usg=__tNaqVupFHVpi2fP0IaPPNBcTjVM=&h=75&w=75&sz=1&hl=pl&start=393&um=1&itbs=1&tbnid=q9i2dvIuXdOzUM:&tbnh=71&tbnw=71&prev=/images%3Fq%3Danimated%2Bbutterfly%26start%3D380%26um%3D1%26hl%3Dpl%26sa%3DN%26rlz%3D1T4ADBF_enPL318PL318%26ndsp%3D20%26tbs%3Disch:1" "Mozilla/4.0 (compatible; MSIE 6.0; Windows NT 5.1; SV1; GTB6.4)"
92.244.32.67 - - [07/May/2010:05:32:29 -0400] "GET /images/_portfolio/flash/annimated_butterfly.gif HTTP/1.1" 403 310 "http://www.google.pl/imgres?imgurl=http://alex.jeb.ca/images/_portfolio/flash/annimated_butterfly.gif&imgrefurl=http://alex.jeb.ca/flash.html&usg=__tNaqVupFHVpi2fP0IaPPNBcTjVM=&h=75&w=75&sz=1&hl=pl&start=393&um=1&itbs=1&tbnid=q9i2dvIuXdOzUM:&tbnh=71&tbnw=71&prev=/images%3Fq%3Danimated%2Bbutterfly%26start%3D380%26um%3D1%26hl%3Dpl%26sa%3DN%26rlz%3D1T4ADBF_enPL318PL318%26ndsp%3D20%26tbs%3Disch:1" "Mozilla/4.0 (compatible; MSIE 6.0; Windows NT 5.1; SV1; GTB6.4)"
92.244.32.67 - - [07/May/2010:05:32:30 -0400] "GET /flash.html HTTP/1.1" 403 273 "http://www.google.pl/imgres?imgurl=http://alex.jeb.ca/images/_portfolio/flash/annimated_butterfly.gif&imgrefurl=http://alex.jeb.ca/flash.html&usg=__tNaqVupFHVpi2fP0IaPPNBcTjVM=&h=75&w=75&sz=1&hl=pl&start=393&um=1&itbs=1&tbnid=q9i2dvIuXdOzUM:&tbnh=71&tbnw=71&prev=/images%3Fq%3Danimated%2Bbutterfly%26start%3D380%26um%3D1%26hl%3Dpl%26sa%3DN%26rlz%3D1T4ADBF_enPL318PL318%26ndsp%3D20%26tbs%3Disch:1" "Mozilla/4.0 (compatible; MSIE 6.0; Windows NT 5.1; SV1; GTB6.4)"
95.108.128.241 - - [07/May/2010:09:30:34 -0400] "GET /email/origins.html HTTP/1.1" 404 277 "-" "Yandex/1.01.001 (compatible; Win16; I)"
207.46.13.45 - - [07/May/2010:13:28:23 -0400] "GET /robots.txt HTTP/1.1" 404 269 "-" "msnbot/2.0b (+http://search.msn.com/msnbot.htm)"
207.46.13.45 - - [07/May/2010:13:29:22 -0400] "GET /email/origins.html HTTP/1.1" 404 277 "-" "msnbot/2.0b (+http://search.msn.com/msnbot.htm)"
95.108.128.241 - - [07/May/2010:17:58:05 -0400] "GET /logs/ HTTP/1.1" 200 769 "-" "Yandex/1.01.001 (compatible; Win16; I)"
95.108.128.241 - - [07/May/2010:23:24:16 -0400] "GET /robots.txt HTTP/1.1" 404 269 "-" "Yandex/1.01.001 (compatible; Win16; I)"
67.218.116.130 - - [08/May/2010:00:26:33 -0400] "GET /robots.txt HTTP/1.1" 404 269 "-" "Mozilla/5.0 (Twiceler-0.9 http://www.cuil.com/twiceler/robot.html)"
95.108.128.241 - - [08/May/2010:07:16:22 -0400] "GET /?C=S;O=A HTTP/1.1" 200 3145 "-" "Yandex/1.01.001 (compatible; Win16; I)"
207.46.199.49 - - [08/May/2010:07:26:52 -0400] "GET /robots.txt HTTP/1.1" 404 269 "-" "msnbot/2.0b (+http://search.msn.com/msnbot.htm)"
207.46.199.49 - - [08/May/2010:07:27:49 -0400] "GET /email/origins.html HTTP/1.1" 404 277 "-" "msnbot/2.0b (+http://search.msn.com/msnbot.htm)"
207.46.199.185 - - [08/May/2010:09:22:29 -0400] "GET /robots.txt HTTP/1.1" 404 269 "-" "msnbot/2.0b (+http://search.msn.com/msnbot.htm)"
207.46.204.234 - - [08/May/2010:11:32:00 -0400] "GET /robots.txt HTTP/1.1" 404 269 "-" "msnbot/2.0b (+http://search.msn.com/msnbot.htm)"
207.46.204.234 - - [08/May/2010:11:32:48 -0400] "GET /email/origins.html HTTP/1.1" 404 277 "-" "msnbot/2.0b (+http://search.msn.com/msnbot.htm)"
66.249.71.149 - - [08/May/2010:12:00:39 -0400] "GET /robots.txt HTTP/1.1" 404 269 "-" "Googlebot-Image/1.0"
66.249.71.149 - - [08/May/2010:12:00:39 -0400] "GET /images/_portfolio/photoshop/telegraph_sm.gif HTTP/1.1" 403 307 "-" "Googlebot-Image/1.0"
95.108.128.241 - - [08/May/2010:16:42:07 -0400] "GET /Harris_House/ HTTP/1.1" 304 - "-" "Yandex/1.01.001 (compatible; Win16; I)"
207.46.199.48 - - [08/May/2010:20:23:52 -0400] "GET /robots.txt HTTP/1.1" 404 269 "-" "msnbot/2.0b (+http://search.msn.com/msnbot.htm)"
207.46.199.48 - - [08/May/2010:20:24:47 -0400] "GET /email/origins.html HTTP/1.1" 404 277 "-" "msnbot/2.0b (+http://search.msn.com/msnbot.htm)"
95.108.128.241 - - [09/May/2010:01:16:36 -0400] "GET /robots.txt HTTP/1.1" 404 269 "-" "Yandex/1.01.001 (compatible; Win16; I)"
66.249.71.149 - - [09/May/2010:04:00:32 -0400] "GET /robots.txt HTTP/1.1" 404 269 "-" "Mozilla/5.0 (compatible; Googlebot/2.1; +http://www.google.com/bot.html)"
66.249.71.149 - - [09/May/2010:04:00:32 -0400] "GET /logs/ HTTP/1.1" 200 769 "-" "Mozilla/5.0 (compatible; Googlebot/2.1; +http://www.google.com/bot.html)"
66.249.71.149 - - [09/May/2010:05:07:10 -0400] "GET /icons/back.gif HTTP/1.1" 200 216 "-" "Googlebot-Image/1.0"
66.249.71.149 - - [09/May/2010:06:41:13 -0400] "GET /email/origins.html HTTP/1.1" 404 277 "-" "Mozilla/5.0 (compatible; Googlebot/2.1; +http://www.google.com/bot.html)"
66.249.71.149 - - [09/May/2010:07:26:00 -0400] "GET /Harris_House/rent-to-own.html HTTP/1.1" 304 - "-" "Mozilla/5.0 (compatible; Googlebot/2.1; +http://www.google.com/bot.html)"
174.121.75.42 - - [09/May/2010:08:55:33 -0400] "GET /robots.txt HTTP/1.0" 404 269 "-" "GeoHasher/Nutch-1.0 (GeoHasher Web Search Engine; geohasher.gotdns.org; geo_hasher at yahoo * com)"
174.121.75.42 - - [09/May/2010:08:55:33 -0400] "GET /email/origins.html HTTP/1.0" 404 277 "-" "GeoHasher/Nutch-1.0 (GeoHasher Web Search Engine; geohasher.gotdns.org; geo_hasher at yahoo * com)"
95.108.128.241 - - [09/May/2010:10:37:48 -0400] "GET /?C=N;O=D HTTP/1.1" 200 3145 "-" "Yandex/1.01.001 (compatible; Win16; I)"
66.249.71.149 - - [09/May/2010:10:57:15 -0400] "GET /formmail.php HTTP/1.1" 200 311 "-" "Mozilla/5.0 (compatible; Googlebot/2.1; +http://www.google.com/bot.html)"
66.249.71.149 - - [09/May/2010:14:28:32 -0400] "GET /Harris_House/rent.html HTTP/1.1" 304 - "-" "Mozilla/5.0 (compatible; Googlebot/2.1; +http://www.google.com/bot.html)"
74.59.115.218 - - [09/May/2010:14:41:07 -0400] "GET /Harris_House/rent.html HTTP/1.1" 200 4666 "http://ca.mc1123.mail.yahoo.com/mc/welcome?.gx=1&.tm=1273409599&.rand=10vupkg40a6vb" "Mozilla/5.0 (Windows; U; Windows NT 6.1; en-US) AppleWebKit/532.5 (KHTML, like Gecko) Chrome/4.1.249.1064 Safari/532.5"
74.59.115.218 - - [09/May/2010:14:41:07 -0400] "GET /Harris_House/index.css HTTP/1.1" 200 2186 "http://alex.jeb.ca/Harris_House/rent.html" "Mozilla/5.0 (Windows; U; Windows NT 6.1; en-US) AppleWebKit/532.5 (KHTML, like Gecko) Chrome/4.1.249.1064 Safari/532.5"
74.59.115.218 - - [09/May/2010:14:41:08 -0400] "GET /Harris_House/images/logo.gif HTTP/1.1" 200 1148 "http://alex.jeb.ca/Harris_House/rent.html" "Mozilla/5.0 (Windows; U; Windows NT 6.1; en-US) AppleWebKit/532.5 (KHTML, like Gecko) Chrome/4.1.249.1064 Safari/532.5"
74.59.115.218 - - [09/May/2010:14:41:08 -0400] "GET /Harris_House/images/back_yard_sm.jpg HTTP/1.1" 200 6946 "http://alex.jeb.ca/Harris_House/rent.html" "Mozilla/5.0 (Windows; U; Windows NT 6.1; en-US) AppleWebKit/532.5 (KHTML, like Gecko) Chrome/4.1.249.1064 Safari/532.5"
74.59.115.218 - - [09/May/2010:14:41:08 -0400] "GET /Harris_House/images/frontal_outdoor_view02_sm.jpg HTTP/1.1" 200 7461 "http://alex.jeb.ca/Harris_House/rent.html" "Mozilla/5.0 (Windows; U; Windows NT 6.1; en-US) AppleWebKit/532.5 (KHTML, like Gecko) Chrome/4.1.249.1064 Safari/532.5"
74.59.115.218 - - [09/May/2010:14:41:08 -0400] "GET /Harris_House/images/frontal_outdoor_view_sm.jpg HTTP/1.1" 200 7663 "http://alex.jeb.ca/Harris_House/rent.html" "Mozilla/5.0 (Windows; U; Windows NT 6.1; en-US) AppleWebKit/532.5 (KHTML, like Gecko) Chrome/4.1.249.1064 Safari/532.5"
74.59.115.218 - - [09/May/2010:14:41:08 -0400] "GET /Harris_House/images/curve_tl.gif HTTP/1.1" 200 330 "http://alex.jeb.ca/Harris_House/rent.html" "Mozilla/5.0 (Windows; U; Windows NT 6.1; en-US) AppleWebKit/532.5 (KHTML, like Gecko) Chrome/4.1.249.1064 Safari/532.5"
74.59.115.218 - - [09/May/2010:14:41:08 -0400] "GET /Harris_House/images/curve_tr.gif HTTP/1.1" 200 331 "http://alex.jeb.ca/Harris_House/rent.html" "Mozilla/5.0 (Windows; U; Windows NT 6.1; en-US) AppleWebKit/532.5 (KHTML, like Gecko) Chrome/4.1.249.1064 Safari/532.5"
74.59.115.218 - - [09/May/2010:14:41:08 -0400] "GET /Harris_House/images/curve_bl.gif HTTP/1.1" 200 329 "http://alex.jeb.ca/Harris_House/rent.html" "Mozilla/5.0 (Windows; U; Windows NT 6.1; en-US) AppleWebKit/532.5 (KHTML, like Gecko) Chrome/4.1.249.1064 Safari/532.5"
74.59.115.218 - - [09/May/2010:14:41:08 -0400] "GET /Harris_House/images/curve_br.gif HTTP/1.1" 200 330 "http://alex.jeb.ca/Harris_House/rent.html" "Mozilla/5.0 (Windows; U; Windows NT 6.1; en-US) AppleWebKit/532.5 (KHTML, like Gecko) Chrome/4.1.249.1064 Safari/532.5"
74.59.115.218 - - [09/May/2010:14:41:08 -0400] "GET /Harris_House/images/frontal_outdoor_view.jpg HTTP/1.1" 200 49263 "http://alex.jeb.ca/Harris_House/rent.html" "Mozilla/5.0 (Windows; U; Windows NT 6.1; en-US) AppleWebKit/532.5 (KHTML, like Gecko) Chrome/4.1.249.1064 Safari/532.5"
74.59.115.218 - - [09/May/2010:14:41:08 -0400] "GET /favicon.ico HTTP/1.1" 403 274 "-" "Mozilla/5.0 (Windows; U; Windows NT 6.1; en-US) AppleWebKit/532.5 (KHTML, like Gecko) Chrome/4.1.249.1064 Safari/532.5"
74.59.115.218 - - [09/May/2010:14:41:22 -0400] "GET /Harris_House/contact.html HTTP/1.1" 200 5366 "http://alex.jeb.ca/Harris_House/rent.html" "Mozilla/5.0 (Windows; U; Windows NT 6.1; en-US) AppleWebKit/532.5 (KHTML, like Gecko) Chrome/4.1.249.1064 Safari/532.5"
74.59.115.218 - - [09/May/2010:14:41:22 -0400] "GET /Harris_House/images/remax_logo.gif HTTP/1.1" 200 1657 "http://alex.jeb.ca/Harris_House/contact.html" "Mozilla/5.0 (Windows; U; Windows NT 6.1; en-US) AppleWebKit/532.5 (KHTML, like Gecko) Chrome/4.1.249.1064 Safari/532.5"
74.59.115.218 - - [09/May/2010:14:41:22 -0400] "GET /Harris_House/images/LGallagher.jpg HTTP/1.1" 200 6270 "http://alex.jeb.ca/Harris_House/contact.html" "Mozilla/5.0 (Windows; U; Windows NT 6.1; en-US) AppleWebKit/532.5 (KHTML, like Gecko) Chrome/4.1.249.1064 Safari/532.5"
74.59.115.218 - - [09/May/2010:14:41:22 -0400] "GET /Harris_House/images/PMGraham.jpg HTTP/1.1" 200 3249 "http://alex.jeb.ca/Harris_House/contact.html" "Mozilla/5.0 (Windows; U; Windows NT 6.1; en-US) AppleWebKit/532.5 (KHTML, like Gecko) Chrome/4.1.249.1064 Safari/532.5"
74.59.115.218 - - [09/May/2010:14:41:22 -0400] "GET /favicon.ico HTTP/1.1" 403 274 "-" "Mozilla/5.0 (Windows; U; Windows NT 6.1; en-US) AppleWebKit/532.5 (KHTML, like Gecko) Chrome/4.1.249.1064 Safari/532.5"
74.59.115.218 - - [09/May/2010:14:41:56 -0400] "GET /Harris_House/photo_tour.html HTTP/1.1" 200 3578 "http://alex.jeb.ca/Harris_House/contact.html" "Mozilla/5.0 (Windows; U; Windows NT 6.1; en-US) AppleWebKit/532.5 (KHTML, like Gecko) Chrome/4.1.249.1064 Safari/532.5"
74.59.115.218 - - [09/May/2010:14:41:59 -0400] "GET /favicon.ico HTTP/1.1" 403 274 "-" "Mozilla/5.0 (Windows; U; Windows NT 6.1; en-US) AppleWebKit/532.5 (KHTML, like Gecko) Chrome/4.1.249.1064 Safari/532.5"
74.59.115.218 - - [09/May/2010:14:42:19 -0400] "GET / HTTP/1.1" 200 3145 "-" "Mozilla/5.0 (Windows; U; Windows NT 6.1; en-US) AppleWebKit/532.5 (KHTML, like Gecko) Chrome/4.1.249.1064 Safari/532.5"
74.59.115.218 - - [09/May/2010:14:42:19 -0400] "GET /icons/blank.gif HTTP/1.1" 200 148 "http://alex.jeb.ca/" "Mozilla/5.0 (Windows; U; Windows NT 6.1; en-US) AppleWebKit/532.5 (KHTML, like Gecko) Chrome/4.1.249.1064 Safari/532.5"
74.59.115.218 - - [09/May/2010:14:42:19 -0400] "GET /icons/folder.gif HTTP/1.1" 200 225 "http://alex.jeb.ca/" "Mozilla/5.0 (Windows; U; Windows NT 6.1; en-US) AppleWebKit/532.5 (KHTML, like Gecko) Chrome/4.1.249.1064 Safari/532.5"
74.59.115.218 - - [09/May/2010:14:42:19 -0400] "GET /icons/unknown.gif HTTP/1.1" 200 245 "http://alex.jeb.ca/" "Mozilla/5.0 (Windows; U; Windows NT 6.1; en-US) AppleWebKit/532.5 (KHTML, like Gecko) Chrome/4.1.249.1064 Safari/532.5"
74.59.115.218 - - [09/May/2010:14:42:19 -0400] "GET /icons/text.gif HTTP/1.1" 200 229 "http://alex.jeb.ca/" "Mozilla/5.0 (Windows; U; Windows NT 6.1; en-US) AppleWebKit/532.5 (KHTML, like Gecko) Chrome/4.1.249.1064 Safari/532.5"
74.59.115.218 - - [09/May/2010:14:42:19 -0400] "GET /icons/image2.gif HTTP/1.1" 200 309 "http://alex.jeb.ca/" "Mozilla/5.0 (Windows; U; Windows NT 6.1; en-US) AppleWebKit/532.5 (KHTML, like Gecko) Chrome/4.1.249.1064 Safari/532.5"
74.59.115.218 - - [09/May/2010:14:42:19 -0400] "GET /favicon.ico HTTP/1.1" 403 274 "-" "Mozilla/5.0 (Windows; U; Windows NT 6.1; en-US) AppleWebKit/532.5 (KHTML, like Gecko) Chrome/4.1.249.1064 Safari/532.5"
207.46.199.198 - - [09/May/2010:15:25:49 -0400] "GET /robots.txt HTTP/1.1" 404 269 "-" "msnbot/2.0b (+http://search.msn.com/msnbot.htm)"
67.218.116.130 - - [09/May/2010:15:30:47 -0400] "GET /robots.txt HTTP/1.1" 404 269 "-" "Mozilla/5.0 (Twiceler-0.9 http://www.cuil.com/twiceler/robot.html)"
95.108.128.241 - - [09/May/2010:16:41:04 -0400] "GET /Thumbs.db HTTP/1.1" 403 272 "-" "Yandex/1.01.001 (compatible; Win16; I)"
66.249.71.149 - - [09/May/2010:17:59:49 -0400] "GET /robots.txt HTTP/1.1" 404 269 "-" "Mozilla/5.0 (compatible; Googlebot/2.1; +http://www.google.com/bot.html)"
66.249.71.149 - - [09/May/2010:17:59:49 -0400] "GET /Harris_House/photo_tour.html HTTP/1.1" 304 - "-" "Mozilla/5.0 (compatible; Googlebot/2.1; +http://www.google.com/bot.html)"
66.249.71.149 - - [09/May/2010:21:30:20 -0400] "GET /Harris_House/commercial_details.html HTTP/1.1" 304 - "-" "Mozilla/5.0 (compatible; Googlebot/2.1; +http://www.google.com/bot.html)"
66.249.71.149 - - [09/May/2010:22:36:50 -0400] "GET /images/_portfolio/flash/annimated_butterfly.gif HTTP/1.1" 403 310 "-" "Googlebot-Image/1.0"
66.249.71.149 - - [10/May/2010:01:01:54 -0400] "GET / HTTP/1.1" 200 3145 "-" "Mozilla/5.0 (compatible; Googlebot/2.1; +http://www.google.com/bot.html)"
184.73.9.35 - - [10/May/2010:01:25:53 -0400] "GET /robots.txt HTTP/1.1" 404 269 "-" "Mozilla/5.0 (compatible; spbot/2.0.2; +http://www.seoprofiler.com/bot/ )"
184.73.9.35 - - [10/May/2010:01:25:53 -0400] "GET /contact.html HTTP/1.1" 403 275 "-" "Mozilla/5.0 (compatible; spbot/2.0.2; +http://www.seoprofiler.com/bot/ )"
95.108.128.241 - - [10/May/2010:01:43:33 -0400] "GET /robots.txt HTTP/1.1" 404 269 "-" "Yandex/1.01.001 (compatible; Win16; I)"
207.46.195.236 - - [10/May/2010:03:04:20 -0400] "GET /robots.txt HTTP/1.1" 404 269 "-" "msnbot/2.0b (+http://search.msn.com/msnbot.htm)"
207.46.195.236 - - [10/May/2010:03:05:11 -0400] "GET /email/origins.html HTTP/1.1" 404 277 "-" "msnbot/2.0b (+http://search.msn.com/msnbot.htm)"
66.249.71.149 - - [10/May/2010:04:15:48 -0400] "GET /images/_portfolio/flash/rotating_circles.gif HTTP/1.1" 403 307 "-" "Googlebot-Image/1.0"
66.249.71.149 - - [10/May/2010:09:55:31 -0400] "GET /robots.txt HTTP/1.1" 404 269 "-" "Googlebot-Image/1.0"
66.249.71.149 - - [10/May/2010:09:55:31 -0400] "GET /images/_portfolio/photoshop/fulfillment_banner_sm.jpg HTTP/1.1" 403 316 "-" "Googlebot-Image/1.0"
38.103.152.154 - - [10/May/2010:10:53:10 -0400] "GET /test/ HTTP/1.1" 403 268 "-" "Mozilla/5.0 (Windows; U; Windows NT 5.1; en-US; rv:1.9.2.3) Gecko/20100401 Firefox/3.6.3 ( .NET CLR 3.5.30729)"
38.103.152.154 - - [10/May/2010:10:53:10 -0400] "GET /favicon.ico HTTP/1.1" 403 274 "-" "Mozilla/5.0 (Windows; U; Windows NT 5.1; en-US; rv:1.9.2.3) Gecko/20100401 Firefox/3.6.3 ( .NET CLR 3.5.30729)"
38.103.152.154 - - [10/May/2010:10:53:13 -0400] "GET /favicon.ico HTTP/1.1" 403 274 "-" "Mozilla/5.0 (Windows; U; Windows NT 5.1; en-US; rv:1.9.2.3) Gecko/20100401 Firefox/3.6.3 ( .NET CLR 3.5.30729)"
