76.74.194.91 - - [12/May/2009:22:06:36 -0400] "GET /images/_portfolio/web_pages/email.gif HTTP/1.1" 200 1686 "http://alex.jeb.ca/pages.html" "Mozilla/5.0 (iPhone; U; CPU iPhone OS 2_2_1 like Mac OS X; en-us) AppleWebKit/525.18.1 (KHTML, like Gecko) Version/3.1.1 Mobile/5H11 Safari/525.20"
76.74.194.91 - - [12/May/2009:22:06:36 -0400] "GET /images/_portfolio/web_pages/havlat_photography.gif HTTP/1.1" 200 1001 "http://alex.jeb.ca/pages.html" "Mozilla/5.0 (iPhone; U; CPU iPhone OS 2_2_1 like Mac OS X; en-us) AppleWebKit/525.18.1 (KHTML, like Gecko) Version/3.1.1 Mobile/5H11 Safari/525.20"
76.74.194.91 - - [12/May/2009:22:06:36 -0400] "GET /images/_portfolio/web_pages/html.gif HTTP/1.1" 200 1774 "http://alex.jeb.ca/pages.html" "Mozilla/5.0 (iPhone; U; CPU iPhone OS 2_2_1 like Mac OS X; en-us) AppleWebKit/525.18.1 (KHTML, like Gecko) Version/3.1.1 Mobile/5H11 Safari/525.20"
76.74.194.91 - - [12/May/2009:22:06:52 -0400] "GET /golf_quiz HTTP/1.1" 404 268 "http://alex.jeb.ca/pages.html" "Mozilla/5.0 (iPhone; U; CPU iPhone OS 2_2_1 like Mac OS X; en-us) AppleWebKit/525.18.1 (KHTML, like Gecko) Version/3.1.1 Mobile/5H11 Safari/525.20"
66.249.71.170 - - [12/May/2009:22:58:56 -0400] "GET /images/_portfolio/illustrator/wine_label_sm.gif HTTP/1.1" 304 - "-" "Googlebot-Image/1.0"
61.89.221.96 - - [13/May/2009:07:46:19 -0400] "GET /pages.html HTTP/1.0" 200 4692 "-" "Mozilla/4.0 (compatible; MSIE 6.0; Windows NT 5.1; SV1)"
202.54.61.101 - - [13/May/2009:07:46:45 -0400] "GET /index.html HTTP/1.1" 200 1984 "-" "Mozilla/4.0 (compatible; MSIE 6.0; Windows NT 5.1; SV1)"
202.54.61.101 - - [13/May/2009:07:46:46 -0400] "GET /illustrator.html HTTP/1.1" 200 6612 "-" "Mozilla/4.0 (compatible; MSIE 6.0; Windows NT 5.1; SV1)"
202.54.61.101 - - [13/May/2009:07:46:51 -0400] "GET /flash.html HTTP/1.1" 200 4756 "-" "Mozilla/4.0 (compatible; MSIE 6.0; Windows NT 5.1; SV1)"
202.54.61.101 - - [13/May/2009:07:46:59 -0400] "GET /photoshop.html HTTP/1.1" 200 7709 "-" "Mozilla/4.0 (compatible; MSIE 6.0; Windows NT 5.1; SV1)"
219.51.228.131 - - [13/May/2009:07:47:49 -0400] "GET /photoshop.html HTTP/1.0" 200 7709 "-" "Mozilla/4.0 (compatible; MSIE 6.0; Windows NT 5.1; SV1)"
221.130.193.14 - - [13/May/2009:07:47:56 -0400] "GET /print.html HTTP/1.1" 200 4324 "-" "Mozilla/4.0 (compatible; MSIE 6.0; Windows NT 5.1; SV1)"
221.130.193.14 - - [13/May/2009:07:48:06 -0400] "GET /contact.html HTTP/1.1" 200 6927 "-" "Mozilla/4.0 (compatible; MSIE 6.0; Windows NT 5.1; SV1)"
221.130.193.14 - - [13/May/2009:07:48:11 -0400] "POST /formmail.php HTTP/1.1" 200 355 "http://alex.jeb.ca/contact.html" "Mozilla/4.0 (compatible; MSIE 6.0; Windows NT 5.1; SV1)"
77.90.255.4 - - [13/May/2009:09:35:03 -0400] "GET /illustrator.html HTTP/1.1" 200 6612 "http://www.google.com.ua/search?hl=ru&client=firefox-a&rls=org.mozilla%3Aru%3Aofficial&q=illustrator+works+portfolio&btnG=%D0%9F%D0%BE%D0%B8%D1%81%D0%BA&meta=" "Mozilla/5.0 (Windows; U; Windows NT 5.1; ru; rv:1.9.0.10) Gecko/2009042316 Firefox/3.0.10"
77.90.255.4 - - [13/May/2009:09:35:05 -0400] "GET /top_nav.css HTTP/1.1" 200 841 "http://alex.jeb.ca/illustrator.html" "Mozilla/5.0 (Windows; U; Windows NT 5.1; ru; rv:1.9.0.10) Gecko/2009042316 Firefox/3.0.10"
77.90.255.4 - - [13/May/2009:09:35:05 -0400] "GET /index.css HTTP/1.1" 200 962 "http://alex.jeb.ca/illustrator.html" "Mozilla/5.0 (Windows; U; Windows NT 5.1; ru; rv:1.9.0.10) Gecko/2009042316 Firefox/3.0.10"
77.90.255.4 - - [13/May/2009:09:35:05 -0400] "GET /main.js HTTP/1.1" 200 5103 "http://alex.jeb.ca/illustrator.html" "Mozilla/5.0 (Windows; U; Windows NT 5.1; ru; rv:1.9.0.10) Gecko/2009042316 Firefox/3.0.10"
77.90.255.4 - - [13/May/2009:09:35:07 -0400] "GET /favicon.ico HTTP/1.1" 200 1150 "-" "Mozilla/5.0 (Windows; U; Windows NT 5.1; ru; rv:1.9.0.10) Gecko/2009042316 Firefox/3.0.10"
77.90.255.4 - - [13/May/2009:09:35:22 -0400] "GET /images/bg.gif HTTP/1.1" 200 519 "http://alex.jeb.ca/top_nav.css" "Mozilla/5.0 (Windows; U; Windows NT 5.1; ru; rv:1.9.0.10) Gecko/2009042316 Firefox/3.0.10"
77.90.255.4 - - [13/May/2009:09:35:22 -0400] "GET /images/right.gif HTTP/1.1" 200 1986 "http://alex.jeb.ca/top_nav.css" "Mozilla/5.0 (Windows; U; Windows NT 5.1; ru; rv:1.9.0.10) Gecko/2009042316 Firefox/3.0.10"
77.90.255.4 - - [13/May/2009:09:35:22 -0400] "GET /images/left.gif HTTP/1.1" 200 493 "http://alex.jeb.ca/top_nav.css" "Mozilla/5.0 (Windows; U; Windows NT 5.1; ru; rv:1.9.0.10) Gecko/2009042316 Firefox/3.0.10"
77.90.255.4 - - [13/May/2009:09:35:23 -0400] "GET /images/_portfolio/illustrator/venus_butterfly_flyer_sm.gif HTTP/1.1" 200 856 "http://alex.jeb.ca/illustrator.html" "Mozilla/5.0 (Windows; U; Windows NT 5.1; ru; rv:1.9.0.10) Gecko/2009042316 Firefox/3.0.10"
77.90.255.4 - - [13/May/2009:09:35:23 -0400] "GET /images/_portfolio/illustrator/maple_leaf_sm.gif HTTP/1.1" 200 897 "http://alex.jeb.ca/illustrator.html" "Mozilla/5.0 (Windows; U; Windows NT 5.1; ru; rv:1.9.0.10) Gecko/2009042316 Firefox/3.0.10"
77.90.255.4 - - [13/May/2009:09:35:23 -0400] "GET /images/_portfolio/illustrator/fleur_de_lis_sm.gif HTTP/1.1" 200 960 "http://alex.jeb.ca/illustrator.html" "Mozilla/5.0 (Windows; U; Windows NT 5.1; ru; rv:1.9.0.10) Gecko/2009042316 Firefox/3.0.10"
77.90.255.4 - - [13/May/2009:09:35:23 -0400] "GET /images/_portfolio/illustrator/vine_alphabet_sm.gif HTTP/1.1" 200 642 "http://alex.jeb.ca/illustrator.html" "Mozilla/5.0 (Windows; U; Windows NT 5.1; ru; rv:1.9.0.10) Gecko/2009042316 Firefox/3.0.10"
77.90.255.4 - - [13/May/2009:09:35:23 -0400] "GET /images/_portfolio/illustrator/pineapples_sm.gif HTTP/1.1" 200 1972 "http://alex.jeb.ca/illustrator.html" "Mozilla/5.0 (Windows; U; Windows NT 5.1; ru; rv:1.9.0.10) Gecko/2009042316 Firefox/3.0.10"
77.90.255.4 - - [13/May/2009:09:35:23 -0400] "GET /images/_portfolio/illustrator/castle_drawing_sm.gif HTTP/1.1" 200 748 "http://alex.jeb.ca/illustrator.html" "Mozilla/5.0 (Windows; U; Windows NT 5.1; ru; rv:1.9.0.10) Gecko/2009042316 Firefox/3.0.10"
77.90.255.4 - - [13/May/2009:09:35:23 -0400] "GET /images/_portfolio/illustrator/women_flowers_sm.gif HTTP/1.1" 200 2504 "http://alex.jeb.ca/illustrator.html" "Mozilla/5.0 (Windows; U; Windows NT 5.1; ru; rv:1.9.0.10) Gecko/2009042316 Firefox/3.0.10"
77.90.255.4 - - [13/May/2009:09:35:23 -0400] "GET /images/_portfolio/illustrator/wine_label_sm.gif HTTP/1.1" 200 1240 "http://alex.jeb.ca/illustrator.html" "Mozilla/5.0 (Windows; U; Windows NT 5.1; ru; rv:1.9.0.10) Gecko/2009042316 Firefox/3.0.10"
77.90.255.4 - - [13/May/2009:09:35:23 -0400] "GET /images/_portfolio/illustrator/01_graph_sm.gif HTTP/1.1" 200 2115 "http://alex.jeb.ca/illustrator.html" "Mozilla/5.0 (Windows; U; Windows NT 5.1; ru; rv:1.9.0.10) Gecko/2009042316 Firefox/3.0.10"
77.90.255.4 - - [13/May/2009:09:35:23 -0400] "GET /images/_portfolio/illustrator/02_graph_sm.gif HTTP/1.1" 200 1405 "http://alex.jeb.ca/illustrator.html" "Mozilla/5.0 (Windows; U; Windows NT 5.1; ru; rv:1.9.0.10) Gecko/2009042316 Firefox/3.0.10"
66.249.71.170 - - [13/May/2009:12:49:11 -0400] "GET /robots.txt HTTP/1.1" 404 269 "-" "Mozilla/5.0 (compatible; Googlebot/2.1; +http://www.google.com/bot.html)"
66.249.71.170 - - [13/May/2009:12:49:11 -0400] "GET / HTTP/1.1" 304 - "-" "Mozilla/5.0 (compatible; Googlebot/2.1; +http://www.google.com/bot.html)"
219.142.53.28 - - [13/May/2009:18:20:45 -0400] "GET /robots.txt HTTP/1.0" 404 269 "-" "librabot/1.0 (+http://search.msn.com/msnbot.htm)"
219.142.53.19 - - [13/May/2009:18:20:46 -0400] "GET /email/origins.html HTTP/1.0" 404 277 "-" "librabot/1.0 (+http://search.msn.com/msnbot.htm)"
216.129.119.15 - - [14/May/2009:00:00:01 -0400] "GET /robots.txt HTTP/1.0" 404 269 "-" "Mozilla/5.0 (Twiceler-0.9 http://www.cuil.com/twiceler/robot.html)"
66.249.71.170 - - [15/May/2009:08:39:08 -0400] "GET /robots.txt HTTP/1.1" 404 269 "-" "Mozilla/5.0 (compatible; Googlebot/2.1; +http://www.google.com/bot.html)"
66.249.71.170 - - [15/May/2009:08:39:08 -0400] "GET / HTTP/1.1" 200 1984 "-" "Mozilla/5.0 (compatible; Googlebot/2.1; +http://www.google.com/bot.html)"
217.212.224.183 - - [15/May/2009:17:07:28 -0400] "GET /robots.txt HTTP/1.0" 404 269 "-" "psbot/0.1 (+http://www.picsearch.com/bot.html)"
217.212.224.181 - - [15/May/2009:17:07:28 -0400] "GET /flash.html HTTP/1.0" 200 4756 "-" "psbot/0.1 (+http://www.picsearch.com/bot.html)"
216.129.119.15 - - [15/May/2009:18:23:25 -0400] "GET /robots.txt HTTP/1.0" 404 269 "-" "Mozilla/5.0 (Twiceler-0.9 http://www.cuil.com/twiceler/robot.html)"
217.212.224.183 - - [15/May/2009:19:10:01 -0400] "GET /robots.txt HTTP/1.0" 404 269 "-" "psbot/0.1 (+http://www.picsearch.com/bot.html)"
217.212.224.181 - - [15/May/2009:19:10:01 -0400] "GET /photoshop.html HTTP/1.0" 200 7709 "-" "psbot/0.1 (+http://www.picsearch.com/bot.html)"
66.249.71.170 - - [16/May/2009:04:18:14 -0400] "GET /robots.txt HTTP/1.1" 404 269 "-" "Mozilla/5.0 (compatible; Googlebot/2.1; +http://www.google.com/bot.html)"
66.249.71.170 - - [16/May/2009:04:18:14 -0400] "GET /email/origins.html HTTP/1.1" 404 277 "-" "Mozilla/5.0 (compatible; Googlebot/2.1; +http://www.google.com/bot.html)"
205.134.245.2 - - [16/May/2009:06:51:25 -0400] "GET / HTTP/1.0" 200 1984 "-" "Mozilla/4.0 (compatible; MSIE 7.0; Windows NT 5.1; .NET CLR 2.0.50727; .NET CLR 1.1.4322)"
205.134.245.2 - - [16/May/2009:06:51:25 -0400] "GET /print.html HTTP/1.0" 200 4324 "-" "Mozilla/4.0 (compatible; MSIE 7.0; Windows NT 5.1; .NET CLR 2.0.50727; .NET CLR 1.1.4322)"
205.134.245.2 - - [16/May/2009:06:51:25 -0400] "GET /index.html HTTP/1.0" 200 1984 "-" "Mozilla/4.0 (compatible; MSIE 7.0; Windows NT 5.1; .NET CLR 2.0.50727; .NET CLR 1.1.4322)"
205.134.245.2 - - [16/May/2009:06:51:25 -0400] "GET /photoshop.html HTTP/1.0" 200 7709 "-" "Mozilla/4.0 (compatible; MSIE 7.0; Windows NT 5.1; .NET CLR 2.0.50727; .NET CLR 1.1.4322)"
205.134.245.2 - - [16/May/2009:06:51:26 -0400] "GET /pages.html HTTP/1.0" 200 4692 "-" "Mozilla/4.0 (compatible; MSIE 7.0; Windows NT 5.1; .NET CLR 2.0.50727; .NET CLR 1.1.4322)"
205.134.245.2 - - [16/May/2009:06:51:26 -0400] "GET /contact.html HTTP/1.0" 200 6927 "-" "Mozilla/4.0 (compatible; MSIE 7.0; Windows NT 5.1; .NET CLR 2.0.50727; .NET CLR 1.1.4322)"
205.134.245.2 - - [16/May/2009:06:51:26 -0400] "GET /flash.html HTTP/1.0" 200 4756 "-" "Mozilla/4.0 (compatible; MSIE 7.0; Windows NT 5.1; .NET CLR 2.0.50727; .NET CLR 1.1.4322)"
205.134.245.2 - - [16/May/2009:06:51:27 -0400] "GET /illustrator.html HTTP/1.0" 200 6612 "-" "Mozilla/4.0 (compatible; MSIE 7.0; Windows NT 5.1; .NET CLR 2.0.50727; .NET CLR 1.1.4322)"
216.129.119.15 - - [16/May/2009:14:46:36 -0400] "GET /robots.txt HTTP/1.0" 404 269 "-" "Mozilla/5.0 (Twiceler-0.9 http://www.cuil.com/twiceler/robot.html)"
65.55.106.135 - - [16/May/2009:20:38:33 -0400] "GET /robots.txt HTTP/1.1" 404 269 "-" "msnbot/2.0b (+http://search.msn.com/msnbot.htm)"
66.249.71.170 - - [17/May/2009:00:51:28 -0400] "GET /robots.txt HTTP/1.1" 404 269 "-" "Mozilla/5.0 (compatible; Googlebot/2.1; +http://www.google.com/bot.html)"
66.249.71.170 - - [17/May/2009:00:51:28 -0400] "GET / HTTP/1.1" 304 - "-" "Mozilla/5.0 (compatible; Googlebot/2.1; +http://www.google.com/bot.html)"
65.55.106.142 - - [17/May/2009:06:45:15 -0400] "GET /robots.txt HTTP/1.1" 404 269 "-" "msnbot/2.0b (+http://search.msn.com/msnbot.htm)"
216.129.119.15 - - [17/May/2009:11:38:02 -0400] "GET /robots.txt HTTP/1.0" 404 269 "-" "Mozilla/5.0 (Twiceler-0.9 http://www.cuil.com/twiceler/robot.html)"
65.55.106.142 - - [17/May/2009:12:30:55 -0400] "GET /robots.txt HTTP/1.1" 404 269 "-" "msnbot/2.0b (+http://search.msn.com/msnbot.htm)"
216.129.119.15 - - [18/May/2009:11:49:19 -0400] "GET /robots.txt HTTP/1.0" 404 269 "-" "Mozilla/5.0 (Twiceler-0.9 http://www.cuil.com/twiceler/robot.html)"
66.249.71.170 - - [18/May/2009:13:19:30 -0400] "GET /robots.txt HTTP/1.1" 404 269 "-" "Mozilla/5.0 (compatible; Googlebot/2.1; +http://www.google.com/bot.html)"
66.249.71.170 - - [18/May/2009:13:19:30 -0400] "GET / HTTP/1.1" 200 1984 "-" "Mozilla/5.0 (compatible; Googlebot/2.1; +http://www.google.com/bot.html)"
66.249.71.170 - - [18/May/2009:13:37:42 -0400] "GET / HTTP/1.1" 304 - "-" "Mozilla/5.0 (compatible; Googlebot/2.1; +http://www.google.com/bot.html)"
216.129.119.15 - - [19/May/2009:12:00:30 -0400] "GET /robots.txt HTTP/1.0" 404 269 "-" "Mozilla/5.0 (Twiceler-0.9 http://www.cuil.com/twiceler/robot.html)"
66.249.71.170 - - [19/May/2009:21:49:45 -0400] "GET /robots.txt HTTP/1.1" 404 269 "-" "Mozilla/5.0 (compatible; Googlebot/2.1; +http://www.google.com/bot.html)"
66.249.71.170 - - [19/May/2009:21:49:45 -0400] "GET / HTTP/1.1" 200 1984 "-" "Mozilla/5.0 (compatible; Googlebot/2.1; +http://www.google.com/bot.html)"
65.55.106.242 - - [20/May/2009:11:03:42 -0400] "GET /robots.txt HTTP/1.1" 404 269 "-" "msnbot/2.0b (+http://search.msn.com/msnbot.htm)"
216.129.119.15 - - [20/May/2009:12:07:20 -0400] "GET /robots.txt HTTP/1.0" 404 269 "-" "Mozilla/5.0 (Twiceler-0.9 http://www.cuil.com/twiceler/robot.html)"
65.55.106.183 - - [20/May/2009:14:44:56 -0400] "GET /robots.txt HTTP/1.1" 404 269 "-" "msnbot/2.0b (+http://search.msn.com/msnbot.htm)"
38.99.44.101 - - [21/May/2009:11:38:41 -0400] "GET /robots.txt HTTP/1.0" 404 269 "-" "Mozilla/5.0 (Twiceler-0.9 http://www.cuil.com/twiceler/robot.html)"
66.249.71.170 - - [21/May/2009:13:05:00 -0400] "GET /robots.txt HTTP/1.1" 404 269 "-" "Mozilla/5.0 (compatible; Googlebot/2.1; +http://www.google.com/bot.html)"
66.249.71.170 - - [21/May/2009:13:05:00 -0400] "GET / HTTP/1.1" 304 - "-" "Mozilla/5.0 (compatible; Googlebot/2.1; +http://www.google.com/bot.html)"
211.75.91.19 - - [21/May/2009:15:16:11 -0400] "GET /index.html HTTP/1.1" 200 1984 "-" "Mozilla/4.0 (compatible; MSIE 6.0; Windows NT 5.1; SV1)"
211.75.91.19 - - [21/May/2009:15:16:12 -0400] "GET /illustrator.html HTTP/1.1" 200 6612 "-" "Mozilla/4.0 (compatible; MSIE 6.0; Windows NT 5.1; SV1)"
211.75.91.19 - - [21/May/2009:15:16:13 -0400] "GET /flash.html HTTP/1.1" 200 4756 "-" "Mozilla/4.0 (compatible; MSIE 6.0; Windows NT 5.1; SV1)"
211.75.91.19 - - [21/May/2009:15:16:15 -0400] "GET /photoshop.html HTTP/1.1" 200 7709 "-" "Mozilla/4.0 (compatible; MSIE 6.0; Windows NT 5.1; SV1)"
211.75.91.19 - - [21/May/2009:15:16:16 -0400] "GET /print.html HTTP/1.1" 200 4324 "-" "Mozilla/4.0 (compatible; MSIE 6.0; Windows NT 5.1; SV1)"
211.75.91.19 - - [21/May/2009:15:16:17 -0400] "GET /contact.html HTTP/1.1" 200 6927 "-" "Mozilla/4.0 (compatible; MSIE 6.0; Windows NT 5.1; SV1)"
211.75.91.19 - - [21/May/2009:15:16:18 -0400] "POST /formmail.php HTTP/1.1" 200 355 "http://alex.jeb.ca/contact.html" "Mozilla/4.0 (compatible; MSIE 6.0; Windows NT 5.1; SV1)"
121.52.148.30 - - [22/May/2009:09:55:44 -0400] "GET /pages.html HTTP/1.1" 200 4692 "-" "Mozilla/4.0 (compatible; MSIE 6.0; Windows NT 5.1; SV1)"
121.52.148.30 - - [22/May/2009:09:55:46 -0400] "GET /index.html HTTP/1.1" 200 1984 "-" "Mozilla/4.0 (compatible; MSIE 6.0; Windows NT 5.1; SV1)"
212.38.100.62 - - [22/May/2009:09:56:01 -0400] "GET /illustrator.html HTTP/1.1" 200 6612 "-" "Mozilla/4.0 (compatible; MSIE 6.0; Windows NT 5.1; SV1)"
211.75.91.19 - - [22/May/2009:09:56:16 -0400] "POST /formmail.php HTTP/1.1" 200 355 "http://alex.jeb.ca/contact.html" "Mozilla/4.0 (compatible; MSIE 6.0; Windows NT 5.1; SV1)"
38.99.44.101 - - [23/May/2009:01:20:56 -0400] "GET /robots.txt HTTP/1.0" 404 269 "-" "Mozilla/5.0 (Twiceler-0.9 http://www.cuil.com/twiceler/robot.html)"
66.249.71.170 - - [23/May/2009:10:47:52 -0400] "GET /robots.txt HTTP/1.1" 404 269 "-" "Mozilla/5.0 (compatible; Googlebot/2.1; +http://www.google.com/bot.html)"
66.249.71.170 - - [23/May/2009:10:47:52 -0400] "GET / HTTP/1.1" 200 1984 "-" "Mozilla/5.0 (compatible; Googlebot/2.1; +http://www.google.com/bot.html)"
221.130.193.14 - - [23/May/2009:16:02:31 -0400] "GET /pages.html HTTP/1.1" 200 4692 "-" "Mozilla/4.0 (compatible; MSIE 6.0; Windows NT 5.1; SV1)"
221.130.193.14 - - [23/May/2009:16:02:32 -0400] "GET /index.html HTTP/1.1" 200 1984 "-" "Mozilla/4.0 (compatible; MSIE 6.0; Windows NT 5.1; SV1)"
221.130.193.14 - - [23/May/2009:16:02:34 -0400] "GET /illustrator.html HTTP/1.1" 200 6612 "-" "Mozilla/4.0 (compatible; MSIE 6.0; Windows NT 5.1; SV1)"
203.110.240.22 - - [23/May/2009:16:02:36 -0400] "GET /flash.html HTTP/1.1" 200 4756 "-" "Mozilla/4.0 (compatible; MSIE 6.0; Windows NT 5.1; SV1)"
203.110.240.22 - - [23/May/2009:16:02:38 -0400] "GET /photoshop.html HTTP/1.1" 200 7709 "-" "Mozilla/4.0 (compatible; MSIE 6.0; Windows NT 5.1; SV1)"
85.144.116.31 - - [23/May/2009:16:02:42 -0400] "GET /print.html HTTP/1.1" 200 4324 "-" "Mozilla/4.0 (compatible; MSIE 6.0; Windows NT 5.1; SV1)"
221.130.193.14 - - [23/May/2009:16:02:44 -0400] "GET /flash.html HTTP/1.1" 200 4756 "-" "Mozilla/4.0 (compatible; MSIE 6.0; Windows NT 5.1; SV1)"
211.75.91.19 - - [23/May/2009:16:03:21 -0400] "POST /formmail.php HTTP/1.1" 200 355 "http://alex.jeb.ca/contact.html" "Mozilla/4.0 (compatible; MSIE 6.0; Windows NT 5.1; SV1)"
65.55.232.13 - - [23/May/2009:22:26:43 -0400] "GET /robots.txt HTTP/1.1" 404 269 "-" "msnbot/1.1 (+http://search.msn.com/msnbot.htm)"
65.55.232.13 - - [23/May/2009:22:26:43 -0400] "GET /email/origins.html HTTP/1.1" 404 277 "-" "msnbot/1.1 (+http://search.msn.com/msnbot.htm)"
38.99.44.101 - - [24/May/2009:05:48:05 -0400] "GET /robots.txt HTTP/1.0" 404 269 "-" "Mozilla/5.0 (Twiceler-0.9 http://www.cuil.com/twiceler/robot.html)"
125.4.4.9 - - [24/May/2009:09:53:04 -0400] "GET /pages.html HTTP/1.0" 200 4692 "-" "Mozilla/4.0 (compatible; MSIE 6.0; Windows NT 5.1; SV1)"
125.4.4.9 - - [24/May/2009:09:53:06 -0400] "GET /index.html HTTP/1.0" 200 1984 "-" "Mozilla/4.0 (compatible; MSIE 6.0; Windows NT 5.1; SV1)"
125.4.4.9 - - [24/May/2009:09:53:07 -0400] "GET /illustrator.html HTTP/1.0" 200 6612 "-" "Mozilla/4.0 (compatible; MSIE 6.0; Windows NT 5.1; SV1)"
125.4.4.9 - - [24/May/2009:09:53:10 -0400] "GET /flash.html HTTP/1.0" 200 4756 "-" "Mozilla/4.0 (compatible; MSIE 6.0; Windows NT 5.1; SV1)"
125.4.4.9 - - [24/May/2009:09:53:12 -0400] "GET /photoshop.html HTTP/1.0" 200 7709 "-" "Mozilla/4.0 (compatible; MSIE 6.0; Windows NT 5.1; SV1)"
207.35.173.123 - - [24/May/2009:09:54:09 -0400] "GET /print.html HTTP/1.0" 200 4324 "-" "Mozilla/4.0 (compatible; MSIE 6.0; Windows NT 5.1; SV1)"
207.35.173.123 - - [24/May/2009:09:54:11 -0400] "GET /contact.html HTTP/1.0" 200 6927 "-" "Mozilla/4.0 (compatible; MSIE 6.0; Windows NT 5.1; SV1)"
207.35.173.123 - - [24/May/2009:09:54:22 -0400] "POST /formmail.php HTTP/1.0" 200 355 "http://alex.jeb.ca/contact.html" "Mozilla/4.0 (compatible; MSIE 6.0; Windows NT 5.1; SV1)"
65.55.106.203 - - [24/May/2009:10:31:33 -0400] "GET /robots.txt HTTP/1.1" 404 269 "-" "msnbot/2.0b (+http://search.msn.com/msnbot.htm)"
202.54.61.101 - - [25/May/2009:03:30:41 -0400] "GET /pages.html HTTP/1.1" 200 4692 "-" "Mozilla/4.0 (compatible; MSIE 6.0; Windows NT 5.1; SV1)"
202.54.61.101 - - [25/May/2009:03:30:54 -0400] "GET /index.html HTTP/1.1" 200 1984 "-" "Mozilla/4.0 (compatible; MSIE 6.0; Windows NT 5.1; SV1)"
202.54.61.101 - - [25/May/2009:03:31:27 -0400] "GET /illustrator.html HTTP/1.1" 200 6612 "-" "Mozilla/4.0 (compatible; MSIE 6.0; Windows NT 5.1; SV1)"
211.75.91.19 - - [25/May/2009:03:32:18 -0400] "POST /formmail.php HTTP/1.1" 200 355 "http://alex.jeb.ca/contact.html" "Mozilla/4.0 (compatible; MSIE 6.0; Windows NT 5.1; SV1)"
38.99.44.101 - - [25/May/2009:06:29:44 -0400] "GET /robots.txt HTTP/1.0" 404 269 "-" "Mozilla/5.0 (Twiceler-0.9 http://www.cuil.com/twiceler/robot.html)"
66.249.71.170 - - [25/May/2009:10:56:33 -0400] "GET /robots.txt HTTP/1.1" 404 269 "-" "Mozilla/5.0 (compatible; Googlebot/2.1; +http://www.google.com/bot.html)"
66.249.71.170 - - [25/May/2009:10:56:33 -0400] "GET / HTTP/1.1" 304 - "-" "Mozilla/5.0 (compatible; Googlebot/2.1; +http://www.google.com/bot.html)"
99.255.80.160 - - [25/May/2009:16:33:30 -0400] "GET / HTTP/1.1" 200 1984 "http://www.google.ca/search?client=firefox-a&rls=org.mozilla%3Aen-US%3Aofficial&channel=s&hl=en&q=Alex+Bourgeois&meta=&btnG=Google+Search" "Mozilla/5.0 (Windows; U; Windows NT 5.1; en-US; rv:1.9.0.10) Gecko/2009042316 Firefox/3.0.10"
99.255.80.160 - - [25/May/2009:16:33:31 -0400] "GET /index.css HTTP/1.1" 200 962 "http://alex.jeb.ca/" "Mozilla/5.0 (Windows; U; Windows NT 5.1; en-US; rv:1.9.0.10) Gecko/2009042316 Firefox/3.0.10"
99.255.80.160 - - [25/May/2009:16:33:31 -0400] "GET /top_nav.css HTTP/1.1" 200 841 "http://alex.jeb.ca/" "Mozilla/5.0 (Windows; U; Windows NT 5.1; en-US; rv:1.9.0.10) Gecko/2009042316 Firefox/3.0.10"
99.255.80.160 - - [25/May/2009:16:33:31 -0400] "GET /favicon.ico HTTP/1.1" 200 1150 "-" "Mozilla/5.0 (Windows; U; Windows NT 5.1; en-US; rv:1.9.0.10) Gecko/2009042316 Firefox/3.0.10"
99.255.80.160 - - [25/May/2009:16:33:31 -0400] "GET /main.js HTTP/1.1" 200 5103 "http://alex.jeb.ca/" "Mozilla/5.0 (Windows; U; Windows NT 5.1; en-US; rv:1.9.0.10) Gecko/2009042316 Firefox/3.0.10"
99.255.80.160 - - [25/May/2009:16:33:31 -0400] "GET /images/bg.gif HTTP/1.1" 200 519 "http://alex.jeb.ca/top_nav.css" "Mozilla/5.0 (Windows; U; Windows NT 5.1; en-US; rv:1.9.0.10) Gecko/2009042316 Firefox/3.0.10"
99.255.80.160 - - [25/May/2009:16:33:31 -0400] "GET /images/on_left.gif HTTP/1.1" 200 478 "http://alex.jeb.ca/top_nav.css" "Mozilla/5.0 (Windows; U; Windows NT 5.1; en-US; rv:1.9.0.10) Gecko/2009042316 Firefox/3.0.10"
99.255.80.160 - - [25/May/2009:16:33:31 -0400] "GET /images/on_right.gif HTTP/1.1" 200 1971 "http://alex.jeb.ca/top_nav.css" "Mozilla/5.0 (Windows; U; Windows NT 5.1; en-US; rv:1.9.0.10) Gecko/2009042316 Firefox/3.0.10"
99.255.80.160 - - [25/May/2009:16:33:31 -0400] "GET /images/left.gif HTTP/1.1" 200 493 "http://alex.jeb.ca/top_nav.css" "Mozilla/5.0 (Windows; U; Windows NT 5.1; en-US; rv:1.9.0.10) Gecko/2009042316 Firefox/3.0.10"
99.255.80.160 - - [25/May/2009:16:33:31 -0400] "GET /images/right.gif HTTP/1.1" 200 1986 "http://alex.jeb.ca/top_nav.css" "Mozilla/5.0 (Windows; U; Windows NT 5.1; en-US; rv:1.9.0.10) Gecko/2009042316 Firefox/3.0.10"
99.255.80.160 - - [25/May/2009:16:33:31 -0400] "GET /home.swf HTTP/1.1" 200 17352 "http://alex.jeb.ca/" "Mozilla/5.0 (Windows; U; Windows NT 5.1; en-US; rv:1.9.0.10) Gecko/2009042316 Firefox/3.0.10"
80.88.242.32 - - [25/May/2009:22:45:32 -0400] "GET /pages.html HTTP/1.1" 200 4692 "-" "Mozilla/4.0 (compatible; MSIE 6.0; Windows NT 5.1; SV1)"
80.88.242.32 - - [25/May/2009:22:46:03 -0400] "GET /index.html HTTP/1.1" 200 1984 "-" "Mozilla/4.0 (compatible; MSIE 6.0; Windows NT 5.1; SV1)"
80.88.242.32 - - [25/May/2009:22:46:13 -0400] "GET /illustrator.html HTTP/1.1" 200 6612 "-" "Mozilla/4.0 (compatible; MSIE 6.0; Windows NT 5.1; SV1)"
80.88.242.32 - - [25/May/2009:22:46:21 -0400] "GET /flash.html HTTP/1.1" 200 4756 "-" "Mozilla/4.0 (compatible; MSIE 6.0; Windows NT 5.1; SV1)"
80.88.242.32 - - [25/May/2009:22:46:27 -0400] "GET /photoshop.html HTTP/1.1" 200 7709 "-" "Mozilla/4.0 (compatible; MSIE 6.0; Windows NT 5.1; SV1)"
80.88.242.32 - - [25/May/2009:22:47:18 -0400] "GET /print.html HTTP/1.1" 200 4324 "-" "Mozilla/4.0 (compatible; MSIE 6.0; Windows NT 5.1; SV1)"
61.49.7.135 - - [25/May/2009:22:47:27 -0400] "GET /print.html HTTP/1.1" 200 4324 "-" "Mozilla/4.0 (compatible; MSIE 6.0; Windows NT 5.1; SV1)"
61.49.7.135 - - [25/May/2009:22:47:32 -0400] "GET /contact.html HTTP/1.1" 200 6927 "-" "Mozilla/4.0 (compatible; MSIE 6.0; Windows NT 5.1; SV1)"
61.49.7.135 - - [25/May/2009:22:47:44 -0400] "POST /formmail.php HTTP/1.1" 200 355 "http://alex.jeb.ca/contact.html" "Mozilla/4.0 (compatible; MSIE 6.0; Windows NT 5.1; SV1)"
38.99.44.101 - - [26/May/2009:06:11:29 -0400] "GET /robots.txt HTTP/1.0" 404 269 "-" "Mozilla/5.0 (Twiceler-0.9 http://www.cuil.com/twiceler/robot.html)"
66.249.68.173 - - [27/May/2009:00:42:53 -0400] "GET /robots.txt HTTP/1.1" 404 269 "-" "Mozilla/5.0 (compatible; Googlebot/2.1; +http://www.google.com/bot.html)"
66.249.68.173 - - [27/May/2009:00:42:53 -0400] "GET / HTTP/1.1" 200 1984 "-" "Mozilla/5.0 (compatible; Googlebot/2.1; +http://www.google.com/bot.html)"
66.249.68.173 - - [27/May/2009:05:57:58 -0400] "GET / HTTP/1.1" 200 1984 "-" "Mozilla/5.0 (compatible; Googlebot/2.1; +http://www.google.com/bot.html)"
38.99.44.101 - - [27/May/2009:06:25:16 -0400] "GET /robots.txt HTTP/1.0" 404 269 "-" "Mozilla/5.0 (Twiceler-0.9 http://www.cuil.com/twiceler/robot.html)"
38.99.44.101 - - [28/May/2009:06:38:36 -0400] "GET /robots.txt HTTP/1.0" 404 269 "-" "Mozilla/5.0 (Twiceler-0.9 http://www.cuil.com/twiceler/robot.html)"
74.56.251.234 - - [28/May/2009:10:43:36 -0400] "GET / HTTP/1.1" 200 1984 "http://www.google.ca/search?q=alex+bourgeois&ie=utf-8&oe=utf-8&aq=t&rls=org.mozilla:fr:official&client=firefox-a" "Mozilla/5.0 (Windows; U; Windows NT 5.1; fr; rv:1.9.0.10) Gecko/2009042316 Firefox/3.0.10"
74.56.251.234 - - [28/May/2009:10:43:36 -0400] "GET /index.css HTTP/1.1" 200 962 "http://alex.jeb.ca/" "Mozilla/5.0 (Windows; U; Windows NT 5.1; fr; rv:1.9.0.10) Gecko/2009042316 Firefox/3.0.10"
74.56.251.234 - - [28/May/2009:10:43:36 -0400] "GET /top_nav.css HTTP/1.1" 200 841 "http://alex.jeb.ca/" "Mozilla/5.0 (Windows; U; Windows NT 5.1; fr; rv:1.9.0.10) Gecko/2009042316 Firefox/3.0.10"
74.56.251.234 - - [28/May/2009:10:43:36 -0400] "GET /favicon.ico HTTP/1.1" 200 1150 "-" "Mozilla/5.0 (Windows; U; Windows NT 5.1; fr; rv:1.9.0.10) Gecko/2009042316 Firefox/3.0.10"
74.56.251.234 - - [28/May/2009:10:43:36 -0400] "GET /main.js HTTP/1.1" 200 5103 "http://alex.jeb.ca/" "Mozilla/5.0 (Windows; U; Windows NT 5.1; fr; rv:1.9.0.10) Gecko/2009042316 Firefox/3.0.10"
74.56.251.234 - - [28/May/2009:10:43:37 -0400] "GET /images/on_left.gif HTTP/1.1" 200 478 "http://alex.jeb.ca/top_nav.css" "Mozilla/5.0 (Windows; U; Windows NT 5.1; fr; rv:1.9.0.10) Gecko/2009042316 Firefox/3.0.10"
74.56.251.234 - - [28/May/2009:10:43:37 -0400] "GET /images/on_right.gif HTTP/1.1" 200 1971 "http://alex.jeb.ca/top_nav.css" "Mozilla/5.0 (Windows; U; Windows NT 5.1; fr; rv:1.9.0.10) Gecko/2009042316 Firefox/3.0.10"
74.56.251.234 - - [28/May/2009:10:43:37 -0400] "GET /images/left.gif HTTP/1.1" 200 493 "http://alex.jeb.ca/top_nav.css" "Mozilla/5.0 (Windows; U; Windows NT 5.1; fr; rv:1.9.0.10) Gecko/2009042316 Firefox/3.0.10"
74.56.251.234 - - [28/May/2009:10:43:37 -0400] "GET /images/bg.gif HTTP/1.1" 200 519 "http://alex.jeb.ca/top_nav.css" "Mozilla/5.0 (Windows; U; Windows NT 5.1; fr; rv:1.9.0.10) Gecko/2009042316 Firefox/3.0.10"
74.56.251.234 - - [28/May/2009:10:43:37 -0400] "GET /images/right.gif HTTP/1.1" 200 1986 "http://alex.jeb.ca/top_nav.css" "Mozilla/5.0 (Windows; U; Windows NT 5.1; fr; rv:1.9.0.10) Gecko/2009042316 Firefox/3.0.10"
74.56.251.234 - - [28/May/2009:10:43:37 -0400] "GET /home.swf HTTP/1.1" 200 17352 "http://alex.jeb.ca/" "Mozilla/5.0 (Windows; U; Windows NT 5.1; fr; rv:1.9.0.10) Gecko/2009042316 Firefox/3.0.10"
74.56.251.234 - - [28/May/2009:10:43:50 -0400] "GET /pages.html HTTP/1.1" 200 4692 "http://alex.jeb.ca/" "Mozilla/5.0 (Windows; U; Windows NT 5.1; fr; rv:1.9.0.10) Gecko/2009042316 Firefox/3.0.10"
74.56.251.234 - - [28/May/2009:10:43:51 -0400] "GET /images/_portfolio/web_pages/golf_quiz.gif HTTP/1.1" 200 1517 "http://alex.jeb.ca/pages.html" "Mozilla/5.0 (Windows; U; Windows NT 5.1; fr; rv:1.9.0.10) Gecko/2009042316 Firefox/3.0.10"
74.56.251.234 - - [28/May/2009:10:43:51 -0400] "GET /images/_portfolio/web_pages/raris.gif HTTP/1.1" 200 2216 "http://alex.jeb.ca/pages.html" "Mozilla/5.0 (Windows; U; Windows NT 5.1; fr; rv:1.9.0.10) Gecko/2009042316 Firefox/3.0.10"
74.56.251.234 - - [28/May/2009:10:43:51 -0400] "GET /images/_portfolio/web_pages/impressions.gif HTTP/1.1" 200 1095 "http://alex.jeb.ca/pages.html" "Mozilla/5.0 (Windows; U; Windows NT 5.1; fr; rv:1.9.0.10) Gecko/2009042316 Firefox/3.0.10"
74.56.251.234 - - [28/May/2009:10:43:51 -0400] "GET /images/_portfolio/web_pages/sellance.gif HTTP/1.1" 200 1522 "http://alex.jeb.ca/pages.html" "Mozilla/5.0 (Windows; U; Windows NT 5.1; fr; rv:1.9.0.10) Gecko/2009042316 Firefox/3.0.10"
74.56.251.234 - - [28/May/2009:10:43:51 -0400] "GET /images/_portfolio/web_pages/html.gif HTTP/1.1" 200 1774 "http://alex.jeb.ca/pages.html" "Mozilla/5.0 (Windows; U; Windows NT 5.1; fr; rv:1.9.0.10) Gecko/2009042316 Firefox/3.0.10"
74.56.251.234 - - [28/May/2009:10:43:51 -0400] "GET /images/_portfolio/web_pages/havlat_photography.gif HTTP/1.1" 200 1001 "http://alex.jeb.ca/pages.html" "Mozilla/5.0 (Windows; U; Windows NT 5.1; fr; rv:1.9.0.10) Gecko/2009042316 Firefox/3.0.10"
74.56.251.234 - - [28/May/2009:10:43:51 -0400] "GET /images/_portfolio/web_pages/email.gif HTTP/1.1" 200 1686 "http://alex.jeb.ca/pages.html" "Mozilla/5.0 (Windows; U; Windows NT 5.1; fr; rv:1.9.0.10) Gecko/2009042316 Firefox/3.0.10"
74.56.251.234 - - [28/May/2009:10:43:56 -0400] "GET /illustrator.html HTTP/1.1" 200 6612 "http://alex.jeb.ca/pages.html" "Mozilla/5.0 (Windows; U; Windows NT 5.1; fr; rv:1.9.0.10) Gecko/2009042316 Firefox/3.0.10"
74.56.251.234 - - [28/May/2009:10:43:56 -0400] "GET /images/_portfolio/illustrator/wine_label_sm.gif HTTP/1.1" 200 1240 "http://alex.jeb.ca/illustrator.html" "Mozilla/5.0 (Windows; U; Windows NT 5.1; fr; rv:1.9.0.10) Gecko/2009042316 Firefox/3.0.10"
74.56.251.234 - - [28/May/2009:10:43:56 -0400] "GET /images/_portfolio/illustrator/01_graph_sm.gif HTTP/1.1" 200 2115 "http://alex.jeb.ca/illustrator.html" "Mozilla/5.0 (Windows; U; Windows NT 5.1; fr; rv:1.9.0.10) Gecko/2009042316 Firefox/3.0.10"
74.56.251.234 - - [28/May/2009:10:43:56 -0400] "GET /images/_portfolio/illustrator/02_graph_sm.gif HTTP/1.1" 200 1405 "http://alex.jeb.ca/illustrator.html" "Mozilla/5.0 (Windows; U; Windows NT 5.1; fr; rv:1.9.0.10) Gecko/2009042316 Firefox/3.0.10"
74.56.251.234 - - [28/May/2009:10:43:56 -0400] "GET /images/_portfolio/illustrator/venus_butterfly_flyer_sm.gif HTTP/1.1" 200 856 "http://alex.jeb.ca/illustrator.html" "Mozilla/5.0 (Windows; U; Windows NT 5.1; fr; rv:1.9.0.10) Gecko/2009042316 Firefox/3.0.10"
74.56.251.234 - - [28/May/2009:10:43:57 -0400] "GET /images/_portfolio/illustrator/fleur_de_lis_sm.gif HTTP/1.1" 200 960 "http://alex.jeb.ca/illustrator.html" "Mozilla/5.0 (Windows; U; Windows NT 5.1; fr; rv:1.9.0.10) Gecko/2009042316 Firefox/3.0.10"
74.56.251.234 - - [28/May/2009:10:43:57 -0400] "GET /images/_portfolio/illustrator/maple_leaf_sm.gif HTTP/1.1" 200 897 "http://alex.jeb.ca/illustrator.html" "Mozilla/5.0 (Windows; U; Windows NT 5.1; fr; rv:1.9.0.10) Gecko/2009042316 Firefox/3.0.10"
74.56.251.234 - - [28/May/2009:10:43:57 -0400] "GET /images/_portfolio/illustrator/castle_drawing_sm.gif HTTP/1.1" 200 748 "http://alex.jeb.ca/illustrator.html" "Mozilla/5.0 (Windows; U; Windows NT 5.1; fr; rv:1.9.0.10) Gecko/2009042316 Firefox/3.0.10"
74.56.251.234 - - [28/May/2009:10:43:57 -0400] "GET /images/_portfolio/illustrator/pineapples_sm.gif HTTP/1.1" 200 1972 "http://alex.jeb.ca/illustrator.html" "Mozilla/5.0 (Windows; U; Windows NT 5.1; fr; rv:1.9.0.10) Gecko/2009042316 Firefox/3.0.10"
74.56.251.234 - - [28/May/2009:10:43:57 -0400] "GET /images/_portfolio/illustrator/women_flowers_sm.gif HTTP/1.1" 200 2504 "http://alex.jeb.ca/illustrator.html" "Mozilla/5.0 (Windows; U; Windows NT 5.1; fr; rv:1.9.0.10) Gecko/2009042316 Firefox/3.0.10"
74.56.251.234 - - [28/May/2009:10:43:57 -0400] "GET /images/_portfolio/illustrator/vine_alphabet_sm.gif HTTP/1.1" 200 642 "http://alex.jeb.ca/illustrator.html" "Mozilla/5.0 (Windows; U; Windows NT 5.1; fr; rv:1.9.0.10) Gecko/2009042316 Firefox/3.0.10"
66.249.68.173 - - [29/May/2009:02:12:35 -0400] "GET /robots.txt HTTP/1.1" 404 269 "-" "Mozilla/5.0 (compatible; Googlebot/2.1; +http://www.google.com/bot.html)"
66.249.68.173 - - [29/May/2009:02:12:35 -0400] "GET / HTTP/1.1" 200 1984 "-" "Mozilla/5.0 (compatible; Googlebot/2.1; +http://www.google.com/bot.html)"
38.99.44.101 - - [29/May/2009:06:40:41 -0400] "GET /robots.txt HTTP/1.0" 404 269 "-" "Mozilla/5.0 (Twiceler-0.9 http://www.cuil.com/twiceler/robot.html)"
65.55.106.233 - - [29/May/2009:10:32:17 -0400] "GET /robots.txt HTTP/1.1" 404 269 "-" "msnbot/2.0b (+http://search.msn.com/msnbot.htm)"
168.87.129.30 - - [29/May/2009:10:55:59 -0400] "GET /illustrator.html HTTP/1.1" 200 6612 "http://www.google.com/search?sourceid=navclient&ie=UTF-8&rls=GGLD,GGLD:2005-05,GGLD:en&q=maple+leaf+graphic+iillustrator" "Mozilla/4.0 (compatible; MSIE 6.0; Windows NT 5.0; .NET CLR 1.1.4322)"
168.87.129.30 - - [29/May/2009:10:56:00 -0400] "GET /index.css HTTP/1.1" 200 962 "http://alex.jeb.ca/illustrator.html" "Mozilla/4.0 (compatible; MSIE 6.0; Windows NT 5.0; .NET CLR 1.1.4322)"
168.87.129.30 - - [29/May/2009:10:56:00 -0400] "GET /main.js HTTP/1.1" 200 5103 "http://alex.jeb.ca/illustrator.html" "Mozilla/4.0 (compatible; MSIE 6.0; Windows NT 5.0; .NET CLR 1.1.4322)"
168.87.129.30 - - [29/May/2009:10:56:00 -0400] "GET /top_nav.css HTTP/1.1" 200 841 "http://alex.jeb.ca/illustrator.html" "Mozilla/4.0 (compatible; MSIE 6.0; Windows NT 5.0; .NET CLR 1.1.4322)"
168.87.129.30 - - [29/May/2009:10:56:02 -0400] "GET /images/_portfolio/illustrator/01_graph_sm.gif HTTP/1.1" 200 2115 "http://alex.jeb.ca/illustrator.html" "Mozilla/4.0 (compatible; MSIE 6.0; Windows NT 5.0; .NET CLR 1.1.4322)"
168.87.129.30 - - [29/May/2009:10:56:02 -0400] "GET /images/_portfolio/illustrator/vine_alphabet_sm.gif HTTP/1.1" 200 642 "http://alex.jeb.ca/illustrator.html" "Mozilla/4.0 (compatible; MSIE 6.0; Windows NT 5.0; .NET CLR 1.1.4322)"
168.87.129.30 - - [29/May/2009:10:56:02 -0400] "GET /images/_portfolio/illustrator/pineapples_sm.gif HTTP/1.1" 200 1972 "http://alex.jeb.ca/illustrator.html" "Mozilla/4.0 (compatible; MSIE 6.0; Windows NT 5.0; .NET CLR 1.1.4322)"
168.87.129.30 - - [29/May/2009:10:56:02 -0400] "GET /images/_portfolio/illustrator/02_graph_sm.gif HTTP/1.1" 200 1405 "http://alex.jeb.ca/illustrator.html" "Mozilla/4.0 (compatible; MSIE 6.0; Windows NT 5.0; .NET CLR 1.1.4322)"
168.87.129.30 - - [29/May/2009:10:56:02 -0400] "GET /images/_portfolio/illustrator/castle_drawing_sm.gif HTTP/1.1" 200 748 "http://alex.jeb.ca/illustrator.html" "Mozilla/4.0 (compatible; MSIE 6.0; Windows NT 5.0; .NET CLR 1.1.4322)"
168.87.129.30 - - [29/May/2009:10:56:02 -0400] "GET /images/_portfolio/illustrator/venus_butterfly_flyer_sm.gif HTTP/1.1" 200 856 "http://alex.jeb.ca/illustrator.html" "Mozilla/4.0 (compatible; MSIE 6.0; Windows NT 5.0; .NET CLR 1.1.4322)"
168.87.129.30 - - [29/May/2009:10:56:02 -0400] "GET /images/on_right.gif HTTP/1.1" 200 1971 "http://alex.jeb.ca/illustrator.html" "Mozilla/4.0 (compatible; MSIE 6.0; Windows NT 5.0; .NET CLR 1.1.4322)"
168.87.129.30 - - [29/May/2009:10:56:02 -0400] "GET /images/_portfolio/illustrator/wine_label_sm.gif HTTP/1.1" 200 1240 "http://alex.jeb.ca/illustrator.html" "Mozilla/4.0 (compatible; MSIE 6.0; Windows NT 5.0; .NET CLR 1.1.4322)"
168.87.129.30 - - [29/May/2009:10:56:03 -0400] "GET /images/_portfolio/illustrator/women_flowers_sm.gif HTTP/1.1" 200 2504 "http://alex.jeb.ca/illustrator.html" "Mozilla/4.0 (compatible; MSIE 6.0; Windows NT 5.0; .NET CLR 1.1.4322)"
168.87.129.30 - - [29/May/2009:10:56:04 -0400] "GET /images/_portfolio/illustrator/fleur_de_lis_sm.gif HTTP/1.1" 200 960 "http://alex.jeb.ca/illustrator.html" "Mozilla/4.0 (compatible; MSIE 6.0; Windows NT 5.0; .NET CLR 1.1.4322)"
168.87.129.30 - - [29/May/2009:10:56:05 -0400] "GET /images/bg.gif HTTP/1.1" 200 519 "http://alex.jeb.ca/illustrator.html" "Mozilla/4.0 (compatible; MSIE 6.0; Windows NT 5.0; .NET CLR 1.1.4322)"
168.87.129.30 - - [29/May/2009:10:56:06 -0400] "GET /images/left.gif HTTP/1.1" 200 493 "http://alex.jeb.ca/illustrator.html" "Mozilla/4.0 (compatible; MSIE 6.0; Windows NT 5.0; .NET CLR 1.1.4322)"
168.87.129.30 - - [29/May/2009:10:56:07 -0400] "GET /images/right.gif HTTP/1.1" 200 1986 "http://alex.jeb.ca/illustrator.html" "Mozilla/4.0 (compatible; MSIE 6.0; Windows NT 5.0; .NET CLR 1.1.4322)"
168.87.129.30 - - [29/May/2009:10:56:08 -0400] "GET /images/on_left.gif HTTP/1.1" 200 478 "http://alex.jeb.ca/illustrator.html" "Mozilla/4.0 (compatible; MSIE 6.0; Windows NT 5.0; .NET CLR 1.1.4322)"
168.87.129.30 - - [29/May/2009:10:56:09 -0400] "GET /images/_portfolio/illustrator/maple_leaf_sm.gif HTTP/1.1" 200 897 "http://alex.jeb.ca/illustrator.html" "Mozilla/4.0 (compatible; MSIE 6.0; Windows NT 5.0; .NET CLR 1.1.4322)"
168.87.129.30 - - [29/May/2009:10:56:25 -0400] "GET /images/_portfolio/illustrator/maple_leaf.gif HTTP/1.1" 200 15825 "http://alex.jeb.ca/illustrator.html" "Mozilla/4.0 (compatible; MSIE 6.0; Windows NT 5.0; .NET CLR 1.1.4322)"
65.55.106.233 - - [29/May/2009:11:50:18 -0400] "GET /robots.txt HTTP/1.1" 404 269 "-" "msnbot/2.0b (+http://search.msn.com/msnbot.htm)"
65.55.106.233 - - [29/May/2009:15:39:58 -0400] "GET /robots.txt HTTP/1.1" 404 269 "-" "msnbot/2.0b (+http://search.msn.com/msnbot.htm)"
66.249.68.173 - - [29/May/2009:17:06:54 -0400] "GET /robots.txt HTTP/1.1" 404 269 "-" "Mozilla/5.0 (compatible; Googlebot/2.1; +http://www.google.com/bot.html)"
86.111.247.16 - - [29/May/2009:17:38:52 -0400] "GET / HTTP/1.0" 200 1984 "-" "Mozilla/4.0 (compatible; MSIE 7.0; Windows NT 5.1; .NET CLR 2.0.50727; .NET CLR 1.1.4322)"
86.111.247.16 - - [29/May/2009:17:38:53 -0400] "GET /print.html HTTP/1.0" 200 4324 "-" "Mozilla/4.0 (compatible; MSIE 7.0; Windows NT 5.1; .NET CLR 2.0.50727; .NET CLR 1.1.4322)"
86.111.247.16 - - [29/May/2009:17:38:53 -0400] "GET /flash.html HTTP/1.0" 200 4756 "-" "Mozilla/4.0 (compatible; MSIE 7.0; Windows NT 5.1; .NET CLR 2.0.50727; .NET CLR 1.1.4322)"
86.111.247.16 - - [29/May/2009:17:38:54 -0400] "GET /index.html HTTP/1.0" 200 1984 "-" "Mozilla/4.0 (compatible; MSIE 7.0; Windows NT 5.1; .NET CLR 2.0.50727; .NET CLR 1.1.4322)"
86.111.247.16 - - [29/May/2009:17:38:54 -0400] "GET /illustrator.html HTTP/1.0" 200 6612 "-" "Mozilla/4.0 (compatible; MSIE 7.0; Windows NT 5.1; .NET CLR 2.0.50727; .NET CLR 1.1.4322)"
86.111.247.16 - - [29/May/2009:17:38:54 -0400] "GET /pages.html HTTP/1.0" 200 4692 "-" "Mozilla/4.0 (compatible; MSIE 7.0; Windows NT 5.1; .NET CLR 2.0.50727; .NET CLR 1.1.4322)"
86.111.247.16 - - [29/May/2009:17:38:55 -0400] "GET /contact.html HTTP/1.0" 200 6927 "-" "Mozilla/4.0 (compatible; MSIE 7.0; Windows NT 5.1; .NET CLR 2.0.50727; .NET CLR 1.1.4322)"
86.111.247.16 - - [29/May/2009:17:38:55 -0400] "GET /photoshop.html HTTP/1.0" 200 7709 "-" "Mozilla/4.0 (compatible; MSIE 7.0; Windows NT 5.1; .NET CLR 2.0.50727; .NET CLR 1.1.4322)"
65.55.106.139 - - [29/May/2009:21:28:46 -0400] "GET /robots.txt HTTP/1.1" 404 269 "-" "msnbot/2.0b (+http://search.msn.com/msnbot.htm)"
67.225.168.46 - - [29/May/2009:23:16:00 -0400] "GET / HTTP/1.0" 200 1984 "-" "Mozilla/4.0 (compatible; MSIE 7.0; Windows NT 5.1; .NET CLR 2.0.50727; .NET CLR 1.1.4322)"
67.225.168.46 - - [29/May/2009:23:16:00 -0400] "GET /photoshop.html HTTP/1.0" 200 7709 "-" "Mozilla/4.0 (compatible; MSIE 7.0; Windows NT 5.1; .NET CLR 2.0.50727; .NET CLR 1.1.4322)"
67.225.168.46 - - [29/May/2009:23:16:00 -0400] "GET /flash.html HTTP/1.0" 200 4756 "-" "Mozilla/4.0 (compatible; MSIE 7.0; Windows NT 5.1; .NET CLR 2.0.50727; .NET CLR 1.1.4322)"
67.225.168.46 - - [29/May/2009:23:16:00 -0400] "GET /print.html HTTP/1.0" 200 4324 "-" "Mozilla/4.0 (compatible; MSIE 7.0; Windows NT 5.1; .NET CLR 2.0.50727; .NET CLR 1.1.4322)"
67.225.168.46 - - [29/May/2009:23:16:00 -0400] "GET /contact.html HTTP/1.0" 200 6927 "-" "Mozilla/4.0 (compatible; MSIE 7.0; Windows NT 5.1; .NET CLR 2.0.50727; .NET CLR 1.1.4322)"
67.225.168.46 - - [29/May/2009:23:16:00 -0400] "GET /index.html HTTP/1.0" 200 1984 "-" "Mozilla/4.0 (compatible; MSIE 7.0; Windows NT 5.1; .NET CLR 2.0.50727; .NET CLR 1.1.4322)"
67.225.168.46 - - [29/May/2009:23:16:00 -0400] "GET /pages.html HTTP/1.0" 200 4692 "-" "Mozilla/4.0 (compatible; MSIE 7.0; Windows NT 5.1; .NET CLR 2.0.50727; .NET CLR 1.1.4322)"
67.225.168.46 - - [29/May/2009:23:16:00 -0400] "GET /illustrator.html HTTP/1.0" 200 6612 "-" "Mozilla/4.0 (compatible; MSIE 7.0; Windows NT 5.1; .NET CLR 2.0.50727; .NET CLR 1.1.4322)"
65.55.106.161 - - [30/May/2009:03:59:48 -0400] "GET /robots.txt HTTP/1.1" 404 269 "-" "msnbot/2.0b (+http://search.msn.com/msnbot.htm)"
38.99.44.101 - - [30/May/2009:06:39:02 -0400] "GET /robots.txt HTTP/1.0" 404 269 "-" "Mozilla/5.0 (Twiceler-0.9 http://www.cuil.com/twiceler/robot.html)"
65.55.106.238 - - [30/May/2009:08:27:30 -0400] "GET /robots.txt HTTP/1.1" 404 269 "-" "msnbot/2.0b (+http://search.msn.com/msnbot.htm)"
66.249.68.175 - - [30/May/2009:15:39:18 -0400] "GET /robots.txt HTTP/1.1" 404 269 "-" "Mozilla/5.0 (compatible; Googlebot/2.1; +http://www.google.com/bot.html)"
66.249.68.175 - - [30/May/2009:15:39:18 -0400] "GET / HTTP/1.1" 304 - "-" "Mozilla/5.0 (compatible; Googlebot/2.1; +http://www.google.com/bot.html)"
122.201.76.75 - - [30/May/2009:22:51:16 -0400] "GET / HTTP/1.0" 200 1984 "-" "Mozilla/4.0 (compatible; MSIE 7.0; Windows NT 5.1; .NET CLR 2.0.50727; .NET CLR 1.1.4322)"
122.201.76.75 - - [30/May/2009:22:51:17 -0400] "GET /contact.html HTTP/1.0" 200 6927 "-" "Mozilla/4.0 (compatible; MSIE 7.0; Windows NT 5.1; .NET CLR 2.0.50727; .NET CLR 1.1.4322)"
122.201.76.75 - - [30/May/2009:22:51:17 -0400] "GET /flash.html HTTP/1.0" 200 4756 "-" "Mozilla/4.0 (compatible; MSIE 7.0; Windows NT 5.1; .NET CLR 2.0.50727; .NET CLR 1.1.4322)"
122.201.76.75 - - [30/May/2009:22:51:18 -0400] "GET /print.html HTTP/1.0" 200 4324 "-" "Mozilla/4.0 (compatible; MSIE 7.0; Windows NT 5.1; .NET CLR 2.0.50727; .NET CLR 1.1.4322)"
122.201.76.75 - - [30/May/2009:22:51:19 -0400] "GET /index.html HTTP/1.0" 200 1984 "-" "Mozilla/4.0 (compatible; MSIE 7.0; Windows NT 5.1; .NET CLR 2.0.50727; .NET CLR 1.1.4322)"
122.201.76.75 - - [30/May/2009:22:51:19 -0400] "GET /photoshop.html HTTP/1.0" 200 7709 "-" "Mozilla/4.0 (compatible; MSIE 7.0; Windows NT 5.1; .NET CLR 2.0.50727; .NET CLR 1.1.4322)"
122.201.76.75 - - [30/May/2009:22:51:20 -0400] "GET /illustrator.html HTTP/1.0" 200 6612 "-" "Mozilla/4.0 (compatible; MSIE 7.0; Windows NT 5.1; .NET CLR 2.0.50727; .NET CLR 1.1.4322)"
122.201.76.75 - - [30/May/2009:22:51:21 -0400] "GET /pages.html HTTP/1.0" 200 4692 "-" "Mozilla/4.0 (compatible; MSIE 7.0; Windows NT 5.1; .NET CLR 2.0.50727; .NET CLR 1.1.4322)"
38.99.44.101 - - [31/May/2009:07:03:17 -0400] "GET /robots.txt HTTP/1.0" 404 269 "-" "Mozilla/5.0 (Twiceler-0.9 http://www.cuil.com/twiceler/robot.html)"
202.54.61.101 - - [31/May/2009:07:34:52 -0400] "GET /pages.html HTTP/1.1" 200 4692 "-" "Mozilla/4.0 (compatible; MSIE 6.0; Windows NT 5.1; SV1)"
202.54.61.101 - - [31/May/2009:07:35:01 -0400] "GET /index.html HTTP/1.1" 200 1984 "-" "Mozilla/4.0 (compatible; MSIE 6.0; Windows NT 5.1; SV1)"
202.54.61.101 - - [31/May/2009:07:35:02 -0400] "GET /illustrator.html HTTP/1.1" 200 6612 "-" "Mozilla/4.0 (compatible; MSIE 6.0; Windows NT 5.1; SV1)"
202.54.61.101 - - [31/May/2009:07:35:05 -0400] "GET /flash.html HTTP/1.1" 200 4756 "-" "Mozilla/4.0 (compatible; MSIE 6.0; Windows NT 5.1; SV1)"
221.130.193.14 - - [31/May/2009:07:35:54 -0400] "GET /flash.html HTTP/1.1" 200 4756 "-" "Mozilla/4.0 (compatible; MSIE 6.0; Windows NT 5.1; SV1)"
221.130.193.14 - - [31/May/2009:07:35:57 -0400] "GET /photoshop.html HTTP/1.1" 200 7709 "-" "Mozilla/4.0 (compatible; MSIE 6.0; Windows NT 5.1; SV1)"
130.63.177.192 - - [31/May/2009:07:37:24 -0400] "GET /print.html HTTP/1.1" 200 4324 "-" "Mozilla/4.0 (compatible; MSIE 6.0; Windows NT 5.1; SV1)"
124.244.49.93 - - [31/May/2009:07:37:28 -0400] "GET /contact.html HTTP/1.1" 200 6927 "-" "Mozilla/4.0 (compatible; MSIE 6.0; Windows NT 5.1; SV1)"
124.244.49.93 - - [31/May/2009:07:37:36 -0400] "POST /formmail.php HTTP/1.1" 200 355 "http://alex.jeb.ca/contact.html" "Mozilla/4.0 (compatible; MSIE 6.0; Windows NT 5.1; SV1)"
65.55.106.119 - - [31/May/2009:09:31:29 -0400] "GET /robots.txt HTTP/1.1" 404 269 "-" "msnbot/2.0b (+http://search.msn.com/msnbot.htm)"
65.55.106.147 - - [31/May/2009:12:57:52 -0400] "GET /robots.txt HTTP/1.1" 404 269 "-" "msnbot/2.0b (+http://search.msn.com/msnbot.htm)"
41.215.254.4 - - [31/May/2009:17:25:49 -0400] "GET /contact.html HTTP/1.0" 200 6927 "-" "User-Agent: Mozilla/4.0 (compatible; MSIE 7.0; Windows NT 5.1; Mozilla/4.0 (compatible; MSIE 6.0; Windows NT 5.1; SV1) ; .NET CLR 1.1.4322; .NET CLR 2.0.50727; InfoPath.2)"
41.215.254.4 - - [31/May/2009:17:25:53 -0400] "POST /formmail.php HTTP/1.0" 200 319 "-" "User-Agent: Mozilla/4.0 (compatible; MSIE 7.0; Windows NT 5.1; Mozilla/4.0 (compatible; MSIE 6.0; Windows NT 5.1; SV1) ; .NET CLR 1.1.4322; .NET CLR 2.0.50727; InfoPath.2)"
41.215.254.4 - - [31/May/2009:17:25:56 -0400] "GET /contact.html HTTP/1.0" 200 6927 "-" "User-Agent: Mozilla/4.0 (compatible; MSIE 7.0; Windows NT 5.1; Mozilla/4.0 (compatible; MSIE 6.0; Windows NT 5.1; SV1) ; .NET CLR 1.1.4322; .NET CLR 2.0.50727; InfoPath.2)"
41.215.254.4 - - [31/May/2009:17:26:00 -0400] "GET / HTTP/1.0" 200 1984 "-" "User-Agent: Mozilla/4.0 (compatible; MSIE 7.0; Windows NT 5.1; Mozilla/4.0 (compatible; MSIE 6.0; Windows NT 5.1; SV1) ; .NET CLR 1.1.4322; .NET CLR 2.0.50727; InfoPath.2)"
41.215.254.4 - - [31/May/2009:17:26:02 -0400] "GET / HTTP/1.0" 200 1984 "-" "User-Agent: Mozilla/4.0 (compatible; MSIE 7.0; Windows NT 5.1; Mozilla/4.0 (compatible; MSIE 6.0; Windows NT 5.1; SV1) ; .NET CLR 1.1.4322; .NET CLR 2.0.50727; InfoPath.2)"
41.215.254.4 - - [31/May/2009:17:26:08 -0400] "GET /contact.html HTTP/1.0" 200 6927 "-" "User-Agent: Mozilla/4.0 (compatible; MSIE 7.0; Windows NT 5.1; Mozilla/4.0 (compatible; MSIE 6.0; Windows NT 5.1; SV1) ; .NET CLR 1.1.4322; .NET CLR 2.0.50727; InfoPath.2)"
41.215.254.4 - - [31/May/2009:17:26:11 -0400] "GET /flash.html HTTP/1.0" 200 4756 "-" "User-Agent: Mozilla/4.0 (compatible; MSIE 7.0; Windows NT 5.1; Mozilla/4.0 (compatible; MSIE 6.0; Windows NT 5.1; SV1) ; .NET CLR 1.1.4322; .NET CLR 2.0.50727; InfoPath.2)"
41.215.254.4 - - [31/May/2009:17:26:14 -0400] "GET /illustrator.html HTTP/1.0" 200 6612 "-" "User-Agent: Mozilla/4.0 (compatible; MSIE 7.0; Windows NT 5.1; Mozilla/4.0 (compatible; MSIE 6.0; Windows NT 5.1; SV1) ; .NET CLR 1.1.4322; .NET CLR 2.0.50727; InfoPath.2)"
41.215.254.4 - - [31/May/2009:17:26:17 -0400] "GET /index.html HTTP/1.0" 200 1984 "-" "User-Agent: Mozilla/4.0 (compatible; MSIE 7.0; Windows NT 5.1; Mozilla/4.0 (compatible; MSIE 6.0; Windows NT 5.1; SV1) ; .NET CLR 1.1.4322; .NET CLR 2.0.50727; InfoPath.2)"
41.215.254.4 - - [31/May/2009:17:26:20 -0400] "GET /pages.html HTTP/1.0" 200 4692 "-" "User-Agent: Mozilla/4.0 (compatible; MSIE 7.0; Windows NT 5.1; Mozilla/4.0 (compatible; MSIE 6.0; Windows NT 5.1; SV1) ; .NET CLR 1.1.4322; .NET CLR 2.0.50727; InfoPath.2)"
41.215.254.4 - - [31/May/2009:17:26:23 -0400] "GET /photoshop.html HTTP/1.0" 200 7709 "-" "User-Agent: Mozilla/4.0 (compatible; MSIE 7.0; Windows NT 5.1; Mozilla/4.0 (compatible; MSIE 6.0; Windows NT 5.1; SV1) ; .NET CLR 1.1.4322; .NET CLR 2.0.50727; InfoPath.2)"
41.215.254.4 - - [31/May/2009:17:26:26 -0400] "GET /print.html HTTP/1.0" 200 4324 "-" "User-Agent: Mozilla/4.0 (compatible; MSIE 7.0; Windows NT 5.1; Mozilla/4.0 (compatible; MSIE 6.0; Windows NT 5.1; SV1) ; .NET CLR 1.1.4322; .NET CLR 2.0.50727; InfoPath.2)"
66.249.68.175 - - [01/Jun/2009:00:46:25 -0400] "GET /robots.txt HTTP/1.1" 404 269 "-" "Mozilla/5.0 (compatible; Googlebot/2.1; +http://www.google.com/bot.html)"
66.249.68.175 - - [01/Jun/2009:00:46:25 -0400] "GET / HTTP/1.1" 304 - "-" "Mozilla/5.0 (compatible; Googlebot/2.1; +http://www.google.com/bot.html)"
211.75.91.19 - - [01/Jun/2009:04:52:21 -0400] "GET /pages.html HTTP/1.1" 200 4692 "-" "Mozilla/4.0 (compatible; MSIE 6.0; Windows NT 5.1; SV1)"
211.75.91.19 - - [01/Jun/2009:04:52:23 -0400] "GET /illustrator.html HTTP/1.1" 200 6612 "-" "Mozilla/4.0 (compatible; MSIE 6.0; Windows NT 5.1; SV1)"
211.75.91.19 - - [01/Jun/2009:04:52:25 -0400] "GET /photoshop.html HTTP/1.1" 200 7709 "-" "Mozilla/4.0 (compatible; MSIE 6.0; Windows NT 5.1; SV1)"
211.75.91.19 - - [01/Jun/2009:04:52:26 -0400] "GET /print.html HTTP/1.1" 200 4324 "-" "Mozilla/4.0 (compatible; MSIE 6.0; Windows NT 5.1; SV1)"
211.75.91.19 - - [01/Jun/2009:04:52:27 -0400] "GET /contact.html HTTP/1.1" 200 6927 "-" "Mozilla/4.0 (compatible; MSIE 6.0; Windows NT 5.1; SV1)"
211.75.91.19 - - [01/Jun/2009:04:52:29 -0400] "POST /formmail.php HTTP/1.1" 200 355 "http://alex.jeb.ca/contact.html" "Mozilla/4.0 (compatible; MSIE 6.0; Windows NT 5.1; SV1)"
38.99.44.101 - - [01/Jun/2009:06:17:08 -0400] "GET /robots.txt HTTP/1.0" 404 269 "-" "Mozilla/5.0 (Twiceler-0.9 http://www.cuil.com/twiceler/robot.html)"
65.55.106.167 - - [01/Jun/2009:11:56:27 -0400] "GET /robots.txt HTTP/1.1" 404 269 "-" "msnbot/2.0b (+http://search.msn.com/msnbot.htm)"
38.99.44.101 - - [02/Jun/2009:06:04:45 -0400] "GET /robots.txt HTTP/1.0" 404 269 "-" "Mozilla/5.0 (Twiceler-0.9 http://www.cuil.com/twiceler/robot.html)"
65.55.106.162 - - [02/Jun/2009:12:58:36 -0400] "GET /robots.txt HTTP/1.1" 404 269 "-" "msnbot/2.0b (+http://search.msn.com/msnbot.htm)"
66.249.68.175 - - [02/Jun/2009:15:30:29 -0400] "GET /robots.txt HTTP/1.1" 404 269 "-" "Mozilla/5.0 (compatible; Googlebot/2.1; +http://www.google.com/bot.html)"
66.249.68.175 - - [02/Jun/2009:15:30:29 -0400] "GET / HTTP/1.1" 200 1984 "-" "Mozilla/5.0 (compatible; Googlebot/2.1; +http://www.google.com/bot.html)"
24.200.183.173 - - [02/Jun/2009:16:18:31 -0400] "GET /photoshop.html HTTP/1.1" 200 7709 "http://www.pipl.com/search/?FirstName=alex&LastName=bourgeois&City=&State=&Country=CA&CategoryID=2&Interface=1" "Mozilla/5.0 (Windows; U; Windows NT 5.1; en-US) AppleWebKit/525.19 (KHTML, like Gecko) Chrome/1.0.154.65 Safari/525.19"
24.200.183.173 - - [02/Jun/2009:16:18:31 -0400] "GET /top_nav.css HTTP/1.1" 200 841 "http://alex.jeb.ca/photoshop.html" "Mozilla/5.0 (Windows; U; Windows NT 5.1; en-US) AppleWebKit/525.19 (KHTML, like Gecko) Chrome/1.0.154.65 Safari/525.19"
24.200.183.173 - - [02/Jun/2009:16:18:31 -0400] "GET /main.js HTTP/1.1" 200 5103 "http://alex.jeb.ca/photoshop.html" "Mozilla/5.0 (Windows; U; Windows NT 5.1; en-US) AppleWebKit/525.19 (KHTML, like Gecko) Chrome/1.0.154.65 Safari/525.19"
24.200.183.173 - - [02/Jun/2009:16:18:31 -0400] "GET /images/_portfolio/photoshop/fiber_optics_sm.gif HTTP/1.1" 200 1983 "http://alex.jeb.ca/photoshop.html" "Mozilla/5.0 (Windows; U; Windows NT 5.1; en-US) AppleWebKit/525.19 (KHTML, like Gecko) Chrome/1.0.154.65 Safari/525.19"
