66.249.71.234 - - [11/Dec/2009:16:42:12 -0500] "GET /print.html HTTP/1.1" 200 4324 "-" "Mozilla/5.0 (compatible; Googlebot/2.1; +http://www.google.com/bot.html)"
65.55.106.155 - - [11/Dec/2009:18:00:06 -0500] "GET /robots.txt HTTP/1.1" 404 269 "-" "msnbot/2.0b (+http://search.msn.com/msnbot.htm)"
65.55.106.155 - - [11/Dec/2009:18:01:10 -0500] "GET /email/origins.html HTTP/1.1" 404 277 "-" "msnbot/2.0b (+http://search.msn.com/msnbot.htm)"
66.249.71.234 - - [11/Dec/2009:20:51:16 -0500] "GET /images/_portfolio/web_pages/html.gif HTTP/1.1" 304 - "-" "Googlebot-Image/1.0"
66.249.71.234 - - [11/Dec/2009:21:33:38 -0500] "GET /photoshop.html HTTP/1.1" 200 7709 "-" "Mozilla/5.0 (compatible; Googlebot/2.1; +http://www.google.com/bot.html)"
65.55.207.99 - - [12/Dec/2009:06:35:36 -0500] "GET /robots.txt HTTP/1.1" 404 269 "-" "msnbot/2.0b (+http://search.msn.com/msnbot.htm)"
65.55.207.99 - - [12/Dec/2009:06:39:43 -0500] "GET /email/origins.html HTTP/1.1" 404 277 "-" "msnbot/2.0b (+http://search.msn.com/msnbot.htm)"
66.249.71.234 - - [12/Dec/2009:07:17:04 -0500] "GET /robots.txt HTTP/1.1" 404 269 "-" "Mozilla/5.0 (compatible; Googlebot/2.1; +http://www.google.com/bot.html)"
66.249.71.234 - - [12/Dec/2009:07:17:04 -0500] "GET /pages.html HTTP/1.1" 200 4692 "-" "Mozilla/5.0 (compatible; Googlebot/2.1; +http://www.google.com/bot.html)"
66.249.71.234 - - [12/Dec/2009:08:50:54 -0500] "GET /havlat_photography/ HTTP/1.1" 404 278 "-" "Mozilla/5.0 (compatible; Googlebot/2.1; +http://www.google.com/bot.html)"
66.249.71.234 - - [12/Dec/2009:08:50:54 -0500] "GET /email HTTP/1.1" 404 264 "-" "Mozilla/5.0 (compatible; Googlebot/2.1; +http://www.google.com/bot.html)"
66.249.71.234 - - [12/Dec/2009:08:59:06 -0500] "GET /html HTTP/1.1" 404 263 "-" "Mozilla/5.0 (compatible; Googlebot/2.1; +http://www.google.com/bot.html)"
66.249.71.234 - - [12/Dec/2009:09:06:22 -0500] "GET /golf_quiz HTTP/1.1" 404 268 "-" "Mozilla/5.0 (compatible; Googlebot/2.1; +http://www.google.com/bot.html)"
66.249.71.234 - - [12/Dec/2009:09:14:38 -0500] "GET /impressions/ HTTP/1.1" 404 271 "-" "Mozilla/5.0 (compatible; Googlebot/2.1; +http://www.google.com/bot.html)"
66.249.71.234 - - [12/Dec/2009:13:06:29 -0500] "GET / HTTP/1.1" 200 1984 "-" "Mozilla/5.0 (compatible; Googlebot/2.1; +http://www.google.com/bot.html)"
67.218.116.130 - - [12/Dec/2009:13:38:41 -0500] "GET /robots.txt HTTP/1.0" 404 269 "-" "Mozilla/5.0 (Twiceler-0.9 http://www.cuil.com/twiceler/robot.html)"
66.249.71.234 - - [13/Dec/2009:00:43:04 -0500] "GET /robots.txt HTTP/1.1" 404 269 "-" "Googlebot-Image/1.0"
66.249.71.234 - - [13/Dec/2009:00:43:04 -0500] "GET /images/_portfolio/illustrator/maple_leaf_sm.gif HTTP/1.1" 304 - "-" "Googlebot-Image/1.0"
67.218.116.130 - - [13/Dec/2009:13:44:57 -0500] "GET /robots.txt HTTP/1.0" 404 269 "-" "Mozilla/5.0 (Twiceler-0.9 http://www.cuil.com/twiceler/robot.html)"
74.13.125.159 - - [14/Dec/2009:06:20:36 -0500] "GET / HTTP/1.1" 200 1984 "http://www.google.ca/url?sa=t&source=web&ct=res&cd=3&ved=0CA4QFjAC&url=http%3A%2F%2Falex.jeb.ca%2F&rct=j&q=Alex+Bourgeois&ei=fyAmS_CjL4bGlAfR58mFCg&usg=AFQjCNHYak0m47EH_Y87pJLZcQxnSmYlsA" "Mozilla/5.0 (Windows; U; Windows NT 5.1; en-US; rv:1.9.0.15) Gecko/2009101601 Firefox/3.0.15 (.NET CLR 3.5.30729)"
74.13.125.159 - - [14/Dec/2009:06:20:36 -0500] "GET /index.css HTTP/1.1" 200 962 "http://alex.jeb.ca/" "Mozilla/5.0 (Windows; U; Windows NT 5.1; en-US; rv:1.9.0.15) Gecko/2009101601 Firefox/3.0.15 (.NET CLR 3.5.30729)"
74.13.125.159 - - [14/Dec/2009:06:20:36 -0500] "GET /favicon.ico HTTP/1.1" 200 1150 "-" "Mozilla/5.0 (Windows; U; Windows NT 5.1; en-US; rv:1.9.0.15) Gecko/2009101601 Firefox/3.0.15 (.NET CLR 3.5.30729)"
74.13.125.159 - - [14/Dec/2009:06:20:36 -0500] "GET /top_nav.css HTTP/1.1" 200 841 "http://alex.jeb.ca/" "Mozilla/5.0 (Windows; U; Windows NT 5.1; en-US; rv:1.9.0.15) Gecko/2009101601 Firefox/3.0.15 (.NET CLR 3.5.30729)"
74.13.125.159 - - [14/Dec/2009:06:20:36 -0500] "GET /main.js HTTP/1.1" 200 5103 "http://alex.jeb.ca/" "Mozilla/5.0 (Windows; U; Windows NT 5.1; en-US; rv:1.9.0.15) Gecko/2009101601 Firefox/3.0.15 (.NET CLR 3.5.30729)"
74.13.125.159 - - [14/Dec/2009:06:20:36 -0500] "GET /images/bg.gif HTTP/1.1" 200 519 "http://alex.jeb.ca/top_nav.css" "Mozilla/5.0 (Windows; U; Windows NT 5.1; en-US; rv:1.9.0.15) Gecko/2009101601 Firefox/3.0.15 (.NET CLR 3.5.30729)"
74.13.125.159 - - [14/Dec/2009:06:20:36 -0500] "GET /images/on_left.gif HTTP/1.1" 200 478 "http://alex.jeb.ca/top_nav.css" "Mozilla/5.0 (Windows; U; Windows NT 5.1; en-US; rv:1.9.0.15) Gecko/2009101601 Firefox/3.0.15 (.NET CLR 3.5.30729)"
74.13.125.159 - - [14/Dec/2009:06:20:36 -0500] "GET /images/on_right.gif HTTP/1.1" 200 1971 "http://alex.jeb.ca/top_nav.css" "Mozilla/5.0 (Windows; U; Windows NT 5.1; en-US; rv:1.9.0.15) Gecko/2009101601 Firefox/3.0.15 (.NET CLR 3.5.30729)"
74.13.125.159 - - [14/Dec/2009:06:20:36 -0500] "GET /images/left.gif HTTP/1.1" 200 493 "http://alex.jeb.ca/top_nav.css" "Mozilla/5.0 (Windows; U; Windows NT 5.1; en-US; rv:1.9.0.15) Gecko/2009101601 Firefox/3.0.15 (.NET CLR 3.5.30729)"
74.13.125.159 - - [14/Dec/2009:06:20:36 -0500] "GET /images/right.gif HTTP/1.1" 200 1986 "http://alex.jeb.ca/top_nav.css" "Mozilla/5.0 (Windows; U; Windows NT 5.1; en-US; rv:1.9.0.15) Gecko/2009101601 Firefox/3.0.15 (.NET CLR 3.5.30729)"
74.13.125.159 - - [14/Dec/2009:06:20:36 -0500] "GET /home.swf HTTP/1.1" 200 17352 "http://alex.jeb.ca/" "Mozilla/5.0 (Windows; U; Windows NT 5.1; en-US; rv:1.9.0.15) Gecko/2009101601 Firefox/3.0.15 (.NET CLR 3.5.30729)"
67.218.116.130 - - [14/Dec/2009:12:07:48 -0500] "GET /robots.txt HTTP/1.0" 404 269 "-" "Mozilla/5.0 (Twiceler-0.9 http://www.cuil.com/twiceler/robot.html)"
67.218.116.130 - - [15/Dec/2009:12:43:04 -0500] "GET /robots.txt HTTP/1.0" 404 269 "-" "Mozilla/5.0 (Twiceler-0.9 http://www.cuil.com/twiceler/robot.html)"
65.55.106.183 - - [15/Dec/2009:23:31:51 -0500] "GET /robots.txt HTTP/1.1" 404 269 "-" "msnbot/2.0b (+http://search.msn.com/msnbot.htm)"
65.55.106.183 - - [15/Dec/2009:23:32:48 -0500] "GET /email/origins.html HTTP/1.1" 404 277 "-" "msnbot/2.0b (+http://search.msn.com/msnbot.htm)"
67.218.116.130 - - [16/Dec/2009:01:22:13 -0500] "GET /robots.txt HTTP/1.0" 404 269 "-" "Mozilla/5.0 (Twiceler-0.9 http://www.cuil.com/twiceler/robot.html)"
67.218.116.130 - - [17/Dec/2009:01:23:02 -0500] "GET /robots.txt HTTP/1.0" 404 269 "-" "Mozilla/5.0 (Twiceler-0.9 http://www.cuil.com/twiceler/robot.html)"
65.55.106.208 - - [17/Dec/2009:07:44:05 -0500] "GET /robots.txt HTTP/1.1" 404 269 "-" "msnbot/2.0b (+http://search.msn.com/msnbot.htm)"
65.55.106.208 - - [17/Dec/2009:07:44:50 -0500] "GET /email/origins.html HTTP/1.1" 404 277 "-" "msnbot/2.0b (+http://search.msn.com/msnbot.htm)"
66.249.71.129 - - [17/Dec/2009:12:01:32 -0500] "GET /robots.txt HTTP/1.1" 404 269 "-" "Googlebot-Image/1.0"
66.249.71.129 - - [17/Dec/2009:12:01:32 -0500] "GET /images/_portfolio/web_pages/raris.gif HTTP/1.1" 304 - "-" "Googlebot-Image/1.0"
66.249.71.141 - - [17/Dec/2009:17:42:27 -0500] "GET /images/_portfolio/flash/venus.gif HTTP/1.1" 304 - "-" "Googlebot-Image/1.0"
66.249.71.141 - - [17/Dec/2009:18:30:39 -0500] "GET /top_nav.css HTTP/1.1" 200 841 "-" "Mozilla/5.0 (compatible; Googlebot/2.1; +http://www.google.com/bot.html)"
66.249.71.141 - - [17/Dec/2009:18:46:03 -0500] "GET /main.js HTTP/1.1" 200 5103 "-" "Mozilla/5.0 (compatible; Googlebot/2.1; +http://www.google.com/bot.html)"
66.249.71.141 - - [17/Dec/2009:18:46:04 -0500] "GET /index.css HTTP/1.1" 200 962 "-" "Mozilla/5.0 (compatible; Googlebot/2.1; +http://www.google.com/bot.html)"
67.218.116.130 - - [18/Dec/2009:00:16:22 -0500] "GET /robots.txt HTTP/1.0" 404 269 "-" "Mozilla/5.0 (Twiceler-0.9 http://www.cuil.com/twiceler/robot.html)"
67.218.116.130 - - [19/Dec/2009:01:31:34 -0500] "GET /robots.txt HTTP/1.0" 404 269 "-" "Mozilla/5.0 (Twiceler-0.9 http://www.cuil.com/twiceler/robot.html)"
66.249.71.141 - - [19/Dec/2009:11:20:53 -0500] "GET /robots.txt HTTP/1.1" 404 269 "-" "Mozilla/5.0 (compatible; Googlebot/2.1; +http://www.google.com/bot.html)"
66.249.71.141 - - [19/Dec/2009:11:20:53 -0500] "GET / HTTP/1.1" 200 1984 "-" "Mozilla/5.0 (compatible; Googlebot/2.1; +http://www.google.com/bot.html)"
65.55.106.163 - - [20/Dec/2009:08:37:03 -0500] "GET /robots.txt HTTP/1.1" 404 269 "-" "msnbot/2.0b (+http://search.msn.com/msnbot.htm)"
65.55.106.163 - - [20/Dec/2009:08:37:42 -0500] "GET /email/origins.html HTTP/1.1" 404 277 "-" "msnbot/2.0b (+http://search.msn.com/msnbot.htm)"
67.218.116.130 - - [20/Dec/2009:13:22:25 -0500] "GET /robots.txt HTTP/1.0" 404 269 "-" "Mozilla/5.0 (Twiceler-0.9 http://www.cuil.com/twiceler/robot.html)"
24.201.91.142 - - [20/Dec/2009:14:29:20 -0500] "GET / HTTP/1.1" 200 1984 "http://www.google.ca/search?hl=en&safe=active&rlz=1R2GGLL_en-GB&q=bourgeois%2Bdesigner&btnG=Search&meta=cr%3DcountryCA&aq=f&oq=" "Mozilla/4.0 (compatible; MSIE 8.0; Windows NT 6.0; Trident/4.0; GTB6.3; SLCC1; .NET CLR 2.0.50727; Media Center PC 5.0; InfoPath.2; .NET CLR 3.5.30729; .NET CLR 3.0.30618)"
24.201.91.142 - - [20/Dec/2009:14:29:20 -0500] "GET /index.css HTTP/1.1" 200 962 "http://alex.jeb.ca/" "Mozilla/4.0 (compatible; MSIE 8.0; Windows NT 6.0; Trident/4.0; GTB6.3; SLCC1; .NET CLR 2.0.50727; Media Center PC 5.0; InfoPath.2; .NET CLR 3.5.30729; .NET CLR 3.0.30618)"
24.201.91.142 - - [20/Dec/2009:14:29:21 -0500] "GET /top_nav.css HTTP/1.1" 200 841 "http://alex.jeb.ca/" "Mozilla/4.0 (compatible; MSIE 8.0; Windows NT 6.0; Trident/4.0; GTB6.3; SLCC1; .NET CLR 2.0.50727; Media Center PC 5.0; InfoPath.2; .NET CLR 3.5.30729; .NET CLR 3.0.30618)"
24.201.91.142 - - [20/Dec/2009:14:29:21 -0500] "GET /main.js HTTP/1.1" 200 5103 "http://alex.jeb.ca/" "Mozilla/4.0 (compatible; MSIE 8.0; Windows NT 6.0; Trident/4.0; GTB6.3; SLCC1; .NET CLR 2.0.50727; Media Center PC 5.0; InfoPath.2; .NET CLR 3.5.30729; .NET CLR 3.0.30618)"
24.201.91.142 - - [20/Dec/2009:14:29:21 -0500] "GET /images/bg.gif HTTP/1.1" 200 519 "http://alex.jeb.ca/" "Mozilla/4.0 (compatible; MSIE 8.0; Windows NT 6.0; Trident/4.0; GTB6.3; SLCC1; .NET CLR 2.0.50727; Media Center PC 5.0; InfoPath.2; .NET CLR 3.5.30729; .NET CLR 3.0.30618)"
24.201.91.142 - - [20/Dec/2009:14:29:21 -0500] "GET /images/on_left.gif HTTP/1.1" 200 478 "http://alex.jeb.ca/" "Mozilla/4.0 (compatible; MSIE 8.0; Windows NT 6.0; Trident/4.0; GTB6.3; SLCC1; .NET CLR 2.0.50727; Media Center PC 5.0; InfoPath.2; .NET CLR 3.5.30729; .NET CLR 3.0.30618)"
24.201.91.142 - - [20/Dec/2009:14:29:21 -0500] "GET /home.swf HTTP/1.1" 200 17352 "http://alex.jeb.ca/" "Mozilla/4.0 (compatible; MSIE 8.0; Windows NT 6.0; Trident/4.0; GTB6.3; SLCC1; .NET CLR 2.0.50727; Media Center PC 5.0; InfoPath.2; .NET CLR 3.5.30729; .NET CLR 3.0.30618)"
24.201.91.142 - - [20/Dec/2009:14:29:21 -0500] "GET /images/left.gif HTTP/1.1" 200 493 "http://alex.jeb.ca/" "Mozilla/4.0 (compatible; MSIE 8.0; Windows NT 6.0; Trident/4.0; GTB6.3; SLCC1; .NET CLR 2.0.50727; Media Center PC 5.0; InfoPath.2; .NET CLR 3.5.30729; .NET CLR 3.0.30618)"
24.201.91.142 - - [20/Dec/2009:14:29:21 -0500] "GET /images/right.gif HTTP/1.1" 200 1986 "http://alex.jeb.ca/" "Mozilla/4.0 (compatible; MSIE 8.0; Windows NT 6.0; Trident/4.0; GTB6.3; SLCC1; .NET CLR 2.0.50727; Media Center PC 5.0; InfoPath.2; .NET CLR 3.5.30729; .NET CLR 3.0.30618)"
24.201.91.142 - - [20/Dec/2009:14:29:21 -0500] "GET /images/on_right.gif HTTP/1.1" 200 1971 "http://alex.jeb.ca/" "Mozilla/4.0 (compatible; MSIE 8.0; Windows NT 6.0; Trident/4.0; GTB6.3; SLCC1; .NET CLR 2.0.50727; Media Center PC 5.0; InfoPath.2; .NET CLR 3.5.30729; .NET CLR 3.0.30618)"
24.201.91.142 - - [20/Dec/2009:14:29:21 -0500] "GET /favicon.ico HTTP/1.1" 200 1150 "-" "Mozilla/4.0 (compatible; MSIE 8.0; Windows NT 6.0; Trident/4.0; GTB6.3; SLCC1; .NET CLR 2.0.50727; Media Center PC 5.0; InfoPath.2; .NET CLR 3.5.30729; .NET CLR 3.0.30618)"
24.201.91.142 - - [20/Dec/2009:14:29:21 -0500] "GET /favicon.ico HTTP/1.1" 304 - "-" "Mozilla/5.0 (compatible; Google Desktop/5.9.911.3589; http://desktop.google.com/)"
67.218.116.130 - - [21/Dec/2009:13:43:56 -0500] "GET /robots.txt HTTP/1.0" 404 269 "-" "Mozilla/5.0 (Twiceler-0.9 http://www.cuil.com/twiceler/robot.html)"
114.139.134.167 - - [22/Dec/2009:06:25:29 -0500] "GET /pages.html HTTP/1.1" 200 4692 "-" "Mozilla/4.0 (compatible; MSIE 6.0; Windows NT 5.1; SV1)"
114.139.134.167 - - [22/Dec/2009:06:25:42 -0500] "GET /index.html HTTP/1.1" 200 1984 "-" "Mozilla/4.0 (compatible; MSIE 6.0; Windows NT 5.1; SV1)"
114.139.134.167 - - [22/Dec/2009:06:25:44 -0500] "GET /illustrator.html HTTP/1.1" 200 6612 "-" "Mozilla/4.0 (compatible; MSIE 6.0; Windows NT 5.1; SV1)"
114.139.134.167 - - [22/Dec/2009:06:25:55 -0500] "GET /flash.html HTTP/1.1" 200 4756 "-" "Mozilla/4.0 (compatible; MSIE 6.0; Windows NT 5.1; SV1)"
114.139.134.167 - - [22/Dec/2009:06:26:15 -0500] "GET /photoshop.html HTTP/1.1" 200 7709 "-" "Mozilla/4.0 (compatible; MSIE 6.0; Windows NT 5.1; SV1)"
221.6.172.56 - - [22/Dec/2009:06:26:59 -0500] "GET /print.html HTTP/1.1" 200 4324 "-" "Mozilla/4.0 (compatible; MSIE 6.0; Windows NT 5.1; SV1)"
218.108.220.171 - - [22/Dec/2009:06:27:15 -0500] "GET /contact.html HTTP/1.0" 200 6927 "-" "Mozilla/4.0 (compatible; MSIE 6.0; Windows NT 5.1; SV1)"
218.108.220.171 - - [22/Dec/2009:06:27:22 -0500] "POST /formmail.php HTTP/1.1" 200 355 "http://alex.jeb.ca/contact.html" "Mozilla/4.0 (compatible; MSIE 6.0; Windows NT 5.1; SV1)"
65.55.106.115 - - [22/Dec/2009:07:30:21 -0500] "GET /robots.txt HTTP/1.1" 404 269 "-" "msnbot/2.0b (+http://search.msn.com/msnbot.htm)"
65.55.106.115 - - [22/Dec/2009:07:31:06 -0500] "GET /email/origins.html HTTP/1.1" 404 277 "-" "msnbot/2.0b (+http://search.msn.com/msnbot.htm)"
70.102.63.195 - - [22/Dec/2009:08:55:14 -0500] "GET / HTTP/1.1" 200 1984 "-" "Mozilla/5.0 (X11; U; Linux i686 (x86_64); en-US; rv:1.8.0.1) Gecko/20060124 Firefox/1.5.0.1"
67.218.116.130 - - [22/Dec/2009:14:27:58 -0500] "GET /robots.txt HTTP/1.0" 404 269 "-" "Mozilla/5.0 (Twiceler-0.9 http://www.cuil.com/twiceler/robot.html)"
85.17.211.164 - - [22/Dec/2009:17:24:12 -0500] "GET / HTTP/1.1" 200 1984 "-" "Mozilla/5.0 (compatible; Purebot/1.1; +http://www.puritysearch.net/)"
85.17.211.164 - - [22/Dec/2009:17:24:13 -0500] "GET /index.html HTTP/1.1" 200 1984 "-" "Mozilla/5.0 (compatible; Purebot/1.1; +http://www.puritysearch.net/)"
85.17.211.164 - - [22/Dec/2009:17:24:14 -0500] "GET /pages.html HTTP/1.1" 200 4692 "-" "Mozilla/5.0 (compatible; Purebot/1.1; +http://www.puritysearch.net/)"
85.17.211.164 - - [22/Dec/2009:17:24:14 -0500] "GET /illustrator.html HTTP/1.1" 200 6612 "-" "Mozilla/5.0 (compatible; Purebot/1.1; +http://www.puritysearch.net/)"
85.17.211.164 - - [22/Dec/2009:17:24:16 -0500] "GET /flash.html HTTP/1.1" 200 4756 "-" "Mozilla/5.0 (compatible; Purebot/1.1; +http://www.puritysearch.net/)"
85.17.211.164 - - [22/Dec/2009:17:24:16 -0500] "GET /photoshop.html HTTP/1.1" 200 7709 "-" "Mozilla/5.0 (compatible; Purebot/1.1; +http://www.puritysearch.net/)"
85.17.211.164 - - [22/Dec/2009:17:24:16 -0500] "GET /print.html HTTP/1.1" 200 4324 "-" "Mozilla/5.0 (compatible; Purebot/1.1; +http://www.puritysearch.net/)"
85.17.211.164 - - [22/Dec/2009:17:24:17 -0500] "GET /contact.html HTTP/1.1" 200 6927 "-" "Mozilla/5.0 (compatible; Purebot/1.1; +http://www.puritysearch.net/)"
66.249.71.141 - - [22/Dec/2009:20:50:08 -0500] "GET /robots.txt HTTP/1.1" 404 269 "-" "Googlebot-Image/1.0"
66.249.71.141 - - [22/Dec/2009:20:50:08 -0500] "GET /images/_portfolio/illustrator/vine_alphabet_sm.gif HTTP/1.1" 304 - "-" "Googlebot-Image/1.0"
66.249.71.141 - - [23/Dec/2009:02:27:38 -0500] "GET /images/_portfolio/photoshop/pie_chart_sm.jpg HTTP/1.1" 304 - "-" "Googlebot-Image/1.0"
75.101.246.104 - - [28/Dec/2009:23:44:02 -0500] "GET /robots.txt HTTP/1.0" 404 269 "-" "ia_archiver (+http://www.alexa.com/site/help/webmasters; crawler@alexa.com)"
75.101.246.104 - - [28/Dec/2009:23:44:02 -0500] "GET / HTTP/1.0" 200 1984 "-" "ia_archiver (+http://www.alexa.com/site/help/webmasters; crawler@alexa.com)"
76.253.166.220 - - [29/Dec/2009:01:47:07 -0500] "GET /flash.html HTTP/1.1" 200 4756 "http://images.google.com/imgres?imgurl=http://alex.jeb.ca/images/_portfolio/flash/venus.gif&imgrefurl=http://alex.jeb.ca/flash.html&usg=__tJCU6i91pig-idR_2BxlHlpoA48=&h=75&w=75&sz=2&hl=en&start=18&um=1&tbnid=uI7uOFQf7KLvCM:&tbnh=71&tbnw=71&prev=/images%3Fq%3Dvenus%2Bbutterfly%2Bdiagram%26hl%3Den%26client%3Dsafari%26rls%3Den%26sa%3DX%26um%3D1" "Mozilla/5.0 (Macintosh; U; Intel Mac OS X 10_5_8; en-us) AppleWebKit/531.21.8 (KHTML, like Gecko) Version/4.0.4 Safari/531.21.10"
76.253.166.220 - - [29/Dec/2009:01:47:07 -0500] "GET /index.css HTTP/1.1" 200 962 "http://alex.jeb.ca/flash.html" "Mozilla/5.0 (Macintosh; U; Intel Mac OS X 10_5_8; en-us) AppleWebKit/531.21.8 (KHTML, like Gecko) Version/4.0.4 Safari/531.21.10"
76.253.166.220 - - [29/Dec/2009:01:47:07 -0500] "GET /main.js HTTP/1.1" 200 5103 "http://alex.jeb.ca/flash.html" "Mozilla/5.0 (Macintosh; U; Intel Mac OS X 10_5_8; en-us) AppleWebKit/531.21.8 (KHTML, like Gecko) Version/4.0.4 Safari/531.21.10"
76.253.166.220 - - [29/Dec/2009:01:47:07 -0500] "GET /top_nav.css HTTP/1.1" 200 841 "http://alex.jeb.ca/flash.html" "Mozilla/5.0 (Macintosh; U; Intel Mac OS X 10_5_8; en-us) AppleWebKit/531.21.8 (KHTML, like Gecko) Version/4.0.4 Safari/531.21.10"
76.253.166.220 - - [29/Dec/2009:01:47:07 -0500] "GET /images/on_left.gif HTTP/1.1" 200 478 "http://alex.jeb.ca/flash.html" "Mozilla/5.0 (Macintosh; U; Intel Mac OS X 10_5_8; en-us) AppleWebKit/531.21.8 (KHTML, like Gecko) Version/4.0.4 Safari/531.21.10"
76.253.166.220 - - [29/Dec/2009:01:47:07 -0500] "GET /images/bg.gif HTTP/1.1" 200 519 "http://alex.jeb.ca/flash.html" "Mozilla/5.0 (Macintosh; U; Intel Mac OS X 10_5_8; en-us) AppleWebKit/531.21.8 (KHTML, like Gecko) Version/4.0.4 Safari/531.21.10"
76.253.166.220 - - [29/Dec/2009:01:47:07 -0500] "GET /images/left.gif HTTP/1.1" 200 493 "http://alex.jeb.ca/flash.html" "Mozilla/5.0 (Macintosh; U; Intel Mac OS X 10_5_8; en-us) AppleWebKit/531.21.8 (KHTML, like Gecko) Version/4.0.4 Safari/531.21.10"
76.253.166.220 - - [29/Dec/2009:01:47:07 -0500] "GET /images/right.gif HTTP/1.1" 200 1986 "http://alex.jeb.ca/flash.html" "Mozilla/5.0 (Macintosh; U; Intel Mac OS X 10_5_8; en-us) AppleWebKit/531.21.8 (KHTML, like Gecko) Version/4.0.4 Safari/531.21.10"
76.253.166.220 - - [29/Dec/2009:01:47:07 -0500] "GET /images/on_right.gif HTTP/1.1" 200 1971 "http://alex.jeb.ca/flash.html" "Mozilla/5.0 (Macintosh; U; Intel Mac OS X 10_5_8; en-us) AppleWebKit/531.21.8 (KHTML, like Gecko) Version/4.0.4 Safari/531.21.10"
76.253.166.220 - - [29/Dec/2009:01:47:07 -0500] "GET /images/_portfolio/flash/venus.gif HTTP/1.1" 200 1148 "http://alex.jeb.ca/flash.html" "Mozilla/5.0 (Macintosh; U; Intel Mac OS X 10_5_8; en-us) AppleWebKit/531.21.8 (KHTML, like Gecko) Version/4.0.4 Safari/531.21.10"
76.253.166.220 - - [29/Dec/2009:01:47:07 -0500] "GET /images/_portfolio/flash/rotating_circles.gif HTTP/1.1" 200 1022 "http://alex.jeb.ca/flash.html" "Mozilla/5.0 (Macintosh; U; Intel Mac OS X 10_5_8; en-us) AppleWebKit/531.21.8 (KHTML, like Gecko) Version/4.0.4 Safari/531.21.10"
76.253.166.220 - - [29/Dec/2009:01:47:07 -0500] "GET /images/_portfolio/flash/venn_diagram.gif HTTP/1.1" 200 884 "http://alex.jeb.ca/flash.html" "Mozilla/5.0 (Macintosh; U; Intel Mac OS X 10_5_8; en-us) AppleWebKit/531.21.8 (KHTML, like Gecko) Version/4.0.4 Safari/531.21.10"
76.253.166.220 - - [29/Dec/2009:01:47:07 -0500] "GET /images/_portfolio/flash/annimated_butterfly.gif HTTP/1.1" 200 514 "http://alex.jeb.ca/flash.html" "Mozilla/5.0 (Macintosh; U; Intel Mac OS X 10_5_8; en-us) AppleWebKit/531.21.8 (KHTML, like Gecko) Version/4.0.4 Safari/531.21.10"
76.253.166.220 - - [29/Dec/2009:01:47:07 -0500] "GET /images/_portfolio/flash/bending_arrow.gif HTTP/1.1" 200 428 "http://alex.jeb.ca/flash.html" "Mozilla/5.0 (Macintosh; U; Intel Mac OS X 10_5_8; en-us) AppleWebKit/531.21.8 (KHTML, like Gecko) Version/4.0.4 Safari/531.21.10"
76.253.166.220 - - [29/Dec/2009:01:47:07 -0500] "GET /images/_portfolio/flash/wine_banner.gif HTTP/1.1" 200 1021 "http://alex.jeb.ca/flash.html" "Mozilla/5.0 (Macintosh; U; Intel Mac OS X 10_5_8; en-us) AppleWebKit/531.21.8 (KHTML, like Gecko) Version/4.0.4 Safari/531.21.10"
76.253.166.220 - - [29/Dec/2009:01:47:07 -0500] "GET /images/_portfolio/flash/finland.gif HTTP/1.1" 200 669 "http://alex.jeb.ca/flash.html" "Mozilla/5.0 (Macintosh; U; Intel Mac OS X 10_5_8; en-us) AppleWebKit/531.21.8 (KHTML, like Gecko) Version/4.0.4 Safari/531.21.10"
76.253.166.220 - - [29/Dec/2009:01:47:15 -0500] "GET /favicon.ico HTTP/1.1" 200 1150 "-" "Mozilla/5.0 (Macintosh; U; Intel Mac OS X 10_5_8; en-us) AppleWebKit/531.21.8 (KHTML, like Gecko) Version/4.0.4 Safari/531.21.10"
76.253.166.220 - - [29/Dec/2009:01:47:15 -0500] "GET /images/_portfolio/flash/venus.swf HTTP/1.1" 200 139191 "about:blank" "Mozilla/5.0 (Macintosh; U; Intel Mac OS X 10_5_8; en-us) AppleWebKit/531.21.8 (KHTML, like Gecko) Version/4.0.4 Safari/531.21.10"
65.55.207.120 - - [29/Dec/2009:14:38:32 -0500] "GET /robots.txt HTTP/1.1" 404 269 "-" "msnbot/2.0b (+http://search.msn.com/msnbot.htm)"
65.55.207.120 - - [29/Dec/2009:14:39:12 -0500] "GET /email/origins.html HTTP/1.1" 404 277 "-" "msnbot/2.0b (+http://search.msn.com/msnbot.htm)"
66.249.71.141 - - [29/Dec/2009:15:51:56 -0500] "GET /robots.txt HTTP/1.1" 404 269 "-" "Googlebot-Image/1.0"
66.249.71.141 - - [29/Dec/2009:15:51:56 -0500] "GET /images/_portfolio/photoshop/telephone_wires_sm.jpg HTTP/1.1" 304 - "-" "Googlebot-Image/1.0"
194.8.75.52 - - [30/Dec/2009:20:05:51 -0500] "GET /pages.html HTTP/1.0" 200 4692 "http://alex.jeb.ca/pages.html" "Mozilla/4.0 (compatible; MSIE 5.5; Windows 95; BCD2000)"
66.249.71.141 - - [31/Dec/2009:14:23:02 -0500] "GET /robots.txt HTTP/1.1" 404 269 "-" "Googlebot-Image/1.0"
66.249.71.141 - - [31/Dec/2009:14:23:02 -0500] "GET /images/_portfolio/web_pages/havlat_photography.gif HTTP/1.1" 304 - "-" "Googlebot-Image/1.0"
213.108.56.29 - - [31/Dec/2009:18:25:50 -0500] "GET /pages.html HTTP/1.1" 200 4692 "-" "Mozilla/4.0 (compatible; MSIE 6.0; Windows NT 5.1; SV1)"
213.108.56.29 - - [31/Dec/2009:18:25:51 -0500] "GET /index.html HTTP/1.1" 200 1984 "-" "Mozilla/4.0 (compatible; MSIE 6.0; Windows NT 5.1; SV1)"
213.108.56.29 - - [31/Dec/2009:18:25:54 -0500] "GET /illustrator.html HTTP/1.1" 200 6612 "-" "Mozilla/4.0 (compatible; MSIE 6.0; Windows NT 5.1; SV1)"
213.108.56.29 - - [31/Dec/2009:18:25:58 -0500] "GET /flash.html HTTP/1.1" 200 4756 "-" "Mozilla/4.0 (compatible; MSIE 6.0; Windows NT 5.1; SV1)"
213.108.56.29 - - [31/Dec/2009:18:25:58 -0500] "GET /photoshop.html HTTP/1.1" 200 7709 "-" "Mozilla/4.0 (compatible; MSIE 6.0; Windows NT 5.1; SV1)"
213.108.56.29 - - [31/Dec/2009:18:26:02 -0500] "GET /print.html HTTP/1.1" 200 4324 "-" "Mozilla/4.0 (compatible; MSIE 6.0; Windows NT 5.1; SV1)"
213.108.56.29 - - [31/Dec/2009:18:26:02 -0500] "GET /contact.html HTTP/1.1" 200 6927 "-" "Mozilla/4.0 (compatible; MSIE 6.0; Windows NT 5.1; SV1)"
66.249.71.141 - - [31/Dec/2009:18:56:01 -0500] "GET /images/_portfolio/photoshop/dragon_statue_sm.jpg HTTP/1.1" 304 - "-" "Googlebot-Image/1.0"
194.8.75.155 - - [01/Jan/2010:03:22:46 -0500] "GET /contact.html HTTP/1.1" 200 6927 "-" "Mozilla/4.0 (compatible; MSIE 6.0; Windows NT 5.1; SV1)"
194.8.75.155 - - [01/Jan/2010:03:22:46 -0500] "POST /formmail.php HTTP/1.1" 200 355 "http://alex.jeb.ca/contact.html" "Mozilla/4.0 (compatible; MSIE 6.0; Windows NT 5.1; SV1)"
65.55.207.137 - - [01/Jan/2010:07:08:36 -0500] "GET /robots.txt HTTP/1.1" 404 269 "-" "msnbot/2.0b (+http://search.msn.com/msnbot.htm)"
65.55.207.137 - - [01/Jan/2010:07:09:38 -0500] "GET /email/origins.html HTTP/1.1" 404 277 "-" "msnbot/2.0b (+http://search.msn.com/msnbot.htm)"
213.108.56.29 - - [01/Jan/2010:15:48:45 -0500] "POST /formmail.php HTTP/1.1" 200 355 "http://alex.jeb.ca/contact.html" "Mozilla/4.0 (compatible; MSIE 6.0; Windows NT 5.1; SV1)"
66.249.71.141 - - [01/Jan/2010:19:00:32 -0500] "GET /robots.txt HTTP/1.1" 404 269 "-" "Googlebot-Image/1.0"
66.249.71.141 - - [01/Jan/2010:19:00:32 -0500] "GET /images/_portfolio/illustrator/castle_drawing_sm.gif HTTP/1.1" 304 - "-" "Googlebot-Image/1.0"
213.108.56.29 - - [02/Jan/2010:02:46:01 -0500] "POST /formmail.php HTTP/1.1" 200 355 "http://alex.jeb.ca/contact.html" "Mozilla/4.0 (compatible; MSIE 6.0; Windows NT 5.1; SV1)"
213.108.56.29 - - [02/Jan/2010:02:46:11 -0500] "GET /formmail.php HTTP/1.1" 200 319 "-" "Mozilla/4.0 (compatible; MSIE 6.0; Windows NT 5.1; SV1)"
213.108.56.29 - - [02/Jan/2010:02:46:14 -0500] "GET /contact.html HTTP/1.1" 200 6927 "-" "Mozilla/4.0 (compatible; MSIE 6.0; Windows NT 5.1; SV1)"
213.108.56.29 - - [02/Jan/2010:02:46:18 -0500] "GET / HTTP/1.1" 200 1984 "-" "Mozilla/4.0 (compatible; MSIE 6.0; Windows NT 5.1; SV1)"
66.249.71.141 - - [02/Jan/2010:13:20:21 -0500] "GET /robots.txt HTTP/1.1" 404 269 "-" "Googlebot-Image/1.0"
66.249.71.141 - - [02/Jan/2010:13:20:21 -0500] "GET /images/_portfolio/photoshop/fiber_optics_sm.gif HTTP/1.1" 304 - "-" "Googlebot-Image/1.0"
65.55.106.112 - - [02/Jan/2010:17:40:28 -0500] "GET /robots.txt HTTP/1.1" 404 269 "-" "msnbot/2.0b (+http://search.msn.com/msnbot.htm)"
65.55.106.112 - - [02/Jan/2010:17:41:12 -0500] "GET /email/origins.html HTTP/1.1" 404 277 "-" "msnbot/2.0b (+http://search.msn.com/msnbot.htm)"
66.249.71.141 - - [02/Jan/2010:18:53:48 -0500] "GET /images/_portfolio/flash/bending_arrow.gif HTTP/1.1" 304 - "-" "Googlebot-Image/1.0"
207.46.199.199 - - [03/Jan/2010:05:50:31 -0500] "GET /robots.txt HTTP/1.1" 404 269 "-" "msnbot/2.0b (+http://search.msn.com/msnbot.htm)"
207.46.199.199 - - [03/Jan/2010:05:58:44 -0500] "GET /email/origins.html HTTP/1.1" 404 277 "-" "msnbot/2.0b (+http://search.msn.com/msnbot.htm)"
66.249.71.141 - - [03/Jan/2010:12:49:58 -0500] "GET /robots.txt HTTP/1.1" 404 269 "-" "Googlebot-Image/1.0"
66.249.71.141 - - [03/Jan/2010:12:49:58 -0500] "GET /images/_portfolio/print/cd_spine_back.gif HTTP/1.1" 304 - "-" "Googlebot-Image/1.0"
216.129.119.81 - - [03/Jan/2010:14:42:01 -0500] "GET /robots.txt HTTP/1.0" 404 269 "-" "Mozilla/5.0 (Twiceler-0.9 http://www.cuil.com/twiceler/robot.html)"
66.249.71.141 - - [04/Jan/2010:11:20:08 -0500] "GET /robots.txt HTTP/1.1" 404 269 "-" "Googlebot-Image/1.0"
66.249.71.141 - - [04/Jan/2010:11:20:08 -0500] "GET /images/_portfolio/flash/finland.gif HTTP/1.1" 304 - "-" "Googlebot-Image/1.0"
216.129.119.81 - - [04/Jan/2010:12:36:53 -0500] "GET /robots.txt HTTP/1.0" 404 269 "-" "Mozilla/5.0 (Twiceler-0.9 http://www.cuil.com/twiceler/robot.html)"
66.249.71.144 - - [04/Jan/2010:17:04:00 -0500] "GET /images/_portfolio/illustrator/wine_label_sm.gif HTTP/1.1" 304 - "-" "Googlebot-Image/1.0"
66.249.71.231 - - [05/Jan/2010:14:35:21 -0500] "GET /robots.txt HTTP/1.1" 404 269 "-" "Googlebot-Image/1.0"
66.249.71.231 - - [05/Jan/2010:14:35:21 -0500] "GET /images/_portfolio/print/egypt_sm.gif HTTP/1.1" 304 - "-" "Googlebot-Image/1.0"
79.174.79.138 - - [05/Jan/2010:18:02:25 -0500] "GET /pages.html HTTP/1.1" 200 4692 "-" "Mozilla/4.0 (compatible; MSIE 6.0; Windows NT 5.1; SV1)"
79.174.79.138 - - [05/Jan/2010:18:02:26 -0500] "GET /index.html HTTP/1.1" 200 1984 "-" "Mozilla/4.0 (compatible; MSIE 6.0; Windows NT 5.1; SV1)"
79.174.79.138 - - [05/Jan/2010:18:02:26 -0500] "GET /illustrator.html HTTP/1.1" 200 6612 "-" "Mozilla/4.0 (compatible; MSIE 6.0; Windows NT 5.1; SV1)"
79.174.79.138 - - [05/Jan/2010:18:02:27 -0500] "GET /flash.html HTTP/1.1" 200 4756 "-" "Mozilla/4.0 (compatible; MSIE 6.0; Windows NT 5.1; SV1)"
79.174.79.138 - - [05/Jan/2010:18:02:27 -0500] "GET /photoshop.html HTTP/1.1" 200 7709 "-" "Mozilla/4.0 (compatible; MSIE 6.0; Windows NT 5.1; SV1)"
79.174.79.138 - - [05/Jan/2010:18:02:28 -0500] "GET /print.html HTTP/1.1" 200 4324 "-" "Mozilla/4.0 (compatible; MSIE 6.0; Windows NT 5.1; SV1)"
79.174.79.138 - - [05/Jan/2010:18:02:28 -0500] "GET /contact.html HTTP/1.1" 200 6927 "-" "Mozilla/4.0 (compatible; MSIE 6.0; Windows NT 5.1; SV1)"
79.174.79.138 - - [05/Jan/2010:18:02:29 -0500] "POST /formmail.php HTTP/1.1" 200 355 "http://alex.jeb.ca/contact.html" "Mozilla/4.0 (compatible; MSIE 6.0; Windows NT 5.1; SV1)"
66.249.71.231 - - [05/Jan/2010:18:26:23 -0500] "GET /images/_portfolio/web_pages/sellance.gif HTTP/1.1" 304 - "-" "Googlebot-Image/1.0"
65.55.106.184 - - [06/Jan/2010:06:41:16 -0500] "GET /robots.txt HTTP/1.1" 404 269 "-" "msnbot/2.0b (+http://search.msn.com/msnbot.htm)"
65.55.106.184 - - [06/Jan/2010:06:42:25 -0500] "GET /email/origins.html HTTP/1.1" 404 277 "-" "msnbot/2.0b (+http://search.msn.com/msnbot.htm)"
66.249.71.199 - - [06/Jan/2010:10:19:32 -0500] "GET /robots.txt HTTP/1.1" 404 269 "-" "Googlebot-Image/1.0"
66.249.71.199 - - [06/Jan/2010:10:19:32 -0500] "GET /images/_portfolio/photoshop/fastco_building_sm.jpg HTTP/1.1" 304 - "-" "Googlebot-Image/1.0"
79.174.79.138 - - [06/Jan/2010:17:59:05 -0500] "GET /pages.html HTTP/1.1" 200 4692 "-" "Mozilla/4.0 (compatible; MSIE 6.0; Windows NT 5.1; SV1)"
79.174.79.138 - - [06/Jan/2010:17:59:06 -0500] "GET /index.html HTTP/1.1" 200 1984 "-" "Mozilla/4.0 (compatible; MSIE 6.0; Windows NT 5.1; SV1)"
79.174.79.138 - - [06/Jan/2010:17:59:06 -0500] "GET /illustrator.html HTTP/1.1" 200 6612 "-" "Mozilla/4.0 (compatible; MSIE 6.0; Windows NT 5.1; SV1)"
79.174.79.138 - - [06/Jan/2010:17:59:07 -0500] "GET /flash.html HTTP/1.1" 200 4756 "-" "Mozilla/4.0 (compatible; MSIE 6.0; Windows NT 5.1; SV1)"
79.174.79.138 - - [06/Jan/2010:17:59:08 -0500] "GET /photoshop.html HTTP/1.1" 200 7709 "-" "Mozilla/4.0 (compatible; MSIE 6.0; Windows NT 5.1; SV1)"
79.174.79.138 - - [06/Jan/2010:17:59:08 -0500] "GET /print.html HTTP/1.1" 200 4324 "-" "Mozilla/4.0 (compatible; MSIE 6.0; Windows NT 5.1; SV1)"
79.174.79.138 - - [06/Jan/2010:17:59:08 -0500] "GET /contact.html HTTP/1.1" 200 6927 "-" "Mozilla/4.0 (compatible; MSIE 6.0; Windows NT 5.1; SV1)"
79.174.79.138 - - [06/Jan/2010:17:59:09 -0500] "POST /formmail.php HTTP/1.1" 200 355 "http://alex.jeb.ca/contact.html" "Mozilla/4.0 (compatible; MSIE 6.0; Windows NT 5.1; SV1)"
65.55.106.157 - - [06/Jan/2010:20:16:20 -0500] "GET /robots.txt HTTP/1.1" 404 269 "-" "msnbot/2.0b (+http://search.msn.com/msnbot.htm)"
65.55.106.157 - - [06/Jan/2010:20:16:57 -0500] "GET /email/origins.html HTTP/1.1" 404 277 "-" "msnbot/2.0b (+http://search.msn.com/msnbot.htm)"
71.31.53.70 - - [06/Jan/2010:21:28:34 -0500] "GET / HTTP/1.1" 200 1984 "-" "Mozilla/4.0 (compatible ; MSIE 6.0; Windows NT 5.1)"
66.249.68.166 - - [07/Jan/2010:10:19:47 -0500] "GET /robots.txt HTTP/1.1" 404 269 "-" "Googlebot-Image/1.0"
66.249.68.166 - - [07/Jan/2010:10:19:47 -0500] "GET /images/_portfolio/illustrator/fleur_de_lis_sm.gif HTTP/1.1" 304 - "-" "Googlebot-Image/1.0"
66.249.68.166 - - [07/Jan/2010:16:02:08 -0500] "GET /images/_portfolio/web_pages/golf_quiz.gif HTTP/1.1" 304 - "-" "Googlebot-Image/1.0"
207.46.199.189 - - [08/Jan/2010:01:16:12 -0500] "GET /robots.txt HTTP/1.1" 404 269 "-" "msnbot/2.0b (+http://search.msn.com/msnbot.htm)"
207.46.199.189 - - [08/Jan/2010:01:31:31 -0500] "GET /email/origins.html HTTP/1.1" 404 277 "-" "msnbot/2.0b (+http://search.msn.com/msnbot.htm)"
66.249.68.166 - - [08/Jan/2010:08:14:33 -0500] "GET /robots.txt HTTP/1.1" 404 269 "-" "Mozilla/5.0 (compatible; Googlebot/2.1; +http://www.google.com/bot.html)"
66.249.68.166 - - [08/Jan/2010:08:14:33 -0500] "GET / HTTP/1.1" 200 1984 "-" "Mozilla/5.0 (compatible; Googlebot/2.1; +http://www.google.com/bot.html)"
66.249.68.166 - - [08/Jan/2010:09:49:46 -0500] "GET /images/_portfolio/photoshop/telegraph_sm.gif HTTP/1.1" 304 - "-" "Googlebot-Image/1.0"
66.249.68.166 - - [09/Jan/2010:02:18:41 -0500] "GET /robots.txt HTTP/1.1" 404 269 "-" "Mozilla/5.0 (compatible; Googlebot/2.1; +http://www.google.com/bot.html)"
66.249.68.166 - - [09/Jan/2010:02:18:41 -0500] "GET /email/origins.html HTTP/1.1" 404 277 "-" "Mozilla/5.0 (compatible; Googlebot/2.1; +http://www.google.com/bot.html)"
67.195.83.160 - - [09/Jan/2010:03:50:10 -0500] "GET / HTTP/1.1" 200 1984 "-" "Nokia6682/2.0 (3.01.1) SymbianOS/8.0 Series60/2.6 Profile/MIDP-2.0 configuration/CLDC-1.1 UP.Link/6.3.0.0.0 (compatible;YahooSeeker/M1A1-R2D2; http://help.yahoo.com/help/us/ysearch/crawling/crawling-01.html)"
67.195.79.157 - - [09/Jan/2010:04:41:28 -0500] "GET / HTTP/1.1" 200 1984 "-" "Nokia6682/2.0 (3.01.1) SymbianOS/8.0 Series60/2.6 Profile/MIDP-2.0 configuration/CLDC-1.1 UP.Link/6.3.0.0.0 (compatible;YahooSeeker/M1A1-R2D2; http://help.yahoo.com/help/us/ysearch/crawling/crawling-01.html)"
67.195.83.160 - - [09/Jan/2010:05:38:58 -0500] "GET / HTTP/1.1" 200 1984 "-" "Nokia6682/2.0 (3.01.1) SymbianOS/8.0 Series60/2.6 Profile/MIDP-2.0 configuration/CLDC-1.1 UP.Link/6.3.0.0.0 (compatible;YahooSeeker/M1A1-R2D2; http://help.yahoo.com/help/us/ysearch/crawling/crawling-01.html)"
67.195.79.157 - - [09/Jan/2010:06:29:57 -0500] "GET / HTTP/1.1" 200 1984 "-" "Nokia6682/2.0 (3.01.1) SymbianOS/8.0 Series60/2.6 Profile/MIDP-2.0 configuration/CLDC-1.1 UP.Link/6.3.0.0.0 (compatible;YahooSeeker/M1A1-R2D2; http://help.yahoo.com/help/us/ysearch/crawling/crawling-01.html)"
67.195.83.160 - - [09/Jan/2010:07:30:40 -0500] "GET / HTTP/1.1" 200 1984 "-" "Nokia6682/2.0 (3.01.1) SymbianOS/8.0 Series60/2.6 Profile/MIDP-2.0 configuration/CLDC-1.1 UP.Link/6.3.0.0.0 (compatible;YahooSeeker/M1A1-R2D2; http://help.yahoo.com/help/us/ysearch/crawling/crawling-01.html)"
66.249.68.166 - - [09/Jan/2010:16:03:38 -0500] "GET /robots.txt HTTP/1.1" 404 269 "-" "Mozilla/5.0 (compatible; Googlebot/2.1; +http://www.google.com/bot.html)"
66.249.68.166 - - [09/Jan/2010:16:03:38 -0500] "GET / HTTP/1.1" 304 - "-" "Mozilla/5.0 (compatible; Googlebot/2.1; +http://www.google.com/bot.html)"
67.218.116.130 - - [09/Jan/2010:16:06:30 -0500] "GET /robots.txt HTTP/1.0" 404 269 "-" "Mozilla/5.0 (Twiceler-0.9 http://www.cuil.com/twiceler/robot.html)"
67.218.116.130 - - [10/Jan/2010:16:50:58 -0500] "GET /robots.txt HTTP/1.0" 404 269 "-" "Mozilla/5.0 (Twiceler-0.9 http://www.cuil.com/twiceler/robot.html)"
207.46.199.195 - - [10/Jan/2010:19:04:08 -0500] "GET /robots.txt HTTP/1.1" 404 269 "-" "msnbot/2.0b (+http://search.msn.com/msnbot.htm)"
207.46.199.195 - - [10/Jan/2010:19:11:19 -0500] "GET /email/origins.html HTTP/1.1" 404 277 "-" "msnbot/2.0b (+http://search.msn.com/msnbot.htm)"
65.55.106.139 - - [10/Jan/2010:20:30:02 -0500] "GET /robots.txt HTTP/1.1" 404 269 "-" "msnbot/2.0b (+http://search.msn.com/msnbot.htm)"
65.55.106.139 - - [10/Jan/2010:20:30:43 -0500] "GET /email/origins.html HTTP/1.1" 404 277 "-" "msnbot/2.0b (+http://search.msn.com/msnbot.htm)"
122.160.26.52 - - [11/Jan/2010:03:01:50 -0500] "GET /flash.html HTTP/1.0" 200 4756 "http://www.google.com/search?hl=en&lr=&cr=countryCA&num=100&q=intitle:flash+web+designer+-india&start=400&sa=N" "Mozilla/5.0 (Windows; U; Windows NT 5.1; en-US; rv:1.9.0.17) Gecko/2009122116 Firefox/3.0.17 GTB6"
122.160.26.52 - - [11/Jan/2010:03:02:09 -0500] "GET /index.css HTTP/1.0" 200 962 "http://alex.jeb.ca/flash.html" "Mozilla/5.0 (Windows; U; Windows NT 5.1; en-US; rv:1.9.0.17) Gecko/2009122116 Firefox/3.0.17 GTB6"
122.160.26.52 - - [11/Jan/2010:03:02:10 -0500] "GET /top_nav.css HTTP/1.0" 200 841 "http://alex.jeb.ca/flash.html" "Mozilla/5.0 (Windows; U; Windows NT 5.1; en-US; rv:1.9.0.17) Gecko/2009122116 Firefox/3.0.17 GTB6"
122.160.26.52 - - [11/Jan/2010:03:02:10 -0500] "GET /main.js HTTP/1.0" 200 5103 "http://alex.jeb.ca/flash.html" "Mozilla/5.0 (Windows; U; Windows NT 5.1; en-US; rv:1.9.0.17) Gecko/2009122116 Firefox/3.0.17 GTB6"
122.160.26.52 - - [11/Jan/2010:03:02:10 -0500] "GET /favicon.ico HTTP/1.0" 200 1150 "-" "Mozilla/5.0 (Windows; U; Windows NT 5.1; en-US; rv:1.9.0.17) Gecko/2009122116 Firefox/3.0.17 GTB6"
122.160.26.52 - - [11/Jan/2010:03:02:14 -0500] "GET /images/_portfolio/flash/venus.gif HTTP/1.0" 200 1148 "http://alex.jeb.ca/flash.html" "Mozilla/5.0 (Windows; U; Windows NT 5.1; en-US; rv:1.9.0.17) Gecko/2009122116 Firefox/3.0.17 GTB6"
122.160.26.52 - - [11/Jan/2010:03:02:15 -0500] "GET /images/_portfolio/flash/finland.gif HTTP/1.0" 200 669 "http://alex.jeb.ca/flash.html" "Mozilla/5.0 (Windows; U; Windows NT 5.1; en-US; rv:1.9.0.17) Gecko/2009122116 Firefox/3.0.17 GTB6"
122.160.26.52 - - [11/Jan/2010:03:02:15 -0500] "GET /images/bg.gif HTTP/1.0" 200 519 "http://alex.jeb.ca/top_nav.css" "Mozilla/5.0 (Windows; U; Windows NT 5.1; en-US; rv:1.9.0.17) Gecko/2009122116 Firefox/3.0.17 GTB6"
122.160.26.52 - - [11/Jan/2010:03:02:16 -0500] "GET /images/left.gif HTTP/1.0" 200 493 "http://alex.jeb.ca/top_nav.css" "Mozilla/5.0 (Windows; U; Windows NT 5.1; en-US; rv:1.9.0.17) Gecko/2009122116 Firefox/3.0.17 GTB6"
122.160.26.52 - - [11/Jan/2010:03:02:16 -0500] "GET /images/right.gif HTTP/1.0" 200 1986 "http://alex.jeb.ca/top_nav.css" "Mozilla/5.0 (Windows; U; Windows NT 5.1; en-US; rv:1.9.0.17) Gecko/2009122116 Firefox/3.0.17 GTB6"
122.160.26.52 - - [11/Jan/2010:03:02:16 -0500] "GET /images/on_left.gif HTTP/1.0" 200 478 "http://alex.jeb.ca/top_nav.css" "Mozilla/5.0 (Windows; U; Windows NT 5.1; en-US; rv:1.9.0.17) Gecko/2009122116 Firefox/3.0.17 GTB6"
122.160.26.52 - - [11/Jan/2010:03:02:17 -0500] "GET /images/_portfolio/flash/rotating_circles.gif HTTP/1.0" 200 1022 "http://alex.jeb.ca/flash.html" "Mozilla/5.0 (Windows; U; Windows NT 5.1; en-US; rv:1.9.0.17) Gecko/2009122116 Firefox/3.0.17 GTB6"
122.160.26.52 - - [11/Jan/2010:03:02:17 -0500] "GET /images/_portfolio/flash/venn_diagram.gif HTTP/1.0" 200 884 "http://alex.jeb.ca/flash.html" "Mozilla/5.0 (Windows; U; Windows NT 5.1; en-US; rv:1.9.0.17) Gecko/2009122116 Firefox/3.0.17 GTB6"
122.160.26.52 - - [11/Jan/2010:03:02:17 -0500] "GET /images/on_right.gif HTTP/1.0" 200 1971 "http://alex.jeb.ca/top_nav.css" "Mozilla/5.0 (Windows; U; Windows NT 5.1; en-US; rv:1.9.0.17) Gecko/2009122116 Firefox/3.0.17 GTB6"
122.160.26.52 - - [11/Jan/2010:03:02:17 -0500] "GET /images/_portfolio/flash/annimated_butterfly.gif HTTP/1.0" 200 514 "http://alex.jeb.ca/flash.html" "Mozilla/5.0 (Windows; U; Windows NT 5.1; en-US; rv:1.9.0.17) Gecko/2009122116 Firefox/3.0.17 GTB6"
122.160.26.52 - - [11/Jan/2010:03:02:17 -0500] "GET /images/_portfolio/flash/bending_arrow.gif HTTP/1.0" 200 428 "http://alex.jeb.ca/flash.html" "Mozilla/5.0 (Windows; U; Windows NT 5.1; en-US; rv:1.9.0.17) Gecko/2009122116 Firefox/3.0.17 GTB6"
122.160.26.52 - - [11/Jan/2010:03:02:17 -0500] "GET /images/_portfolio/flash/wine_banner.gif HTTP/1.0" 200 1021 "http://alex.jeb.ca/flash.html" "Mozilla/5.0 (Windows; U; Windows NT 5.1; en-US; rv:1.9.0.17) Gecko/2009122116 Firefox/3.0.17 GTB6"
65.55.106.111 - - [11/Jan/2010:04:56:57 -0500] "GET /robots.txt HTTP/1.1" 404 269 "-" "msnbot/2.0b (+http://search.msn.com/msnbot.htm)"
65.55.106.111 - - [11/Jan/2010:04:57:40 -0500] "GET /email/origins.html HTTP/1.1" 404 277 "-" "msnbot/2.0b (+http://search.msn.com/msnbot.htm)"
66.249.68.166 - - [11/Jan/2010:12:04:30 -0500] "GET /robots.txt HTTP/1.1" 404 269 "-" "Mozilla/5.0 (compatible; Googlebot/2.1; +http://www.google.com/bot.html)"
66.249.68.166 - - [11/Jan/2010:12:04:30 -0500] "GET / HTTP/1.1" 200 1984 "-" "Mozilla/5.0 (compatible; Googlebot/2.1; +http://www.google.com/bot.html)"
66.249.68.166 - - [11/Jan/2010:15:01:41 -0500] "GET /home.swf HTTP/1.1" 200 17352 "-" "Mozilla/5.0 (compatible; Googlebot/2.1; +http://www.google.com/bot.html)"
66.249.68.166 - - [11/Jan/2010:15:08:48 -0500] "GET /flash.html HTTP/1.1" 200 4756 "-" "Mozilla/5.0 (compatible; Googlebot/2.1; +http://www.google.com/bot.html)"
66.249.68.166 - - [11/Jan/2010:15:13:13 -0500] "GET /pages.html HTTP/1.1" 200 4692 "-" "Mozilla/5.0 (compatible; Googlebot/2.1; +http://www.google.com/bot.html)"
66.249.68.166 - - [11/Jan/2010:15:16:53 -0500] "GET /print.html HTTP/1.1" 200 4324 "-" "Mozilla/5.0 (compatible; Googlebot/2.1; +http://www.google.com/bot.html)"
66.249.68.166 - - [11/Jan/2010:15:19:51 -0500] "GET /index.html HTTP/1.1" 200 1984 "-" "Mozilla/5.0 (compatible; Googlebot/2.1; +http://www.google.com/bot.html)"
66.249.68.166 - - [11/Jan/2010:15:22:56 -0500] "GET /contact.html HTTP/1.1" 200 6927 "-" "Mozilla/5.0 (compatible; Googlebot/2.1; +http://www.google.com/bot.html)"
66.249.68.166 - - [11/Jan/2010:15:27:24 -0500] "GET /photoshop.html HTTP/1.1" 200 7709 "-" "Mozilla/5.0 (compatible; Googlebot/2.1; +http://www.google.com/bot.html)"
66.249.68.166 - - [11/Jan/2010:15:32:05 -0500] "GET /illustrator.html HTTP/1.1" 200 6612 "-" "Mozilla/5.0 (compatible; Googlebot/2.1; +http://www.google.com/bot.html)"
67.218.116.130 - - [11/Jan/2010:18:08:23 -0500] "GET /robots.txt HTTP/1.0" 404 269 "-" "Mozilla/5.0 (Twiceler-0.9 http://www.cuil.com/twiceler/robot.html)"
66.249.68.166 - - [11/Jan/2010:19:49:51 -0500] "GET /html HTTP/1.1" 404 263 "-" "Mozilla/5.0 (compatible; Googlebot/2.1; +http://www.google.com/bot.html)"
66.249.68.166 - - [11/Jan/2010:19:56:22 -0500] "GET /email HTTP/1.1" 404 264 "-" "Mozilla/5.0 (compatible; Googlebot/2.1; +http://www.google.com/bot.html)"
66.249.68.166 - - [11/Jan/2010:20:01:05 -0500] "GET /finland HTTP/1.1" 404 266 "-" "Mozilla/5.0 (compatible; Googlebot/2.1; +http://www.google.com/bot.html)"
66.249.68.166 - - [11/Jan/2010:20:06:09 -0500] "GET /golf_quiz HTTP/1.1" 404 268 "-" "Mozilla/5.0 (compatible; Googlebot/2.1; +http://www.google.com/bot.html)"
66.249.68.166 - - [11/Jan/2010:20:10:19 -0500] "GET /impressions/ HTTP/1.1" 404 271 "-" "Mozilla/5.0 (compatible; Googlebot/2.1; +http://www.google.com/bot.html)"
66.249.68.166 - - [11/Jan/2010:20:14:56 -0500] "GET /havlat_photography/ HTTP/1.1" 404 278 "-" "Mozilla/5.0 (compatible; Googlebot/2.1; +http://www.google.com/bot.html)"
66.249.68.166 - - [12/Jan/2010:01:49:18 -0500] "GET /robots.txt HTTP/1.1" 404 269 "-" "Googlebot-Image/1.0"
66.249.68.166 - - [12/Jan/2010:01:49:18 -0500] "GET /images/_portfolio/photoshop/graphics_banner_sm.jpg HTTP/1.1" 304 - "-" "Googlebot-Image/1.0"
67.218.116.130 - - [12/Jan/2010:19:22:53 -0500] "GET /robots.txt HTTP/1.0" 404 269 "-" "Mozilla/5.0 (Twiceler-0.9 http://www.cuil.com/twiceler/robot.html)"
66.249.68.166 - - [13/Jan/2010:12:54:29 -0500] "GET /robots.txt HTTP/1.1" 404 269 "-" "Googlebot-Image/1.0"
66.249.68.166 - - [13/Jan/2010:12:54:29 -0500] "GET /images/_portfolio/illustrator/02_graph_sm.gif HTTP/1.1" 304 - "-" "Googlebot-Image/1.0"
67.218.116.130 - - [13/Jan/2010:21:40:30 -0500] "GET /robots.txt HTTP/1.0" 404 269 "-" "Mozilla/5.0 (Twiceler-0.9 http://www.cuil.com/twiceler/robot.html)"
72.171.0.141 - - [14/Jan/2010:20:42:39 -0500] "GET /images/_portfolio/flash/bending_arrow.gif HTTP/1.1" 200 428 "http://images.google.com/images?hl=en&rls=com.microsoft:en-us:IE-SearchBox&rlz=1I7SKPB_en&um=1&q=bending+arrow&sa=N&start=21&ndsp=21" "Mozilla/4.0 (compatible; MSIE 7.0; Windows NT 6.1; WOW64; Trident/4.0; SLCC2; .NET CLR 2.0.50727; .NET CLR 3.5.30729; .NET CLR 3.0.30729; Media Center PC 6.0)"
124.217.11.155 - - [15/Jan/2010:04:53:46 -0500] "GET /flash.html HTTP/1.1" 200 4756 "http://images.google.com.ph/imgres?imgurl=http://alex.jeb.ca/images/_portfolio/flash/annimated_butterfly.gif&imgrefurl=http://alex.jeb.ca/flash.html&usg=__tNaqVupFHVpi2fP0IaPPNBcTjVM=&h=75&w=75&sz=1&hl=tl&start=147&tbnid=q9i2dvIuXdOzUM:&tbnh=71&tbnw=71&prev=/images%3Fq%3Danimated%2Bbutterfly.gif%26gbv%3D2%26ndsp%3D20%26hl%3Dtl%26sa%3DN%26start%3D140" "Mozilla/5.0 (Windows; U; Windows NT 5.1; en-US; rv:1.9.1.7) Gecko/20091221 Firefox/3.5.7"
124.217.11.155 - - [15/Jan/2010:04:53:47 -0500] "GET /images/_portfolio/flash/annimated_butterfly.gif HTTP/1.1" 200 514 "http://images.google.com.ph/imgres?imgurl=http://alex.jeb.ca/images/_portfolio/flash/annimated_butterfly.gif&imgrefurl=http://alex.jeb.ca/flash.html&usg=__tNaqVupFHVpi2fP0IaPPNBcTjVM=&h=75&w=75&sz=1&hl=tl&start=147&tbnid=q9i2dvIuXdOzUM:&tbnh=71&tbnw=71&prev=/images%3Fq%3Danimated%2Bbutterfly.gif%26gbv%3D2%26ndsp%3D20%26hl%3Dtl%26sa%3DN%26start%3D140" "Mozilla/5.0 (Windows; U; Windows NT 5.1; en-US; rv:1.9.1.7) Gecko/20091221 Firefox/3.5.7"
124.217.11.155 - - [15/Jan/2010:04:53:49 -0500] "GET /flash.html HTTP/1.1" 200 4756 "http://images.google.com.ph/imgres?imgurl=http://alex.jeb.ca/images/_portfolio/flash/annimated_butterfly.gif&imgrefurl=http://alex.jeb.ca/flash.html&usg=__tNaqVupFHVpi2fP0IaPPNBcTjVM=&h=75&w=75&sz=1&hl=tl&start=147&tbnid=q9i2dvIuXdOzUM:&tbnh=71&tbnw=71&prev=/images%3Fq%3Danimated%2Bbutterfly.gif%26gbv%3D2%26ndsp%3D20%26hl%3Dtl%26sa%3DN%26start%3D140" "Mozilla/5.0 (Windows; U; Windows NT 5.1; en-US; rv:1.9.1.7) Gecko/20091221 Firefox/3.5.7"
65.55.207.53 - - [15/Jan/2010:12:43:56 -0500] "GET /robots.txt HTTP/1.1" 404 269 "-" "msnbot/2.0b (+http://search.msn.com/msnbot.htm)"
65.55.207.53 - - [15/Jan/2010:12:44:53 -0500] "GET /email/origins.html HTTP/1.1" 404 277 "-" "msnbot/2.0b (+http://search.msn.com/msnbot.htm)"
68.249.111.21 - - [15/Jan/2010:16:50:47 -0500] "GET /favicon.ico HTTP/1.1" 200 1150 "-" "Mozilla/4.0 (compatible; MSIE 8.0; Windows NT 6.0; Trident/4.0; SLCC1; .NET CLR 2.0.50727; Media Center PC 5.0; .NET CLR 3.5.30729; .NET CLR 3.0.30729)"
67.218.116.130 - - [15/Jan/2010:17:11:29 -0500] "GET /robots.txt HTTP/1.0" 404 269 "-" "Mozilla/5.0 (Twiceler-0.9 http://www.cuil.com/twiceler/robot.html)"
67.142.171.22 - - [15/Jan/2010:21:08:56 -0500] "GET /images/_portfolio/flash/annimated_butterfly.gif HTTP/1.1" 200 514 "http://images.google.com/images?hl=en&client=firefox-a&rls=org.mozilla:en-US:official&hs=T3d&um=1&q=animated+butterfly&sa=N&start=294&ndsp=21" "Mozilla/5.0 (Windows; U; Windows NT 6.0; en-US; rv:1.9.1.7) Gecko/20091221 Firefox/3.5.7 (.NET CLR 3.5.30729)"
65.55.207.100 - - [16/Jan/2010:05:38:15 -0500] "GET /robots.txt HTTP/1.1" 404 269 "-" "msnbot/2.0b (+http://search.msn.com/msnbot.htm)"
65.55.207.100 - - [16/Jan/2010:05:39:26 -0500] "GET /email/origins.html HTTP/1.1" 404 277 "-" "msnbot/2.0b (+http://search.msn.com/msnbot.htm)"
66.249.68.236 - - [16/Jan/2010:14:23:40 -0500] "GET /robots.txt HTTP/1.1" 404 269 "-" "Googlebot-Image/1.0"
66.249.68.236 - - [16/Jan/2010:14:23:40 -0500] "GET /images/_portfolio/illustrator/maple_leaf_sm.gif HTTP/1.1" 304 - "-" "Googlebot-Image/1.0"
208.115.111.248 - - [17/Jan/2010:08:08:08 -0500] "GET /robots.txt HTTP/1.1" 404 269 "-" "Mozilla/5.0 (compatible; DotBot/1.1; http://www.dotnetdotcom.org/, crawler@dotnetdotcom.org)"
67.218.116.130 - - [17/Jan/2010:08:40:43 -0500] "GET /robots.txt HTTP/1.0" 404 269 "-" "Mozilla/5.0 (Twiceler-0.9 http://www.cuil.com/twiceler/robot.html)"
208.115.111.248 - - [17/Jan/2010:12:09:23 -0500] "GET /robots.txt HTTP/1.1" 404 269 "-" "Mozilla/5.0 (compatible; DotBot/1.1; http://www.dotnetdotcom.org/, crawler@dotnetdotcom.org)"
208.115.111.248 - - [17/Jan/2010:12:12:14 -0500] "GET /email/origins.html HTTP/1.1" 404 277 "-" "Mozilla/5.0 (compatible; DotBot/1.1; http://www.dotnetdotcom.org/, crawler@dotnetdotcom.org)"
208.115.111.248 - - [17/Jan/2010:16:31:03 -0500] "GET / HTTP/1.1" 200 1984 "-" "Mozilla/5.0 (compatible; DotBot/1.1; http://www.dotnetdotcom.org/, crawler@dotnetdotcom.org)"
208.115.111.248 - - [17/Jan/2010:16:31:08 -0500] "GET /contact.html HTTP/1.1" 200 6927 "-" "Mozilla/5.0 (compatible; DotBot/1.1; http://www.dotnetdotcom.org/, crawler@dotnetdotcom.org)"
208.115.111.248 - - [17/Jan/2010:16:31:12 -0500] "GET /flash.html HTTP/1.1" 200 4756 "-" "Mozilla/5.0 (compatible; DotBot/1.1; http://www.dotnetdotcom.org/, crawler@dotnetdotcom.org)"
208.115.111.248 - - [17/Jan/2010:16:31:17 -0500] "GET /illustrator.html HTTP/1.1" 200 6612 "-" "Mozilla/5.0 (compatible; DotBot/1.1; http://www.dotnetdotcom.org/, crawler@dotnetdotcom.org)"
208.115.111.248 - - [17/Jan/2010:16:31:22 -0500] "GET /index.html HTTP/1.1" 200 1984 "-" "Mozilla/5.0 (compatible; DotBot/1.1; http://www.dotnetdotcom.org/, crawler@dotnetdotcom.org)"
208.115.111.248 - - [17/Jan/2010:16:31:27 -0500] "GET /pages.html HTTP/1.1" 200 4692 "-" "Mozilla/5.0 (compatible; DotBot/1.1; http://www.dotnetdotcom.org/, crawler@dotnetdotcom.org)"
208.115.111.248 - - [17/Jan/2010:16:31:32 -0500] "GET /photoshop.html HTTP/1.1" 200 7709 "-" "Mozilla/5.0 (compatible; DotBot/1.1; http://www.dotnetdotcom.org/, crawler@dotnetdotcom.org)"
208.115.111.248 - - [17/Jan/2010:16:31:37 -0500] "GET /print.html HTTP/1.1" 200 4324 "-" "Mozilla/5.0 (compatible; DotBot/1.1; http://www.dotnetdotcom.org/, crawler@dotnetdotcom.org)"
207.46.199.180 - - [18/Jan/2010:01:44:13 -0500] "GET /robots.txt HTTP/1.1" 404 269 "-" "msnbot/2.0b (+http://search.msn.com/msnbot.htm)"
207.46.199.180 - - [18/Jan/2010:01:45:15 -0500] "GET /email/origins.html HTTP/1.1" 404 277 "-" "msnbot/2.0b (+http://search.msn.com/msnbot.htm)"
67.218.116.130 - - [18/Jan/2010:09:00:18 -0500] "GET /robots.txt HTTP/1.0" 404 269 "-" "Mozilla/5.0 (Twiceler-0.9 http://www.cuil.com/twiceler/robot.html)"
66.249.68.236 - - [18/Jan/2010:21:31:35 -0500] "GET /robots.txt HTTP/1.1" 404 269 "-" "Mozilla/5.0 (compatible; Googlebot/2.1; +http://www.google.com/bot.html)"
66.249.68.236 - - [18/Jan/2010:21:31:35 -0500] "GET / HTTP/1.1" 200 1984 "-" "Mozilla/5.0 (compatible; Googlebot/2.1; +http://www.google.com/bot.html)"
66.249.68.236 - - [19/Jan/2010:06:08:09 -0500] "GET /images/_portfolio/flash/rotating_circles.gif HTTP/1.1" 304 - "-" "Googlebot-Image/1.0"
67.218.116.130 - - [19/Jan/2010:09:50:19 -0500] "GET /robots.txt HTTP/1.0" 404 269 "-" "Mozilla/5.0 (Twiceler-0.9 http://www.cuil.com/twiceler/robot.html)"
66.249.68.236 - - [20/Jan/2010:06:48:31 -0500] "GET /robots.txt HTTP/1.1" 404 269 "-" "Googlebot-Image/1.0"
66.249.68.236 - - [20/Jan/2010:06:48:31 -0500] "GET /images/_portfolio/web_pages/html.gif HTTP/1.1" 304 - "-" "Googlebot-Image/1.0"
67.218.116.130 - - [20/Jan/2010:13:51:49 -0500] "GET /robots.txt HTTP/1.0" 404 269 "-" "Mozilla/5.0 (Twiceler-0.9 http://www.cuil.com/twiceler/robot.html)"
66.249.68.236 - - [20/Jan/2010:14:15:39 -0500] "GET /images/_portfolio/print/agence_lb.gif HTTP/1.1" 304 - "-" "Googlebot-Image/1.0"
76.74.206.143 - - [20/Jan/2010:18:37:31 -0500] "GET / HTTP/1.1" 200 1984 "-" "Mozilla/5.0 (iPhone; U; CPU iPhone OS 3_1_2 like Mac OS X; en-us) AppleWebKit/528.18 (KHTML, like Gecko) Version/4.0 Mobile/7D11 Safari/528.16"
76.74.206.143 - - [20/Jan/2010:18:37:31 -0500] "GET /main.js HTTP/1.1" 200 5103 "http://alex.jeb.ca/" "Mozilla/5.0 (iPhone; U; CPU iPhone OS 3_1_2 like Mac OS X; en-us) AppleWebKit/528.18 (KHTML, like Gecko) Version/4.0 Mobile/7D11 Safari/528.16"
