66.249.68.154 - - [06/Jun/2010:12:14:37 -0400] "GET /circle_final.swf HTTP/1.1" 200 5728 "-" "Mozilla/5.0 (compatible; Googlebot/2.1; +http://www.google.com/bot.html)"
67.218.116.130 - - [06/Jun/2010:15:38:02 -0400] "GET /robots.txt HTTP/1.1" 404 269 "-" "Mozilla/5.0 (Twiceler-0.9 http://www.cuil.com/twiceler/robot.html)"
67.218.116.166 - - [06/Jun/2010:16:31:29 -0400] "GET /robots.txt HTTP/1.1" 404 269 "-" "Mozilla/5.0 (Twiceler-0.9 http://www.cuil.com/twiceler/robot.html)"
66.249.68.154 - - [06/Jun/2010:18:36:24 -0400] "GET /logs/ HTTP/1.1" 200 769 "-" "Mozilla/5.0 (compatible; Googlebot/2.1; +http://www.google.com/bot.html)"
66.249.71.149 - - [07/Jun/2010:00:45:41 -0400] "GET /robots.txt HTTP/1.1" 404 269 "-" "Googlebot-Image/1.0"
66.249.71.149 - - [07/Jun/2010:00:45:41 -0400] "GET /Harris_House/images/logo.gif HTTP/1.1" 200 1148 "-" "Googlebot-Image/1.0"
173.212.250.90 - - [07/Jun/2010:07:42:07 -0400] "GET /contact.html HTTP/1.1" 200 6927 "-" "Mozilla/4.0 (compatible; MSIE 6.0; Windows NT 5.1; SV1)"
66.249.71.149 - - [07/Jun/2010:10:46:25 -0400] "GET /text_design.swf HTTP/1.1" 200 2958 "-" "Mozilla/5.0 (compatible; Googlebot/2.1; +http://www.google.com/bot.html)"
95.108.128.241 - - [07/Jun/2010:11:48:41 -0400] "GET /robots.txt HTTP/1.1" 404 269 "-" "Yandex/1.01.001 (compatible; Win16; I)"
95.108.128.241 - - [07/Jun/2010:12:25:11 -0400] "GET /images/_portfolio/flash/?C=N;O=D HTTP/1.1" 200 2298 "-" "Yandex/1.01.001 (compatible; Win16; I)"
95.108.128.241 - - [07/Jun/2010:12:43:18 -0400] "GET /images/_portfolio/misc/?C=D;O=A HTTP/1.1" 200 949 "-" "Yandex/1.01.001 (compatible; Win16; I)"
95.108.128.241 - - [07/Jun/2010:13:01:25 -0400] "GET /images/_portfolio/print/?C=N;O=A HTTP/1.1" 200 2033 "-" "Yandex/1.01.001 (compatible; Win16; I)"
95.108.128.241 - - [07/Jun/2010:13:18:12 -0400] "GET /images/_portfolio/flash/circles/circle_final.swf HTTP/1.1" 304 - "-" "Yandex/1.01.001 (compatible; Win16; I)"
95.108.128.241 - - [07/Jun/2010:13:30:16 -0400] "GET /text/ HTTP/1.1" 200 1134 "-" "Yandex/1.01.001 (compatible; Win16; I)"
95.108.128.241 - - [07/Jun/2010:13:42:20 -0400] "GET /text_service.swf HTTP/1.1" 304 - "-" "Yandex/1.01.001 (compatible; Win16; I)"
207.46.199.178 - - [07/Jun/2010:13:57:51 -0400] "GET /robots.txt HTTP/1.1" 404 269 "-" "msnbot/2.0b (+http://search.msn.com/msnbot.htm)"
95.108.128.241 - - [07/Jun/2010:14:02:04 -0400] "GET /images/_portfolio/flash/circles/text_design.swf HTTP/1.1" 304 - "-" "Yandex/1.01.001 (compatible; Win16; I)"
95.108.128.241 - - [07/Jun/2010:14:13:13 -0400] "GET /text/references.pdf HTTP/1.1" 304 - "-" "Yandex/1.01.001 (compatible; Win16; I)"
95.108.128.241 - - [07/Jun/2010:14:24:19 -0400] "GET /main.js HTTP/1.1" 200 5103 "-" "Yandex/1.01.001 (compatible; Win16; I)"
95.108.128.241 - - [07/Jun/2010:14:35:26 -0400] "GET /logs/?C=S;O=A HTTP/1.1" 200 769 "-" "Yandex/1.01.001 (compatible; Win16; I)"
95.108.128.241 - - [07/Jun/2010:14:46:32 -0400] "GET /images/_portfolio/flash/circles/movie.swf HTTP/1.1" 304 - "-" "Yandex/1.01.001 (compatible; Win16; I)"
95.108.128.241 - - [07/Jun/2010:14:57:38 -0400] "GET /?C=N;O=D HTTP/1.1" 200 3594 "-" "Yandex/1.01.001 (compatible; Win16; I)"
95.108.128.241 - - [07/Jun/2010:15:08:45 -0400] "GET /images/_portfolio/flash/circles/text_install.swf HTTP/1.1" 304 - "-" "Yandex/1.01.001 (compatible; Win16; I)"
95.108.128.241 - - [07/Jun/2010:15:19:51 -0400] "GET /photoshop.html HTTP/1.1" 304 - "-" "Yandex/1.01.001 (compatible; Win16; I)"
67.218.116.130 - - [07/Jun/2010:15:31:53 -0400] "GET /robots.txt HTTP/1.1" 404 269 "-" "Mozilla/5.0 (Twiceler-0.9 http://www.cuil.com/twiceler/robot.html)"
95.108.128.241 - - [07/Jun/2010:15:42:04 -0400] "GET /illustrator.html HTTP/1.1" 304 - "-" "Yandex/1.01.001 (compatible; Win16; I)"
95.108.128.241 - - [07/Jun/2010:16:00:51 -0400] "GET /circle_final.swf HTTP/1.1" 304 - "-" "Yandex/1.01.001 (compatible; Win16; I)"
38.101.148.126 - - [07/Jun/2010:16:07:22 -0400] "GET /robots.txt HTTP/1.1" 404 269 "-" "Mozilla/5.0 (compatible; discobot/1.1; +http://discoveryengine.com/discobot.html"
95.108.128.241 - - [07/Jun/2010:16:11:03 -0400] "GET /test/ HTTP/1.1" 304 - "-" "Yandex/1.01.001 (compatible; Win16; I)"
66.249.71.149 - - [07/Jun/2010:16:20:07 -0400] "GET /robots.txt HTTP/1.1" 404 269 "-" "Mozilla/5.0 (compatible; Googlebot/2.1; +http://www.google.com/bot.html)"
66.249.71.149 - - [07/Jun/2010:16:20:07 -0400] "GET /text_install.swf HTTP/1.1" 200 2718 "-" "Mozilla/5.0 (compatible; Googlebot/2.1; +http://www.google.com/bot.html)"
95.108.128.241 - - [07/Jun/2010:16:21:18 -0400] "GET /flash.html HTTP/1.1" 304 - "-" "Yandex/1.01.001 (compatible; Win16; I)"
95.108.128.241 - - [07/Jun/2010:16:31:32 -0400] "GET /images/_portfolio/flash/circles/text_service.swf HTTP/1.1" 304 - "-" "Yandex/1.01.001 (compatible; Win16; I)"
95.108.128.241 - - [07/Jun/2010:16:41:43 -0400] "GET /text_install.swf HTTP/1.1" 304 - "-" "Yandex/1.01.001 (compatible; Win16; I)"
95.108.128.241 - - [07/Jun/2010:16:51:58 -0400] "GET /contact.html HTTP/1.1" 304 - "-" "Yandex/1.01.001 (compatible; Win16; I)"
38.101.148.126 - - [07/Jun/2010:16:56:27 -0400] "GET /robots.txt HTTP/1.1" 404 269 "-" "Mozilla/5.0 (compatible; discobot/1.1; +http://discoveryengine.com/discobot.html"
95.108.128.241 - - [07/Jun/2010:17:02:09 -0400] "GET /Harris_House/commercial_details.html HTTP/1.1" 304 - "-" "Yandex/1.01.001 (compatible; Win16; I)"
95.108.128.241 - - [07/Jun/2010:17:12:23 -0400] "GET /images/_portfolio/illustrator/?C=M;O=D HTTP/1.1" 200 3210 "-" "Yandex/1.01.001 (compatible; Win16; I)"
38.101.148.126 - - [07/Jun/2010:17:18:38 -0400] "GET /robots.txt HTTP/1.1" 404 269 "-" "Mozilla/5.0 (compatible; discobot/1.1; +http://discoveryengine.com/discobot.html"
95.108.128.241 - - [07/Jun/2010:17:23:58 -0400] "GET /images/_portfolio/photoshop/ HTTP/1.1" 200 3717 "-" "Yandex/1.01.001 (compatible; Win16; I)"
95.108.128.241 - - [07/Jun/2010:17:34:03 -0400] "GET /images/_portfolio/illustrator/_notes/?C=M;O=A HTTP/1.1" 200 746 "-" "Yandex/1.01.001 (compatible; Win16; I)"
95.108.128.241 - - [07/Jun/2010:17:48:34 -0400] "GET /images/_portfolio/misc/ftp_alex.pdf HTTP/1.1" 200 3781915 "-" "Yandex/1.01.001 (compatible; Win16; I)"
38.101.148.126 - - [07/Jun/2010:17:52:59 -0400] "GET /robots.txt HTTP/1.1" 404 269 "-" "Mozilla/5.0 (compatible; discobot/1.1; +http://discoveryengine.com/discobot.html"
67.218.116.166 - - [07/Jun/2010:17:56:21 -0400] "GET /robots.txt HTTP/1.1" 404 269 "-" "Mozilla/5.0 (Twiceler-0.9 http://www.cuil.com/twiceler/robot.html)"
95.108.128.241 - - [07/Jun/2010:17:58:13 -0400] "GET /images/_portfolio/flash/circles/?C=S;O=D HTTP/1.1" 200 1338 "-" "Yandex/1.01.001 (compatible; Win16; I)"
95.108.128.241 - - [07/Jun/2010:18:07:49 -0400] "GET /images/_portfolio/web_pages/?C=S;O=D HTTP/1.1" 200 1667 "-" "Yandex/1.01.001 (compatible; Win16; I)"
95.108.128.241 - - [07/Jun/2010:18:17:06 -0400] "GET /images/_portfolio/flash/ HTTP/1.1" 200 2298 "-" "Yandex/1.01.001 (compatible; Win16; I)"
95.108.128.241 - - [07/Jun/2010:18:26:22 -0400] "GET /images/_portfolio/flash/value_chain.swf HTTP/1.1" 304 - "-" "Yandex/1.01.001 (compatible; Win16; I)"
38.101.148.126 - - [07/Jun/2010:18:31:45 -0400] "GET /robots.txt HTTP/1.1" 404 269 "-" "Mozilla/5.0 (compatible; discobot/1.1; +http://discoveryengine.com/discobot.html"
95.108.128.241 - - [07/Jun/2010:18:35:40 -0400] "GET /images/_portfolio/flash/?C=S;O=A HTTP/1.1" 200 2298 "-" "Yandex/1.01.001 (compatible; Win16; I)"
95.108.128.241 - - [07/Jun/2010:18:44:58 -0400] "GET /images/_portfolio/print/_notes/?C=D;O=A HTTP/1.1" 200 728 "-" "Yandex/1.01.001 (compatible; Win16; I)"
95.108.128.241 - - [07/Jun/2010:18:54:13 -0400] "GET /images/_portfolio/flash/circles/?C=M;O=D HTTP/1.1" 200 1338 "-" "Yandex/1.01.001 (compatible; Win16; I)"
95.108.128.241 - - [07/Jun/2010:19:03:59 -0400] "GET /images/_portfolio/photoshop/_notes/?C=D;O=A HTTP/1.1" 200 740 "-" "Yandex/1.01.001 (compatible; Win16; I)"
95.108.128.241 - - [07/Jun/2010:19:13:10 -0400] "GET /images/_portfolio/flash/bending_arrow.swf HTTP/1.1" 200 2566 "-" "Yandex/1.01.001 (compatible; Win16; I)"
95.108.128.241 - - [07/Jun/2010:19:26:43 -0400] "GET /images/_portfolio/misc/_notes/?C=S;O=A HTTP/1.1" 200 725 "-" "Yandex/1.01.001 (compatible; Win16; I)"
95.108.128.241 - - [07/Jun/2010:19:35:17 -0400] "GET /images/_portfolio/print/_notes/?C=S;O=A HTTP/1.1" 200 728 "-" "Yandex/1.01.001 (compatible; Win16; I)"
95.108.128.241 - - [07/Jun/2010:19:43:55 -0400] "GET /images/_portfolio/print/agence_lb.pdf HTTP/1.1" 304 - "-" "Yandex/1.01.001 (compatible; Win16; I)"
95.108.128.241 - - [07/Jun/2010:19:52:25 -0400] "GET /images/_portfolio/print/?C=N;O=D HTTP/1.1" 200 2033 "-" "Yandex/1.01.001 (compatible; Win16; I)"
38.101.148.126 - - [07/Jun/2010:19:57:58 -0400] "GET /robots.txt HTTP/1.1" 404 269 "-" "Mozilla/5.0 (compatible; discobot/1.1; +http://discoveryengine.com/discobot.html"
95.108.128.241 - - [07/Jun/2010:20:00:57 -0400] "GET /images/_portfolio/?C=N;O=D HTTP/1.1" 200 1258 "-" "Yandex/1.01.001 (compatible; Win16; I)"
95.108.128.241 - - [07/Jun/2010:20:09:43 -0400] "GET /images/_portfolio/?C=N;O=A HTTP/1.1" 200 1258 "-" "Yandex/1.01.001 (compatible; Win16; I)"
95.108.128.241 - - [07/Jun/2010:20:18:20 -0400] "GET /images/_portfolio/print/_notes/?C=M;O=A HTTP/1.1" 200 728 "-" "Yandex/1.01.001 (compatible; Win16; I)"
173.212.250.90 - - [07/Jun/2010:20:21:11 -0400] "GET /contact.html HTTP/1.1" 200 6927 "-" "Mozilla/4.0 (compatible; MSIE 6.0; Windows NT 5.1; SV1)"
95.108.128.241 - - [07/Jun/2010:20:35:20 -0400] "GET /images/_portfolio/photoshop/_notes/?C=M;O=A HTTP/1.1" 200 740 "-" "Yandex/1.01.001 (compatible; Win16; I)"
95.108.128.241 - - [07/Jun/2010:20:43:56 -0400] "GET /images/_portfolio/photoshop/?C=M;O=D HTTP/1.1" 200 3717 "-" "Yandex/1.01.001 (compatible; Win16; I)"
95.108.128.241 - - [07/Jun/2010:20:52:25 -0400] "GET /images/_portfolio/illustrator/?C=S;O=A HTTP/1.1" 200 3210 "-" "Yandex/1.01.001 (compatible; Win16; I)"
95.108.128.241 - - [07/Jun/2010:21:00:59 -0400] "GET /images/_portfolio/flash/circles/?C=N;O=A HTTP/1.1" 200 1338 "-" "Yandex/1.01.001 (compatible; Win16; I)"
95.108.128.241 - - [07/Jun/2010:21:09:32 -0400] "GET /images/_portfolio/print/_notes/dwsync.xml HTTP/1.1" 200 1147 "-" "Yandex/1.01.001 (compatible; Win16; I)"
95.108.128.241 - - [07/Jun/2010:21:18:03 -0400] "GET /images/_portfolio/photoshop/?C=M;O=A HTTP/1.1" 200 3717 "-" "Yandex/1.01.001 (compatible; Win16; I)"
95.108.128.241 - - [07/Jun/2010:21:26:32 -0400] "GET /Harris_House/rent.html HTTP/1.1" 304 - "-" "Yandex/1.01.001 (compatible; Win16; I)"
95.108.128.241 - - [07/Jun/2010:21:35:01 -0400] "GET /images/_portfolio/illustrator/_notes/?C=D;O=A HTTP/1.1" 200 746 "-" "Yandex/1.01.001 (compatible; Win16; I)"
95.108.128.241 - - [07/Jun/2010:21:43:33 -0400] "GET /images/_portfolio/print/cd_spine_back.pdf HTTP/1.1" 304 - "-" "Yandex/1.01.001 (compatible; Win16; I)"
95.108.128.241 - - [07/Jun/2010:21:52:01 -0400] "GET /images/_portfolio/misc/?C=N;O=D HTTP/1.1" 200 949 "-" "Yandex/1.01.001 (compatible; Win16; I)"
95.108.128.241 - - [07/Jun/2010:22:17:32 -0400] "GET /images/_portfolio/illustrator/?C=D;O=A HTTP/1.1" 200 3210 "-" "Yandex/1.01.001 (compatible; Win16; I)"
95.108.128.241 - - [07/Jun/2010:22:26:09 -0400] "GET /images/_portfolio/misc/?C=N;O=A HTTP/1.1" 200 949 "-" "Yandex/1.01.001 (compatible; Win16; I)"
95.108.128.241 - - [07/Jun/2010:22:34:38 -0400] "GET /images/_portfolio/print/?C=M;O=A HTTP/1.1" 200 2033 "-" "Yandex/1.01.001 (compatible; Win16; I)"
95.108.128.241 - - [07/Jun/2010:22:43:06 -0400] "GET /images/_portfolio/misc/ HTTP/1.1" 200 949 "-" "Yandex/1.01.001 (compatible; Win16; I)"
95.108.128.241 - - [07/Jun/2010:22:51:39 -0400] "GET /images/_portfolio/print/_notes/?C=N;O=D HTTP/1.1" 200 728 "-" "Yandex/1.01.001 (compatible; Win16; I)"
95.108.128.241 - - [07/Jun/2010:23:00:09 -0400] "GET /images/_portfolio/flash/?C=M;O=D HTTP/1.1" 200 2298 "-" "Yandex/1.01.001 (compatible; Win16; I)"
95.108.128.241 - - [07/Jun/2010:23:08:51 -0400] "GET /images/_portfolio/print/?C=M;O=D HTTP/1.1" 200 2033 "-" "Yandex/1.01.001 (compatible; Win16; I)"
95.108.128.241 - - [07/Jun/2010:23:17:19 -0400] "GET /images/_portfolio/illustrator/_notes/ HTTP/1.1" 200 746 "-" "Yandex/1.01.001 (compatible; Win16; I)"
95.108.128.241 - - [07/Jun/2010:23:25:50 -0400] "GET /images/_portfolio/flash/wine_banner.swf HTTP/1.1" 200 43696 "-" "Yandex/1.01.001 (compatible; Win16; I)"
95.108.128.241 - - [07/Jun/2010:23:34:19 -0400] "GET /images/_portfolio/flash/_notes/?C=D;O=A HTTP/1.1" 200 728 "-" "Yandex/1.01.001 (compatible; Win16; I)"
95.108.128.241 - - [07/Jun/2010:23:51:19 -0400] "GET /images/_portfolio/misc/?C=M;O=D HTTP/1.1" 200 949 "-" "Yandex/1.01.001 (compatible; Win16; I)"
95.108.128.241 - - [07/Jun/2010:23:59:48 -0400] "GET /images/_portfolio/photoshop/?C=D;O=A HTTP/1.1" 200 3717 "-" "Yandex/1.01.001 (compatible; Win16; I)"
95.108.128.241 - - [08/Jun/2010:00:08:25 -0400] "GET /images/_portfolio/flash/butterfly_animation.swf HTTP/1.1" 200 8644 "-" "Yandex/1.01.001 (compatible; Win16; I)"
95.108.128.241 - - [08/Jun/2010:00:17:05 -0400] "GET /images/_portfolio/photoshop/_notes/ HTTP/1.1" 200 740 "-" "Yandex/1.01.001 (compatible; Win16; I)"
95.108.128.241 - - [08/Jun/2010:00:25:37 -0400] "GET /images/_portfolio/print/_notes/ HTTP/1.1" 200 728 "-" "Yandex/1.01.001 (compatible; Win16; I)"
95.108.128.241 - - [08/Jun/2010:00:34:06 -0400] "GET /images/_portfolio/misc/?C=S;O=A HTTP/1.1" 200 949 "-" "Yandex/1.01.001 (compatible; Win16; I)"
95.108.128.241 - - [08/Jun/2010:00:42:55 -0400] "GET /images/_portfolio/photoshop/_notes/?C=S;O=A HTTP/1.1" 200 740 "-" "Yandex/1.01.001 (compatible; Win16; I)"
95.108.128.241 - - [08/Jun/2010:00:51:22 -0400] "GET /images/_portfolio/misc/_notes/dwsync.xml HTTP/1.1" 200 263 "-" "Yandex/1.01.001 (compatible; Win16; I)"
95.108.128.241 - - [08/Jun/2010:00:59:52 -0400] "GET /images/_portfolio/illustrator/?C=N;O=D HTTP/1.1" 200 3210 "-" "Yandex/1.01.001 (compatible; Win16; I)"
95.108.128.241 - - [08/Jun/2010:01:08:21 -0400] "GET /images/_portfolio/flash/?C=D;O=A HTTP/1.1" 200 2298 "-" "Yandex/1.01.001 (compatible; Win16; I)"
95.108.128.241 - - [08/Jun/2010:01:25:20 -0400] "GET /images/_portfolio/web_pages/?C=S;O=A HTTP/1.1" 200 1667 "-" "Yandex/1.01.001 (compatible; Win16; I)"
95.108.128.241 - - [08/Jun/2010:01:45:55 -0400] "GET /images/_portfolio/web_pages/?C=M;O=D HTTP/1.1" 200 1667 "-" "Yandex/1.01.001 (compatible; Win16; I)"
95.108.128.241 - - [08/Jun/2010:02:06:30 -0400] "GET /images/_portfolio/photoshop/?C=N;O=D HTTP/1.1" 200 3717 "-" "Yandex/1.01.001 (compatible; Win16; I)"
95.108.128.241 - - [08/Jun/2010:02:27:08 -0400] "GET /images/_portfolio/flash/?C=M;O=A HTTP/1.1" 200 2298 "-" "Yandex/1.01.001 (compatible; Win16; I)"
95.108.128.241 - - [08/Jun/2010:03:08:18 -0400] "GET /images/_portfolio/photoshop/_notes/dwsync.xml HTTP/1.1" 200 2534 "-" "Yandex/1.01.001 (compatible; Win16; I)"
95.108.128.241 - - [08/Jun/2010:03:28:54 -0400] "GET /images/_portfolio/flash/_notes/dwsync.xml HTTP/1.1" 200 1270 "-" "Yandex/1.01.001 (compatible; Win16; I)"
95.108.128.241 - - [08/Jun/2010:03:49:29 -0400] "GET /images/_portfolio/web_pages/_notes/ HTTP/1.1" 200 740 "-" "Yandex/1.01.001 (compatible; Win16; I)"
95.108.128.241 - - [08/Jun/2010:04:10:06 -0400] "GET /email/origins.html HTTP/1.1" 404 277 "-" "Yandex/1.01.001 (compatible; Win16; I)"
95.108.128.241 - - [08/Jun/2010:04:30:41 -0400] "GET /images/_portfolio/flash/circles/_notes/?C=M;O=A HTTP/1.1" 200 752 "-" "Yandex/1.01.001 (compatible; Win16; I)"
95.108.128.241 - - [08/Jun/2010:04:51:16 -0400] "GET /images/_portfolio/illustrator/_notes/?C=N;O=D HTTP/1.1" 200 746 "-" "Yandex/1.01.001 (compatible; Win16; I)"
95.108.128.241 - - [08/Jun/2010:05:11:51 -0400] "GET /images/_portfolio/web_pages/_notes/?C=M;O=A HTTP/1.1" 200 740 "-" "Yandex/1.01.001 (compatible; Win16; I)"
95.108.128.241 - - [08/Jun/2010:05:32:26 -0400] "GET /images/_portfolio/flash/circles/_notes/?C=D;O=A HTTP/1.1" 200 752 "-" "Yandex/1.01.001 (compatible; Win16; I)"
95.108.128.241 - - [08/Jun/2010:05:53:01 -0400] "GET /images/_portfolio/web_pages/_notes/?C=S;O=A HTTP/1.1" 200 740 "-" "Yandex/1.01.001 (compatible; Win16; I)"
95.108.128.241 - - [08/Jun/2010:06:13:37 -0400] "GET /images/_portfolio/web_pages/?C=D;O=A HTTP/1.1" 200 1667 "-" "Yandex/1.01.001 (compatible; Win16; I)"
95.108.128.241 - - [08/Jun/2010:06:34:12 -0400] "GET /images/_portfolio/print/cd_booklet.pdf HTTP/1.1" 304 - "-" "Yandex/1.01.001 (compatible; Win16; I)"
66.249.71.149 - - [08/Jun/2010:07:07:58 -0400] "GET /robots.txt HTTP/1.1" 404 269 "-" "Mozilla/5.0 (compatible; Googlebot/2.1; +http://www.google.com/bot.html)"
66.249.71.149 - - [08/Jun/2010:07:07:59 -0400] "GET /Harris_House/ HTTP/1.1" 304 - "-" "Mozilla/5.0 (compatible; Googlebot/2.1; +http://www.google.com/bot.html)"
95.108.128.241 - - [08/Jun/2010:07:15:22 -0400] "GET /images/_portfolio/flash/_notes/?C=S;O=A HTTP/1.1" 200 728 "-" "Yandex/1.01.001 (compatible; Win16; I)"
95.108.128.241 - - [08/Jun/2010:07:35:57 -0400] "GET /images/_portfolio/photoshop/?C=S;O=D HTTP/1.1" 200 3717 "-" "Yandex/1.01.001 (compatible; Win16; I)"
95.108.128.241 - - [08/Jun/2010:07:56:32 -0400] "GET /images/_portfolio/web_pages/_notes/?C=N;O=D HTTP/1.1" 200 740 "-" "Yandex/1.01.001 (compatible; Win16; I)"
67.195.111.60 - - [08/Jun/2010:08:05:06 -0400] "GET /robots.txt HTTP/1.0" 404 269 "-" "Mozilla/5.0 (compatible; Yahoo! Slurp; http://help.yahoo.com/help/us/ysearch/slurp)"
67.195.111.60 - - [08/Jun/2010:08:05:06 -0400] "GET / HTTP/1.0" 200 3594 "-" "Mozilla/5.0 (compatible; Yahoo! Slurp/3.0; http://help.yahoo.com/help/us/ysearch/slurp)"
70.81.137.137 - - [08/Jun/2010:09:19:32 -0400] "GET /Harris_House/property_details.html HTTP/1.1" 200 13937 "http://www.google.ca/search?sourceid=navclient&ie=UTF-8&rlz=1T4GGLY_enCA355CA356&q=air+pressure+in+saint+lazare%2c+qc" "Mozilla/4.0 (compatible; MSIE 8.0; Windows NT 6.0; Trident/4.0; GTB6.5; SLCC1; .NET CLR 2.0.50727; Media Center PC 5.0; .NET CLR 3.5.30729; OfficeLiveConnector.1.4; OfficeLivePatch.0.0; .NET CLR 3.0.30729)"
70.81.137.137 - - [08/Jun/2010:09:19:33 -0400] "GET /Harris_House/index.css HTTP/1.1" 200 2186 "http://alex.jeb.ca/Harris_House/property_details.html" "Mozilla/4.0 (compatible; MSIE 8.0; Windows NT 6.0; Trident/4.0; GTB6.5; SLCC1; .NET CLR 2.0.50727; Media Center PC 5.0; .NET CLR 3.5.30729; OfficeLiveConnector.1.4; OfficeLivePatch.0.0; .NET CLR 3.0.30729)"
70.81.137.137 - - [08/Jun/2010:09:19:33 -0400] "GET /Harris_House/index.css HTTP/1.1" 200 2186 "http://alex.jeb.ca/Harris_House/property_details.html" "Mozilla/4.0 (compatible; MSIE 8.0; Windows NT 6.0; Trident/4.0; GTB6.5; SLCC1; .NET CLR 2.0.50727; Media Center PC 5.0; .NET CLR 3.5.30729; OfficeLiveConnector.1.4; OfficeLivePatch.0.0; .NET CLR 3.0.30729)"
70.81.137.137 - - [08/Jun/2010:09:19:33 -0400] "GET /Harris_House/images/logo.gif HTTP/1.1" 200 1148 "http://alex.jeb.ca/Harris_House/property_details.html" "Mozilla/4.0 (compatible; MSIE 8.0; Windows NT 6.0; Trident/4.0; GTB6.5; SLCC1; .NET CLR 2.0.50727; Media Center PC 5.0; .NET CLR 3.5.30729; OfficeLiveConnector.1.4; OfficeLivePatch.0.0; .NET CLR 3.0.30729)"
70.81.137.137 - - [08/Jun/2010:09:19:33 -0400] "GET /Harris_House/images/frontal_outdoor_view02_sm.jpg HTTP/1.1" 200 7461 "http://alex.jeb.ca/Harris_House/property_details.html" "Mozilla/4.0 (compatible; MSIE 8.0; Windows NT 6.0; Trident/4.0; GTB6.5; SLCC1; .NET CLR 2.0.50727; Media Center PC 5.0; .NET CLR 3.5.30729; OfficeLiveConnector.1.4; OfficeLivePatch.0.0; .NET CLR 3.0.30729)"
70.81.137.137 - - [08/Jun/2010:09:19:33 -0400] "GET /Harris_House/images/frontal_outdoor_view_sm.jpg HTTP/1.1" 200 7663 "http://alex.jeb.ca/Harris_House/property_details.html" "Mozilla/4.0 (compatible; MSIE 8.0; Windows NT 6.0; Trident/4.0; GTB6.5; SLCC1; .NET CLR 2.0.50727; Media Center PC 5.0; .NET CLR 3.5.30729; OfficeLiveConnector.1.4; OfficeLivePatch.0.0; .NET CLR 3.0.30729)"
70.81.137.137 - - [08/Jun/2010:09:19:33 -0400] "GET /Harris_House/images/curve_tr.gif HTTP/1.1" 200 331 "http://alex.jeb.ca/Harris_House/property_details.html" "Mozilla/4.0 (compatible; MSIE 8.0; Windows NT 6.0; Trident/4.0; GTB6.5; SLCC1; .NET CLR 2.0.50727; Media Center PC 5.0; .NET CLR 3.5.30729; OfficeLiveConnector.1.4; OfficeLivePatch.0.0; .NET CLR 3.0.30729)"
70.81.137.137 - - [08/Jun/2010:09:19:33 -0400] "GET /Harris_House/images/frontal_outdoor_view_faded.jpg HTTP/1.1" 200 8330 "http://alex.jeb.ca/Harris_House/property_details.html" "Mozilla/4.0 (compatible; MSIE 8.0; Windows NT 6.0; Trident/4.0; GTB6.5; SLCC1; .NET CLR 2.0.50727; Media Center PC 5.0; .NET CLR 3.5.30729; OfficeLiveConnector.1.4; OfficeLivePatch.0.0; .NET CLR 3.0.30729)"
70.81.137.137 - - [08/Jun/2010:09:19:33 -0400] "GET /Harris_House/images/curve_tl.gif HTTP/1.1" 200 330 "http://alex.jeb.ca/Harris_House/property_details.html" "Mozilla/4.0 (compatible; MSIE 8.0; Windows NT 6.0; Trident/4.0; GTB6.5; SLCC1; .NET CLR 2.0.50727; Media Center PC 5.0; .NET CLR 3.5.30729; OfficeLiveConnector.1.4; OfficeLivePatch.0.0; .NET CLR 3.0.30729)"
70.81.137.137 - - [08/Jun/2010:09:19:33 -0400] "GET /Harris_House/images/back_yard_sm.jpg HTTP/1.1" 200 6946 "http://alex.jeb.ca/Harris_House/property_details.html" "Mozilla/4.0 (compatible; MSIE 8.0; Windows NT 6.0; Trident/4.0; GTB6.5; SLCC1; .NET CLR 2.0.50727; Media Center PC 5.0; .NET CLR 3.5.30729; OfficeLiveConnector.1.4; OfficeLivePatch.0.0; .NET CLR 3.0.30729)"
70.81.137.137 - - [08/Jun/2010:09:19:33 -0400] "GET /Harris_House/images/curve_bl.gif HTTP/1.1" 200 329 "http://alex.jeb.ca/Harris_House/property_details.html" "Mozilla/4.0 (compatible; MSIE 8.0; Windows NT 6.0; Trident/4.0; GTB6.5; SLCC1; .NET CLR 2.0.50727; Media Center PC 5.0; .NET CLR 3.5.30729; OfficeLiveConnector.1.4; OfficeLivePatch.0.0; .NET CLR 3.0.30729)"
70.81.137.137 - - [08/Jun/2010:09:19:33 -0400] "GET /Harris_House/images/curve_br.gif HTTP/1.1" 200 330 "http://alex.jeb.ca/Harris_House/property_details.html" "Mozilla/4.0 (compatible; MSIE 8.0; Windows NT 6.0; Trident/4.0; GTB6.5; SLCC1; .NET CLR 2.0.50727; Media Center PC 5.0; .NET CLR 3.5.30729; OfficeLiveConnector.1.4; OfficeLivePatch.0.0; .NET CLR 3.0.30729)"
70.81.137.137 - - [08/Jun/2010:09:19:34 -0400] "GET /favicon.ico HTTP/1.1" 200 1150 "-" "Mozilla/4.0 (compatible; MSIE 8.0; Windows NT 6.0; Trident/4.0; GTB6.5; SLCC1; .NET CLR 2.0.50727; Media Center PC 5.0; .NET CLR 3.5.30729; OfficeLiveConnector.1.4; OfficeLivePatch.0.0; .NET CLR 3.0.30729)"
70.81.137.137 - - [08/Jun/2010:09:19:45 -0400] "GET /Harris_House/photo_tour.html HTTP/1.1" 200 3578 "http://alex.jeb.ca/Harris_House/property_details.html" "Mozilla/4.0 (compatible; MSIE 8.0; Windows NT 6.0; Trident/4.0; GTB6.5; SLCC1; .NET CLR 2.0.50727; Media Center PC 5.0; .NET CLR 3.5.30729; OfficeLiveConnector.1.4; OfficeLivePatch.0.0; .NET CLR 3.0.30729)"
66.249.71.149 - - [08/Jun/2010:10:47:00 -0400] "GET /movie.swf HTTP/1.1" 200 4687 "-" "Mozilla/5.0 (compatible; Googlebot/2.1; +http://www.google.com/bot.html)"
66.249.71.149 - - [08/Jun/2010:14:13:57 -0400] "GET /Harris_House/property_details.html HTTP/1.1" 304 - "-" "Mozilla/5.0 (compatible; Googlebot/2.1; +http://www.google.com/bot.html)"
95.108.128.241 - - [08/Jun/2010:14:20:24 -0400] "GET /robots.txt HTTP/1.1" 404 269 "-" "Yandex/1.01.001 (compatible; Win16; I)"
67.218.116.166 - - [08/Jun/2010:14:55:34 -0400] "GET /robots.txt HTTP/1.1" 404 269 "-" "Mozilla/5.0 (Twiceler-0.9 http://www.cuil.com/twiceler/robot.html)"
95.108.128.241 - - [08/Jun/2010:15:00:46 -0400] "GET / HTTP/1.1" 200 3594 "-" "Yandex/1.01.001 (compatible; Win16; I)"
67.218.116.130 - - [08/Jun/2010:15:04:37 -0400] "GET /robots.txt HTTP/1.1" 404 269 "-" "Mozilla/5.0 (Twiceler-0.9 http://www.cuil.com/twiceler/robot.html)"
95.108.128.241 - - [08/Jun/2010:15:20:46 -0400] "GET /?C=N;O=A HTTP/1.1" 200 3594 "-" "Yandex/1.01.001 (compatible; Win16; I)"
95.108.128.241 - - [08/Jun/2010:15:40:47 -0400] "GET /?C=D;O=A HTTP/1.1" 200 3594 "-" "Yandex/1.01.001 (compatible; Win16; I)"
95.108.128.241 - - [08/Jun/2010:16:00:47 -0400] "GET /images/?C=M;O=A HTTP/1.1" 200 1827 "-" "Yandex/1.01.001 (compatible; Win16; I)"
95.108.128.241 - - [08/Jun/2010:16:20:47 -0400] "GET /?C=M;O=A HTTP/1.1" 200 3594 "-" "Yandex/1.01.001 (compatible; Win16; I)"
66.249.71.149 - - [08/Jun/2010:16:26:12 -0400] "GET /logs/ HTTP/1.1" 200 769 "-" "Mozilla/5.0 (compatible; Googlebot/2.1; +http://www.google.com/bot.html)"
95.108.128.241 - - [08/Jun/2010:16:40:48 -0400] "GET /text/cv_french.pdf HTTP/1.1" 304 - "-" "Yandex/1.01.001 (compatible; Win16; I)"
95.108.128.241 - - [08/Jun/2010:17:00:48 -0400] "GET /images/?C=N;O=D HTTP/1.1" 200 1827 "-" "Yandex/1.01.001 (compatible; Win16; I)"
95.108.128.241 - - [08/Jun/2010:17:40:49 -0400] "GET /Harris_House/property_details.html HTTP/1.1" 304 - "-" "Yandex/1.01.001 (compatible; Win16; I)"
95.108.128.241 - - [08/Jun/2010:18:00:50 -0400] "GET /text/?C=M;O=A HTTP/1.1" 200 1134 "-" "Yandex/1.01.001 (compatible; Win16; I)"
95.108.128.241 - - [08/Jun/2010:18:20:50 -0400] "GET /formmail.php HTTP/1.1" 200 319 "-" "Yandex/1.01.001 (compatible; Win16; I)"
67.218.116.130 - - [08/Jun/2010:18:39:21 -0400] "GET / HTTP/1.1" 200 3594 "-" "Mozilla/5.0 (Twiceler-0.9 http://www.cuil.com/twiceler/robot.html)"
95.108.128.241 - - [08/Jun/2010:18:40:50 -0400] "GET /images/?C=S;O=A HTTP/1.1" 200 1827 "-" "Yandex/1.01.001 (compatible; Win16; I)"
95.108.128.241 - - [08/Jun/2010:19:00:51 -0400] "GET /text/?C=N;O=D HTTP/1.1" 200 1134 "-" "Yandex/1.01.001 (compatible; Win16; I)"
95.108.128.241 - - [08/Jun/2010:19:20:54 -0400] "GET /logs/?C=N;O=A HTTP/1.1" 200 769 "-" "Yandex/1.01.001 (compatible; Win16; I)"
95.108.128.241 - - [08/Jun/2010:19:40:54 -0400] "GET /logs/?C=D;O=A HTTP/1.1" 200 769 "-" "Yandex/1.01.001 (compatible; Win16; I)"
95.108.128.241 - - [08/Jun/2010:20:00:54 -0400] "GET /text/?C=D;O=A HTTP/1.1" 200 1134 "-" "Yandex/1.01.001 (compatible; Win16; I)"
95.108.128.241 - - [08/Jun/2010:20:20:55 -0400] "GET /pages.html HTTP/1.1" 304 - "-" "Yandex/1.01.001 (compatible; Win16; I)"
95.108.128.241 - - [08/Jun/2010:21:00:58 -0400] "GET /movie.swf HTTP/1.1" 304 - "-" "Yandex/1.01.001 (compatible; Win16; I)"
66.249.71.149 - - [08/Jun/2010:21:17:18 -0400] "GET /robots.txt HTTP/1.1" 404 269 "-" "Mozilla/5.0 (compatible; Googlebot/2.1; +http://www.google.com/bot.html)"
66.249.71.149 - - [08/Jun/2010:21:17:18 -0400] "GET /Harris_House/contact.html HTTP/1.1" 304 - "-" "Mozilla/5.0 (compatible; Googlebot/2.1; +http://www.google.com/bot.html)"
95.108.128.241 - - [08/Jun/2010:21:20:58 -0400] "GET /images/ HTTP/1.1" 200 1827 "-" "Yandex/1.01.001 (compatible; Win16; I)"
95.108.128.241 - - [08/Jun/2010:21:40:58 -0400] "GET /images/?C=D;O=A HTTP/1.1" 200 1827 "-" "Yandex/1.01.001 (compatible; Win16; I)"
95.108.128.241 - - [08/Jun/2010:22:00:59 -0400] "GET /text/?C=S;O=A HTTP/1.1" 200 1134 "-" "Yandex/1.01.001 (compatible; Win16; I)"
95.108.128.241 - - [08/Jun/2010:22:20:59 -0400] "GET /Harris_House/contact.html HTTP/1.1" 304 - "-" "Yandex/1.01.001 (compatible; Win16; I)"
206.47.191.243 - - [08/Jun/2010:22:22:16 -0400] "GET /Harris_House/rent-to-own.html HTTP/1.0" 200 4688 "http://www.google.ca/search?hl=en&q=renting+a+home+Saint-Lazare+QC&btnG=Search&meta=&aq=f&aqi=&aql=&oq=&gs_rfai=" "Mozilla/4.0 (compatible; MSIE 6.0; Windows NT 5.1; SV1; .NET CLR 1.1.4322; .NET CLR 2.0.50727; .NET CLR 3.0.04506.30; .NET CLR 3.0.04506.648)"
206.47.191.243 - - [08/Jun/2010:22:22:16 -0400] "GET /Harris_House/index.css HTTP/1.0" 200 2186 "http://alex.jeb.ca/Harris_House/rent-to-own.html" "Mozilla/4.0 (compatible; MSIE 6.0; Windows NT 5.1; SV1; .NET CLR 1.1.4322; .NET CLR 2.0.50727; .NET CLR 3.0.04506.30; .NET CLR 3.0.04506.648)"
206.47.191.243 - - [08/Jun/2010:22:22:16 -0400] "GET /Harris_House/images/curve_tl.gif HTTP/1.0" 200 330 "http://alex.jeb.ca/Harris_House/rent-to-own.html" "Mozilla/4.0 (compatible; MSIE 6.0; Windows NT 5.1; SV1; .NET CLR 1.1.4322; .NET CLR 2.0.50727; .NET CLR 3.0.04506.30; .NET CLR 3.0.04506.648)"
206.47.191.243 - - [08/Jun/2010:22:22:17 -0400] "GET /Harris_House/images/curve_bl.gif HTTP/1.0" 200 329 "http://alex.jeb.ca/Harris_House/rent-to-own.html" "Mozilla/4.0 (compatible; MSIE 6.0; Windows NT 5.1; SV1; .NET CLR 1.1.4322; .NET CLR 2.0.50727; .NET CLR 3.0.04506.30; .NET CLR 3.0.04506.648)"
206.47.191.243 - - [08/Jun/2010:22:22:17 -0400] "GET /Harris_House/images/frontal_outdoor_view_sm.jpg HTTP/1.0" 200 7663 "http://alex.jeb.ca/Harris_House/rent-to-own.html" "Mozilla/4.0 (compatible; MSIE 6.0; Windows NT 5.1; SV1; .NET CLR 1.1.4322; .NET CLR 2.0.50727; .NET CLR 3.0.04506.30; .NET CLR 3.0.04506.648)"
206.47.191.243 - - [08/Jun/2010:22:22:17 -0400] "GET /Harris_House/images/logo.gif HTTP/1.0" 200 1148 "http://alex.jeb.ca/Harris_House/rent-to-own.html" "Mozilla/4.0 (compatible; MSIE 6.0; Windows NT 5.1; SV1; .NET CLR 1.1.4322; .NET CLR 2.0.50727; .NET CLR 3.0.04506.30; .NET CLR 3.0.04506.648)"
206.47.191.243 - - [08/Jun/2010:22:22:17 -0400] "GET /Harris_House/images/back_yard_sm.jpg HTTP/1.0" 200 6946 "http://alex.jeb.ca/Harris_House/rent-to-own.html" "Mozilla/4.0 (compatible; MSIE 6.0; Windows NT 5.1; SV1; .NET CLR 1.1.4322; .NET CLR 2.0.50727; .NET CLR 3.0.04506.30; .NET CLR 3.0.04506.648)"
206.47.191.243 - - [08/Jun/2010:22:22:18 -0400] "GET /Harris_House/images/frontal_outdoor_view02_sm.jpg HTTP/1.0" 200 7461 "http://alex.jeb.ca/Harris_House/rent-to-own.html" "Mozilla/4.0 (compatible; MSIE 6.0; Windows NT 5.1; SV1; .NET CLR 1.1.4322; .NET CLR 2.0.50727; .NET CLR 3.0.04506.30; .NET CLR 3.0.04506.648)"
206.47.191.243 - - [08/Jun/2010:22:22:18 -0400] "GET /Harris_House/images/curve_tr.gif HTTP/1.0" 200 331 "http://alex.jeb.ca/Harris_House/rent-to-own.html" "Mozilla/4.0 (compatible; MSIE 6.0; Windows NT 5.1; SV1; .NET CLR 1.1.4322; .NET CLR 2.0.50727; .NET CLR 3.0.04506.30; .NET CLR 3.0.04506.648)"
206.47.191.243 - - [08/Jun/2010:22:22:18 -0400] "GET /Harris_House/images/curve_br.gif HTTP/1.0" 200 330 "http://alex.jeb.ca/Harris_House/rent-to-own.html" "Mozilla/4.0 (compatible; MSIE 6.0; Windows NT 5.1; SV1; .NET CLR 1.1.4322; .NET CLR 2.0.50727; .NET CLR 3.0.04506.30; .NET CLR 3.0.04506.648)"
206.47.191.243 - - [08/Jun/2010:22:22:18 -0400] "GET /Harris_House/images/frontal_outdoor_view.jpg HTTP/1.0" 200 49263 "http://alex.jeb.ca/Harris_House/rent-to-own.html" "Mozilla/4.0 (compatible; MSIE 6.0; Windows NT 5.1; SV1; .NET CLR 1.1.4322; .NET CLR 2.0.50727; .NET CLR 3.0.04506.30; .NET CLR 3.0.04506.648)"
206.47.191.243 - - [08/Jun/2010:22:22:49 -0400] "GET /Harris_House HTTP/1.0" 301 301 "-" "Mozilla/4.0 (compatible; MSIE 6.0; Windows NT 5.1; SV1; .NET CLR 1.1.4322; .NET CLR 2.0.50727; .NET CLR 3.0.04506.30; .NET CLR 3.0.04506.648)"
206.47.191.243 - - [08/Jun/2010:22:22:50 -0400] "GET /Harris_House/ HTTP/1.0" 200 4623 "-" "Mozilla/4.0 (compatible; MSIE 6.0; Windows NT 5.1; SV1; .NET CLR 1.1.4322; .NET CLR 2.0.50727; .NET CLR 3.0.04506.30; .NET CLR 3.0.04506.648)"
206.47.191.243 - - [08/Jun/2010:22:22:56 -0400] "GET / HTTP/1.0" 200 3594 "-" "Mozilla/4.0 (compatible; MSIE 6.0; Windows NT 5.1; SV1; .NET CLR 1.1.4322; .NET CLR 2.0.50727; .NET CLR 3.0.04506.30; .NET CLR 3.0.04506.648)"
206.47.191.243 - - [08/Jun/2010:22:22:57 -0400] "GET /icons/blank.gif HTTP/1.0" 200 148 "http://alex.jeb.ca" "Mozilla/4.0 (compatible; MSIE 6.0; Windows NT 5.1; SV1; .NET CLR 1.1.4322; .NET CLR 2.0.50727; .NET CLR 3.0.04506.30; .NET CLR 3.0.04506.648)"
206.47.191.243 - - [08/Jun/2010:22:22:57 -0400] "GET /icons/folder.gif HTTP/1.0" 200 225 "http://alex.jeb.ca" "Mozilla/4.0 (compatible; MSIE 6.0; Windows NT 5.1; SV1; .NET CLR 1.1.4322; .NET CLR 2.0.50727; .NET CLR 3.0.04506.30; .NET CLR 3.0.04506.648)"
206.47.191.243 - - [08/Jun/2010:22:22:57 -0400] "GET /icons/unknown.gif HTTP/1.0" 200 245 "http://alex.jeb.ca" "Mozilla/4.0 (compatible; MSIE 6.0; Windows NT 5.1; SV1; .NET CLR 1.1.4322; .NET CLR 2.0.50727; .NET CLR 3.0.04506.30; .NET CLR 3.0.04506.648)"
206.47.191.243 - - [08/Jun/2010:22:22:57 -0400] "GET /icons/text.gif HTTP/1.0" 200 229 "http://alex.jeb.ca" "Mozilla/4.0 (compatible; MSIE 6.0; Windows NT 5.1; SV1; .NET CLR 1.1.4322; .NET CLR 2.0.50727; .NET CLR 3.0.04506.30; .NET CLR 3.0.04506.648)"
206.47.191.243 - - [08/Jun/2010:22:22:57 -0400] "GET /icons/image2.gif HTTP/1.0" 200 309 "http://alex.jeb.ca" "Mozilla/4.0 (compatible; MSIE 6.0; Windows NT 5.1; SV1; .NET CLR 1.1.4322; .NET CLR 2.0.50727; .NET CLR 3.0.04506.30; .NET CLR 3.0.04506.648)"
95.108.128.241 - - [08/Jun/2010:22:40:59 -0400] "GET /_notes/ HTTP/1.1" 200 656 "-" "Yandex/1.01.001 (compatible; Win16; I)"
95.108.128.241 - - [08/Jun/2010:23:00:59 -0400] "GET /logs/ HTTP/1.1" 200 769 "-" "Yandex/1.01.001 (compatible; Win16; I)"
66.249.71.149 - - [08/Jun/2010:23:07:31 -0400] "GET /Harris_House/index.css HTTP/1.1" 200 2186 "-" "Mozilla/5.0 (compatible; Googlebot/2.1; +http://www.google.com/bot.html)"
66.249.71.149 - - [08/Jun/2010:23:07:32 -0400] "GET /Harris_House/images/remax_logo.gif HTTP/1.1" 200 1657 "-" "Mozilla/5.0 (compatible; Googlebot/2.1; +http://www.google.com/bot.html)"
66.249.71.149 - - [08/Jun/2010:23:07:32 -0400] "GET /Harris_House/images/PMGraham.jpg HTTP/1.1" 200 3249 "-" "Mozilla/5.0 (compatible; Googlebot/2.1; +http://www.google.com/bot.html)"
66.249.71.149 - - [08/Jun/2010:23:07:33 -0400] "GET /Harris_House/images/LGallagher.jpg HTTP/1.1" 200 6270 "-" "Mozilla/5.0 (compatible; Googlebot/2.1; +http://www.google.com/bot.html)"
95.108.128.241 - - [08/Jun/2010:23:20:59 -0400] "GET /images/_portfolio/ HTTP/1.1" 200 1258 "-" "Yandex/1.01.001 (compatible; Win16; I)"
95.108.128.241 - - [08/Jun/2010:23:40:59 -0400] "GET /logs/?C=M;O=A HTTP/1.1" 200 769 "-" "Yandex/1.01.001 (compatible; Win16; I)"
95.108.128.241 - - [09/Jun/2010:00:20:59 -0400] "GET /logs/?C=N;O=D HTTP/1.1" 200 769 "-" "Yandex/1.01.001 (compatible; Win16; I)"
95.108.128.241 - - [09/Jun/2010:00:40:59 -0400] "GET /print.html HTTP/1.1" 304 - "-" "Yandex/1.01.001 (compatible; Win16; I)"
95.108.128.241 - - [09/Jun/2010:01:00:59 -0400] "GET /images/_portfolio/web_pages/?C=M;O=D HTTP/1.1" 200 1667 "-" "Yandex/1.01.001 (compatible; Win16; I)"
95.108.128.241 - - [09/Jun/2010:01:20:59 -0400] "GET /images/_portfolio/print/?C=M;O=D HTTP/1.1" 200 2033 "-" "Yandex/1.01.001 (compatible; Win16; I)"
95.108.128.241 - - [09/Jun/2010:01:40:59 -0400] "GET /images/_portfolio/photoshop/?C=D;O=A HTTP/1.1" 200 3717 "-" "Yandex/1.01.001 (compatible; Win16; I)"
95.108.128.241 - - [09/Jun/2010:02:01:06 -0400] "GET /images/_portfolio/flash/?C=D;O=A HTTP/1.1" 200 2298 "-" "Yandex/1.01.001 (compatible; Win16; I)"
95.108.128.241 - - [09/Jun/2010:02:21:06 -0400] "GET /images/_portfolio/photoshop/_notes/dwsync.xml HTTP/1.1" 200 2534 "-" "Yandex/1.01.001 (compatible; Win16; I)"
173.212.250.90 - - [09/Jun/2010:02:27:42 -0400] "POST /formmail.php HTTP/1.1" 200 355 "http://alex.jeb.ca/contact.html" "Mozilla/4.0 (compatible; MSIE 6.0; Windows NT 5.1; SV1)"
173.212.250.90 - - [09/Jun/2010:02:27:42 -0400] "GET /formmail.php HTTP/1.1" 200 319 "-" "Mozilla/4.0 (compatible; MSIE 6.0; Windows NT 5.1; SV1)"
173.212.250.90 - - [09/Jun/2010:02:27:42 -0400] "GET /contact.html HTTP/1.1" 200 6927 "-" "Mozilla/4.0 (compatible; MSIE 6.0; Windows NT 5.1; SV1)"
173.212.250.90 - - [09/Jun/2010:02:27:43 -0400] "GET / HTTP/1.1" 200 3594 "-" "Mozilla/4.0 (compatible; MSIE 6.0; Windows NT 5.1; SV1)"
95.108.128.241 - - [09/Jun/2010:02:41:06 -0400] "GET /images/_portfolio/flash/wine_banner.swf HTTP/1.1" 200 43696 "-" "Yandex/1.01.001 (compatible; Win16; I)"
95.108.128.241 - - [09/Jun/2010:03:01:06 -0400] "GET /images/_portfolio/misc/?C=M;O=D HTTP/1.1" 200 949 "-" "Yandex/1.01.001 (compatible; Win16; I)"
95.108.128.241 - - [09/Jun/2010:03:41:05 -0400] "GET /images/_portfolio/print/_notes/ HTTP/1.1" 200 728 "-" "Yandex/1.01.001 (compatible; Win16; I)"
95.108.128.241 - - [09/Jun/2010:04:01:07 -0400] "GET /images/_portfolio/photoshop/_notes/?C=S;O=A HTTP/1.1" 200 740 "-" "Yandex/1.01.001 (compatible; Win16; I)"
95.108.128.241 - - [09/Jun/2010:04:21:07 -0400] "GET /images/_portfolio/flash/_notes/?C=D;O=A HTTP/1.1" 200 728 "-" "Yandex/1.01.001 (compatible; Win16; I)"
95.108.128.241 - - [09/Jun/2010:04:41:07 -0400] "GET /images/_portfolio/flash/?C=M;O=A HTTP/1.1" 200 2298 "-" "Yandex/1.01.001 (compatible; Win16; I)"
95.108.128.241 - - [09/Jun/2010:05:01:06 -0400] "GET /images/_portfolio/flash/?C=M;O=D HTTP/1.1" 200 2298 "-" "Yandex/1.01.001 (compatible; Win16; I)"
95.108.128.241 - - [09/Jun/2010:05:21:05 -0400] "GET /images/_portfolio/illustrator/_notes/ HTTP/1.1" 200 746 "-" "Yandex/1.01.001 (compatible; Win16; I)"
66.249.71.149 - - [09/Jun/2010:05:39:48 -0400] "GET /contact.html HTTP/1.1" 304 - "-" "Mozilla/5.0 (compatible; Googlebot/2.1; +http://www.google.com/bot.html)"
95.108.128.241 - - [09/Jun/2010:05:41:07 -0400] "GET /images/_portfolio/illustrator/?C=N;O=D HTTP/1.1" 200 3210 "-" "Yandex/1.01.001 (compatible; Win16; I)"
95.108.128.241 - - [09/Jun/2010:06:01:06 -0400] "GET /images/_portfolio/misc/_notes/dwsync.xml HTTP/1.1" 200 263 "-" "Yandex/1.01.001 (compatible; Win16; I)"
95.108.128.241 - - [09/Jun/2010:06:21:05 -0400] "GET /images/_portfolio/photoshop/?C=N;O=D HTTP/1.1" 200 3717 "-" "Yandex/1.01.001 (compatible; Win16; I)"
95.108.128.241 - - [09/Jun/2010:07:01:05 -0400] "GET /images/_portfolio/misc/?C=S;O=A HTTP/1.1" 200 949 "-" "Yandex/1.01.001 (compatible; Win16; I)"
95.108.128.241 - - [09/Jun/2010:07:21:07 -0400] "GET /images/_portfolio/photoshop/_notes/ HTTP/1.1" 200 740 "-" "Yandex/1.01.001 (compatible; Win16; I)"
95.108.128.241 - - [09/Jun/2010:07:41:06 -0400] "GET /images/_portfolio/illustrator/?C=S;O=D HTTP/1.1" 200 3210 "-" "Yandex/1.01.001 (compatible; Win16; I)"
95.108.128.241 - - [09/Jun/2010:08:01:04 -0400] "GET /images/_portfolio/print/ HTTP/1.1" 200 2033 "-" "Yandex/1.01.001 (compatible; Win16; I)"
95.108.128.241 - - [09/Jun/2010:08:21:02 -0400] "GET /images/_portfolio/flash/butterfly_animation.swf HTTP/1.1" 200 8644 "-" "Yandex/1.01.001 (compatible; Win16; I)"
95.108.128.241 - - [09/Jun/2010:08:41:04 -0400] "GET /images/_portfolio/web_pages/?C=S;O=A HTTP/1.1" 200 1667 "-" "Yandex/1.01.001 (compatible; Win16; I)"
95.108.128.241 - - [09/Jun/2010:09:01:01 -0400] "GET /images/_portfolio/photoshop/?C=S;O=A HTTP/1.1" 200 3717 "-" "Yandex/1.01.001 (compatible; Win16; I)"
95.108.128.241 - - [09/Jun/2010:09:40:57 -0400] "GET /images/_notes/dwsync.xml HTTP/1.1" 200 824 "-" "Yandex/1.01.001 (compatible; Win16; I)"
66.249.71.149 - - [09/Jun/2010:10:49:48 -0400] "GET /robots.txt HTTP/1.1" 404 269 "-" "Mozilla/5.0 (compatible; Googlebot/2.1; +http://www.google.com/bot.html)"
66.249.71.149 - - [09/Jun/2010:10:49:48 -0400] "GET /text/ HTTP/1.1" 200 1134 "-" "Mozilla/5.0 (compatible; Googlebot/2.1; +http://www.google.com/bot.html)"
66.249.71.149 - - [09/Jun/2010:12:08:25 -0400] "GET /icons/layout.gif HTTP/1.1" 200 276 "-" "Googlebot-Image/1.0"
67.218.116.166 - - [09/Jun/2010:14:42:23 -0400] "GET /robots.txt HTTP/1.1" 404 269 "-" "Mozilla/5.0 (Twiceler-0.9 http://www.cuil.com/twiceler/robot.html)"
67.218.116.130 - - [09/Jun/2010:14:53:54 -0400] "GET /robots.txt HTTP/1.1" 404 269 "-" "Mozilla/5.0 (Twiceler-0.9 http://www.cuil.com/twiceler/robot.html)"
67.218.116.130 - - [09/Jun/2010:15:07:03 -0400] "GET /Harris_House/ HTTP/1.1" 200 4623 "-" "Mozilla/5.0 (Twiceler-0.9 http://www.cuil.com/twiceler/robot.html)"
66.249.71.149 - - [09/Jun/2010:16:28:58 -0400] "GET /circle_final.swf HTTP/1.1" 200 5728 "-" "Mozilla/5.0 (compatible; Googlebot/2.1; +http://www.google.com/bot.html)"
38.101.148.126 - - [09/Jun/2010:20:09:18 -0400] "GET /robots.txt HTTP/1.1" 404 269 "-" "Mozilla/5.0 (compatible; discobot/1.1; +http://discoveryengine.com/discobot.html"
71.205.87.24 - - [09/Jun/2010:20:42:02 -0400] "GET /Harris_House/rent-to-own.html HTTP/1.1" 200 4688 "http://www.google.com/search?q=houses+for+rent+in+saint+lazare,+quebec&hl=en&rlz=1G1GGLQ_ENCA295&prmd=m&start=10&sa=N" "Mozilla/5.0 (Macintosh; U; Intel Mac OS X 10.6; en-US; rv:1.9.2.3) Gecko/20100401 Firefox/3.6.3"
71.205.87.24 - - [09/Jun/2010:20:42:02 -0400] "GET /favicon.ico HTTP/1.1" 200 1150 "-" "Mozilla/5.0 (Macintosh; U; Intel Mac OS X 10.6; en-US; rv:1.9.2.3) Gecko/20100401 Firefox/3.6.3"
71.205.87.24 - - [09/Jun/2010:20:42:02 -0400] "GET /Harris_House/index.css HTTP/1.1" 200 2186 "http://alex.jeb.ca/Harris_House/rent-to-own.html" "Mozilla/5.0 (Macintosh; U; Intel Mac OS X 10.6; en-US; rv:1.9.2.3) Gecko/20100401 Firefox/3.6.3"
71.205.87.24 - - [09/Jun/2010:20:42:02 -0400] "GET /Harris_House/images/logo.gif HTTP/1.1" 200 1148 "http://alex.jeb.ca/Harris_House/rent-to-own.html" "Mozilla/5.0 (Macintosh; U; Intel Mac OS X 10.6; en-US; rv:1.9.2.3) Gecko/20100401 Firefox/3.6.3"
71.205.87.24 - - [09/Jun/2010:20:42:02 -0400] "GET /Harris_House/images/back_yard_sm.jpg HTTP/1.1" 200 6946 "http://alex.jeb.ca/Harris_House/rent-to-own.html" "Mozilla/5.0 (Macintosh; U; Intel Mac OS X 10.6; en-US; rv:1.9.2.3) Gecko/20100401 Firefox/3.6.3"
71.205.87.24 - - [09/Jun/2010:20:42:02 -0400] "GET /Harris_House/images/frontal_outdoor_view02_sm.jpg HTTP/1.1" 200 7461 "http://alex.jeb.ca/Harris_House/rent-to-own.html" "Mozilla/5.0 (Macintosh; U; Intel Mac OS X 10.6; en-US; rv:1.9.2.3) Gecko/20100401 Firefox/3.6.3"
71.205.87.24 - - [09/Jun/2010:20:42:02 -0400] "GET /Harris_House/images/curve_tr.gif HTTP/1.1" 200 331 "http://alex.jeb.ca/Harris_House/index.css" "Mozilla/5.0 (Macintosh; U; Intel Mac OS X 10.6; en-US; rv:1.9.2.3) Gecko/20100401 Firefox/3.6.3"
71.205.87.24 - - [09/Jun/2010:20:42:02 -0400] "GET /Harris_House/images/frontal_outdoor_view_sm.jpg HTTP/1.1" 200 7663 "http://alex.jeb.ca/Harris_House/rent-to-own.html" "Mozilla/5.0 (Macintosh; U; Intel Mac OS X 10.6; en-US; rv:1.9.2.3) Gecko/20100401 Firefox/3.6.3"
71.205.87.24 - - [09/Jun/2010:20:42:02 -0400] "GET /Harris_House/images/curve_tl.gif HTTP/1.1" 200 330 "http://alex.jeb.ca/Harris_House/index.css" "Mozilla/5.0 (Macintosh; U; Intel Mac OS X 10.6; en-US; rv:1.9.2.3) Gecko/20100401 Firefox/3.6.3"
71.205.87.24 - - [09/Jun/2010:20:42:02 -0400] "GET /Harris_House/images/curve_bl.gif HTTP/1.1" 200 329 "http://alex.jeb.ca/Harris_House/index.css" "Mozilla/5.0 (Macintosh; U; Intel Mac OS X 10.6; en-US; rv:1.9.2.3) Gecko/20100401 Firefox/3.6.3"
71.205.87.24 - - [09/Jun/2010:20:42:02 -0400] "GET /Harris_House/images/curve_br.gif HTTP/1.1" 200 330 "http://alex.jeb.ca/Harris_House/index.css" "Mozilla/5.0 (Macintosh; U; Intel Mac OS X 10.6; en-US; rv:1.9.2.3) Gecko/20100401 Firefox/3.6.3"
71.205.87.24 - - [09/Jun/2010:20:42:02 -0400] "GET /Harris_House/images/frontal_outdoor_view.jpg HTTP/1.1" 200 49263 "http://alex.jeb.ca/Harris_House/rent-to-own.html" "Mozilla/5.0 (Macintosh; U; Intel Mac OS X 10.6; en-US; rv:1.9.2.3) Gecko/20100401 Firefox/3.6.3"
71.205.87.24 - - [09/Jun/2010:20:50:53 -0400] "GET /Harris_House/photo_tour.html HTTP/1.1" 200 3578 "http://alex.jeb.ca/Harris_House/rent-to-own.html" "Mozilla/5.0 (Macintosh; U; Intel Mac OS X 10.6; en-US; rv:1.9.2.3) Gecko/20100401 Firefox/3.6.3"
72.2.16.10 - - [09/Jun/2010:20:52:34 -0400] "GET /Harris_House/photo_tour.html HTTP/1.1" 200 3578 "-" "Mozilla/4.0 (compatible; MSIE 7.0; Windows NT 5.1; .NET CLR 2.0.50727; .NET CLR 3.0.4506.2152; .NET CLR 3.5.30729; .NET CLR 1.1.4322)"
72.2.16.10 - - [09/Jun/2010:20:52:34 -0400] "GET /Harris_House/index.css HTTP/1.1" 200 2186 "http://alex.jeb.ca/Harris_House/photo_tour.html" "Mozilla/4.0 (compatible; MSIE 7.0; Windows NT 5.1; .NET CLR 2.0.50727; .NET CLR 3.0.4506.2152; .NET CLR 3.5.30729; .NET CLR 1.1.4322)"
72.2.16.10 - - [09/Jun/2010:20:52:34 -0400] "GET /Harris_House/images/logo.gif HTTP/1.1" 200 1148 "http://alex.jeb.ca/Harris_House/photo_tour.html" "Mozilla/4.0 (compatible; MSIE 7.0; Windows NT 5.1; .NET CLR 2.0.50727; .NET CLR 3.0.4506.2152; .NET CLR 3.5.30729; .NET CLR 1.1.4322)"
72.2.16.10 - - [09/Jun/2010:20:52:35 -0400] "GET /Harris_House/images/back_yard_sm.jpg HTTP/1.1" 200 6946 "http://alex.jeb.ca/Harris_House/photo_tour.html" "Mozilla/4.0 (compatible; MSIE 7.0; Windows NT 5.1; .NET CLR 2.0.50727; .NET CLR 3.0.4506.2152; .NET CLR 3.5.30729; .NET CLR 1.1.4322)"
72.2.16.10 - - [09/Jun/2010:20:52:35 -0400] "GET /Harris_House/images/frontal_outdoor_view02_sm.jpg HTTP/1.1" 200 7461 "http://alex.jeb.ca/Harris_House/photo_tour.html" "Mozilla/4.0 (compatible; MSIE 7.0; Windows NT 5.1; .NET CLR 2.0.50727; .NET CLR 3.0.4506.2152; .NET CLR 3.5.30729; .NET CLR 1.1.4322)"
72.2.16.10 - - [09/Jun/2010:20:52:35 -0400] "GET /Harris_House/images/curve_tl.gif HTTP/1.1" 200 330 "http://alex.jeb.ca/Harris_House/photo_tour.html" "Mozilla/4.0 (compatible; MSIE 7.0; Windows NT 5.1; .NET CLR 2.0.50727; .NET CLR 3.0.4506.2152; .NET CLR 3.5.30729; .NET CLR 1.1.4322)"
72.2.16.10 - - [09/Jun/2010:20:52:35 -0400] "GET /Harris_House/images/frontal_outdoor_view_sm.jpg HTTP/1.1" 200 7663 "http://alex.jeb.ca/Harris_House/photo_tour.html" "Mozilla/4.0 (compatible; MSIE 7.0; Windows NT 5.1; .NET CLR 2.0.50727; .NET CLR 3.0.4506.2152; .NET CLR 3.5.30729; .NET CLR 1.1.4322)"
72.2.16.10 - - [09/Jun/2010:20:52:35 -0400] "GET /Harris_House/images/curve_tr.gif HTTP/1.1" 200 331 "http://alex.jeb.ca/Harris_House/photo_tour.html" "Mozilla/4.0 (compatible; MSIE 7.0; Windows NT 5.1; .NET CLR 2.0.50727; .NET CLR 3.0.4506.2152; .NET CLR 3.5.30729; .NET CLR 1.1.4322)"
72.2.16.10 - - [09/Jun/2010:20:52:35 -0400] "GET /Harris_House/images/curve_bl.gif HTTP/1.1" 200 329 "http://alex.jeb.ca/Harris_House/photo_tour.html" "Mozilla/4.0 (compatible; MSIE 7.0; Windows NT 5.1; .NET CLR 2.0.50727; .NET CLR 3.0.4506.2152; .NET CLR 3.5.30729; .NET CLR 1.1.4322)"
72.2.16.10 - - [09/Jun/2010:20:52:35 -0400] "GET /Harris_House/images/curve_br.gif HTTP/1.1" 200 330 "http://alex.jeb.ca/Harris_House/photo_tour.html" "Mozilla/4.0 (compatible; MSIE 7.0; Windows NT 5.1; .NET CLR 2.0.50727; .NET CLR 3.0.4506.2152; .NET CLR 3.5.30729; .NET CLR 1.1.4322)"
72.2.16.10 - - [09/Jun/2010:20:52:41 -0400] "GET /favicon.ico HTTP/1.1" 200 1150 "-" "Mozilla/4.0 (compatible; MSIE 7.0; Windows NT 5.1; .NET CLR 2.0.50727; .NET CLR 3.0.4506.2152; .NET CLR 3.5.30729; .NET CLR 1.1.4322)"
71.205.87.24 - - [09/Jun/2010:20:52:50 -0400] "GET /Harris_House/index.html HTTP/1.1" 200 4623 "http://alex.jeb.ca/Harris_House/photo_tour.html" "Mozilla/5.0 (Macintosh; U; Intel Mac OS X 10.6; en-US; rv:1.9.2.3) Gecko/20100401 Firefox/3.6.3"
71.205.87.24 - - [09/Jun/2010:20:53:00 -0400] "GET /Harris_House/property_details.html HTTP/1.1" 200 13937 "http://alex.jeb.ca/Harris_House/index.html" "Mozilla/5.0 (Macintosh; U; Intel Mac OS X 10.6; en-US; rv:1.9.2.3) Gecko/20100401 Firefox/3.6.3"
71.205.87.24 - - [09/Jun/2010:20:53:00 -0400] "GET /Harris_House/images/frontal_outdoor_view_faded.jpg HTTP/1.1" 200 8330 "http://alex.jeb.ca/Harris_House/property_details.html" "Mozilla/5.0 (Macintosh; U; Intel Mac OS X 10.6; en-US; rv:1.9.2.3) Gecko/20100401 Firefox/3.6.3"
66.249.71.149 - - [09/Jun/2010:23:44:11 -0400] "GET /robots.txt HTTP/1.1" 404 269 "-" "Mozilla/5.0 (compatible; Googlebot/2.1; +http://www.google.com/bot.html)"
66.249.71.149 - - [09/Jun/2010:23:44:11 -0400] "GET /text/cv_french.pdf HTTP/1.1" 304 - "-" "Mozilla/5.0 (compatible; Googlebot/2.1; +http://www.google.com/bot.html)"
72.0.212.206 - - [10/Jun/2010:03:41:35 -0400] "GET /Harris_House/rent-to-own.html HTTP/1.1" 200 4688 "-" "Mozilla/5.0 (iPod; U; CPU iPhone OS 3_1_3 like Mac OS X; en-us) AppleWebKit/528.18 (KHTML, like Gecko) Version/4.0 Mobile/7E18 Safari/528.16"
72.0.212.206 - - [10/Jun/2010:03:41:35 -0400] "GET /Harris_House/images/frontal_outdoor_view02_sm.jpg HTTP/1.1" 200 7461 "http://alex.jeb.ca/Harris_House/rent-to-own.html" "Mozilla/5.0 (iPod; U; CPU iPhone OS 3_1_3 like Mac OS X; en-us) AppleWebKit/528.18 (KHTML, like Gecko) Version/4.0 Mobile/7E18 Safari/528.16"
72.0.212.206 - - [10/Jun/2010:03:41:35 -0400] "GET /Harris_House/index.css HTTP/1.1" 200 2186 "http://alex.jeb.ca/Harris_House/rent-to-own.html" "Mozilla/5.0 (iPod; U; CPU iPhone OS 3_1_3 like Mac OS X; en-us) AppleWebKit/528.18 (KHTML, like Gecko) Version/4.0 Mobile/7E18 Safari/528.16"
72.0.212.206 - - [10/Jun/2010:03:41:35 -0400] "GET /Harris_House/images/logo.gif HTTP/1.1" 200 1148 "http://alex.jeb.ca/Harris_House/rent-to-own.html" "Mozilla/5.0 (iPod; U; CPU iPhone OS 3_1_3 like Mac OS X; en-us) AppleWebKit/528.18 (KHTML, like Gecko) Version/4.0 Mobile/7E18 Safari/528.16"
72.0.212.206 - - [10/Jun/2010:03:41:35 -0400] "GET /Harris_House/images/back_yard_sm.jpg HTTP/1.1" 200 6946 "http://alex.jeb.ca/Harris_House/rent-to-own.html" "Mozilla/5.0 (iPod; U; CPU iPhone OS 3_1_3 like Mac OS X; en-us) AppleWebKit/528.18 (KHTML, like Gecko) Version/4.0 Mobile/7E18 Safari/528.16"
72.0.212.206 - - [10/Jun/2010:03:41:35 -0400] "GET /Harris_House/images/frontal_outdoor_view_sm.jpg HTTP/1.1" 200 7663 "http://alex.jeb.ca/Harris_House/rent-to-own.html" "Mozilla/5.0 (iPod; U; CPU iPhone OS 3_1_3 like Mac OS X; en-us) AppleWebKit/528.18 (KHTML, like Gecko) Version/4.0 Mobile/7E18 Safari/528.16"
72.0.212.206 - - [10/Jun/2010:03:41:35 -0400] "GET /Harris_House/images/curve_br.gif HTTP/1.1" 200 330 "http://alex.jeb.ca/Harris_House/rent-to-own.html" "Mozilla/5.0 (iPod; U; CPU iPhone OS 3_1_3 like Mac OS X; en-us) AppleWebKit/528.18 (KHTML, like Gecko) Version/4.0 Mobile/7E18 Safari/528.16"
72.0.212.206 - - [10/Jun/2010:03:41:35 -0400] "GET /Harris_House/images/curve_tl.gif HTTP/1.1" 200 330 "http://alex.jeb.ca/Harris_House/rent-to-own.html" "Mozilla/5.0 (iPod; U; CPU iPhone OS 3_1_3 like Mac OS X; en-us) AppleWebKit/528.18 (KHTML, like Gecko) Version/4.0 Mobile/7E18 Safari/528.16"
72.0.212.206 - - [10/Jun/2010:03:41:35 -0400] "GET /Harris_House/images/curve_tr.gif HTTP/1.1" 200 331 "http://alex.jeb.ca/Harris_House/rent-to-own.html" "Mozilla/5.0 (iPod; U; CPU iPhone OS 3_1_3 like Mac OS X; en-us) AppleWebKit/528.18 (KHTML, like Gecko) Version/4.0 Mobile/7E18 Safari/528.16"
72.0.212.206 - - [10/Jun/2010:03:41:35 -0400] "GET /Harris_House/images/curve_bl.gif HTTP/1.1" 200 329 "http://alex.jeb.ca/Harris_House/rent-to-own.html" "Mozilla/5.0 (iPod; U; CPU iPhone OS 3_1_3 like Mac OS X; en-us) AppleWebKit/528.18 (KHTML, like Gecko) Version/4.0 Mobile/7E18 Safari/528.16"
