173.9.189.156 - - [31/Aug/2009:12:23:04 -0400] "GET /images/_portfolio/print/cinema_ad_sm.gif HTTP/1.1" 200 1193 "http://alex.jeb.ca/print.html" "Mozilla/4.0 (compatible; MSIE 6.0; Windows NT 5.1; SV1)"
173.9.189.156 - - [31/Aug/2009:12:23:04 -0400] "GET /images/_portfolio/print/egypt_sm.gif HTTP/1.1" 200 1199 "http://alex.jeb.ca/print.html" "Mozilla/4.0 (compatible; MSIE 6.0; Windows NT 5.1; SV1)"
173.9.189.156 - - [31/Aug/2009:12:23:05 -0400] "GET /contact.html HTTP/1.1" 200 6927 "-" "Mozilla/4.0 (compatible; MSIE 6.0; Windows NT 5.1; SV1)"
173.9.189.156 - - [31/Aug/2009:12:23:05 -0400] "GET /images/get_acrobat.gif HTTP/1.1" 200 1459 "http://alex.jeb.ca/print.html" "Mozilla/4.0 (compatible; MSIE 6.0; Windows NT 5.1; SV1)"
173.9.189.156 - - [31/Aug/2009:12:23:06 -0400] "POST /formmail.php HTTP/1.1" 200 355 "http://alex.jeb.ca/contact.html" "Mozilla/4.0 (compatible; MSIE 6.0; Windows NT 5.1; SV1)"
65.55.106.111 - - [31/Aug/2009:17:24:49 -0400] "GET /robots.txt HTTP/1.1" 404 269 "-" "msnbot/2.0b (+http://search.msn.com/msnbot.htm)"
65.55.106.111 - - [31/Aug/2009:17:26:01 -0400] "GET /email/origins.html HTTP/1.0" 404 277 "-" "msnbot/2.0b (+http://search.msn.com/msnbot.htm)"
67.218.116.130 - - [01/Sep/2009:01:21:53 -0400] "GET /robots.txt HTTP/1.0" 404 269 "-" "Mozilla/5.0 (Twiceler-0.9 http://www.cuil.com/twiceler/robot.html)"
69.71.222.186 - - [01/Sep/2009:07:22:43 -0400] "GET / HTTP/1.0" 200 1984 "http://www.sitedossier.com/site/alex.jeb.ca" "-"
66.249.71.249 - - [01/Sep/2009:11:36:27 -0400] "GET /robots.txt HTTP/1.1" 404 269 "-" "Mozilla/5.0 (compatible; Googlebot/2.1; +http://www.google.com/bot.html)"
66.249.71.249 - - [01/Sep/2009:11:36:27 -0400] "GET / HTTP/1.1" 200 1984 "-" "Mozilla/5.0 (compatible; Googlebot/2.1; +http://www.google.com/bot.html)"
217.212.224.183 - - [01/Sep/2009:20:28:39 -0400] "GET /robots.txt HTTP/1.0" 404 269 "-" "psbot/0.1 (+http://www.picsearch.com/bot.html)"
217.212.224.181 - - [01/Sep/2009:20:28:39 -0400] "GET /flash.html HTTP/1.0" 304 - "-" "psbot/0.1 (+http://www.picsearch.com/bot.html)"
217.212.224.181 - - [01/Sep/2009:20:31:18 -0400] "GET /photoshop.html HTTP/1.0" 304 - "-" "psbot/0.1 (+http://www.picsearch.com/bot.html)"
67.218.116.130 - - [02/Sep/2009:01:25:11 -0400] "GET /robots.txt HTTP/1.0" 404 269 "-" "Mozilla/5.0 (Twiceler-0.9 http://www.cuil.com/twiceler/robot.html)"
65.55.106.184 - - [02/Sep/2009:02:37:39 -0400] "GET /robots.txt HTTP/1.1" 404 269 "-" "msnbot/2.0b (+http://search.msn.com/msnbot.htm)"
65.55.106.184 - - [02/Sep/2009:02:38:33 -0400] "GET /email/origins.html HTTP/1.0" 404 277 "-" "msnbot/2.0b (+http://search.msn.com/msnbot.htm)"
210.220.249.20 - - [02/Sep/2009:19:31:24 -0400] "GET /pages.html HTTP/1.1" 200 4692 "-" "Mozilla/4.0 (compatible; MSIE 6.0; Windows NT 5.1; SV1)"
210.220.249.20 - - [02/Sep/2009:19:31:26 -0400] "GET /index.html HTTP/1.1" 200 1984 "-" "Mozilla/4.0 (compatible; MSIE 6.0; Windows NT 5.1; SV1)"
210.220.249.20 - - [02/Sep/2009:19:31:27 -0400] "GET /illustrator.html HTTP/1.1" 200 6612 "-" "Mozilla/4.0 (compatible; MSIE 6.0; Windows NT 5.1; SV1)"
210.220.249.20 - - [02/Sep/2009:19:31:29 -0400] "GET /flash.html HTTP/1.1" 200 4756 "-" "Mozilla/4.0 (compatible; MSIE 6.0; Windows NT 5.1; SV1)"
210.220.249.20 - - [02/Sep/2009:19:31:31 -0400] "GET /photoshop.html HTTP/1.1" 200 7709 "-" "Mozilla/4.0 (compatible; MSIE 6.0; Windows NT 5.1; SV1)"
210.220.249.20 - - [02/Sep/2009:19:31:33 -0400] "GET /print.html HTTP/1.1" 200 4324 "-" "Mozilla/4.0 (compatible; MSIE 6.0; Windows NT 5.1; SV1)"
210.220.249.20 - - [02/Sep/2009:19:31:35 -0400] "GET /contact.html HTTP/1.1" 200 6927 "-" "Mozilla/4.0 (compatible; MSIE 6.0; Windows NT 5.1; SV1)"
210.220.249.20 - - [02/Sep/2009:19:31:37 -0400] "POST /formmail.php HTTP/1.1" 200 355 "http://alex.jeb.ca/contact.html" "Mozilla/4.0 (compatible; MSIE 6.0; Windows NT 5.1; SV1)"
200.109.11.64 - - [02/Sep/2009:19:39:24 -0400] "GET /pages.html HTTP/1.1" 200 4692 "-" "Mozilla/4.0 (compatible; MSIE 6.0; Windows NT 5.1; SV1)"
67.218.116.130 - - [03/Sep/2009:01:31:45 -0400] "GET /robots.txt HTTP/1.0" 404 269 "-" "Mozilla/5.0 (Twiceler-0.9 http://www.cuil.com/twiceler/robot.html)"
66.249.71.249 - - [03/Sep/2009:01:38:13 -0400] "GET /robots.txt HTTP/1.1" 404 269 "-" "Googlebot-Image/1.0"
66.249.71.249 - - [03/Sep/2009:01:38:13 -0400] "GET /images/_portfolio/photoshop/fiber_optics_sm.gif HTTP/1.1" 304 - "-" "Googlebot-Image/1.0"
65.55.208.186 - - [03/Sep/2009:03:58:38 -0400] "GET /robots.txt HTTP/1.1" 404 269 "-" "msnbot/1.1 (+http://search.msn.com/msnbot.htm)"
65.55.208.186 - - [03/Sep/2009:03:58:39 -0400] "GET /email/origins.html HTTP/1.1" 404 277 "-" "msnbot/1.1 (+http://search.msn.com/msnbot.htm)"
66.249.71.249 - - [03/Sep/2009:06:11:52 -0400] "GET /images/_portfolio/photoshop/lightning_sm.jpg HTTP/1.1" 304 - "-" "Googlebot-Image/1.0"
91.214.46.18 - - [03/Sep/2009:06:35:09 -0400] "GET /contact.html HTTP/1.1" 200 6927 "-" "Mozilla/4.0 (compatible; MSIE 6.0; Windows NT 5.1; SV1)"
91.214.46.18 - - [03/Sep/2009:06:35:14 -0400] "POST /formmail.php HTTP/1.1" 200 355 "http://alex.jeb.ca/contact.html" "Mozilla/4.0 (compatible; MSIE 6.0; Windows NT 5.1; SV1)"
91.214.46.18 - - [03/Sep/2009:06:35:14 -0400] "GET /formmail.php HTTP/1.1" 200 319 "-" "Mozilla/4.0 (compatible; MSIE 6.0; Windows NT 5.1; SV1)"
91.214.46.18 - - [03/Sep/2009:06:35:14 -0400] "GET /contact.html HTTP/1.1" 200 6927 "-" "Mozilla/4.0 (compatible; MSIE 6.0; Windows NT 5.1; SV1)"
91.214.46.18 - - [03/Sep/2009:06:35:15 -0400] "GET / HTTP/1.1" 200 1984 "-" "Mozilla/4.0 (compatible; MSIE 6.0; Windows NT 5.1; SV1)"
91.214.46.18 - - [03/Sep/2009:06:35:15 -0400] "GET /index.html HTTP/1.1" 200 1984 "-" "Mozilla/4.0 (compatible; MSIE 6.0; Windows NT 5.1; SV1)"
91.214.46.18 - - [03/Sep/2009:06:35:24 -0400] "GET /pages.html HTTP/1.1" 200 4692 "-" "Mozilla/4.0 (compatible; MSIE 6.0; Windows NT 5.1; SV1)"
91.214.46.18 - - [03/Sep/2009:06:35:25 -0400] "GET /illustrator.html HTTP/1.1" 200 6612 "-" "Mozilla/4.0 (compatible; MSIE 6.0; Windows NT 5.1; SV1)"
91.214.46.18 - - [03/Sep/2009:06:35:25 -0400] "GET /flash.html HTTP/1.1" 200 4756 "-" "Mozilla/4.0 (compatible; MSIE 6.0; Windows NT 5.1; SV1)"
91.214.46.18 - - [03/Sep/2009:06:35:26 -0400] "GET /photoshop.html HTTP/1.1" 200 7709 "-" "Mozilla/4.0 (compatible; MSIE 6.0; Windows NT 5.1; SV1)"
91.214.46.18 - - [03/Sep/2009:06:35:26 -0400] "GET /print.html HTTP/1.1" 200 4324 "-" "Mozilla/4.0 (compatible; MSIE 6.0; Windows NT 5.1; SV1)"
116.7.84.175 - - [03/Sep/2009:17:36:38 -0400] "GET /pages.html HTTP/1.1" 200 4692 "-" "Mozilla/4.0 (compatible; MSIE 6.0; Windows NT 5.1; SV1)"
116.7.84.175 - - [03/Sep/2009:17:36:46 -0400] "GET /index.html HTTP/1.1" 200 1984 "-" "Mozilla/4.0 (compatible; MSIE 6.0; Windows NT 5.1; SV1)"
116.7.84.175 - - [03/Sep/2009:17:37:00 -0400] "GET /illustrator.html HTTP/1.1" 200 6612 "-" "Mozilla/4.0 (compatible; MSIE 6.0; Windows NT 5.1; SV1)"
116.7.84.175 - - [03/Sep/2009:17:37:05 -0400] "GET /flash.html HTTP/1.1" 200 4756 "-" "Mozilla/4.0 (compatible; MSIE 6.0; Windows NT 5.1; SV1)"
116.7.84.175 - - [03/Sep/2009:17:37:15 -0400] "GET /photoshop.html HTTP/1.1" 200 7709 "-" "Mozilla/4.0 (compatible; MSIE 6.0; Windows NT 5.1; SV1)"
116.7.84.175 - - [03/Sep/2009:17:37:20 -0400] "GET /print.html HTTP/1.1" 200 4324 "-" "Mozilla/4.0 (compatible; MSIE 6.0; Windows NT 5.1; SV1)"
116.7.84.175 - - [03/Sep/2009:17:37:45 -0400] "GET /contact.html HTTP/1.1" 200 6927 "-" "Mozilla/4.0 (compatible; MSIE 6.0; Windows NT 5.1; SV1)"
116.7.84.175 - - [03/Sep/2009:17:37:49 -0400] "POST /formmail.php HTTP/1.1" 200 355 "http://alex.jeb.ca/contact.html" "Mozilla/4.0 (compatible; MSIE 6.0; Windows NT 5.1; SV1)"
67.218.116.130 - - [04/Sep/2009:01:31:12 -0400] "GET /robots.txt HTTP/1.0" 404 269 "-" "Mozilla/5.0 (Twiceler-0.9 http://www.cuil.com/twiceler/robot.html)"
66.249.71.249 - - [04/Sep/2009:03:07:34 -0400] "GET /robots.txt HTTP/1.1" 404 269 "-" "Googlebot-Image/1.0"
66.249.71.249 - - [04/Sep/2009:03:07:34 -0400] "GET /images/_portfolio/illustrator/fleur_de_lis_sm.gif HTTP/1.1" 304 - "-" "Googlebot-Image/1.0"
66.249.71.249 - - [04/Sep/2009:06:23:18 -0400] "GET /images/_portfolio/photoshop/satelite_sm.gif HTTP/1.1" 304 - "-" "Googlebot-Image/1.0"
65.55.51.111 - - [04/Sep/2009:08:09:39 -0400] "GET /robots.txt HTTP/1.1" 404 269 "-" "msnbot/2.0b (+http://search.msn.com/msnbot.htm)"
66.249.71.249 - - [04/Sep/2009:09:46:05 -0400] "GET / HTTP/1.1" 200 1984 "-" "Mozilla/5.0 (compatible; Googlebot/2.1; +http://www.google.com/bot.html)"
66.249.71.249 - - [04/Sep/2009:12:51:36 -0400] "GET /flash.html HTTP/1.1" 200 4756 "-" "Mozilla/5.0 (compatible; Googlebot/2.1; +http://www.google.com/bot.html)"
65.55.51.112 - - [04/Sep/2009:13:12:49 -0400] "GET /robots.txt HTTP/1.1" 404 269 "-" "msnbot/2.0b (+http://search.msn.com/msnbot.htm)"
211.144.106.50 - - [04/Sep/2009:13:43:39 -0400] "GET /pages.html HTTP/1.1" 200 4692 "-" "Mozilla/4.0 (compatible; MSIE 6.0; Windows NT 5.1; SV1)"
211.144.106.50 - - [04/Sep/2009:13:43:42 -0400] "GET /index.html HTTP/1.1" 200 1984 "-" "Mozilla/4.0 (compatible; MSIE 6.0; Windows NT 5.1; SV1)"
211.144.106.50 - - [04/Sep/2009:13:43:47 -0400] "GET /illustrator.html HTTP/1.1" 200 6612 "-" "Mozilla/4.0 (compatible; MSIE 6.0; Windows NT 5.1; SV1)"
211.144.106.50 - - [04/Sep/2009:13:44:01 -0400] "GET /flash.html HTTP/1.1" 200 4756 "-" "Mozilla/4.0 (compatible; MSIE 6.0; Windows NT 5.1; SV1)"
211.144.106.50 - - [04/Sep/2009:13:44:11 -0400] "GET /photoshop.html HTTP/1.1" 200 7709 "-" "Mozilla/4.0 (compatible; MSIE 6.0; Windows NT 5.1; SV1)"
211.144.106.50 - - [04/Sep/2009:13:44:18 -0400] "GET /print.html HTTP/1.1" 200 4324 "-" "Mozilla/4.0 (compatible; MSIE 6.0; Windows NT 5.1; SV1)"
211.144.106.50 - - [04/Sep/2009:13:44:25 -0400] "GET /contact.html HTTP/1.1" 200 6927 "-" "Mozilla/4.0 (compatible; MSIE 6.0; Windows NT 5.1; SV1)"
211.144.106.50 - - [04/Sep/2009:13:44:31 -0400] "POST /formmail.php HTTP/1.1" 200 355 "http://alex.jeb.ca/contact.html" "Mozilla/4.0 (compatible; MSIE 6.0; Windows NT 5.1; SV1)"
66.249.71.249 - - [04/Sep/2009:15:57:52 -0400] "GET /robots.txt HTTP/1.1" 404 269 "-" "Mozilla/5.0 (compatible; Googlebot/2.1; +http://www.google.com/bot.html)"
66.249.71.249 - - [04/Sep/2009:15:57:52 -0400] "GET /index.html HTTP/1.1" 200 1984 "-" "Mozilla/5.0 (compatible; Googlebot/2.1; +http://www.google.com/bot.html)"
67.218.116.130 - - [05/Sep/2009:01:29:43 -0400] "GET /robots.txt HTTP/1.0" 404 269 "-" "Mozilla/5.0 (Twiceler-0.9 http://www.cuil.com/twiceler/robot.html)"
66.249.71.249 - - [05/Sep/2009:02:39:46 -0400] "GET /images/_portfolio/illustrator/02_graph_sm.gif HTTP/1.1" 304 - "-" "Googlebot-Image/1.0"
66.249.71.249 - - [05/Sep/2009:06:27:36 -0400] "GET /robots.txt HTTP/1.1" 404 269 "-" "Googlebot-Image/1.0"
66.249.71.249 - - [05/Sep/2009:06:27:36 -0400] "GET /images/_portfolio/photoshop/lightning_sm.jpg HTTP/1.1" 304 - "-" "Googlebot-Image/1.0"
66.235.124.12 - - [05/Sep/2009:07:25:00 -0400] "GET /robots.txt HTTP/1.1" 404 269 "-" "Mozilla/5.0 (compatible; Ask Jeeves/Teoma; +http://about.ask.com/en/docs/about/webmasters.shtml)"
66.235.124.12 - - [05/Sep/2009:07:25:15 -0400] "GET /photoshop.html HTTP/1.1" 200 7709 "-" "Mozilla/5.0 (compatible; Ask Jeeves/Teoma; +http://about.ask.com/en/docs/about/webmasters.shtml)"
66.249.71.249 - - [05/Sep/2009:08:37:15 -0400] "GET /illustrator.html HTTP/1.1" 200 6612 "-" "Mozilla/5.0 (compatible; Googlebot/2.1; +http://www.google.com/bot.html)"
66.249.71.249 - - [05/Sep/2009:11:02:15 -0400] "GET /home.swf HTTP/1.1" 200 17352 "-" "Mozilla/5.0 (compatible; Googlebot/2.1; +http://www.google.com/bot.html)"
66.249.71.249 - - [05/Sep/2009:11:40:45 -0400] "GET / HTTP/1.1" 200 1984 "-" "Mozilla/5.0 (compatible; Googlebot/2.1; +http://www.google.com/bot.html)"
66.249.71.249 - - [05/Sep/2009:13:28:48 -0400] "GET /contact.html HTTP/1.1" 200 6927 "-" "Mozilla/5.0 (compatible; Googlebot/2.1; +http://www.google.com/bot.html)"
65.55.207.25 - - [06/Sep/2009:01:09:47 -0400] "GET /robots.txt HTTP/1.1" 404 269 "-" "msnbot/2.0b (+http://search.msn.com/msnbot.htm)"
65.55.207.25 - - [06/Sep/2009:01:11:27 -0400] "GET /email/origins.html HTTP/1.0" 404 277 "-" "msnbot/2.0b (+http://search.msn.com/msnbot.htm)"
67.218.116.130 - - [06/Sep/2009:01:34:37 -0400] "GET /robots.txt HTTP/1.0" 404 269 "-" "Mozilla/5.0 (Twiceler-0.9 http://www.cuil.com/twiceler/robot.html)"
213.174.145.1 - - [06/Sep/2009:01:49:29 -0400] "GET /pages.html HTTP/1.0" 200 4692 "-" "Mozilla/4.0 (compatible; MSIE 6.0; Windows NT 5.1; SV1)"
213.174.145.1 - - [06/Sep/2009:01:49:39 -0400] "GET /index.html HTTP/1.0" 200 1984 "-" "Mozilla/4.0 (compatible; MSIE 6.0; Windows NT 5.1; SV1)"
213.174.145.1 - - [06/Sep/2009:01:49:48 -0400] "GET /illustrator.html HTTP/1.0" 200 6612 "-" "Mozilla/4.0 (compatible; MSIE 6.0; Windows NT 5.1; SV1)"
213.174.145.1 - - [06/Sep/2009:01:50:16 -0400] "GET /flash.html HTTP/1.0" 200 4756 "-" "Mozilla/4.0 (compatible; MSIE 6.0; Windows NT 5.1; SV1)"
221.214.27.252 - - [06/Sep/2009:01:51:19 -0400] "GET /photoshop.html HTTP/1.0" 200 7709 "-" "Mozilla/4.0 (compatible; MSIE 6.0; Windows NT 5.1; SV1)"
221.214.27.252 - - [06/Sep/2009:01:51:35 -0400] "GET /print.html HTTP/1.0" 200 4324 "-" "Mozilla/4.0 (compatible; MSIE 6.0; Windows NT 5.1; SV1)"
94.23.18.133 - - [06/Sep/2009:01:52:22 -0400] "GET /contact.html HTTP/1.0" 200 6927 "-" "Mozilla/4.0 (compatible; MSIE 6.0; Windows NT 5.1; SV1)"
94.23.18.133 - - [06/Sep/2009:01:52:23 -0400] "POST /formmail.php HTTP/1.0" 200 355 "http://alex.jeb.ca/contact.html" "Mozilla/4.0 (compatible; MSIE 6.0; Windows NT 5.1; SV1)"
66.249.71.249 - - [06/Sep/2009:02:09:41 -0400] "GET /robots.txt HTTP/1.1" 404 269 "-" "Googlebot-Image/1.0"
66.249.71.249 - - [06/Sep/2009:02:09:41 -0400] "GET /images/_portfolio/print/egypt_sm.gif HTTP/1.1" 304 - "-" "Googlebot-Image/1.0"
66.249.71.249 - - [06/Sep/2009:08:19:29 -0400] "GET /images/_portfolio/flash/annimated_butterfly.gif HTTP/1.1" 304 - "-" "Googlebot-Image/1.0"
66.249.71.249 - - [06/Sep/2009:10:23:38 -0400] "GET /images/_portfolio/photoshop/satelite_sm.gif HTTP/1.1" 304 - "-" "Googlebot-Image/1.0"
77.31.223.127 - - [06/Sep/2009:23:40:39 -0400] "GET /pages.html HTTP/1.1" 200 4692 "-" "Mozilla/4.0 (compatible; MSIE 6.0; Windows NT 5.1; SV1)"
77.31.223.127 - - [06/Sep/2009:23:40:40 -0400] "GET /index.html HTTP/1.1" 200 1984 "-" "Mozilla/4.0 (compatible; MSIE 6.0; Windows NT 5.1; SV1)"
77.31.223.127 - - [06/Sep/2009:23:40:41 -0400] "GET /illustrator.html HTTP/1.1" 200 6612 "-" "Mozilla/4.0 (compatible; MSIE 6.0; Windows NT 5.1; SV1)"
77.31.223.127 - - [06/Sep/2009:23:40:44 -0400] "GET /flash.html HTTP/1.1" 200 4756 "-" "Mozilla/4.0 (compatible; MSIE 6.0; Windows NT 5.1; SV1)"
77.31.223.127 - - [06/Sep/2009:23:40:45 -0400] "GET /photoshop.html HTTP/1.1" 200 7709 "-" "Mozilla/4.0 (compatible; MSIE 6.0; Windows NT 5.1; SV1)"
77.31.223.127 - - [06/Sep/2009:23:40:47 -0400] "GET /print.html HTTP/1.1" 200 4324 "-" "Mozilla/4.0 (compatible; MSIE 6.0; Windows NT 5.1; SV1)"
77.31.223.127 - - [06/Sep/2009:23:40:48 -0400] "GET /contact.html HTTP/1.1" 200 6927 "-" "Mozilla/4.0 (compatible; MSIE 6.0; Windows NT 5.1; SV1)"
77.31.223.127 - - [06/Sep/2009:23:40:49 -0400] "POST /formmail.php HTTP/1.1" 200 355 "http://alex.jeb.ca/contact.html" "Mozilla/4.0 (compatible; MSIE 6.0; Windows NT 5.1; SV1)"
67.218.116.130 - - [07/Sep/2009:01:32:43 -0400] "GET /robots.txt HTTP/1.0" 404 269 "-" "Mozilla/5.0 (Twiceler-0.9 http://www.cuil.com/twiceler/robot.html)"
66.249.71.249 - - [07/Sep/2009:01:37:50 -0400] "GET /robots.txt HTTP/1.1" 404 269 "-" "Googlebot-Image/1.0"
66.249.71.249 - - [07/Sep/2009:01:37:50 -0400] "GET /images/_portfolio/photoshop/telephone_wires_sm.jpg HTTP/1.1" 304 - "-" "Googlebot-Image/1.0"
66.249.71.249 - - [07/Sep/2009:06:39:02 -0400] "GET /images/_portfolio/photoshop/dragon_statue_sm.jpg HTTP/1.1" 304 - "-" "Googlebot-Image/1.0"
66.249.71.249 - - [07/Sep/2009:09:12:43 -0400] "GET /images/_portfolio/photoshop/telegraph_sm.gif HTTP/1.1" 304 - "-" "Googlebot-Image/1.0"
66.235.124.12 - - [07/Sep/2009:10:44:41 -0400] "GET /robots.txt HTTP/1.1" 404 269 "-" "Mozilla/5.0 (compatible; Ask Jeeves/Teoma; +http://about.ask.com/en/docs/about/webmasters.shtml)"
66.235.124.12 - - [07/Sep/2009:10:44:56 -0400] "GET /flash.html HTTP/1.1" 200 4756 "-" "Mozilla/5.0 (compatible; Ask Jeeves/Teoma; +http://about.ask.com/en/docs/about/webmasters.shtml)"
66.249.71.249 - - [07/Sep/2009:11:47:21 -0400] "GET /images/_portfolio/print/agence_lb.gif HTTP/1.1" 304 - "-" "Googlebot-Image/1.0"
66.249.71.249 - - [07/Sep/2009:17:18:47 -0400] "GET /robots.txt HTTP/1.1" 404 269 "-" "Mozilla/5.0 (compatible; Googlebot/2.1; +http://www.google.com/bot.html)"
66.249.71.249 - - [07/Sep/2009:17:18:47 -0400] "GET /print.html HTTP/1.1" 200 4324 "-" "Mozilla/5.0 (compatible; Googlebot/2.1; +http://www.google.com/bot.html)"
66.249.71.249 - - [07/Sep/2009:19:34:58 -0400] "GET /photoshop.html HTTP/1.1" 200 7709 "-" "Mozilla/5.0 (compatible; Googlebot/2.1; +http://www.google.com/bot.html)"
66.249.71.249 - - [07/Sep/2009:21:58:52 -0400] "GET /pages.html HTTP/1.1" 200 4692 "-" "Mozilla/5.0 (compatible; Googlebot/2.1; +http://www.google.com/bot.html)"
66.249.71.249 - - [08/Sep/2009:00:17:47 -0400] "GET /golf_quiz HTTP/1.1" 404 268 "-" "Mozilla/5.0 (compatible; Googlebot/2.1; +http://www.google.com/bot.html)"
66.249.71.249 - - [08/Sep/2009:00:17:48 -0400] "GET /email HTTP/1.1" 404 264 "-" "Mozilla/5.0 (compatible; Googlebot/2.1; +http://www.google.com/bot.html)"
66.249.71.249 - - [08/Sep/2009:00:17:48 -0400] "GET /html HTTP/1.1" 404 263 "-" "Mozilla/5.0 (compatible; Googlebot/2.1; +http://www.google.com/bot.html)"
66.249.71.249 - - [08/Sep/2009:00:17:49 -0400] "GET /havlat_photography/ HTTP/1.1" 404 278 "-" "Mozilla/5.0 (compatible; Googlebot/2.1; +http://www.google.com/bot.html)"
66.249.71.249 - - [08/Sep/2009:00:17:49 -0400] "GET /impressions/ HTTP/1.1" 404 271 "-" "Mozilla/5.0 (compatible; Googlebot/2.1; +http://www.google.com/bot.html)"
67.218.116.130 - - [08/Sep/2009:01:31:16 -0400] "GET /robots.txt HTTP/1.0" 404 269 "-" "Mozilla/5.0 (Twiceler-0.9 http://www.cuil.com/twiceler/robot.html)"
66.249.71.249 - - [08/Sep/2009:02:08:33 -0400] "GET /images/_portfolio/web_pages/impressions.gif HTTP/1.1" 304 - "-" "Googlebot-Image/1.0"
66.249.71.249 - - [08/Sep/2009:06:33:22 -0400] "GET /robots.txt HTTP/1.1" 404 269 "-" "Googlebot-Image/1.0"
66.249.71.249 - - [08/Sep/2009:06:33:22 -0400] "GET /images/_portfolio/flash/annimated_butterfly.gif HTTP/1.1" 304 - "-" "Googlebot-Image/1.0"
66.249.71.249 - - [08/Sep/2009:17:50:23 -0400] "GET / HTTP/1.1" 200 1984 "-" "Mozilla/5.0 (compatible; Googlebot/2.1; +http://www.google.com/bot.html)"
66.249.71.249 - - [09/Sep/2009:00:52:05 -0400] "GET /robots.txt HTTP/1.1" 404 269 "-" "Mozilla/5.0 (compatible; Googlebot/2.1; +http://www.google.com/bot.html)"
66.249.71.249 - - [09/Sep/2009:00:52:05 -0400] "GET /index.html HTTP/1.1" 200 1984 "-" "Mozilla/5.0 (compatible; Googlebot/2.1; +http://www.google.com/bot.html)"
66.249.71.249 - - [09/Sep/2009:01:07:44 -0400] "GET /images/_portfolio/photoshop/telephone_wires_sm.jpg HTTP/1.1" 304 - "-" "Googlebot-Image/1.0"
67.218.116.130 - - [09/Sep/2009:01:12:09 -0400] "GET /robots.txt HTTP/1.0" 404 269 "-" "Mozilla/5.0 (Twiceler-0.9 http://www.cuil.com/twiceler/robot.html)"
66.249.71.249 - - [09/Sep/2009:04:22:57 -0400] "GET /images/_portfolio/illustrator/pineapples_sm.gif HTTP/1.1" 304 - "-" "Googlebot-Image/1.0"
66.249.71.249 - - [09/Sep/2009:15:18:38 -0400] "GET /robots.txt HTTP/1.1" 404 269 "-" "Mozilla/5.0 (compatible; Googlebot/2.1; +http://www.google.com/bot.html)"
66.249.71.249 - - [09/Sep/2009:15:18:38 -0400] "GET /email/origins.html HTTP/1.1" 404 277 "-" "Mozilla/5.0 (compatible; Googlebot/2.1; +http://www.google.com/bot.html)"
217.212.224.183 - - [09/Sep/2009:19:15:03 -0400] "GET /robots.txt HTTP/1.0" 404 269 "-" "psbot/0.1 (+http://www.picsearch.com/bot.html)"
217.212.224.181 - - [09/Sep/2009:19:15:03 -0400] "GET /illustrator.html HTTP/1.0" 304 - "-" "psbot/0.1 (+http://www.picsearch.com/bot.html)"
217.212.224.181 - - [09/Sep/2009:19:17:30 -0400] "GET /pages.html HTTP/1.0" 304 - "-" "psbot/0.1 (+http://www.picsearch.com/bot.html)"
217.212.224.181 - - [09/Sep/2009:19:18:30 -0400] "GET /print.html HTTP/1.0" 304 - "-" "psbot/0.1 (+http://www.picsearch.com/bot.html)"
217.212.224.181 - - [09/Sep/2009:19:18:59 -0400] "GET /contact.html HTTP/1.0" 304 - "-" "psbot/0.1 (+http://www.picsearch.com/bot.html)"
66.249.71.249 - - [10/Sep/2009:00:07:44 -0400] "GET /images/_portfolio/illustrator/castle_drawing_sm.gif HTTP/1.1" 304 - "-" "Googlebot-Image/1.0"
67.218.116.130 - - [10/Sep/2009:01:16:03 -0400] "GET /robots.txt HTTP/1.0" 404 269 "-" "Mozilla/5.0 (Twiceler-0.9 http://www.cuil.com/twiceler/robot.html)"
65.55.207.102 - - [10/Sep/2009:12:17:35 -0400] "GET /robots.txt HTTP/1.1" 404 269 "-" "msnbot/2.0b (+http://search.msn.com/msnbot.htm)"
65.55.207.102 - - [10/Sep/2009:12:18:48 -0400] "GET /email/origins.html HTTP/1.0" 404 277 "-" "msnbot/2.0b (+http://search.msn.com/msnbot.htm)"
213.60.35.92 - - [10/Sep/2009:16:44:21 -0400] "GET /pages.html HTTP/1.1" 200 4692 "-" "Mozilla/4.0 (compatible; MSIE 6.0; Windows NT 5.1; SV1)"
213.60.35.92 - - [10/Sep/2009:16:44:47 -0400] "GET /index.html HTTP/1.1" 200 1984 "-" "Mozilla/4.0 (compatible; MSIE 6.0; Windows NT 5.1; SV1)"
213.60.35.92 - - [10/Sep/2009:16:44:59 -0400] "GET /illustrator.html HTTP/1.1" 200 6612 "-" "Mozilla/4.0 (compatible; MSIE 6.0; Windows NT 5.1; SV1)"
213.60.35.92 - - [10/Sep/2009:16:45:10 -0400] "GET /flash.html HTTP/1.1" 200 4756 "-" "Mozilla/4.0 (compatible; MSIE 6.0; Windows NT 5.1; SV1)"
213.60.35.92 - - [10/Sep/2009:16:45:22 -0400] "GET /photoshop.html HTTP/1.1" 200 7709 "-" "Mozilla/4.0 (compatible; MSIE 6.0; Windows NT 5.1; SV1)"
213.60.35.92 - - [10/Sep/2009:16:45:33 -0400] "GET /print.html HTTP/1.1" 200 4324 "-" "Mozilla/4.0 (compatible; MSIE 6.0; Windows NT 5.1; SV1)"
213.60.35.92 - - [10/Sep/2009:16:45:55 -0400] "GET /contact.html HTTP/1.1" 200 6927 "-" "Mozilla/4.0 (compatible; MSIE 6.0; Windows NT 5.1; SV1)"
213.60.35.92 - - [10/Sep/2009:16:46:17 -0400] "POST /formmail.php HTTP/1.1" 200 355 "http://alex.jeb.ca/contact.html" "Mozilla/4.0 (compatible; MSIE 6.0; Windows NT 5.1; SV1)"
66.235.124.12 - - [10/Sep/2009:20:35:14 -0400] "GET /robots.txt HTTP/1.1" 404 269 "-" "Mozilla/5.0 (compatible; Ask Jeeves/Teoma; +http://about.ask.com/en/docs/about/webmasters.shtml)"
66.235.124.12 - - [10/Sep/2009:20:35:29 -0400] "GET /pages.html HTTP/1.1" 200 4692 "-" "Mozilla/5.0 (compatible; Ask Jeeves/Teoma; +http://about.ask.com/en/docs/about/webmasters.shtml)"
67.218.116.130 - - [11/Sep/2009:01:15:42 -0400] "GET /robots.txt HTTP/1.0" 404 269 "-" "Mozilla/5.0 (Twiceler-0.9 http://www.cuil.com/twiceler/robot.html)"
66.249.71.249 - - [11/Sep/2009:04:43:12 -0400] "GET /robots.txt HTTP/1.1" 404 269 "-" "Googlebot-Image/1.0"
66.249.71.249 - - [11/Sep/2009:04:43:12 -0400] "GET /images/_portfolio/photoshop/fastco_building_sm.jpg HTTP/1.1" 304 - "-" "Googlebot-Image/1.0"
65.55.207.101 - - [11/Sep/2009:05:27:06 -0400] "GET /robots.txt HTTP/1.1" 404 269 "-" "msnbot/2.0b (+http://search.msn.com/msnbot.htm)"
65.55.207.101 - - [11/Sep/2009:05:27:48 -0400] "GET /email/origins.html HTTP/1.0" 404 277 "-" "msnbot/2.0b (+http://search.msn.com/msnbot.htm)"
66.249.71.249 - - [12/Sep/2009:00:07:46 -0400] "GET /robots.txt HTTP/1.1" 404 269 "-" "Googlebot-Image/1.0"
66.249.71.249 - - [12/Sep/2009:00:07:46 -0400] "GET /images/_portfolio/print/cd_spine_back.gif HTTP/1.1" 304 - "-" "Googlebot-Image/1.0"
67.218.116.130 - - [12/Sep/2009:01:19:47 -0400] "GET /robots.txt HTTP/1.0" 404 269 "-" "Mozilla/5.0 (Twiceler-0.9 http://www.cuil.com/twiceler/robot.html)"
66.249.71.249 - - [12/Sep/2009:11:06:02 -0400] "GET /images/_portfolio/web_pages/email.gif HTTP/1.1" 304 - "-" "Googlebot-Image/1.0"
67.218.116.130 - - [13/Sep/2009:01:19:40 -0400] "GET /robots.txt HTTP/1.0" 404 269 "-" "Mozilla/5.0 (Twiceler-0.9 http://www.cuil.com/twiceler/robot.html)"
66.249.71.249 - - [13/Sep/2009:03:51:05 -0400] "GET /robots.txt HTTP/1.1" 404 269 "-" "Googlebot-Image/1.0"
66.249.71.249 - - [13/Sep/2009:03:51:05 -0400] "GET /images/_portfolio/illustrator/pineapples_sm.gif HTTP/1.1" 304 - "-" "Googlebot-Image/1.0"
66.249.71.249 - - [13/Sep/2009:06:45:59 -0400] "GET /images/_portfolio/flash/bending_arrow.gif HTTP/1.1" 304 - "-" "Googlebot-Image/1.0"
66.249.71.249 - - [13/Sep/2009:12:55:22 -0400] "GET / HTTP/1.1" 200 1984 "-" "Mozilla/5.0 (compatible; Googlebot/2.1; +http://www.google.com/bot.html)"
65.55.51.112 - - [13/Sep/2009:16:58:46 -0400] "GET /robots.txt HTTP/1.1" 404 269 "-" "msnbot/2.0b (+http://search.msn.com/msnbot.htm)"
65.55.51.114 - - [13/Sep/2009:17:51:53 -0400] "GET /robots.txt HTTP/1.1" 404 269 "-" "msnbot/2.0b (+http://search.msn.com/msnbot.htm)"
65.55.51.114 - - [13/Sep/2009:19:41:51 -0400] "GET /robots.txt HTTP/1.1" 404 269 "-" "msnbot/2.0b (+http://search.msn.com/msnbot.htm)"
65.55.51.112 - - [13/Sep/2009:20:13:55 -0400] "GET /robots.txt HTTP/1.1" 404 269 "-" "msnbot/2.0b (+http://search.msn.com/msnbot.htm)"
66.249.71.249 - - [13/Sep/2009:22:07:59 -0400] "GET /robots.txt HTTP/1.1" 404 269 "-" "Googlebot-Image/1.0"
66.249.71.249 - - [13/Sep/2009:22:07:59 -0400] "GET /images/_portfolio/photoshop/fulfillment_banner_sm.jpg HTTP/1.1" 304 - "-" "Googlebot-Image/1.0"
67.218.116.130 - - [14/Sep/2009:01:19:45 -0400] "GET /robots.txt HTTP/1.0" 404 269 "-" "Mozilla/5.0 (Twiceler-0.9 http://www.cuil.com/twiceler/robot.html)"
66.249.71.249 - - [14/Sep/2009:03:48:28 -0400] "GET /index.html HTTP/1.1" 200 1984 "-" "Mozilla/5.0 (compatible; Googlebot/2.1; +http://www.google.com/bot.html)"
66.249.71.249 - - [14/Sep/2009:06:42:10 -0400] "GET /images/_portfolio/web_pages/email.gif HTTP/1.1" 304 - "-" "Googlebot-Image/1.0"
66.249.71.249 - - [14/Sep/2009:08:26:15 -0400] "GET /images/_portfolio/illustrator/maple_leaf_sm.gif HTTP/1.1" 304 - "-" "Googlebot-Image/1.0"
66.249.71.249 - - [14/Sep/2009:10:10:02 -0400] "GET /robots.txt HTTP/1.1" 404 269 "-" "Googlebot-Image/1.0"
66.249.71.249 - - [14/Sep/2009:10:10:02 -0400] "GET /images/_portfolio/web_pages/golf_quiz.gif HTTP/1.1" 304 - "-" "Googlebot-Image/1.0"
91.214.46.18 - - [14/Sep/2009:17:35:17 -0400] "POST /formmail.php HTTP/1.1" 200 355 "http://alex.jeb.ca/contact.html" "Mozilla/4.0 (compatible; MSIE 6.0; Windows NT 5.1; SV1)"
91.214.46.18 - - [14/Sep/2009:21:12:58 -0400] "POST /formmail.php HTTP/1.1" 200 355 "http://alex.jeb.ca/contact.html" "Mozilla/4.0 (compatible; MSIE 6.0; Windows NT 5.1; SV1)"
91.214.46.18 - - [15/Sep/2009:00:49:30 -0400] "POST /formmail.php HTTP/1.1" 200 355 "http://alex.jeb.ca/contact.html" "Mozilla/4.0 (compatible; MSIE 6.0; Windows NT 5.1; SV1)"
66.249.71.141 - - [15/Sep/2009:01:41:45 -0400] "GET /robots.txt HTTP/1.1" 404 269 "-" "Googlebot-Image/1.0"
66.249.71.141 - - [15/Sep/2009:01:41:46 -0400] "GET /images/_portfolio/flash/venn_diagram.gif HTTP/1.1" 304 - "-" "Googlebot-Image/1.0"
66.249.71.141 - - [15/Sep/2009:06:14:28 -0400] "GET /images/_portfolio/flash/bending_arrow.gif HTTP/1.1" 304 - "-" "Googlebot-Image/1.0"
67.218.116.130 - - [15/Sep/2009:09:06:10 -0400] "GET /robots.txt HTTP/1.0" 404 269 "-" "Mozilla/5.0 (Twiceler-0.9 http://www.cuil.com/twiceler/robot.html)"
66.249.71.141 - - [15/Sep/2009:10:47:02 -0400] "GET /images/_portfolio/illustrator/women_flowers_sm.gif HTTP/1.1" 304 - "-" "Googlebot-Image/1.0"
65.55.115.151 - - [15/Sep/2009:17:51:26 -0400] "GET /robots.txt HTTP/1.1" 404 269 "-" "msnbot/2.0b (+http://search.msn.com/msnbot.htm)"
66.249.71.141 - - [15/Sep/2009:20:39:56 -0400] "GET /robots.txt HTTP/1.1" 404 269 "-" "Googlebot-Image/1.0"
66.249.71.141 - - [15/Sep/2009:20:39:56 -0400] "GET /images/_portfolio/print/cd_booklet.gif HTTP/1.1" 304 - "-" "Googlebot-Image/1.0"
65.55.106.159 - - [15/Sep/2009:22:39:46 -0400] "GET /robots.txt HTTP/1.1" 404 269 "-" "msnbot/2.0b (+http://search.msn.com/msnbot.htm)"
65.55.106.159 - - [15/Sep/2009:22:41:00 -0400] "GET /email/origins.html HTTP/1.1" 404 277 "-" "msnbot/2.0b (+http://search.msn.com/msnbot.htm)"
66.249.71.141 - - [15/Sep/2009:23:02:53 -0400] "GET /images/_portfolio/print/cinema_ad_sm.gif HTTP/1.1" 304 - "-" "Googlebot-Image/1.0"
67.218.116.130 - - [16/Sep/2009:08:53:34 -0400] "GET /robots.txt HTTP/1.0" 404 269 "-" "Mozilla/5.0 (Twiceler-0.9 http://www.cuil.com/twiceler/robot.html)"
65.55.207.51 - - [16/Sep/2009:14:32:58 -0400] "GET /robots.txt HTTP/1.1" 404 269 "-" "msnbot/2.0b (+http://search.msn.com/msnbot.htm)"
65.55.207.51 - - [16/Sep/2009:14:34:03 -0400] "GET /email/origins.html HTTP/1.1" 404 277 "-" "msnbot/2.0b (+http://search.msn.com/msnbot.htm)"
65.55.106.228 - - [16/Sep/2009:17:19:59 -0400] "GET /robots.txt HTTP/1.1" 404 269 "-" "msnbot/2.0b (+http://search.msn.com/msnbot.htm)"
65.55.106.228 - - [16/Sep/2009:17:23:03 -0400] "GET /email/origins.html HTTP/1.1" 404 277 "-" "msnbot/2.0b (+http://search.msn.com/msnbot.htm)"
66.249.71.141 - - [16/Sep/2009:18:06:28 -0400] "GET /robots.txt HTTP/1.1" 404 269 "-" "Mozilla/5.0 (compatible; Googlebot/2.1; +http://www.google.com/bot.html)"
66.249.71.141 - - [16/Sep/2009:18:06:28 -0400] "GET / HTTP/1.1" 200 1984 "-" "Mozilla/5.0 (compatible; Googlebot/2.1; +http://www.google.com/bot.html)"
67.218.116.130 - - [17/Sep/2009:09:04:40 -0400] "GET /robots.txt HTTP/1.0" 404 269 "-" "Mozilla/5.0 (Twiceler-0.9 http://www.cuil.com/twiceler/robot.html)"
209.222.54.56 - - [17/Sep/2009:09:52:27 -0400] "GET /cgi-bin/awstats.pl HTTP/1.1" 404 277 "-" "Mozilla/5.0 (Windows; U; Windows NT 5.1; en-US; rv:1.9.1.3) Gecko/20090824 Firefox/3.5.3 (.NET CLR 3.5.30729)"
209.222.54.56 - - [17/Sep/2009:09:52:27 -0400] "GET /favicon.ico HTTP/1.1" 200 1150 "-" "Mozilla/5.0 (Windows; U; Windows NT 5.1; en-US; rv:1.9.1.3) Gecko/20090824 Firefox/3.5.3 (.NET CLR 3.5.30729)"
209.222.54.56 - - [17/Sep/2009:09:53:35 -0400] "GET /cgi-bin/awstats.pl HTTP/1.1" 500 592 "-" "Mozilla/5.0 (Windows; U; Windows NT 5.1; en-US; rv:1.9.1.3) Gecko/20090824 Firefox/3.5.3 (.NET CLR 3.5.30729)"
209.222.54.56 - - [17/Sep/2009:10:17:39 -0400] "GET /formmail.php HTTP/1.1" 200 319 "http://raris.net/~ale/cgi-bin/awstats.pl?framename=mainright" "Mozilla/5.0 (Windows; U; Windows NT 5.1; en-US; rv:1.9.1.3) Gecko/20090824 Firefox/3.5.3 (.NET CLR 3.5.30729)"
209.222.54.56 - - [17/Sep/2009:10:17:47 -0400] "GET /formmail.php HTTP/1.1" 200 319 "http://alex.jeb.ca/formmail.php" "Mozilla/5.0 (Windows; U; Windows NT 5.1; en-US; rv:1.9.1.3) Gecko/20090824 Firefox/3.5.3 (.NET CLR 3.5.30729)"
209.222.54.56 - - [17/Sep/2009:10:17:49 -0400] "GET /formmail.php HTTP/1.1" 200 319 "http://alex.jeb.ca/formmail.php" "Mozilla/5.0 (Windows; U; Windows NT 5.1; en-US; rv:1.9.1.3) Gecko/20090824 Firefox/3.5.3 (.NET CLR 3.5.30729)"
209.222.54.56 - - [17/Sep/2009:10:17:50 -0400] "GET /formmail.php HTTP/1.1" 200 319 "http://alex.jeb.ca/formmail.php" "Mozilla/5.0 (Windows; U; Windows NT 5.1; en-US; rv:1.9.1.3) Gecko/20090824 Firefox/3.5.3 (.NET CLR 3.5.30729)"
209.222.54.56 - - [17/Sep/2009:10:17:50 -0400] "GET /formmail.php HTTP/1.1" 200 319 "http://alex.jeb.ca/formmail.php" "Mozilla/5.0 (Windows; U; Windows NT 5.1; en-US; rv:1.9.1.3) Gecko/20090824 Firefox/3.5.3 (.NET CLR 3.5.30729)"
209.222.54.56 - - [17/Sep/2009:10:17:51 -0400] "GET /formmail.php HTTP/1.1" 200 319 "http://alex.jeb.ca/formmail.php" "Mozilla/5.0 (Windows; U; Windows NT 5.1; en-US; rv:1.9.1.3) Gecko/20090824 Firefox/3.5.3 (.NET CLR 3.5.30729)"
209.222.54.56 - - [17/Sep/2009:10:17:52 -0400] "GET /formmail.php HTTP/1.1" 200 319 "http://alex.jeb.ca/formmail.php" "Mozilla/5.0 (Windows; U; Windows NT 5.1; en-US; rv:1.9.1.3) Gecko/20090824 Firefox/3.5.3 (.NET CLR 3.5.30729)"
209.222.54.56 - - [17/Sep/2009:10:17:53 -0400] "GET /formmail.php HTTP/1.1" 200 319 "http://alex.jeb.ca/formmail.php" "Mozilla/5.0 (Windows; U; Windows NT 5.1; en-US; rv:1.9.1.3) Gecko/20090824 Firefox/3.5.3 (.NET CLR 3.5.30729)"
209.222.54.56 - - [17/Sep/2009:10:17:54 -0400] "GET /formmail.php HTTP/1.1" 200 319 "http://alex.jeb.ca/formmail.php" "Mozilla/5.0 (Windows; U; Windows NT 5.1; en-US; rv:1.9.1.3) Gecko/20090824 Firefox/3.5.3 (.NET CLR 3.5.30729)"
209.222.54.56 - - [17/Sep/2009:10:17:55 -0400] "GET /formmail.php HTTP/1.1" 200 319 "http://alex.jeb.ca/formmail.php" "Mozilla/5.0 (Windows; U; Windows NT 5.1; en-US; rv:1.9.1.3) Gecko/20090824 Firefox/3.5.3 (.NET CLR 3.5.30729)"
209.222.54.56 - - [17/Sep/2009:10:17:55 -0400] "GET /formmail.php HTTP/1.1" 200 319 "http://alex.jeb.ca/formmail.php" "Mozilla/5.0 (Windows; U; Windows NT 5.1; en-US; rv:1.9.1.3) Gecko/20090824 Firefox/3.5.3 (.NET CLR 3.5.30729)"
209.222.54.56 - - [17/Sep/2009:10:17:56 -0400] "GET /formmail.php HTTP/1.1" 200 319 "http://alex.jeb.ca/formmail.php" "Mozilla/5.0 (Windows; U; Windows NT 5.1; en-US; rv:1.9.1.3) Gecko/20090824 Firefox/3.5.3 (.NET CLR 3.5.30729)"
209.222.54.56 - - [17/Sep/2009:10:17:56 -0400] "GET /formmail.php HTTP/1.1" 200 319 "http://alex.jeb.ca/formmail.php" "Mozilla/5.0 (Windows; U; Windows NT 5.1; en-US; rv:1.9.1.3) Gecko/20090824 Firefox/3.5.3 (.NET CLR 3.5.30729)"
209.222.54.56 - - [17/Sep/2009:10:17:57 -0400] "GET /formmail.php HTTP/1.1" 200 319 "http://alex.jeb.ca/formmail.php" "Mozilla/5.0 (Windows; U; Windows NT 5.1; en-US; rv:1.9.1.3) Gecko/20090824 Firefox/3.5.3 (.NET CLR 3.5.30729)"
209.222.54.56 - - [17/Sep/2009:10:17:57 -0400] "GET /formmail.php HTTP/1.1" 200 319 "http://alex.jeb.ca/formmail.php" "Mozilla/5.0 (Windows; U; Windows NT 5.1; en-US; rv:1.9.1.3) Gecko/20090824 Firefox/3.5.3 (.NET CLR 3.5.30729)"
209.222.54.56 - - [17/Sep/2009:10:17:57 -0400] "GET /formmail.php HTTP/1.1" 200 319 "http://alex.jeb.ca/formmail.php" "Mozilla/5.0 (Windows; U; Windows NT 5.1; en-US; rv:1.9.1.3) Gecko/20090824 Firefox/3.5.3 (.NET CLR 3.5.30729)"
209.222.54.56 - - [17/Sep/2009:10:17:58 -0400] "GET /formmail.php HTTP/1.1" 200 319 "http://alex.jeb.ca/formmail.php" "Mozilla/5.0 (Windows; U; Windows NT 5.1; en-US; rv:1.9.1.3) Gecko/20090824 Firefox/3.5.3 (.NET CLR 3.5.30729)"
66.249.68.207 - - [17/Sep/2009:18:37:34 -0400] "GET /robots.txt HTTP/1.1" 404 269 "-" "Googlebot-Image/1.0"
66.249.68.207 - - [17/Sep/2009:18:37:35 -0400] "GET /images/_portfolio/photoshop/graphics_banner_sm.jpg HTTP/1.1" 304 - "-" "Googlebot-Image/1.0"
208.115.111.242 - - [18/Sep/2009:01:14:58 -0400] "GET /robots.txt HTTP/1.1" 404 269 "-" "Mozilla/5.0 (compatible; DotBot/1.1; http://www.dotnetdotcom.org/, crawler@dotnetdotcom.org)"
208.115.111.242 - - [18/Sep/2009:03:17:39 -0400] "GET /robots.txt HTTP/1.1" 404 269 "-" "Mozilla/5.0 (compatible; DotBot/1.1; http://www.dotnetdotcom.org/, crawler@dotnetdotcom.org)"
208.115.111.242 - - [18/Sep/2009:03:20:42 -0400] "GET /contact.html HTTP/1.1" 200 6927 "-" "Mozilla/5.0 (compatible; DotBot/1.1; http://www.dotnetdotcom.org/, crawler@dotnetdotcom.org)"
208.115.111.242 - - [18/Sep/2009:03:20:47 -0400] "GET /flash.html HTTP/1.1" 200 4756 "-" "Mozilla/5.0 (compatible; DotBot/1.1; http://www.dotnetdotcom.org/, crawler@dotnetdotcom.org)"
208.115.111.242 - - [18/Sep/2009:03:20:52 -0400] "GET /illustrator.html HTTP/1.1" 200 6612 "-" "Mozilla/5.0 (compatible; DotBot/1.1; http://www.dotnetdotcom.org/, crawler@dotnetdotcom.org)"
208.115.111.242 - - [18/Sep/2009:03:20:57 -0400] "GET /index.html HTTP/1.1" 200 1984 "-" "Mozilla/5.0 (compatible; DotBot/1.1; http://www.dotnetdotcom.org/, crawler@dotnetdotcom.org)"
208.115.111.242 - - [18/Sep/2009:03:21:02 -0400] "GET /pages.html HTTP/1.1" 200 4692 "-" "Mozilla/5.0 (compatible; DotBot/1.1; http://www.dotnetdotcom.org/, crawler@dotnetdotcom.org)"
208.115.111.242 - - [18/Sep/2009:03:21:07 -0400] "GET /photoshop.html HTTP/1.1" 200 7709 "-" "Mozilla/5.0 (compatible; DotBot/1.1; http://www.dotnetdotcom.org/, crawler@dotnetdotcom.org)"
208.115.111.242 - - [18/Sep/2009:05:24:14 -0400] "GET / HTTP/1.1" 200 1984 "-" "Mozilla/5.0 (compatible; DotBot/1.1; http://www.dotnetdotcom.org/, crawler@dotnetdotcom.org)"
208.115.111.242 - - [18/Sep/2009:05:24:19 -0400] "GET /print.html HTTP/1.1" 200 4324 "-" "Mozilla/5.0 (compatible; DotBot/1.1; http://www.dotnetdotcom.org/, crawler@dotnetdotcom.org)"
66.249.68.230 - - [18/Sep/2009:07:39:13 -0400] "GET /robots.txt HTTP/1.1" 404 269 "-" "Googlebot-Image/1.0"
66.249.68.230 - - [18/Sep/2009:07:39:13 -0400] "GET /images/_portfolio/flash/rotating_circles.gif HTTP/1.1" 304 - "-" "Googlebot-Image/1.0"
67.218.116.130 - - [18/Sep/2009:09:19:33 -0400] "GET /robots.txt HTTP/1.0" 404 269 "-" "Mozilla/5.0 (Twiceler-0.9 http://www.cuil.com/twiceler/robot.html)"
66.249.68.230 - - [19/Sep/2009:05:18:43 -0400] "GET /robots.txt HTTP/1.1" 404 269 "-" "Mozilla/5.0 (compatible; Googlebot/2.1; +http://www.google.com/bot.html)"
66.249.68.230 - - [19/Sep/2009:05:18:43 -0400] "GET / HTTP/1.1" 200 1984 "-" "Mozilla/5.0 (compatible; Googlebot/2.1; +http://www.google.com/bot.html)"
67.218.116.130 - - [19/Sep/2009:08:57:04 -0400] "GET /robots.txt HTTP/1.0" 404 269 "-" "Mozilla/5.0 (Twiceler-0.9 http://www.cuil.com/twiceler/robot.html)"
124.42.1.165 - - [19/Sep/2009:13:29:52 -0400] "GET /contact.html HTTP/1.1" 200 6927 "-" "Mozilla/4.0 (compatible; MSIE 6.0; Windows NT 5.1; SV1)"
124.42.1.165 - - [19/Sep/2009:13:29:55 -0400] "POST /formmail.php HTTP/1.1" 200 355 "http://alex.jeb.ca/contact.html" "Mozilla/4.0 (compatible; MSIE 6.0; Windows NT 5.1; SV1)"
93.210.107.166 - - [19/Sep/2009:20:42:33 -0400] "GET / HTTP/1.1" 200 1984 "http://www.analsex-unzensiert.info" "Mozilla/4.0 (compatible; MSIE 5.5; Windows 98)"
78.140.138.39 - - [20/Sep/2009:07:07:38 -0400] "GET / HTTP/1.1" 200 1984 "-" "Mozilla/5.0 (Windows; U; Windows NT 5.1; en-US; rv:1.9.0.5) Gecko/2008120122 Firefox/3.0.5"
67.218.116.130 - - [20/Sep/2009:09:09:02 -0400] "GET /robots.txt HTTP/1.0" 404 269 "-" "Mozilla/5.0 (Twiceler-0.9 http://www.cuil.com/twiceler/robot.html)"
67.213.205.105 - - [20/Sep/2009:12:46:42 -0400] "GET /flash.html HTTP/1.1" 200 4756 "http://images.google.com/imgres?imgurl=http://alex.jeb.ca/images/_portfolio/flash/annimated_butterfly.gif&imgrefurl=http://alex.jeb.ca/flash.html&usg=__tNaqVupFHVpi2fP0IaPPNBcTjVM=&h=75&w=75&sz=1&hl=en&start=492&tbnid=q9i2dvIuXdOzUM:&tbnh=71&tbnw=71&prev=/images%3Fq%3Danimated%2Bbutterly%26gbv%3D2%26ndsp%3D21%26hl%3Den%26sa%3DN%26start%3D483" "Mozilla/4.0 (compatible; MSIE 7.0; Windows NT 6.0; WOW64; Trident/4.0; SLCC1; .NET CLR 2.0.50727; Media Center PC 5.0; .NET CLR 3.5.21022; .NET CLR 3.5.30729; .NET CLR 3.0.30729; OfficeLiveConnector.1.4; OfficeLivePatch.1.3; eMusic DLM/4)"
67.213.205.105 - - [20/Sep/2009:12:46:43 -0400] "GET /index.css HTTP/1.1" 200 962 "http://alex.jeb.ca/flash.html" "Mozilla/4.0 (compatible; MSIE 7.0; Windows NT 6.0; WOW64; Trident/4.0; SLCC1; .NET CLR 2.0.50727; Media Center PC 5.0; .NET CLR 3.5.21022; .NET CLR 3.5.30729; .NET CLR 3.0.30729; OfficeLiveConnector.1.4; OfficeLivePatch.1.3; eMusic DLM/4)"
67.213.205.105 - - [20/Sep/2009:12:46:43 -0400] "GET /main.js HTTP/1.1" 200 5103 "http://alex.jeb.ca/flash.html" "Mozilla/4.0 (compatible; MSIE 7.0; Windows NT 6.0; WOW64; Trident/4.0; SLCC1; .NET CLR 2.0.50727; Media Center PC 5.0; .NET CLR 3.5.21022; .NET CLR 3.5.30729; .NET CLR 3.0.30729; OfficeLiveConnector.1.4; OfficeLivePatch.1.3; eMusic DLM/4)"
67.213.205.105 - - [20/Sep/2009:12:46:43 -0400] "GET /top_nav.css HTTP/1.1" 200 841 "http://alex.jeb.ca/flash.html" "Mozilla/4.0 (compatible; MSIE 7.0; Windows NT 6.0; WOW64; Trident/4.0; SLCC1; .NET CLR 2.0.50727; Media Center PC 5.0; .NET CLR 3.5.21022; .NET CLR 3.5.30729; .NET CLR 3.0.30729; OfficeLiveConnector.1.4; OfficeLivePatch.1.3; eMusic DLM/4)"
67.213.205.105 - - [20/Sep/2009:12:46:43 -0400] "GET /images/bg.gif HTTP/1.1" 200 519 "http://alex.jeb.ca/flash.html" "Mozilla/4.0 (compatible; MSIE 7.0; Windows NT 6.0; WOW64; Trident/4.0; SLCC1; .NET CLR 2.0.50727; Media Center PC 5.0; .NET CLR 3.5.21022; .NET CLR 3.5.30729; .NET CLR 3.0.30729; OfficeLiveConnector.1.4; OfficeLivePatch.1.3; eMusic DLM/4)"
67.213.205.105 - - [20/Sep/2009:12:46:43 -0400] "GET /images/left.gif HTTP/1.1" 200 493 "http://alex.jeb.ca/flash.html" "Mozilla/4.0 (compatible; MSIE 7.0; Windows NT 6.0; WOW64; Trident/4.0; SLCC1; .NET CLR 2.0.50727; Media Center PC 5.0; .NET CLR 3.5.21022; .NET CLR 3.5.30729; .NET CLR 3.0.30729; OfficeLiveConnector.1.4; OfficeLivePatch.1.3; eMusic DLM/4)"
67.213.205.105 - - [20/Sep/2009:12:46:43 -0400] "GET /images/right.gif HTTP/1.1" 200 1986 "http://alex.jeb.ca/flash.html" "Mozilla/4.0 (compatible; MSIE 7.0; Windows NT 6.0; WOW64; Trident/4.0; SLCC1; .NET CLR 2.0.50727; Media Center PC 5.0; .NET CLR 3.5.21022; .NET CLR 3.5.30729; .NET CLR 3.0.30729; OfficeLiveConnector.1.4; OfficeLivePatch.1.3; eMusic DLM/4)"
67.213.205.105 - - [20/Sep/2009:12:46:43 -0400] "GET /images/_portfolio/flash/annimated_butterfly.gif HTTP/1.1" 200 514 "http://images.google.com/imgres?imgurl=http://alex.jeb.ca/images/_portfolio/flash/annimated_butterfly.gif&imgrefurl=http://alex.jeb.ca/flash.html&usg=__tNaqVupFHVpi2fP0IaPPNBcTjVM=&h=75&w=75&sz=1&hl=en&start=492&tbnid=q9i2dvIuXdOzUM:&tbnh=71&tbnw=71&prev=/images%3Fq%3Danimated%2Bbutterly%26gbv%3D2%26ndsp%3D21%26hl%3Den%26sa%3DN%26start%3D483" "Mozilla/4.0 (compatible; MSIE 8.0; Windows NT 6.0; WOW64; Trident/4.0; SLCC1; .NET CLR 2.0.50727; Media Center PC 5.0; .NET CLR 3.5.21022; .NET CLR 3.5.30729; .NET CLR 3.0.30729; OfficeLiveConnector.1.4; OfficeLivePatch.1.3; eMusic DLM/4)"
67.213.205.105 - - [20/Sep/2009:12:46:44 -0400] "GET /favicon.ico HTTP/1.1" 200 1150 "-" "Mozilla/4.0 (compatible; MSIE 8.0; Windows NT 6.0; WOW64; Trident/4.0; SLCC1; .NET CLR 2.0.50727; Media Center PC 5.0; .NET CLR 3.5.21022; .NET CLR 3.5.30729; .NET CLR 3.0.30729; OfficeLiveConnector.1.4; OfficeLivePatch.1.3; eMusic DLM/4)"
67.213.205.105 - - [20/Sep/2009:12:46:47 -0400] "GET /flash.html HTTP/1.1" 206 3575 "http://images.google.com/imgres?imgurl=http://alex.jeb.ca/images/_portfolio/flash/annimated_butterfly.gif&imgrefurl=http://alex.jeb.ca/flash.html&usg=__tNaqVupFHVpi2fP0IaPPNBcTjVM=&h=75&w=75&sz=1&hl=en&start=492&tbnid=q9i2dvIuXdOzUM:&tbnh=71&tbnw=71&prev=/images%3Fq%3Danimated%2Bbutterly%26gbv%3D2%26ndsp%3D21%26hl%3Den%26sa%3DN%26start%3D483" "Mozilla/4.0 (compatible; MSIE 8.0; Windows NT 6.0; WOW64; Trident/4.0; SLCC1; .NET CLR 2.0.50727; Media Center PC 5.0; .NET CLR 3.5.21022; .NET CLR 3.5.30729; .NET CLR 3.0.30729; OfficeLiveConnector.1.4; OfficeLivePatch.1.3; eMusic DLM/4)"
67.213.205.105 - - [20/Sep/2009:12:46:47 -0400] "GET /images/_portfolio/flash/venus.gif HTTP/1.1" 200 1148 "http://alex.jeb.ca/flash.html" "Mozilla/4.0 (compatible; MSIE 8.0; Windows NT 6.0; WOW64; Trident/4.0; SLCC1; .NET CLR 2.0.50727; Media Center PC 5.0; .NET CLR 3.5.21022; .NET CLR 3.5.30729; .NET CLR 3.0.30729; OfficeLiveConnector.1.4; OfficeLivePatch.1.3; eMusic DLM/4)"
67.213.205.105 - - [20/Sep/2009:12:46:47 -0400] "GET /images/_portfolio/flash/rotating_circles.gif HTTP/1.1" 200 1022 "http://alex.jeb.ca/flash.html" "Mozilla/4.0 (compatible; MSIE 8.0; Windows NT 6.0; WOW64; Trident/4.0; SLCC1; .NET CLR 2.0.50727; Media Center PC 5.0; .NET CLR 3.5.21022; .NET CLR 3.5.30729; .NET CLR 3.0.30729; OfficeLiveConnector.1.4; OfficeLivePatch.1.3; eMusic DLM/4)"
67.213.205.105 - - [20/Sep/2009:12:46:47 -0400] "GET /images/_portfolio/flash/venn_diagram.gif HTTP/1.1" 200 884 "http://alex.jeb.ca/flash.html" "Mozilla/4.0 (compatible; MSIE 8.0; Windows NT 6.0; WOW64; Trident/4.0; SLCC1; .NET CLR 2.0.50727; Media Center PC 5.0; .NET CLR 3.5.21022; .NET CLR 3.5.30729; .NET CLR 3.0.30729; OfficeLiveConnector.1.4; OfficeLivePatch.1.3; eMusic DLM/4)"
67.213.205.105 - - [20/Sep/2009:12:46:47 -0400] "GET /images/_portfolio/flash/wine_banner.gif HTTP/1.1" 200 1021 "http://alex.jeb.ca/flash.html" "Mozilla/4.0 (compatible; MSIE 8.0; Windows NT 6.0; WOW64; Trident/4.0; SLCC1; .NET CLR 2.0.50727; Media Center PC 5.0; .NET CLR 3.5.21022; .NET CLR 3.5.30729; .NET CLR 3.0.30729; OfficeLiveConnector.1.4; OfficeLivePatch.1.3; eMusic DLM/4)"
67.213.205.105 - - [20/Sep/2009:12:46:47 -0400] "GET /images/_portfolio/flash/finland.gif HTTP/1.1" 200 669 "http://alex.jeb.ca/flash.html" "Mozilla/4.0 (compatible; MSIE 8.0; Windows NT 6.0; WOW64; Trident/4.0; SLCC1; .NET CLR 2.0.50727; Media Center PC 5.0; .NET CLR 3.5.21022; .NET CLR 3.5.30729; .NET CLR 3.0.30729; OfficeLiveConnector.1.4; OfficeLivePatch.1.3; eMusic DLM/4)"
67.213.205.105 - - [20/Sep/2009:12:46:47 -0400] "GET /images/_portfolio/flash/bending_arrow.gif HTTP/1.1" 200 428 "http://alex.jeb.ca/flash.html" "Mozilla/4.0 (compatible; MSIE 8.0; Windows NT 6.0; WOW64; Trident/4.0; SLCC1; .NET CLR 2.0.50727; Media Center PC 5.0; .NET CLR 3.5.21022; .NET CLR 3.5.30729; .NET CLR 3.0.30729; OfficeLiveConnector.1.4; OfficeLivePatch.1.3; eMusic DLM/4)"
67.213.205.105 - - [20/Sep/2009:12:46:47 -0400] "GET /images/on_left.gif HTTP/1.1" 200 478 "http://alex.jeb.ca/flash.html" "Mozilla/4.0 (compatible; MSIE 8.0; Windows NT 6.0; WOW64; Trident/4.0; SLCC1; .NET CLR 2.0.50727; Media Center PC 5.0; .NET CLR 3.5.21022; .NET CLR 3.5.30729; .NET CLR 3.0.30729; OfficeLiveConnector.1.4; OfficeLivePatch.1.3; eMusic DLM/4)"
67.213.205.105 - - [20/Sep/2009:12:46:47 -0400] "GET /images/on_right.gif HTTP/1.1" 200 1971 "http://alex.jeb.ca/flash.html" "Mozilla/4.0 (compatible; MSIE 8.0; Windows NT 6.0; WOW64; Trident/4.0; SLCC1; .NET CLR 2.0.50727; Media Center PC 5.0; .NET CLR 3.5.21022; .NET CLR 3.5.30729; .NET CLR 3.0.30729; OfficeLiveConnector.1.4; OfficeLivePatch.1.3; eMusic DLM/4)"
66.249.68.230 - - [20/Sep/2009:16:37:22 -0400] "GET /robots.txt HTTP/1.1" 404 269 "-" "Googlebot-Image/1.0"
66.249.68.230 - - [20/Sep/2009:16:37:23 -0400] "GET /images/_portfolio/flash/venus.gif HTTP/1.1" 304 - "-" "Googlebot-Image/1.0"
65.55.207.138 - - [20/Sep/2009:21:39:04 -0400] "GET /robots.txt HTTP/1.1" 404 269 "-" "msnbot/2.0b (+http://search.msn.com/msnbot.htm)"
65.55.207.138 - - [20/Sep/2009:21:41:46 -0400] "GET /email/origins.html HTTP/1.1" 404 277 "-" "msnbot/2.0b (+http://search.msn.com/msnbot.htm)"
66.249.68.230 - - [20/Sep/2009:22:22:33 -0400] "GET /images/_portfolio/web_pages/html.gif HTTP/1.1" 304 - "-" "Googlebot-Image/1.0"
64.191.14.213 - - [21/Sep/2009:04:37:29 -0400] "GET /contact.html HTTP/1.0" 200 6927 "http://alex.jeb.ca/contact.html" "Mozilla/4.61 [en] (X11; U; ) - BrowseX (2.0.0 Windows)"
64.191.14.213 - - [21/Sep/2009:04:37:29 -0400] "POST /formmail.php HTTP/1.0" 200 361 "http://alex.jeb.ca/contact.html" "Mozilla/4.61 [en] (X11; U; ) - BrowseX (2.0.0 Windows)"
67.218.116.130 - - [21/Sep/2009:09:25:28 -0400] "GET /robots.txt HTTP/1.0" 404 269 "-" "Mozilla/5.0 (Twiceler-0.9 http://www.cuil.com/twiceler/robot.html)"
85.216.142.239 - - [21/Sep/2009:20:30:40 -0400] "POST /formmail.php HTTP/1.1" 200 355 "http://alex.jeb.ca/contact.html" "Mozilla/4.0 (compatible; MSIE 6.0; Windows NT 5.1; SV1)"
65.55.106.179 - - [22/Sep/2009:02:38:04 -0400] "GET /robots.txt HTTP/1.1" 404 269 "-" "msnbot/2.0b (+http://search.msn.com/msnbot.htm)"
65.55.106.179 - - [22/Sep/2009:02:38:49 -0400] "GET /email/origins.html HTTP/1.1" 404 277 "-" "msnbot/2.0b (+http://search.msn.com/msnbot.htm)"
65.55.115.175 - - [22/Sep/2009:08:44:19 -0400] "GET /robots.txt HTTP/1.1" 404 269 "-" "msnbot/2.0b (+http://search.msn.com/msnbot.htm)"
65.55.115.151 - - [22/Sep/2009:09:45:03 -0400] "GET /robots.txt HTTP/1.1" 404 269 "-" "msnbot/2.0b (+http://search.msn.com/msnbot.htm)"
66.249.68.230 - - [23/Sep/2009:00:36:03 -0400] "GET /robots.txt HTTP/1.1" 404 269 "-" "Googlebot-Image/1.0"
66.249.68.230 - - [23/Sep/2009:00:36:04 -0400] "GET /images/_portfolio/web_pages/raris.gif HTTP/1.1" 304 - "-" "Googlebot-Image/1.0"
66.249.68.230 - - [23/Sep/2009:03:26:52 -0400] "GET /images/_portfolio/web_pages/havlat_photography.gif HTTP/1.1" 304 - "-" "Googlebot-Image/1.0"
67.218.116.130 - - [23/Sep/2009:08:13:06 -0400] "GET /robots.txt HTTP/1.0" 404 269 "-" "Mozilla/5.0 (Twiceler-0.9 http://www.cuil.com/twiceler/robot.html)"
66.249.68.230 - - [23/Sep/2009:09:08:08 -0400] "GET /images/_portfolio/illustrator/wine_label_sm.gif HTTP/1.1" 304 - "-" "Googlebot-Image/1.0"
66.249.68.230 - - [23/Sep/2009:21:57:29 -0400] "GET /robots.txt HTTP/1.1" 404 269 "-" "Googlebot-Image/1.0"
66.249.68.230 - - [23/Sep/2009:21:57:29 -0400] "GET /images/_portfolio/photoshop/pie_chart_sm.jpg HTTP/1.1" 304 - "-" "Googlebot-Image/1.0"
66.249.68.230 - - [24/Sep/2009:08:11:46 -0400] "GET / HTTP/1.1" 200 1984 "-" "Mozilla/5.0 (compatible; Googlebot/2.1; +http://www.google.com/bot.html)"
66.249.68.230 - - [24/Sep/2009:19:06:40 -0400] "GET /robots.txt HTTP/1.1" 404 269 "-" "Googlebot-Image/1.0"
66.249.68.230 - - [24/Sep/2009:19:06:40 -0400] "GET /images/_portfolio/photoshop/violin_sunset_sm.jpg HTTP/1.1" 304 - "-" "Googlebot-Image/1.0"
65.55.106.206 - - [25/Sep/2009:01:53:49 -0400] "GET /robots.txt HTTP/1.1" 404 269 "-" "msnbot/2.0b (+http://search.msn.com/msnbot.htm)"
65.55.106.206 - - [25/Sep/2009:01:54:33 -0400] "GET /email/origins.html HTTP/1.1" 404 277 "-" "msnbot/2.0b (+http://search.msn.com/msnbot.htm)"
67.218.116.130 - - [25/Sep/2009:08:07:48 -0400] "GET /robots.txt HTTP/1.0" 404 269 "-" "Mozilla/5.0 (Twiceler-0.9 http://www.cuil.com/twiceler/robot.html)"
66.249.68.230 - - [26/Sep/2009:03:05:13 -0400] "GET /robots.txt HTTP/1.1" 404 269 "-" "Googlebot-Image/1.0"
66.249.68.230 - - [26/Sep/2009:03:05:13 -0400] "GET /images/_portfolio/illustrator/vine_alphabet_sm.gif HTTP/1.1" 304 - "-" "Googlebot-Image/1.0"
67.218.116.130 - - [26/Sep/2009:08:07:46 -0400] "GET /robots.txt HTTP/1.0" 404 269 "-" "Mozilla/5.0 (Twiceler-0.9 http://www.cuil.com/twiceler/robot.html)"
65.55.106.137 - - [27/Sep/2009:07:15:46 -0400] "GET /robots.txt HTTP/1.1" 404 269 "-" "msnbot/2.0b (+http://search.msn.com/msnbot.htm)"
65.55.106.137 - - [27/Sep/2009:07:16:51 -0400] "GET /email/origins.html HTTP/1.1" 404 277 "-" "msnbot/2.0b (+http://search.msn.com/msnbot.htm)"
67.218.116.130 - - [27/Sep/2009:08:07:48 -0400] "GET /robots.txt HTTP/1.0" 404 269 "-" "Mozilla/5.0 (Twiceler-0.9 http://www.cuil.com/twiceler/robot.html)"
67.218.116.130 - - [28/Sep/2009:08:12:44 -0400] "GET /robots.txt HTTP/1.0" 404 269 "-" "Mozilla/5.0 (Twiceler-0.9 http://www.cuil.com/twiceler/robot.html)"
196.207.227.149 - - [28/Sep/2009:17:38:54 -0400] "GET / HTTP/1.1" 200 1984 "-" "Mozilla/4.0 (compatible; MSIE 5.0; Windows NT; DigExt; DTS Agent"
