66.249.71.149 - - [27/May/2010:09:08:12 -0400] "GET /images/_portfolio/illustrator/01_graph_sm.gif HTTP/1.1" 304 - "-" "Googlebot-Image/1.0"
95.108.128.241 - - [27/May/2010:13:42:10 -0400] "GET /?C=N;O=A HTTP/1.1" 200 3594 "-" "Yandex/1.01.001 (compatible; Win16; I)"
95.108.128.241 - - [27/May/2010:14:54:17 -0400] "GET /robots.txt HTTP/1.1" 404 269 "-" "Yandex/1.01.001 (compatible; Win16; I)"
95.108.128.241 - - [27/May/2010:15:29:48 -0400] "GET /_notes/ HTTP/1.1" 200 656 "-" "Yandex/1.01.001 (compatible; Win16; I)"
67.218.116.130 - - [27/May/2010:15:41:51 -0400] "GET /robots.txt HTTP/1.1" 404 269 "-" "Mozilla/5.0 (Twiceler-0.9 http://www.cuil.com/twiceler/robot.html)"
95.108.128.241 - - [27/May/2010:16:07:44 -0400] "GET /?C=S;O=A HTTP/1.1" 200 3594 "-" "Yandex/1.01.001 (compatible; Win16; I)"
66.249.71.149 - - [27/May/2010:16:19:34 -0400] "GET /Harris_House/property_details.html HTTP/1.1" 304 - "-" "Mozilla/5.0 (compatible; Googlebot/2.1; +http://www.google.com/bot.html)"
95.108.128.241 - - [27/May/2010:16:46:55 -0400] "GET /logs/?C=D;O=A HTTP/1.1" 200 769 "-" "Yandex/1.01.001 (compatible; Win16; I)"
67.218.116.166 - - [27/May/2010:17:01:58 -0400] "GET /robots.txt HTTP/1.1" 404 269 "-" "Mozilla/5.0 (Twiceler-0.9 http://www.cuil.com/twiceler/robot.html)"
95.108.128.241 - - [27/May/2010:17:26:06 -0400] "GET /logs/ HTTP/1.1" 200 769 "-" "Yandex/1.01.001 (compatible; Win16; I)"
95.108.128.241 - - [27/May/2010:18:05:17 -0400] "GET /_notes/?C=S;O=A HTTP/1.1" 200 656 "-" "Yandex/1.01.001 (compatible; Win16; I)"
66.249.71.149 - - [27/May/2010:18:08:34 -0400] "GET /robots.txt HTTP/1.1" 404 269 "-" "Googlebot-Image/1.0"
66.249.71.149 - - [27/May/2010:18:08:34 -0400] "GET /images/_portfolio/photoshop/lightning_sm.jpg HTTP/1.1" 304 - "-" "Googlebot-Image/1.0"
95.108.128.241 - - [27/May/2010:18:44:27 -0400] "GET /?C=M;O=A HTTP/1.1" 200 3594 "-" "Yandex/1.01.001 (compatible; Win16; I)"
95.108.128.241 - - [27/May/2010:19:23:38 -0400] "GET /_notes/dwsync.xml HTTP/1.1" 200 1897 "-" "Yandex/1.01.001 (compatible; Win16; I)"
95.108.128.241 - - [27/May/2010:20:02:49 -0400] "GET /home.swf HTTP/1.1" 200 17352 "-" "Yandex/1.01.001 (compatible; Win16; I)"
95.108.128.241 - - [27/May/2010:20:42:01 -0400] "GET /Harris_House/contact.html HTTP/1.1" 304 - "-" "Yandex/1.01.001 (compatible; Win16; I)"
95.108.128.241 - - [27/May/2010:21:21:11 -0400] "GET /test/ HTTP/1.1" 304 - "-" "Yandex/1.01.001 (compatible; Win16; I)"
95.108.128.241 - - [27/May/2010:22:00:22 -0400] "GET /formmail.php HTTP/1.1" 200 319 "-" "Yandex/1.01.001 (compatible; Win16; I)"
66.249.71.149 - - [27/May/2010:22:38:34 -0400] "GET /images/_portfolio/flash/venus.gif HTTP/1.1" 304 - "-" "Googlebot-Image/1.0"
95.108.128.241 - - [27/May/2010:22:39:33 -0400] "GET /_notes/?C=M;O=A HTTP/1.1" 200 656 "-" "Yandex/1.01.001 (compatible; Win16; I)"
95.108.128.241 - - [27/May/2010:23:18:44 -0400] "GET /_notes/?C=D;O=A HTTP/1.1" 200 656 "-" "Yandex/1.01.001 (compatible; Win16; I)"
95.108.128.241 - - [27/May/2010:23:57:55 -0400] "GET /text_design.swf HTTP/1.1" 304 - "-" "Yandex/1.01.001 (compatible; Win16; I)"
95.108.128.241 - - [28/May/2010:00:37:05 -0400] "GET /logs/?C=S;O=D HTTP/1.1" 200 769 "-" "Yandex/1.01.001 (compatible; Win16; I)"
95.108.128.241 - - [28/May/2010:01:53:24 -0400] "GET /logs/?C=N;O=A HTTP/1.1" 200 769 "-" "Yandex/1.01.001 (compatible; Win16; I)"
95.108.128.241 - - [28/May/2010:02:30:31 -0400] "GET /_notes/?C=N;O=D HTTP/1.1" 200 656 "-" "Yandex/1.01.001 (compatible; Win16; I)"
93.190.139.15 - - [28/May/2010:03:04:48 -0400] "POST /formmail.php HTTP/1.1" 200 355 "http://alex.jeb.ca/contact.html" "Mozilla/4.0 (compatible; MSIE 6.0; Windows NT 5.1; SV1)"
93.190.139.15 - - [28/May/2010:03:04:48 -0400] "GET /formmail.php HTTP/1.1" 200 319 "-" "Mozilla/4.0 (compatible; MSIE 6.0; Windows NT 5.1; SV1)"
93.190.139.15 - - [28/May/2010:03:04:48 -0400] "GET /contact.html HTTP/1.1" 200 6927 "-" "Mozilla/4.0 (compatible; MSIE 6.0; Windows NT 5.1; SV1)"
93.190.139.15 - - [28/May/2010:03:04:49 -0400] "GET / HTTP/1.1" 200 3594 "-" "Mozilla/4.0 (compatible; MSIE 6.0; Windows NT 5.1; SV1)"
95.108.128.241 - - [28/May/2010:03:07:38 -0400] "GET /images/_portfolio/web_pages/ HTTP/1.1" 200 1667 "-" "Yandex/1.01.001 (compatible; Win16; I)"
207.46.199.200 - - [28/May/2010:03:12:17 -0400] "GET /robots.txt HTTP/1.1" 404 269 "-" "msnbot/2.0b (+http://search.msn.com/msnbot.htm)"
95.108.128.241 - - [28/May/2010:03:44:45 -0400] "GET /images/_portfolio/misc/ HTTP/1.1" 200 949 "-" "Yandex/1.01.001 (compatible; Win16; I)"
95.108.128.241 - - [28/May/2010:04:21:52 -0400] "GET /images/_portfolio/print/ HTTP/1.1" 200 2033 "-" "Yandex/1.01.001 (compatible; Win16; I)"
95.108.128.241 - - [28/May/2010:04:58:59 -0400] "GET /images/_portfolio/photoshop/ HTTP/1.1" 200 3717 "-" "Yandex/1.01.001 (compatible; Win16; I)"
95.108.128.241 - - [28/May/2010:05:36:06 -0400] "GET /images/_portfolio/illustrator/ HTTP/1.1" 200 3210 "-" "Yandex/1.01.001 (compatible; Win16; I)"
95.108.128.241 - - [28/May/2010:06:13:13 -0400] "GET /images/?C=S;O=D HTTP/1.1" 200 1827 "-" "Yandex/1.01.001 (compatible; Win16; I)"
95.108.128.241 - - [28/May/2010:06:50:20 -0400] "GET /images/_portfolio/?C=D;O=A HTTP/1.1" 200 1258 "-" "Yandex/1.01.001 (compatible; Win16; I)"
95.108.128.241 - - [28/May/2010:08:04:33 -0400] "GET /images/_portfolio/flash/ HTTP/1.1" 200 2298 "-" "Yandex/1.01.001 (compatible; Win16; I)"
95.108.128.241 - - [28/May/2010:08:41:40 -0400] "GET /images/_portfolio/?C=S;O=A HTTP/1.1" 200 1258 "-" "Yandex/1.01.001 (compatible; Win16; I)"
95.108.128.241 - - [28/May/2010:09:18:47 -0400] "GET /images/_portfolio/?C=M;O=A HTTP/1.1" 200 1258 "-" "Yandex/1.01.001 (compatible; Win16; I)"
95.108.128.241 - - [28/May/2010:09:55:53 -0400] "GET /test/images/mar.8_revision.swf HTTP/1.1" 200 1075558 "-" "Yandex/1.01.001 (compatible; Win16; I)"
93.190.139.15 - - [28/May/2010:10:14:58 -0400] "POST /formmail.php HTTP/1.1" 200 355 "http://alex.jeb.ca/contact.html" "Mozilla/4.0 (compatible; MSIE 6.0; Windows NT 5.1; SV1)"
93.190.139.15 - - [28/May/2010:10:14:59 -0400] "GET /formmail.php HTTP/1.1" 200 319 "-" "Mozilla/4.0 (compatible; MSIE 6.0; Windows NT 5.1; SV1)"
93.190.139.15 - - [28/May/2010:10:14:59 -0400] "GET /contact.html HTTP/1.1" 200 6927 "-" "Mozilla/4.0 (compatible; MSIE 6.0; Windows NT 5.1; SV1)"
93.190.139.15 - - [28/May/2010:10:14:59 -0400] "GET / HTTP/1.1" 200 3594 "-" "Mozilla/4.0 (compatible; MSIE 6.0; Windows NT 5.1; SV1)"
95.108.128.241 - - [28/May/2010:11:02:45 -0400] "GET /images/?C=M;O=D HTTP/1.1" 200 1827 "-" "Yandex/1.01.001 (compatible; Win16; I)"
95.108.128.241 - - [28/May/2010:11:32:25 -0400] "GET /images/_portfolio/?C=N;O=D HTTP/1.1" 200 1258 "-" "Yandex/1.01.001 (compatible; Win16; I)"
95.108.128.241 - - [28/May/2010:12:31:45 -0400] "GET /logs/?C=D;O=D HTTP/1.1" 200 769 "-" "Yandex/1.01.001 (compatible; Win16; I)"
38.99.97.175 - - [28/May/2010:14:37:23 -0400] "GET /robots.txt HTTP/1.1" 404 269 "-" "Mozilla/5.0 (compatible; ScoutJet; +http://www.scoutjet.com/)"
38.99.97.175 - - [28/May/2010:14:37:33 -0400] "GET / HTTP/1.1" 200 3594 "-" "Mozilla/5.0 (compatible; ScoutJet; +http://www.scoutjet.com/)"
38.99.97.175 - - [28/May/2010:14:37:56 -0400] "GET /favicon.ico HTTP/1.1" 200 1150 "-" "Mozilla/5.0 (compatible; ScoutJet; +http://www.scoutjet.com/)"
38.99.97.175 - - [28/May/2010:14:38:19 -0400] "GET /email/origins.html HTTP/1.1" 404 277 "-" "Mozilla/5.0 (compatible; ScoutJet; +http://www.scoutjet.com/)"
67.218.116.130 - - [28/May/2010:15:30:31 -0400] "GET /robots.txt HTTP/1.1" 404 269 "-" "Mozilla/5.0 (Twiceler-0.9 http://www.cuil.com/twiceler/robot.html)"
95.108.128.241 - - [28/May/2010:16:20:34 -0400] "GET /robots.txt HTTP/1.1" 404 269 "-" "Yandex/1.01.001 (compatible; Win16; I)"
67.218.116.166 - - [28/May/2010:16:29:36 -0400] "GET /robots.txt HTTP/1.1" 404 269 "-" "Mozilla/5.0 (Twiceler-0.9 http://www.cuil.com/twiceler/robot.html)"
95.108.128.241 - - [28/May/2010:17:48:58 -0400] "GET /images/?C=N;O=D HTTP/1.1" 200 1827 "-" "Yandex/1.01.001 (compatible; Win16; I)"
93.190.139.15 - - [28/May/2010:18:21:26 -0400] "POST /formmail.php HTTP/1.1" 200 355 "http://alex.jeb.ca/contact.html" "Mozilla/4.0 (compatible; MSIE 6.0; Windows NT 5.1; SV1)"
93.190.139.15 - - [28/May/2010:18:21:26 -0400] "GET /formmail.php HTTP/1.1" 200 319 "-" "Mozilla/4.0 (compatible; MSIE 6.0; Windows NT 5.1; SV1)"
93.190.139.15 - - [28/May/2010:18:21:26 -0400] "GET /contact.html HTTP/1.1" 200 6927 "-" "Mozilla/4.0 (compatible; MSIE 6.0; Windows NT 5.1; SV1)"
93.190.139.15 - - [28/May/2010:18:21:27 -0400] "GET / HTTP/1.1" 200 3594 "-" "Mozilla/4.0 (compatible; MSIE 6.0; Windows NT 5.1; SV1)"
95.108.128.241 - - [28/May/2010:19:17:22 -0400] "GET /text/references.pdf HTTP/1.1" 304 - "-" "Yandex/1.01.001 (compatible; Win16; I)"
95.108.128.241 - - [28/May/2010:20:45:46 -0400] "GET /images/?C=D;O=A HTTP/1.1" 200 1827 "-" "Yandex/1.01.001 (compatible; Win16; I)"
95.108.128.241 - - [28/May/2010:22:14:11 -0400] "GET /text/?C=M;O=A HTTP/1.1" 200 1134 "-" "Yandex/1.01.001 (compatible; Win16; I)"
207.46.199.39 - - [28/May/2010:22:30:21 -0400] "GET /robots.txt HTTP/1.1" 404 269 "-" "msnbot/2.0b (+http://search.msn.com/msnbot.htm)"
207.46.199.39 - - [28/May/2010:22:31:14 -0400] "GET /email/origins.html HTTP/1.1" 404 277 "-" "msnbot/2.0b (+http://search.msn.com/msnbot.htm)"
95.108.128.241 - - [28/May/2010:23:42:35 -0400] "GET /images/_notes/ HTTP/1.1" 200 677 "-" "Yandex/1.01.001 (compatible; Win16; I)"
95.108.128.241 - - [29/May/2010:01:10:59 -0400] "GET /movie.swf HTTP/1.1" 304 - "-" "Yandex/1.01.001 (compatible; Win16; I)"
95.108.128.241 - - [29/May/2010:02:39:23 -0400] "GET /text/cv_french.pdf HTTP/1.1" 304 - "-" "Yandex/1.01.001 (compatible; Win16; I)"
95.108.128.241 - - [29/May/2010:06:35:46 -0400] "GET /text/?C=N;O=D HTTP/1.1" 200 1134 "-" "Yandex/1.01.001 (compatible; Win16; I)"
66.249.71.149 - - [29/May/2010:09:11:15 -0400] "GET /robots.txt HTTP/1.1" 404 269 "-" "Googlebot-Image/1.0"
66.249.71.149 - - [29/May/2010:09:11:15 -0400] "GET /images/_portfolio/photoshop/fiber_optics_sm.gif HTTP/1.1" 304 - "-" "Googlebot-Image/1.0"
95.108.128.241 - - [29/May/2010:10:32:10 -0400] "GET /text/?C=S;O=A HTTP/1.1" 200 1134 "-" "Yandex/1.01.001 (compatible; Win16; I)"
66.249.71.149 - - [29/May/2010:11:13:24 -0400] "GET /images/_portfolio/web_pages/email.gif HTTP/1.1" 304 - "-" "Googlebot-Image/1.0"
95.108.128.241 - - [29/May/2010:13:43:45 -0400] "GET / HTTP/1.1" 200 3594 "-" "Yandex/1.01.001 (compatible; Win16; I)"
95.108.128.241 - - [29/May/2010:14:24:51 -0400] "GET /?C=D;O=A HTTP/1.1" 200 3594 "-" "Yandex/1.01.001 (compatible; Win16; I)"
74.59.116.154 - - [29/May/2010:14:41:47 -0400] "GET /Harris_House/commercial_details.html HTTP/1.1" 200 4464 "http://www.google.ca/search?q=st-lazare+for+rent&hl=en&client=firefox-a&hs=Dx6&rls=org.mozilla:en-US:official&channel=s&start=30&sa=N" "Mozilla/5.0 (Windows; U; Windows NT 5.1; en-US; rv:1.9.1.9) Gecko/20100315 Firefox/3.5.9"
74.59.116.154 - - [29/May/2010:14:41:47 -0400] "GET /favicon.ico HTTP/1.1" 200 1150 "-" "Mozilla/5.0 (Windows; U; Windows NT 5.1; en-US; rv:1.9.1.9) Gecko/20100315 Firefox/3.5.9"
74.59.116.154 - - [29/May/2010:14:41:47 -0400] "GET /Harris_House/index.css HTTP/1.1" 200 2186 "http://alex.jeb.ca/Harris_House/commercial_details.html" "Mozilla/5.0 (Windows; U; Windows NT 5.1; en-US; rv:1.9.1.9) Gecko/20100315 Firefox/3.5.9"
74.59.116.154 - - [29/May/2010:14:41:47 -0400] "GET /Harris_House/images/logo.gif HTTP/1.1" 200 1148 "http://alex.jeb.ca/Harris_House/commercial_details.html" "Mozilla/5.0 (Windows; U; Windows NT 5.1; en-US; rv:1.9.1.9) Gecko/20100315 Firefox/3.5.9"
74.59.116.154 - - [29/May/2010:14:41:47 -0400] "GET /Harris_House/images/back_yard_sm.jpg HTTP/1.1" 200 6946 "http://alex.jeb.ca/Harris_House/commercial_details.html" "Mozilla/5.0 (Windows; U; Windows NT 5.1; en-US; rv:1.9.1.9) Gecko/20100315 Firefox/3.5.9"
74.59.116.154 - - [29/May/2010:14:41:47 -0400] "GET /Harris_House/images/curve_tr.gif HTTP/1.1" 200 331 "http://alex.jeb.ca/Harris_House/index.css" "Mozilla/5.0 (Windows; U; Windows NT 5.1; en-US; rv:1.9.1.9) Gecko/20100315 Firefox/3.5.9"
74.59.116.154 - - [29/May/2010:14:41:47 -0400] "GET /Harris_House/images/frontal_outdoor_view02_sm.jpg HTTP/1.1" 200 7461 "http://alex.jeb.ca/Harris_House/commercial_details.html" "Mozilla/5.0 (Windows; U; Windows NT 5.1; en-US; rv:1.9.1.9) Gecko/20100315 Firefox/3.5.9"
74.59.116.154 - - [29/May/2010:14:41:47 -0400] "GET /Harris_House/images/frontal_outdoor_view_sm.jpg HTTP/1.1" 200 7663 "http://alex.jeb.ca/Harris_House/commercial_details.html" "Mozilla/5.0 (Windows; U; Windows NT 5.1; en-US; rv:1.9.1.9) Gecko/20100315 Firefox/3.5.9"
74.59.116.154 - - [29/May/2010:14:41:47 -0400] "GET /Harris_House/images/curve_tl.gif HTTP/1.1" 200 330 "http://alex.jeb.ca/Harris_House/index.css" "Mozilla/5.0 (Windows; U; Windows NT 5.1; en-US; rv:1.9.1.9) Gecko/20100315 Firefox/3.5.9"
74.59.116.154 - - [29/May/2010:14:41:47 -0400] "GET /Harris_House/images/curve_bl.gif HTTP/1.1" 200 329 "http://alex.jeb.ca/Harris_House/index.css" "Mozilla/5.0 (Windows; U; Windows NT 5.1; en-US; rv:1.9.1.9) Gecko/20100315 Firefox/3.5.9"
74.59.116.154 - - [29/May/2010:14:41:47 -0400] "GET /Harris_House/images/curve_br.gif HTTP/1.1" 200 330 "http://alex.jeb.ca/Harris_House/index.css" "Mozilla/5.0 (Windows; U; Windows NT 5.1; en-US; rv:1.9.1.9) Gecko/20100315 Firefox/3.5.9"
74.59.116.154 - - [29/May/2010:14:41:47 -0400] "GET /Harris_House/images/frontal_outdoor_view.jpg HTTP/1.1" 200 49263 "http://alex.jeb.ca/Harris_House/commercial_details.html" "Mozilla/5.0 (Windows; U; Windows NT 5.1; en-US; rv:1.9.1.9) Gecko/20100315 Firefox/3.5.9"
89.248.172.14 - - [29/May/2010:14:43:20 -0400] "POST /formmail.php HTTP/1.1" 200 355 "http://alex.jeb.ca/contact.html" "Mozilla/4.0 (compatible; MSIE 6.0; Windows NT 5.1; SV1)"
89.248.172.14 - - [29/May/2010:14:43:20 -0400] "GET /formmail.php HTTP/1.1" 200 319 "-" "Mozilla/4.0 (compatible; MSIE 6.0; Windows NT 5.1; SV1)"
89.248.172.14 - - [29/May/2010:14:43:21 -0400] "GET /contact.html HTTP/1.1" 200 6927 "-" "Mozilla/4.0 (compatible; MSIE 6.0; Windows NT 5.1; SV1)"
89.248.172.14 - - [29/May/2010:14:43:21 -0400] "GET / HTTP/1.1" 200 3594 "-" "Mozilla/4.0 (compatible; MSIE 6.0; Windows NT 5.1; SV1)"
95.108.128.241 - - [29/May/2010:15:00:31 -0400] "GET /robots.txt HTTP/1.1" 404 269 "-" "Yandex/1.01.001 (compatible; Win16; I)"
95.108.128.241 - - [29/May/2010:15:18:05 -0400] "GET /text/?C=D;O=A HTTP/1.1" 200 1134 "-" "Yandex/1.01.001 (compatible; Win16; I)"
95.108.128.241 - - [29/May/2010:15:35:38 -0400] "GET /illustrator.html HTTP/1.1" 304 - "-" "Yandex/1.01.001 (compatible; Win16; I)"
95.108.128.241 - - [29/May/2010:15:53:11 -0400] "GET /images/?C=M;O=A HTTP/1.1" 200 1827 "-" "Yandex/1.01.001 (compatible; Win16; I)"
95.108.128.241 - - [29/May/2010:16:10:45 -0400] "GET /images/?C=S;O=A HTTP/1.1" 200 1827 "-" "Yandex/1.01.001 (compatible; Win16; I)"
67.218.116.166 - - [29/May/2010:16:11:32 -0400] "GET /robots.txt HTTP/1.1" 404 269 "-" "Mozilla/5.0 (Twiceler-0.9 http://www.cuil.com/twiceler/robot.html)"
67.218.116.130 - - [29/May/2010:16:18:38 -0400] "GET /robots.txt HTTP/1.1" 404 269 "-" "Mozilla/5.0 (Twiceler-0.9 http://www.cuil.com/twiceler/robot.html)"
95.108.128.241 - - [29/May/2010:16:28:18 -0400] "GET /text/swf_dimensions.txt HTTP/1.1" 304 - "-" "Yandex/1.01.001 (compatible; Win16; I)"
95.108.128.241 - - [29/May/2010:16:45:51 -0400] "GET /images/_portfolio/ HTTP/1.1" 200 1258 "-" "Yandex/1.01.001 (compatible; Win16; I)"
95.108.128.241 - - [29/May/2010:17:03:25 -0400] "GET /logs/?C=M;O=A HTTP/1.1" 200 769 "-" "Yandex/1.01.001 (compatible; Win16; I)"
95.108.128.241 - - [29/May/2010:17:20:58 -0400] "GET /Harris_House/property_details.html HTTP/1.1" 304 - "-" "Yandex/1.01.001 (compatible; Win16; I)"
95.108.128.241 - - [29/May/2010:17:38:31 -0400] "GET /text/ HTTP/1.1" 200 1134 "-" "Yandex/1.01.001 (compatible; Win16; I)"
95.108.128.241 - - [29/May/2010:17:56:05 -0400] "GET /jeb_signature.txt HTTP/1.1" 304 - "-" "Yandex/1.01.001 (compatible; Win16; I)"
95.108.128.241 - - [29/May/2010:18:13:38 -0400] "GET /photoshop.html HTTP/1.1" 304 - "-" "Yandex/1.01.001 (compatible; Win16; I)"
95.108.128.241 - - [29/May/2010:18:31:11 -0400] "GET /Harris_House/commercial_details.html HTTP/1.1" 304 - "-" "Yandex/1.01.001 (compatible; Win16; I)"
95.108.128.241 - - [29/May/2010:18:48:44 -0400] "GET /flash.html HTTP/1.1" 304 - "-" "Yandex/1.01.001 (compatible; Win16; I)"
95.108.128.241 - - [29/May/2010:19:06:18 -0400] "GET /text_install.swf HTTP/1.1" 304 - "-" "Yandex/1.01.001 (compatible; Win16; I)"
95.108.128.241 - - [29/May/2010:19:23:51 -0400] "GET /circle_final.swf HTTP/1.1" 304 - "-" "Yandex/1.01.001 (compatible; Win16; I)"
95.108.128.241 - - [29/May/2010:19:41:24 -0400] "GET /logs/?C=N;O=D HTTP/1.1" 200 769 "-" "Yandex/1.01.001 (compatible; Win16; I)"
95.108.128.241 - - [29/May/2010:19:58:57 -0400] "GET /main.js HTTP/1.1" 200 5103 "-" "Yandex/1.01.001 (compatible; Win16; I)"
95.108.128.241 - - [29/May/2010:20:16:31 -0400] "GET /logs/?C=S;O=A HTTP/1.1" 200 769 "-" "Yandex/1.01.001 (compatible; Win16; I)"
95.108.128.241 - - [29/May/2010:20:34:04 -0400] "GET /test/index.html HTTP/1.1" 304 - "-" "Yandex/1.01.001 (compatible; Win16; I)"
95.108.128.241 - - [29/May/2010:20:51:37 -0400] "GET /contact.html HTTP/1.1" 304 - "-" "Yandex/1.01.001 (compatible; Win16; I)"
95.108.128.241 - - [29/May/2010:21:09:10 -0400] "GET /images/_portfolio/web_pages/?C=N;O=D HTTP/1.1" 200 1667 "-" "Yandex/1.01.001 (compatible; Win16; I)"
95.108.128.241 - - [29/May/2010:21:26:44 -0400] "GET /images/_portfolio/print/?C=D;O=A HTTP/1.1" 200 2033 "-" "Yandex/1.01.001 (compatible; Win16; I)"
95.108.128.241 - - [29/May/2010:21:44:17 -0400] "GET /images/_portfolio/web_pages/_notes/ HTTP/1.1" 200 740 "-" "Yandex/1.01.001 (compatible; Win16; I)"
95.108.128.241 - - [29/May/2010:22:01:50 -0400] "GET /images/_portfolio/flash/value_chain.swf HTTP/1.1" 200 19181 "-" "Yandex/1.01.001 (compatible; Win16; I)"
95.108.128.241 - - [29/May/2010:22:19:24 -0400] "GET /images/_portfolio/print/?C=S;O=A HTTP/1.1" 200 2033 "-" "Yandex/1.01.001 (compatible; Win16; I)"
95.108.128.241 - - [29/May/2010:22:36:57 -0400] "GET /images/_portfolio/misc/_notes/ HTTP/1.1" 200 725 "-" "Yandex/1.01.001 (compatible; Win16; I)"
95.108.128.241 - - [29/May/2010:22:54:30 -0400] "GET /images/_portfolio/misc/?C=M;O=A HTTP/1.1" 200 949 "-" "Yandex/1.01.001 (compatible; Win16; I)"
95.108.128.241 - - [29/May/2010:23:12:03 -0400] "GET /images/_portfolio/misc/digimarc_tutorial.pdf HTTP/1.1" 200 205383 "-" "Yandex/1.01.001 (compatible; Win16; I)"
95.108.128.241 - - [29/May/2010:23:29:37 -0400] "GET /images/_portfolio/web_pages/?C=M;O=A HTTP/1.1" 200 1667 "-" "Yandex/1.01.001 (compatible; Win16; I)"
95.108.128.241 - - [29/May/2010:23:47:10 -0400] "GET /images/_portfolio/print/cd_booklet.pdf HTTP/1.1" 200 149445 "-" "Yandex/1.01.001 (compatible; Win16; I)"
95.108.128.241 - - [30/May/2010:00:04:44 -0400] "GET /images/_portfolio/illustrator/?C=M;O=A HTTP/1.1" 200 3210 "-" "Yandex/1.01.001 (compatible; Win16; I)"
207.46.199.200 - - [30/May/2010:00:11:33 -0400] "GET /robots.txt HTTP/1.1" 404 269 "-" "msnbot/2.0b (+http://search.msn.com/msnbot.htm)"
95.108.128.241 - - [30/May/2010:00:39:51 -0400] "GET /images/_portfolio/flash/venus.swf HTTP/1.1" 200 139191 "-" "Yandex/1.01.001 (compatible; Win16; I)"
95.108.128.241 - - [30/May/2010:00:57:25 -0400] "GET /images/_portfolio/misc/?C=S;O=A HTTP/1.1" 200 949 "-" "Yandex/1.01.001 (compatible; Win16; I)"
95.108.128.241 - - [30/May/2010:01:14:58 -0400] "GET /images/_portfolio/photoshop/_notes/ HTTP/1.1" 200 740 "-" "Yandex/1.01.001 (compatible; Win16; I)"
95.108.128.241 - - [30/May/2010:01:56:31 -0400] "GET /images/_portfolio/flash/wine_banner.swf HTTP/1.1" 200 43696 "-" "Yandex/1.01.001 (compatible; Win16; I)"
95.108.128.241 - - [30/May/2010:02:38:04 -0400] "GET /images/_portfolio/print/_notes/ HTTP/1.1" 200 728 "-" "Yandex/1.01.001 (compatible; Win16; I)"
95.108.128.241 - - [30/May/2010:03:19:37 -0400] "GET /images/_portfolio/print/cd_spine_back.pdf HTTP/1.1" 200 98235 "-" "Yandex/1.01.001 (compatible; Win16; I)"
67.195.111.60 - - [30/May/2010:03:28:12 -0400] "GET /robots.txt HTTP/1.0" 404 269 "-" "Mozilla/5.0 (compatible; Yahoo! Slurp; http://help.yahoo.com/help/us/ysearch/slurp)"
67.195.111.60 - - [30/May/2010:03:28:13 -0400] "GET /contact.html HTTP/1.0" 200 6927 "-" "Mozilla/5.0 (compatible; Yahoo! Slurp/3.0; http://help.yahoo.com/help/us/ysearch/slurp)"
67.195.111.60 - - [30/May/2010:03:28:13 -0400] "GET /index.css HTTP/1.0" 200 962 "http://alex.jeb.ca/contact.html" "Mozilla/5.0 (compatible; Yahoo! Slurp/3.0; http://help.yahoo.com/help/us/ysearch/slurp)"
67.195.111.60 - - [30/May/2010:03:28:13 -0400] "GET /top_nav.css HTTP/1.0" 200 841 "http://alex.jeb.ca/contact.html" "Mozilla/5.0 (compatible; Yahoo! Slurp/3.0; http://help.yahoo.com/help/us/ysearch/slurp)"
95.108.128.241 - - [30/May/2010:04:01:11 -0400] "GET /images/_portfolio/photoshop/?C=D;O=A HTTP/1.1" 200 3717 "-" "Yandex/1.01.001 (compatible; Win16; I)"
95.108.128.241 - - [30/May/2010:04:42:44 -0400] "GET /images/_portfolio/photoshop/?C=M;O=A HTTP/1.1" 200 3717 "-" "Yandex/1.01.001 (compatible; Win16; I)"
95.108.128.241 - - [30/May/2010:05:24:17 -0400] "GET /images/_portfolio/print/?C=N;O=D HTTP/1.1" 200 2033 "-" "Yandex/1.01.001 (compatible; Win16; I)"
95.108.128.241 - - [30/May/2010:06:05:50 -0400] "GET /images/_portfolio/illustrator/?C=D;O=A HTTP/1.1" 200 3210 "-" "Yandex/1.01.001 (compatible; Win16; I)"
95.108.128.241 - - [30/May/2010:06:47:23 -0400] "GET /images/_portfolio/illustrator/_notes/ HTTP/1.1" 200 746 "-" "Yandex/1.01.001 (compatible; Win16; I)"
95.108.128.241 - - [30/May/2010:07:28:55 -0400] "GET /images/_portfolio/print/?C=M;O=A HTTP/1.1" 200 2033 "-" "Yandex/1.01.001 (compatible; Win16; I)"
95.108.128.241 - - [30/May/2010:08:10:28 -0400] "GET /images/_portfolio/flash/?C=D;O=A HTTP/1.1" 200 2298 "-" "Yandex/1.01.001 (compatible; Win16; I)"
95.108.128.241 - - [30/May/2010:08:52:01 -0400] "GET /images/_portfolio/photoshop/?C=S;O=A HTTP/1.1" 200 3717 "-" "Yandex/1.01.001 (compatible; Win16; I)"
95.108.128.241 - - [30/May/2010:09:33:34 -0400] "GET /images/_portfolio/misc/?C=D;O=A HTTP/1.1" 200 949 "-" "Yandex/1.01.001 (compatible; Win16; I)"
67.195.111.60 - - [30/May/2010:10:46:41 -0400] "GET /robots.txt HTTP/1.0" 404 269 "-" "Mozilla/5.0 (compatible; Yahoo! Slurp; http://help.yahoo.com/help/us/ysearch/slurp)"
67.195.111.60 - - [30/May/2010:10:46:42 -0400] "GET /print.html HTTP/1.0" 200 4324 "-" "Mozilla/5.0 (compatible; Yahoo! Slurp/3.0; http://help.yahoo.com/help/us/ysearch/slurp)"
67.195.111.60 - - [30/May/2010:10:46:42 -0400] "GET /index.css HTTP/1.0" 304 - "http://alex.jeb.ca/print.html" "Mozilla/5.0 (compatible; Yahoo! Slurp/3.0; http://help.yahoo.com/help/us/ysearch/slurp)"
67.195.111.60 - - [30/May/2010:10:46:42 -0400] "GET /top_nav.css HTTP/1.0" 304 - "http://alex.jeb.ca/print.html" "Mozilla/5.0 (compatible; Yahoo! Slurp/3.0; http://help.yahoo.com/help/us/ysearch/slurp)"
95.108.128.241 - - [30/May/2010:10:56:41 -0400] "GET /images/_portfolio/flash/?C=S;O=A HTTP/1.1" 200 2298 "-" "Yandex/1.01.001 (compatible; Win16; I)"
95.108.128.241 - - [30/May/2010:11:38:13 -0400] "GET /images/_notes/dwsync.xml HTTP/1.1" 200 824 "-" "Yandex/1.01.001 (compatible; Win16; I)"
95.108.128.241 - - [30/May/2010:12:19:46 -0400] "GET /images/_portfolio/flash/butterfly_animation.swf HTTP/1.1" 200 8644 "-" "Yandex/1.01.001 (compatible; Win16; I)"
95.108.128.241 - - [30/May/2010:13:01:19 -0400] "GET /images/_portfolio/print/agence_lb.pdf HTTP/1.1" 200 136277 "-" "Yandex/1.01.001 (compatible; Win16; I)"
95.108.128.241 - - [30/May/2010:14:13:13 -0400] "GET /test/flash.html HTTP/1.1" 304 - "-" "Yandex/1.01.001 (compatible; Win16; I)"
95.108.128.241 - - [30/May/2010:15:17:27 -0400] "GET /robots.txt HTTP/1.1" 404 269 "-" "Yandex/1.01.001 (compatible; Win16; I)"
95.108.128.241 - - [30/May/2010:15:48:40 -0400] "GET /logs/access_log HTTP/1.1" 200 1720085 "-" "Yandex/1.01.001 (compatible; Win16; I)"
67.218.116.166 - - [30/May/2010:16:04:23 -0400] "GET /robots.txt HTTP/1.1" 404 269 "-" "Mozilla/5.0 (Twiceler-0.9 http://www.cuil.com/twiceler/robot.html)"
67.218.116.130 - - [30/May/2010:16:12:46 -0400] "GET /robots.txt HTTP/1.1" 404 269 "-" "Mozilla/5.0 (Twiceler-0.9 http://www.cuil.com/twiceler/robot.html)"
95.108.128.241 - - [30/May/2010:16:19:57 -0400] "GET /images/?C=N;O=A HTTP/1.1" 200 1827 "-" "Yandex/1.01.001 (compatible; Win16; I)"
95.108.128.241 - - [30/May/2010:16:51:10 -0400] "GET /_notes/?C=S;O=A HTTP/1.1" 200 656 "-" "Yandex/1.01.001 (compatible; Win16; I)"
95.108.128.241 - - [30/May/2010:17:22:23 -0400] "GET /test/clock.html HTTP/1.1" 304 - "-" "Yandex/1.01.001 (compatible; Win16; I)"
95.108.128.241 - - [30/May/2010:17:53:36 -0400] "GET /_notes/ HTTP/1.1" 200 656 "-" "Yandex/1.01.001 (compatible; Win16; I)"
95.108.128.241 - - [30/May/2010:18:24:50 -0400] "GET /print.html HTTP/1.1" 304 - "-" "Yandex/1.01.001 (compatible; Win16; I)"
95.108.128.241 - - [30/May/2010:18:56:03 -0400] "GET /logs/ HTTP/1.1" 200 769 "-" "Yandex/1.01.001 (compatible; Win16; I)"
95.108.128.241 - - [30/May/2010:19:27:16 -0400] "GET /logs/?C=D;O=A HTTP/1.1" 200 769 "-" "Yandex/1.01.001 (compatible; Win16; I)"
95.108.128.241 - - [30/May/2010:19:58:29 -0400] "GET /images/ HTTP/1.1" 200 1827 "-" "Yandex/1.01.001 (compatible; Win16; I)"
95.108.128.241 - - [30/May/2010:20:29:43 -0400] "GET /images/_notes/?C=S;O=A HTTP/1.1" 200 677 "-" "Yandex/1.01.001 (compatible; Win16; I)"
38.99.96.46 - - [30/May/2010:20:57:24 -0400] "GET /robots.txt HTTP/1.1" 404 269 "-" "Mozilla/5.0 (compatible; ScoutJet; +http://www.scoutjet.com/)"
38.99.96.46 - - [30/May/2010:20:57:51 -0400] "GET /email/origins.html HTTP/1.1" 404 277 "-" "Mozilla/5.0 (compatible; ScoutJet; +http://www.scoutjet.com/)"
38.99.96.46 - - [30/May/2010:20:58:12 -0400] "GET /favicon.ico HTTP/1.1" 200 1150 "-" "Mozilla/5.0 (compatible; ScoutJet; +http://www.scoutjet.com/)"
95.108.128.241 - - [30/May/2010:21:00:56 -0400] "GET /test/foo.html HTTP/1.1" 304 - "-" "Yandex/1.01.001 (compatible; Win16; I)"
95.108.128.241 - - [30/May/2010:21:32:09 -0400] "GET /test/bar.html HTTP/1.1" 304 - "-" "Yandex/1.01.001 (compatible; Win16; I)"
95.108.128.241 - - [30/May/2010:22:03:22 -0400] "GET /_notes/dwsync.xml HTTP/1.1" 200 1897 "-" "Yandex/1.01.001 (compatible; Win16; I)"
95.108.128.241 - - [30/May/2010:22:34:35 -0400] "GET /test/form2.html HTTP/1.1" 304 - "-" "Yandex/1.01.001 (compatible; Win16; I)"
95.108.128.241 - - [30/May/2010:23:05:48 -0400] "GET /images/_notes/?C=M;O=A HTTP/1.1" 200 677 "-" "Yandex/1.01.001 (compatible; Win16; I)"
95.108.128.241 - - [30/May/2010:23:37:01 -0400] "GET /text/?C=N;O=A HTTP/1.1" 200 1134 "-" "Yandex/1.01.001 (compatible; Win16; I)"
95.108.128.241 - - [31/May/2010:00:08:14 -0400] "GET /images/_notes/?C=D;O=A HTTP/1.1" 200 677 "-" "Yandex/1.01.001 (compatible; Win16; I)"
95.108.128.241 - - [31/May/2010:00:39:27 -0400] "GET /test/baz.html HTTP/1.1" 304 - "-" "Yandex/1.01.001 (compatible; Win16; I)"
95.108.128.241 - - [31/May/2010:01:10:40 -0400] "GET /?C=N;O=D HTTP/1.1" 200 3594 "-" "Yandex/1.01.001 (compatible; Win16; I)"
95.108.128.241 - - [31/May/2010:01:41:54 -0400] "GET /images/_notes/?C=N;O=D HTTP/1.1" 200 677 "-" "Yandex/1.01.001 (compatible; Win16; I)"
95.108.128.241 - - [31/May/2010:02:59:21 -0400] "GET /text_service.swf HTTP/1.1" 304 - "-" "Yandex/1.01.001 (compatible; Win16; I)"
95.108.128.241 - - [31/May/2010:04:16:49 -0400] "GET /logs/?C=M;O=D HTTP/1.1" 200 769 "-" "Yandex/1.01.001 (compatible; Win16; I)"
95.108.128.241 - - [31/May/2010:05:34:17 -0400] "GET /Thumbs.db HTTP/1.1" 200 8192 "-" "Yandex/1.01.001 (compatible; Win16; I)"
95.108.128.241 - - [31/May/2010:06:51:45 -0400] "GET /test/form.html HTTP/1.1" 304 - "-" "Yandex/1.01.001 (compatible; Win16; I)"
66.249.71.149 - - [31/May/2010:07:38:03 -0400] "GET /robots.txt HTTP/1.1" 404 269 "-" "Mozilla/5.0 (compatible; Googlebot/2.1; +http://www.google.com/bot.html)"
66.249.71.149 - - [31/May/2010:07:38:03 -0400] "GET /logs/access_log HTTP/1.1" 200 1724172 "-" "Mozilla/5.0 (compatible; Googlebot/2.1; +http://www.google.com/bot.html)"
95.108.128.241 - - [31/May/2010:08:09:13 -0400] "GET /email/origins.html HTTP/1.1" 404 277 "-" "Yandex/1.01.001 (compatible; Win16; I)"
95.108.128.241 - - [31/May/2010:09:26:41 -0400] "GET /text/?C=S;O=D HTTP/1.1" 200 1134 "-" "Yandex/1.01.001 (compatible; Win16; I)"
95.108.128.241 - - [31/May/2010:13:22:41 -0400] "GET /?C=N;O=A HTTP/1.1" 200 3594 "-" "Yandex/1.01.001 (compatible; Win16; I)"
95.108.128.241 - - [31/May/2010:13:40:08 -0400] "GET /images/?C=N;O=D HTTP/1.1" 200 1827 "-" "Yandex/1.01.001 (compatible; Win16; I)"
95.108.128.241 - - [31/May/2010:13:57:35 -0400] "GET /_notes/?C=N;O=D HTTP/1.1" 200 656 "-" "Yandex/1.01.001 (compatible; Win16; I)"
95.108.128.241 - - [31/May/2010:14:15:02 -0400] "GET /images/_portfolio/?C=M;O=A HTTP/1.1" 200 1258 "-" "Yandex/1.01.001 (compatible; Win16; I)"
95.108.128.241 - - [31/May/2010:14:32:29 -0400] "GET /_notes/?C=M;O=A HTTP/1.1" 200 656 "-" "Yandex/1.01.001 (compatible; Win16; I)"
95.108.128.241 - - [31/May/2010:15:07:39 -0400] "GET /robots.txt HTTP/1.1" 404 269 "-" "Yandex/1.01.001 (compatible; Win16; I)"
95.108.128.241 - - [31/May/2010:15:25:06 -0400] "GET /images/_portfolio/?C=S;O=A HTTP/1.1" 200 1258 "-" "Yandex/1.01.001 (compatible; Win16; I)"
67.218.116.130 - - [31/May/2010:15:42:43 -0400] "GET /robots.txt HTTP/1.1" 404 269 "-" "Mozilla/5.0 (Twiceler-0.9 http://www.cuil.com/twiceler/robot.html)"
95.108.128.241 - - [31/May/2010:15:44:44 -0400] "GET /text/references.pdf HTTP/1.1" 304 - "-" "Yandex/1.01.001 (compatible; Win16; I)"
95.108.128.241 - - [31/May/2010:16:04:22 -0400] "GET /images/?C=M;O=D HTTP/1.1" 200 1827 "-" "Yandex/1.01.001 (compatible; Win16; I)"
95.108.128.241 - - [31/May/2010:16:24:00 -0400] "GET /_notes/?C=D;O=A HTTP/1.1" 200 656 "-" "Yandex/1.01.001 (compatible; Win16; I)"
95.108.128.241 - - [31/May/2010:16:43:38 -0400] "GET /test/ HTTP/1.1" 304 - "-" "Yandex/1.01.001 (compatible; Win16; I)"
95.108.128.241 - - [31/May/2010:17:03:15 -0400] "GET /images/_portfolio/?C=D;O=A HTTP/1.1" 200 1258 "-" "Yandex/1.01.001 (compatible; Win16; I)"
95.108.128.241 - - [31/May/2010:17:22:53 -0400] "GET /formmail.php HTTP/1.1" 200 319 "-" "Yandex/1.01.001 (compatible; Win16; I)"
67.218.116.166 - - [31/May/2010:17:31:19 -0400] "GET /robots.txt HTTP/1.1" 404 269 "-" "Mozilla/5.0 (Twiceler-0.9 http://www.cuil.com/twiceler/robot.html)"
95.108.128.241 - - [31/May/2010:17:42:31 -0400] "GET /logs/?C=S;O=D HTTP/1.1" 200 769 "-" "Yandex/1.01.001 (compatible; Win16; I)"
95.108.128.241 - - [31/May/2010:18:02:09 -0400] "GET /images/_portfolio/illustrator/?C=N;O=A HTTP/1.1" 200 3210 "-" "Yandex/1.01.001 (compatible; Win16; I)"
95.108.128.241 - - [31/May/2010:18:21:47 -0400] "GET /images/_portfolio/illustrator/_notes/dwsync.xml HTTP/1.1" 200 2108 "-" "Yandex/1.01.001 (compatible; Win16; I)"
95.108.128.241 - - [31/May/2010:18:41:25 -0400] "GET /images/_portfolio/illustrator/ HTTP/1.1" 200 3210 "-" "Yandex/1.01.001 (compatible; Win16; I)"
95.108.128.241 - - [31/May/2010:19:01:03 -0400] "GET /images/_portfolio/misc/_notes/?C=M;O=A HTTP/1.1" 200 725 "-" "Yandex/1.01.001 (compatible; Win16; I)"
95.108.128.241 - - [31/May/2010:19:20:41 -0400] "GET /images/_portfolio/flash/circles/ HTTP/1.1" 200 1338 "-" "Yandex/1.01.001 (compatible; Win16; I)"
95.108.128.241 - - [31/May/2010:19:40:19 -0400] "GET /images/_portfolio/web_pages/ HTTP/1.1" 200 1667 "-" "Yandex/1.01.001 (compatible; Win16; I)"
95.108.128.241 - - [31/May/2010:19:59:56 -0400] "GET /images/_portfolio/illustrator/_notes/?C=S;O=A HTTP/1.1" 200 746 "-" "Yandex/1.01.001 (compatible; Win16; I)"
95.108.128.241 - - [31/May/2010:20:19:35 -0400] "GET /images/_portfolio/flash/bending_arrow.swf HTTP/1.1" 200 2566 "-" "Yandex/1.01.001 (compatible; Win16; I)"
95.108.128.241 - - [31/May/2010:20:39:13 -0400] "GET /images/_portfolio/photoshop/?C=N;O=A HTTP/1.1" 200 3717 "-" "Yandex/1.01.001 (compatible; Win16; I)"
95.108.128.241 - - [31/May/2010:20:58:50 -0400] "GET /images/_portfolio/photoshop/?C=S;O=D HTTP/1.1" 200 3717 "-" "Yandex/1.01.001 (compatible; Win16; I)"
95.108.128.241 - - [31/May/2010:21:18:28 -0400] "GET /images/_portfolio/print/ HTTP/1.1" 200 2033 "-" "Yandex/1.01.001 (compatible; Win16; I)"
95.108.128.241 - - [31/May/2010:21:38:06 -0400] "GET /images/_portfolio/flash/_notes/ HTTP/1.1" 200 728 "-" "Yandex/1.01.001 (compatible; Win16; I)"
95.108.128.241 - - [31/May/2010:21:57:44 -0400] "GET /images/_portfolio/web_pages/?C=D;O=A HTTP/1.1" 200 1667 "-" "Yandex/1.01.001 (compatible; Win16; I)"
95.108.128.241 - - [31/May/2010:22:17:22 -0400] "GET /images/_portfolio/illustrator/_notes/?C=N;O=D HTTP/1.1" 200 746 "-" "Yandex/1.01.001 (compatible; Win16; I)"
95.108.128.241 - - [31/May/2010:22:37:00 -0400] "GET /images/_portfolio/misc/_notes/?C=D;O=A HTTP/1.1" 200 725 "-" "Yandex/1.01.001 (compatible; Win16; I)"
95.108.128.241 - - [31/May/2010:22:56:37 -0400] "GET /images/_portfolio/flash/ HTTP/1.1" 200 2298 "-" "Yandex/1.01.001 (compatible; Win16; I)"
95.108.128.241 - - [31/May/2010:23:16:15 -0400] "GET /images/_portfolio/flash/?C=S;O=D HTTP/1.1" 200 2298 "-" "Yandex/1.01.001 (compatible; Win16; I)"
95.108.128.241 - - [31/May/2010:23:35:53 -0400] "GET /images/_portfolio/print/?C=S;O=D HTTP/1.1" 200 2033 "-" "Yandex/1.01.001 (compatible; Win16; I)"
95.108.128.241 - - [31/May/2010:23:55:31 -0400] "GET /images/_portfolio/flash/?C=N;O=A HTTP/1.1" 200 2298 "-" "Yandex/1.01.001 (compatible; Win16; I)"
184.73.75.129 - - [01/Jun/2010:00:10:25 -0400] "GET /robots.txt HTTP/1.1" 404 269 "-" "Mozilla/5.0 (compatible; spbot/2.0.3; +http://www.seoprofiler.com/bot/ )"
184.73.75.129 - - [01/Jun/2010:00:10:26 -0400] "GET /Harris_House/property_details.html HTTP/1.1" 200 13937 "-" "Mozilla/5.0 (compatible; spbot/2.0.3; +http://www.seoprofiler.com/bot/ )"
184.73.75.129 - - [01/Jun/2010:00:10:48 -0400] "GET /robots.txt HTTP/1.1" 404 269 "-" "Mozilla/5.0 (compatible; spbot/2.0.3; +http://www.seoprofiler.com/bot/ )"
184.73.75.129 - - [01/Jun/2010:00:10:48 -0400] "GET /Harris_House/contact.html HTTP/1.1" 200 5366 "-" "Mozilla/5.0 (compatible; spbot/2.0.3; +http://www.seoprofiler.com/bot/ )"
184.73.75.129 - - [01/Jun/2010:00:10:49 -0400] "GET /robots.txt HTTP/1.1" 404 269 "-" "Mozilla/5.0 (compatible; spbot/2.0.3; +http://www.seoprofiler.com/bot/ )"
184.73.75.129 - - [01/Jun/2010:00:10:50 -0400] "GET /Harris_House/commercial_details.html HTTP/1.1" 200 4464 "-" "Mozilla/5.0 (compatible; spbot/2.0.3; +http://www.seoprofiler.com/bot/ )"
184.73.75.129 - - [01/Jun/2010:00:11:08 -0400] "GET /robots.txt HTTP/1.1" 404 269 "-" "Mozilla/5.0 (compatible; spbot/2.0.3; +http://www.seoprofiler.com/bot/ )"
184.73.75.129 - - [01/Jun/2010:00:11:08 -0400] "GET /Harris_House/photo_tour.html HTTP/1.1" 200 3578 "-" "Mozilla/5.0 (compatible; spbot/2.0.3; +http://www.seoprofiler.com/bot/ )"
95.108.128.241 - - [01/Jun/2010:00:15:08 -0400] "GET /images/_portfolio/photoshop/_notes/?C=N;O=D HTTP/1.1" 200 740 "-" "Yandex/1.01.001 (compatible; Win16; I)"
95.108.128.241 - - [01/Jun/2010:00:34:46 -0400] "GET /images/_portfolio/misc/_notes/?C=N;O=D HTTP/1.1" 200 725 "-" "Yandex/1.01.001 (compatible; Win16; I)"
95.108.128.241 - - [01/Jun/2010:00:54:24 -0400] "GET /images/_portfolio/photoshop/ HTTP/1.1" 200 3717 "-" "Yandex/1.01.001 (compatible; Win16; I)"
95.108.128.241 - - [01/Jun/2010:01:14:02 -0400] "GET /images/_portfolio/print/_notes/?C=M;O=A HTTP/1.1" 200 728 "-" "Yandex/1.01.001 (compatible; Win16; I)"
95.108.128.241 - - [01/Jun/2010:01:33:39 -0400] "GET /images/_portfolio/print/_notes/?C=N;O=D HTTP/1.1" 200 728 "-" "Yandex/1.01.001 (compatible; Win16; I)"
95.108.128.241 - - [01/Jun/2010:02:11:28 -0400] "GET /images/_portfolio/photoshop/_notes/dwsync.xml HTTP/1.1" 200 2534 "-" "Yandex/1.01.001 (compatible; Win16; I)"
95.108.128.241 - - [01/Jun/2010:02:49:17 -0400] "GET /images/_portfolio/illustrator/_notes/?C=M;O=A HTTP/1.1" 200 746 "-" "Yandex/1.01.001 (compatible; Win16; I)"
95.108.128.241 - - [01/Jun/2010:03:27:05 -0400] "GET /images/_portfolio/web_pages/?C=S;O=A HTTP/1.1" 200 1667 "-" "Yandex/1.01.001 (compatible; Win16; I)"
95.108.128.241 - - [01/Jun/2010:04:04:53 -0400] "GET /images/_portfolio/photoshop/?C=N;O=D HTTP/1.1" 200 3717 "-" "Yandex/1.01.001 (compatible; Win16; I)"
95.108.128.241 - - [01/Jun/2010:04:42:42 -0400] "GET /images/_portfolio/photoshop/_notes/?C=D;O=A HTTP/1.1" 200 740 "-" "Yandex/1.01.001 (compatible; Win16; I)"
66.249.71.149 - - [01/Jun/2010:05:08:08 -0400] "GET /robots.txt HTTP/1.1" 404 269 "-" "Googlebot-Image/1.0"
66.249.71.149 - - [01/Jun/2010:05:08:08 -0400] "GET /images/_portfolio/photoshop/satelite_sm.gif HTTP/1.1" 304 - "-" "Googlebot-Image/1.0"
95.108.128.241 - - [01/Jun/2010:05:20:31 -0400] "GET /images/_portfolio/misc/_notes/dwsync.xml HTTP/1.1" 200 263 "-" "Yandex/1.01.001 (compatible; Win16; I)"
95.108.128.241 - - [01/Jun/2010:05:58:19 -0400] "GET /logs/?C=N;O=A HTTP/1.1" 200 769 "-" "Yandex/1.01.001 (compatible; Win16; I)"
95.108.128.241 - - [01/Jun/2010:06:36:07 -0400] "GET /images/_portfolio/print/_notes/?C=S;O=A HTTP/1.1" 200 728 "-" "Yandex/1.01.001 (compatible; Win16; I)"
95.108.128.241 - - [01/Jun/2010:07:13:56 -0400] "GET /images/_portfolio/photoshop/_notes/?C=M;O=A HTTP/1.1" 200 740 "-" "Yandex/1.01.001 (compatible; Win16; I)"
66.249.71.149 - - [01/Jun/2010:07:45:00 -0400] "GET / HTTP/1.1" 200 3594 "-" "Mozilla/5.0 (compatible; Googlebot/2.1; +http://www.google.com/bot.html)"
95.108.128.241 - - [01/Jun/2010:07:51:44 -0400] "GET /images/_portfolio/flash/?C=M;O=A HTTP/1.1" 200 2298 "-" "Yandex/1.01.001 (compatible; Win16; I)"
95.108.128.241 - - [01/Jun/2010:08:29:33 -0400] "GET /test/images/mar.8_revision.swf HTTP/1.1" 304 - "-" "Yandex/1.01.001 (compatible; Win16; I)"
95.108.128.241 - - [01/Jun/2010:09:07:21 -0400] "GET /images/_portfolio/?C=N;O=D HTTP/1.1" 200 1258 "-" "Yandex/1.01.001 (compatible; Win16; I)"
95.108.128.241 - - [01/Jun/2010:09:45:09 -0400] "GET /images/_portfolio/misc/_notes/?C=S;O=A HTTP/1.1" 200 725 "-" "Yandex/1.01.001 (compatible; Win16; I)"
95.108.128.241 - - [01/Jun/2010:11:00:47 -0400] "GET /images/_portfolio/print/?C=N;O=A HTTP/1.1" 200 2033 "-" "Yandex/1.01.001 (compatible; Win16; I)"
66.249.71.149 - - [01/Jun/2010:12:09:43 -0400] "GET /logs/error_log HTTP/1.1" 200 412911 "-" "Mozilla/5.0 (compatible; Googlebot/2.1; +http://www.google.com/bot.html)"
95.108.128.241 - - [01/Jun/2010:12:14:18 -0400] "GET /images/_portfolio/print/?C=M;O=D HTTP/1.1" 200 2033 "-" "Yandex/1.01.001 (compatible; Win16; I)"
95.108.128.241 - - [01/Jun/2010:12:50:00 -0400] "GET /images/_portfolio/misc/ HTTP/1.1" 200 949 "-" "Yandex/1.01.001 (compatible; Win16; I)"
95.108.128.241 - - [01/Jun/2010:13:28:52 -0400] "GET /text/cv_french.pdf HTTP/1.1" 304 - "-" "Yandex/1.01.001 (compatible; Win16; I)"
95.108.128.241 - - [01/Jun/2010:14:31:46 -0400] "GET /text/?C=D;O=A HTTP/1.1" 200 1134 "-" "Yandex/1.01.001 (compatible; Win16; I)"
95.108.128.241 - - [01/Jun/2010:15:18:07 -0400] "GET /robots.txt HTTP/1.1" 404 269 "-" "Yandex/1.01.001 (compatible; Win16; I)"
67.218.116.130 - - [01/Jun/2010:15:34:45 -0400] "GET /robots.txt HTTP/1.1" 404 269 "-" "Mozilla/5.0 (Twiceler-0.9 http://www.cuil.com/twiceler/robot.html)"
95.108.128.241 - - [01/Jun/2010:15:41:02 -0400] "GET /text/?C=S;O=A HTTP/1.1" 200 1134 "-" "Yandex/1.01.001 (compatible; Win16; I)"
67.218.116.166 - - [01/Jun/2010:15:41:20 -0400] "GET /robots.txt HTTP/1.1" 404 269 "-" "Mozilla/5.0 (Twiceler-0.9 http://www.cuil.com/twiceler/robot.html)"
95.108.128.241 - - [01/Jun/2010:16:03:57 -0400] "GET /images/_portfolio/ HTTP/1.1" 200 1258 "-" "Yandex/1.01.001 (compatible; Win16; I)"
95.108.128.241 - - [01/Jun/2010:16:26:53 -0400] "GET /text/swf_dimensions.txt HTTP/1.1" 304 - "-" "Yandex/1.01.001 (compatible; Win16; I)"
66.249.71.149 - - [01/Jun/2010:16:38:28 -0400] "GET /Harris_House/rent-to-own.html HTTP/1.1" 304 - "-" "Mozilla/5.0 (compatible; Googlebot/2.1; +http://www.google.com/bot.html)"
95.108.128.241 - - [01/Jun/2010:16:49:48 -0400] "GET /movie.swf HTTP/1.1" 304 - "-" "Yandex/1.01.001 (compatible; Win16; I)"
95.108.128.241 - - [01/Jun/2010:17:12:44 -0400] "GET /images/?C=M;O=A HTTP/1.1" 200 1827 "-" "Yandex/1.01.001 (compatible; Win16; I)"
95.108.128.241 - - [01/Jun/2010:17:35:39 -0400] "GET /logs/?C=M;O=A HTTP/1.1" 200 769 "-" "Yandex/1.01.001 (compatible; Win16; I)"
95.108.128.241 - - [01/Jun/2010:17:58:34 -0400] "GET /images/_notes/ HTTP/1.1" 200 677 "-" "Yandex/1.01.001 (compatible; Win16; I)"
95.108.128.241 - - [01/Jun/2010:18:21:30 -0400] "GET /?C=M;O=A HTTP/1.1" 200 3594 "-" "Yandex/1.01.001 (compatible; Win16; I)"
95.108.128.241 - - [01/Jun/2010:18:44:25 -0400] "GET /images/?C=D;O=A HTTP/1.1" 200 1827 "-" "Yandex/1.01.001 (compatible; Win16; I)"
95.108.128.241 - - [01/Jun/2010:19:07:21 -0400] "GET /text/?C=M;O=A HTTP/1.1" 200 1134 "-" "Yandex/1.01.001 (compatible; Win16; I)"
95.108.128.241 - - [01/Jun/2010:19:30:16 -0400] "GET /logs/?C=N;O=D HTTP/1.1" 200 769 "-" "Yandex/1.01.001 (compatible; Win16; I)"
95.108.128.241 - - [01/Jun/2010:19:53:12 -0400] "GET /text/?C=N;O=D HTTP/1.1" 200 1134 "-" "Yandex/1.01.001 (compatible; Win16; I)"
95.108.128.241 - - [01/Jun/2010:20:16:10 -0400] "GET /logs/error_log HTTP/1.1" 200 414607 "-" "Yandex/1.01.001 (compatible; Win16; I)"
95.108.128.241 - - [01/Jun/2010:20:39:13 -0400] "GET /images/?C=S;O=A HTTP/1.1" 200 1827 "-" "Yandex/1.01.001 (compatible; Win16; I)"
95.108.128.241 - - [01/Jun/2010:21:02:08 -0400] "GET /images/_portfolio/flash/_notes/?C=D;O=A HTTP/1.1" 200 728 "-" "Yandex/1.01.001 (compatible; Win16; I)"
95.108.128.241 - - [01/Jun/2010:21:25:03 -0400] "GET /images/_portfolio/flash/value_chain.swf HTTP/1.1" 304 - "-" "Yandex/1.01.001 (compatible; Win16; I)"
95.108.128.241 - - [01/Jun/2010:21:47:58 -0400] "GET /Harris_House/rent.html HTTP/1.1" 304 - "-" "Yandex/1.01.001 (compatible; Win16; I)"
95.108.128.241 - - [01/Jun/2010:22:10:53 -0400] "GET /images/_portfolio/flash/_notes/?C=N;O=D HTTP/1.1" 200 728 "-" "Yandex/1.01.001 (compatible; Win16; I)"
95.108.128.241 - - [01/Jun/2010:22:33:48 -0400] "GET /images/_portfolio/flash/circles/?C=S;O=A HTTP/1.1" 200 1338 "-" "Yandex/1.01.001 (compatible; Win16; I)"
95.108.128.241 - - [01/Jun/2010:22:56:43 -0400] "GET /images/_portfolio/flash/circles/?C=D;O=A HTTP/1.1" 200 1338 "-" "Yandex/1.01.001 (compatible; Win16; I)"
95.108.128.241 - - [01/Jun/2010:23:19:38 -0400] "GET /images/_portfolio/print/?C=D;O=A HTTP/1.1" 200 2033 "-" "Yandex/1.01.001 (compatible; Win16; I)"
95.108.128.241 - - [01/Jun/2010:23:42:33 -0400] "GET /images/_portfolio/web_pages/?C=M;O=A HTTP/1.1" 200 1667 "-" "Yandex/1.01.001 (compatible; Win16; I)"
206.53.153.93 - - [01/Jun/2010:23:55:45 -0400] "GET /Harris_House/property_details.html HTTP/1.0" 200 13937 "-" "BlackBerry9700/5.0.0.351 Profile/MIDP-2.1 Configuration/CLDC-1.1 VendorID/107"
206.53.153.93 - - [01/Jun/2010:23:55:45 -0400] "GET /Harris_House/images/logo.gif HTTP/1.0" 200 1148 "http://alex.jeb.ca/Harris_House/property_details.html" "BlackBerry9700/5.0.0.351 Profile/MIDP-2.1 Configuration/CLDC-1.1 VendorID/107"
206.53.153.93 - - [01/Jun/2010:23:55:45 -0400] "GET /Harris_House/images/frontal_outdoor_view_sm.jpg HTTP/1.0" 200 7663 "http://alex.jeb.ca/Harris_House/property_details.html" "BlackBerry9700/5.0.0.351 Profile/MIDP-2.1 Configuration/CLDC-1.1 VendorID/107"
206.53.153.93 - - [01/Jun/2010:23:55:45 -0400] "GET /Harris_House/index.css HTTP/1.0" 200 2186 "http://alex.jeb.ca/Harris_House/property_details.html" "BlackBerry9700/5.0.0.351 Profile/MIDP-2.1 Configuration/CLDC-1.1 VendorID/107"
206.53.153.93 - - [01/Jun/2010:23:55:45 -0400] "GET /Harris_House/images/back_yard_sm.jpg HTTP/1.0" 200 6946 "http://alex.jeb.ca/Harris_House/property_details.html" "BlackBerry9700/5.0.0.351 Profile/MIDP-2.1 Configuration/CLDC-1.1 VendorID/107"
206.53.153.93 - - [01/Jun/2010:23:55:45 -0400] "GET /Harris_House/images/frontal_outdoor_view02_sm.jpg HTTP/1.0" 200 7461 "http://alex.jeb.ca/Harris_House/property_details.html" "BlackBerry9700/5.0.0.351 Profile/MIDP-2.1 Configuration/CLDC-1.1 VendorID/107"
206.53.153.93 - - [01/Jun/2010:23:55:45 -0400] "GET /favicon.ico HTTP/1.0" 200 1150 "http://alex.jeb.ca/Harris_House/property_details.html" "BlackBerry9700/5.0.0.351 Profile/MIDP-2.1 Configuration/CLDC-1.1 VendorID/107"
206.53.153.93 - - [01/Jun/2010:23:55:45 -0400] "GET /Harris_House/images/curve_tl.gif HTTP/1.0" 200 330 "http://alex.jeb.ca/Harris_House/property_details.html" "BlackBerry9700/5.0.0.351 Profile/MIDP-2.1 Configuration/CLDC-1.1 VendorID/107"
206.53.153.93 - - [01/Jun/2010:23:55:45 -0400] "GET /Harris_House/images/frontal_outdoor_view_faded.jpg HTTP/1.0" 200 8330 "http://alex.jeb.ca/Harris_House/property_details.html" "BlackBerry9700/5.0.0.351 Profile/MIDP-2.1 Configuration/CLDC-1.1 VendorID/107"
206.53.153.93 - - [01/Jun/2010:23:55:45 -0400] "GET /Harris_House/images/curve_tr.gif HTTP/1.0" 200 331 "http://alex.jeb.ca/Harris_House/property_details.html" "BlackBerry9700/5.0.0.351 Profile/MIDP-2.1 Configuration/CLDC-1.1 VendorID/107"
206.53.153.93 - - [01/Jun/2010:23:55:45 -0400] "GET /Harris_House/images/curve_bl.gif HTTP/1.0" 200 329 "http://alex.jeb.ca/Harris_House/property_details.html" "BlackBerry9700/5.0.0.351 Profile/MIDP-2.1 Configuration/CLDC-1.1 VendorID/107"
206.53.153.93 - - [01/Jun/2010:23:55:45 -0400] "GET /Harris_House/images/curve_br.gif HTTP/1.0" 200 330 "http://alex.jeb.ca/Harris_House/property_details.html" "BlackBerry9700/5.0.0.351 Profile/MIDP-2.1 Configuration/CLDC-1.1 VendorID/107"
95.108.128.241 - - [02/Jun/2010:00:05:28 -0400] "GET /Harris_House/rent-to-own.html HTTP/1.1" 200 4688 "-" "Yandex/1.01.001 (compatible; Win16; I)"
95.108.128.241 - - [02/Jun/2010:00:28:23 -0400] "GET /images/_portfolio/web_pages/?C=N;O=D HTTP/1.1" 200 1667 "-" "Yandex/1.01.001 (compatible; Win16; I)"
95.108.128.241 - - [02/Jun/2010:00:51:18 -0400] "GET /images/_portfolio/web_pages/_notes/?C=N;O=D HTTP/1.1" 200 740 "-" "Yandex/1.01.001 (compatible; Win16; I)"
95.108.128.241 - - [02/Jun/2010:01:14:13 -0400] "GET /images/_portfolio/web_pages/_notes/?C=D;O=A HTTP/1.1" 200 740 "-" "Yandex/1.01.001 (compatible; Win16; I)"
95.108.128.241 - - [02/Jun/2010:01:37:08 -0400] "GET /images/_portfolio/web_pages/?C=N;O=A HTTP/1.1" 200 1667 "-" "Yandex/1.01.001 (compatible; Win16; I)"
95.108.128.241 - - [02/Jun/2010:02:00:03 -0400] "GET /images/_portfolio/misc/?C=M;O=A HTTP/1.1" 200 949 "-" "Yandex/1.01.001 (compatible; Win16; I)"
95.108.128.241 - - [02/Jun/2010:02:22:58 -0400] "GET /images/_portfolio/flash/_notes/?C=M;O=A HTTP/1.1" 200 728 "-" "Yandex/1.01.001 (compatible; Win16; I)"
95.108.128.241 - - [02/Jun/2010:02:45:53 -0400] "GET /images/_portfolio/print/cd_booklet.pdf HTTP/1.1" 304 - "-" "Yandex/1.01.001 (compatible; Win16; I)"
95.108.128.241 - - [02/Jun/2010:03:08:47 -0400] "GET /images/_portfolio/flash/circles/text_design.swf HTTP/1.1" 200 2958 "-" "Yandex/1.01.001 (compatible; Win16; I)"
95.108.128.241 - - [02/Jun/2010:03:31:43 -0400] "GET /images/_portfolio/web_pages/_notes/?C=M;O=A HTTP/1.1" 200 740 "-" "Yandex/1.01.001 (compatible; Win16; I)"
95.108.128.241 - - [02/Jun/2010:03:54:37 -0400] "GET /images/_portfolio/misc/digimarc_tutorial.pdf HTTP/1.1" 304 - "-" "Yandex/1.01.001 (compatible; Win16; I)"
95.108.128.241 - - [02/Jun/2010:04:17:32 -0400] "GET /images/_portfolio/flash/circles/?C=N;O=D HTTP/1.1" 200 1338 "-" "Yandex/1.01.001 (compatible; Win16; I)"
95.108.128.241 - - [02/Jun/2010:04:40:27 -0400] "GET /images/_portfolio/web_pages/_notes/dwsync.xml HTTP/1.1" 200 839 "-" "Yandex/1.01.001 (compatible; Win16; I)"
66.249.71.149 - - [02/Jun/2010:04:41:39 -0400] "GET /robots.txt HTTP/1.1" 404 269 "-" "Mozilla/5.0 (compatible; Googlebot/2.1; +http://www.google.com/bot.html)"
66.249.71.149 - - [02/Jun/2010:04:41:39 -0400] "GET /Harris_House/contact.html HTTP/1.1" 304 - "-" "Mozilla/5.0 (compatible; Googlebot/2.1; +http://www.google.com/bot.html)"
95.108.128.241 - - [02/Jun/2010:05:03:22 -0400] "GET /images/_portfolio/illustrator/?C=M;O=A HTTP/1.1" 200 3210 "-" "Yandex/1.01.001 (compatible; Win16; I)"
95.108.128.241 - - [02/Jun/2010:05:26:17 -0400] "GET /images/_portfolio/flash/circles/movie.swf HTTP/1.1" 200 4687 "-" "Yandex/1.01.001 (compatible; Win16; I)"
66.249.71.149 - - [02/Jun/2010:05:40:33 -0400] "GET /images/_portfolio/web_pages/raris.gif HTTP/1.1" 304 - "-" "Googlebot-Image/1.0"
95.108.128.241 - - [02/Jun/2010:05:49:12 -0400] "GET /images/_portfolio/misc/_notes/ HTTP/1.1" 200 725 "-" "Yandex/1.01.001 (compatible; Win16; I)"
95.108.128.241 - - [02/Jun/2010:06:12:07 -0400] "GET /images/_portfolio/flash/circles/text_install.swf HTTP/1.1" 200 2718 "-" "Yandex/1.01.001 (compatible; Win16; I)"
95.108.128.241 - - [02/Jun/2010:06:35:01 -0400] "GET /images/_portfolio/flash/_notes/dwsync.xml HTTP/1.1" 200 1270 "-" "Yandex/1.01.001 (compatible; Win16; I)"
95.108.128.241 - - [02/Jun/2010:06:57:56 -0400] "GET /images/_portfolio/web_pages/_notes/ HTTP/1.1" 200 740 "-" "Yandex/1.01.001 (compatible; Win16; I)"
95.108.128.241 - - [02/Jun/2010:07:20:51 -0400] "GET /images/_portfolio/flash/circles/?C=M;O=A HTTP/1.1" 200 1338 "-" "Yandex/1.01.001 (compatible; Win16; I)"
95.108.128.241 - - [02/Jun/2010:07:43:45 -0400] "GET /images/_portfolio/print/?C=S;O=A HTTP/1.1" 200 2033 "-" "Yandex/1.01.001 (compatible; Win16; I)"
95.108.128.241 - - [02/Jun/2010:08:06:40 -0400] "GET /images/_portfolio/web_pages/_notes/?C=S;O=A HTTP/1.1" 200 740 "-" "Yandex/1.01.001 (compatible; Win16; I)"
95.108.128.241 - - [02/Jun/2010:08:29:34 -0400] "GET /images/_portfolio/flash/_notes/?C=S;O=A HTTP/1.1" 200 728 "-" "Yandex/1.01.001 (compatible; Win16; I)"
95.108.128.241 - - [02/Jun/2010:08:52:28 -0400] "GET /images/_portfolio/flash/circles/text_service.swf HTTP/1.1" 200 2800 "-" "Yandex/1.01.001 (compatible; Win16; I)"
95.108.128.241 - - [02/Jun/2010:09:15:23 -0400] "GET /images/_portfolio/flash/circles/_notes/ HTTP/1.1" 200 752 "-" "Yandex/1.01.001 (compatible; Win16; I)"
